INSERT INTO `rm_sessions` (`id`, `ip_address`, `timestamp`, `data`) VALUES
('fd8ccfd8e695e4a0d67ea9b6ab306d47fe4e5322', '45.126.185.209', 1772143020, 0x5f5f63695f6c6173745f726567656e65726174657c693a313737323134333032303b),
('fd8f2fa98a87ea2c60224b5ed3be1f63cd081d10', '45.126.185.209', 1772142998, 0x5f5f63695f6c6173745f726567656e65726174657c693a313737323134323939383b),
('fd910b86c4196fd369aade9d9ae7cde05f2f12b6', '102.89.75.150', 1775042278, 0x5f5f63695f6c6173745f726567656e65726174657c693a313737353034323237383b72656469726563745f75726c7c733a34363a2268747470733a2f2f66636863732e6564756d61632e636c6f75642f736b696c6c732f726174696e675f656e747279223b6e616d657c733a31353a2241626f736564652041796f64656c65223b6c6f676765725f70686f746f7c733a31313a2264656675616c742e706e67223b6c6f67676564696e5f6272616e63687c733a313a2231223b6c6f67676564696e5f656d61696c7c733a32323a22626f73652e61796f64656c6540676d61696c2e636f6d223b6c6f67676564696e5f69647c733a313a2233223b6c6f67676564696e5f7573657269647c733a313a2233223b6c6f67676564696e5f726f6c655f69647c733a313a2233223b6c6f67676564696e5f747970657c733a353a227374616666223b7365745f6c616e677c733a373a22656e676c697368223b69735f72746c7c623a303b7365745f73657373696f6e5f69647c733a313a2234223b6c6f67676564696e7c623a313b616c6572742d6d6573736167652d737563636573737c733a33333a22536b696c6c7320526174696e6773205361766564205375636365737366756c6c79223b5f5f63695f766172737c613a313a7b733a32313a22616c6572742d6d6573736167652d73756363657373223b733a333a226e6577223b7d),
('fd91598060ba1633d3e202df866a6014993ae2aa', '43.157.50.58', 1781400740, 0x5f5f63695f6c6173745f726567656e65726174657c693a313738313430303734303b),
('fd9212bc3c36fb6d01b89fd7defbfb3c062cbb01', '185.223.152.239', 1778304085, 0x5f5f63695f6c6173745f726567656e65726174657c693a313737383330343038353b),
('fd932d39c3df1ff6d0801582014a08a8f3a0d858', '74.7.228.37', 1764894417, 0x5f5f63695f6c6173745f726567656e65726174657c693a313736343839343431373b),
('fd934812be18a3b9dedbb3f17f8f02fe5b34c7ed', '205.210.31.59', 1780762277, 0x5f5f63695f6c6173745f726567656e65726174657c693a313738303736323237373b),
('fd9404f96b6a9f0606ce87dfa18c45f3b692d944', '104.210.140.137', 1772856815, 0x5f5f63695f6c6173745f726567656e65726174657c693a313737323835363831353b),
('fd940abf51f6db8edfa4f77e74247c192d078604', '20.205.227.70', 1773593837, 0x5f5f63695f6c6173745f726567656e65726174657c693a313737333539333833373b),
('fd95649a2d2f7c429bd26741933188194287a028', '157.55.39.223', 1775378982, 0x5f5f63695f6c6173745f726567656e65726174657c693a313737353337383938323b),
('fd95cdf7bdc1767fe82965f22667546a43599c0a', '173.239.196.106', 1782682680, 0x5f5f63695f6c6173745f726567656e65726174657c693a313738323638323638303b),
('fd97833f2a9bf94df9a26adcc6c0949231226b7f', '45.126.185.209', 1772138363, 0x5f5f63695f6c6173745f726567656e65726174657c693a313737323133383336333b),
('fd97be6d87386a9d62a8485aa4042bf1e9df463c', '104.28.214.117', 1768573614, 0x5f5f63695f6c6173745f726567656e65726174657c693a313736383537333631343b),
('fd97f15b8eb816c677fac1be221c1baa7feaf96b', '149.57.180.148', 1760208049, 0x5f5f63695f6c6173745f726567656e65726174657c693a313736303230383034393b),
('fd98016f57c947b675c03faf0a407162b2838fc9', '66.132.172.43', 1783512468, 0x5f5f63695f6c6173745f726567656e65726174657c693a313738333531323436383b),
('fd987a4a77807a88b8349743c74f3f67eceb3b68', '180.153.236.28', 1781569351, 0x5f5f63695f6c6173745f726567656e65726174657c693a313738313536393335313b),
('fd9920ae16905c6ad05ad0d480da966768da96f7', '103.215.74.213', 1782752654, 0x5f5f63695f6c6173745f726567656e65726174657c693a313738323735323635343b),
('fd9a2555a2b889eeea07d296567406464918058d', '44.250.52.14', 1763357153, 0x5f5f63695f6c6173745f726567656e65726174657c693a313736333335373135333b),
('fd9a9d6b95ec7534ca4d9de89cfe6d181aafdf20', '102.89.68.173', 1776092818, 0x5f5f63695f6c6173745f726567656e65726174657c693a313737363039323831383b6e616d657c733a31373a224d722e2026204d72732e204f70656f6c61223b6c6f676765725f70686f746f7c733a31313a2264656675616c742e706e67223b6c6f67676564696e5f6272616e63687c733a313a2231223b6c6f67676564696e5f656d61696c7c733a303a22223b6c6f67676564696e5f69647c733a343a2231303638223b6c6f67676564696e5f7573657269647c733a333a22343930223b6c6f67676564696e5f726f6c655f69647c733a313a2236223b6c6f67676564696e5f747970657c733a363a22706172656e74223b7365745f6c616e677c733a373a22656e676c697368223b69735f72746c7c623a303b7365745f73657373696f6e5f69647c733a313a2234223b6c6f67676564696e7c623a313b6d794368696c6472656e5f69647c733a333a22343930223b656e726f6c6c49447c733a333a22313836223b),
('fd9c0b166cff984e5173f242ceb6d8c69839ff9f', '5.255.104.172', 1778412771, 0x5f5f63695f6c6173745f726567656e65726174657c693a313737383431323737313b),
('fd9d1320f0cbc0e1b05611dc5b25aa7e964e98e5', '17.22.253.223', 1778877812, 0x5f5f63695f6c6173745f726567656e65726174657c693a313737383837373831323b),
('fd9fc9c6780cbaebfff62cc427b76e1b4033d487', '45.91.23.104', 1778787609, 0x5f5f63695f6c6173745f726567656e65726174657c693a313737383738373630393b),
('fda183dcfc1c6bc75b75866efb000029395f5241', '85.203.21.76', 1778706096, 0x5f5f63695f6c6173745f726567656e65726174657c693a313737383730363039363b),
('fda19bd91ec412329ab58b900d5dddccac9bf77a', '85.203.23.218', 1772996340, 0x5f5f63695f6c6173745f726567656e65726174657c693a313737323939363334303b),
('fda2e642b3bdb5e0c7a9c635ec9f2ecbff4a57e1', '173.239.196.106', 1782682852, 0x5f5f63695f6c6173745f726567656e65726174657c693a313738323638323835323b),
('fda4ebf4f050ee56485407bae4373cecd5b66c42', '167.94.146.50', 1779054153, 0x5f5f63695f6c6173745f726567656e65726174657c693a313737393035343135333b),
('fda51de92ef537bd65712b91a138dfd74c74b351', '45.91.23.104', 1778787632, 0x5f5f63695f6c6173745f726567656e65726174657c693a313737383738373633323b),
('fda56731f0449f06329839dd6e1d4f6ae5d5ad8c', '85.203.21.76', 1778706114, 0x5f5f63695f6c6173745f726567656e65726174657c693a313737383730363131343b),
('fda602a1cf54df59d5e263f9068c93c3089ef3a9', '43.163.123.43', 1758473343, 0x5f5f63695f6c6173745f726567656e65726174657c693a313735383437333334333b),
('fda64c011830a2cc3287c85d8aeb58818962f6e6', '216.73.216.203', 1782078774, 0x5f5f63695f6c6173745f726567656e65726174657c693a313738323037383737343b),
('fda68c8c216f6b34686776a5e910fe3e953070b0', '216.244.66.202', 1775940859, 0x5f5f63695f6c6173745f726567656e65726174657c693a313737353934303835393b),
('fda6fdecd2ee283a5f1cc1b331e093551b5da79c', '217.216.37.52', 1774372979, 0x5f5f63695f6c6173745f726567656e65726174657c693a313737343337323937393b),
('fda719ed5f6ea5fee0da160c0e07d931c42ca753', '40.77.167.254', 1763153907, 0x5f5f63695f6c6173745f726567656e65726174657c693a313736333135333930373b),
('fda82ba9ecc90d2bf1db041b9bd8e0b9884ed5be', '207.102.138.19', 1759606582, 0x5f5f63695f6c6173745f726567656e65726174657c693a313735393630363538323b72656469726563745f75726c7c733a34323a22687474703a2f2f6564756d61632e636c6f75642f66726f6e74656e642f73656374696f6e2f696e646578223b),
('fda8361430eee53378e39836ae037bfa74982f31', '176.31.139.23', 1778236603, 0x5f5f63695f6c6173745f726567656e65726174657c693a313737383233363630333b),
('fda90b8775352c84c6e719d38aca56706e1953e5', '45.91.23.104', 1778787604, 0x5f5f63695f6c6173745f726567656e65726174657c693a313737383738373630343b),
('fda9496d0c87b92b9ac195eb36b884be043afdbc', '216.73.216.94', 1776451724, 0x5f5f63695f6c6173745f726567656e65726174657c693a313737363435313732343b),
('fda9e9982f51d52299a3d29eae6db3d364b54d17', '198.244.242.33', 1767214792, 0x5f5f63695f6c6173745f726567656e65726174657c693a313736373231343739323b),
('fdaa7af8356dc3dc821e5b5398defdb3db707d8a', '89.251.0.80', 1780722666, 0x5f5f63695f6c6173745f726567656e65726174657c693a313738303732323636363b),
('fdabe5c926a2ee883753488bda05e8677a10b32a', '173.239.196.106', 1782682835, 0x5f5f63695f6c6173745f726567656e65726174657c693a313738323638323833353b),
('fdac06fa994680eb9fa2c0e411cb8f072c3e4587', '89.251.0.80', 1780722637, 0x5f5f63695f6c6173745f726567656e65726174657c693a313738303732323633373b),
('fdad60a2ce55f18c74016c2d3ebe8ccfa3d96d6f', '104.210.140.140', 1762906838, 0x5f5f63695f6c6173745f726567656e65726174657c693a313736323930363833383b),
('fdad7c8f97af6a7114a4a2d3e5677d3191ce275a', '35.253.240.0', 1782004212, 0x5f5f63695f6c6173745f726567656e65726174657c693a313738323030343231323b),
('fdad92941456f9557f0aab9bfa0d429e5cd94488', '185.223.152.239', 1778303939, 0x5f5f63695f6c6173745f726567656e65726174657c693a313737383330333933393b),
('fdaeb3b7373681457a5b361d0baa307aad57d3b2', '216.73.217.66', 1776822647, 0x5f5f63695f6c6173745f726567656e65726174657c693a313737363832323634373b),
('fdafc3463fafb83a4da25552ce9fd1a3fd762f26', '185.223.152.239', 1778303894, 0x5f5f63695f6c6173745f726567656e65726174657c693a313737383330333839343b),
('fdafd60733bfb9af2473e43bc92ea1f35299a86e', '102.89.75.217', 1775850750, 0x5f5f63695f6c6173745f726567656e65726174657c693a313737353835303735303b),
('fdb009dac2ed228e08390713f204579981cac25a', '66.249.93.33', 1782226889, 0x5f5f63695f6c6173745f726567656e65726174657c693a313738323232363838393b),
('fdb05fa35eb4b4073aa341b435e23cefb0978227', '216.244.66.202', 1776678480, 0x5f5f63695f6c6173745f726567656e65726174657c693a313737363637383438303b),
('fdb1516c6058dc147658dcefce041c38b1acb3f3', '209.87.169.71', 1781510962, 0x5f5f63695f6c6173745f726567656e65726174657c693a313738313531303936323b),
('fdb33f66b592a322a4694ee1570039925de40bf3', '2a06:98c0:3600::103', 1760308481, 0x5f5f63695f6c6173745f726567656e65726174657c693a313736303330383438313b),
('fdb3d7729aa6437b08b632e1826c4839e0547d1f', '102.89.69.141', 1769616008, 0x5f5f63695f6c6173745f726567656e65726174657c693a313736393631353738353b),
('fdb59507934cd5cac1090c32b8fb746f679826a8', '173.239.196.106', 1782682764, 0x5f5f63695f6c6173745f726567656e65726174657c693a313738323638323736343b),
('fdb5aa5501609220c63541af2d9c5fcc93ffe70b', '66.132.172.132', 1778721637, 0x5f5f63695f6c6173745f726567656e65726174657c693a313737383732313633373b),
('fdb6e0d3d19d203c929ca75ccf9b185995ed4ee4', '205.169.39.55', 1759758348, 0x5f5f63695f6c6173745f726567656e65726174657c693a313735393735383334363b),
('fdb828026a52f6729b408554c600dc95938e4e50', '102.90.102.246', 1774826127, 0x5f5f63695f6c6173745f726567656e65726174657c693a313737343832363132373b),
('fdb82c0c1cc4d5eef76fe1ebd9f65ae6c48588a7', '87.236.176.61', 1769809757, 0x5f5f63695f6c6173745f726567656e65726174657c693a313736393830393735373b),
('fdb9e0184ea248c5e969d163334a94f8b49f530b', '51.75.236.158', 1783687311, 0x5f5f63695f6c6173745f726567656e65726174657c693a313738333638373331313b),
('fdbb187fd3742996b3c317f3f2bbeb058e25e24e', '74.7.241.177', 1782753179, 0x5f5f63695f6c6173745f726567656e65726174657c693a313738323735333137393b),
('fdbc47662d5c12cae0c5d1f73c479b2b8270ca81', '34.1.24.29', 1778657246, 0x5f5f63695f6c6173745f726567656e65726174657c693a313737383635373234363b),
('fdbccd69740b2bfcf04103823dfe36e925a762c6', '104.210.140.134', 1779241903, 0x5f5f63695f6c6173745f726567656e65726174657c693a313737393234313930333b),
('fdbdc2efcf2a657ef41f27f96de44ebd0f971ab0', '173.239.218.58', 1777357253, 0x5f5f63695f6c6173745f726567656e65726174657c693a313737373335373235333b),
('fdbdd6c0a0f02c31f0ed9f8ffe44dd54803d259c', '173.239.218.58', 1777357258, 0x5f5f63695f6c6173745f726567656e65726174657c693a313737373335373235383b),
('fdc084c9999051d7cb331357db223b54822e3e15', '91.217.249.58', 1776861104, 0x5f5f63695f6c6173745f726567656e65726174657c693a313737363836313130343b),
('fdc0e9b1233e2321adb4ec79207b78f2c464d7de', '46.101.89.152', 1780581631, 0x5f5f63695f6c6173745f726567656e65726174657c693a313738303538313633313b),
('fdc19cbf4078eecfb95fc39c06d5867753d90063', '196.251.88.64', 1761402765, 0x5f5f63695f6c6173745f726567656e65726174657c693a313736313430323736353b),
('fdc21d2be6fc1eec8b55f4cee8ff79f45f662c9d', '195.178.110.223', 1765163722, 0x5f5f63695f6c6173745f726567656e65726174657c693a313736353136333732323b),
('fdc2556828345d3efc56e89c58850d07a993a864', '185.64.78.13', 1770814804, 0x5f5f63695f6c6173745f726567656e65726174657c693a313737303831343830343b),
('fdc2fd182792cab41b51ebd94dd53549fe47a5bb', '185.177.72.51', 1771282677, 0x5f5f63695f6c6173745f726567656e65726174657c693a313737313238323637373b),
('fdc4ebc8d5b8f6db0a44f27e93344403e20aa9ea', '3.151.194.164', 1772762665, 0x5f5f63695f6c6173745f726567656e65726174657c693a313737323736323636353b),
('fdc5582a12a5e0eee477c4c6af6e296590aeaa46', '74.7.228.15', 1763487757, 0x5f5f63695f6c6173745f726567656e65726174657c693a313736333438373735373b),
('fdc683a03e32b875afbcdfa838d6ec115ecbbcce', '212.30.36.12', 1779002650, 0x5f5f63695f6c6173745f726567656e65726174657c693a313737393030323635303b),
('fdc720ec028186cf33a0ffe9e5318a62a0ec3736', '185.223.152.239', 1778303894, 0x5f5f63695f6c6173745f726567656e65726174657c693a313737383330333839343b),
('fdc77d870249535f0ce3976cbe92a9e0abe939a1', '216.73.216.177', 1781042352, 0x5f5f63695f6c6173745f726567656e65726174657c693a313738313034323335323b),
('fdc783e266ccd3be35a80ba394073fc24ed1c878', '194.5.52.21', 1772152845, 0x5f5f63695f6c6173745f726567656e65726174657c693a313737323135323834353b),
('fdc89ad71d1304847a07573b91e942466cea1b87', '34.4.103.238', 1777874555, 0x5f5f63695f6c6173745f726567656e65726174657c693a313737373837343535353b),
('fdc96d6549e6da44a064bf51184a692e929dc950', '5.39.1.234', 1773335205, 0x5f5f63695f6c6173745f726567656e65726174657c693a313737333333353230353b),
('fdc984345c670988252bf625c13a02e1edb3e528', '89.251.0.187', 1769779472, 0x5f5f63695f6c6173745f726567656e65726174657c693a313736393737393437323b),
('fdca95e0e78c5d07d0f5e1d356b84b02319055d7', '144.76.19.70', 1775143306, 0x5f5f63695f6c6173745f726567656e65726174657c693a313737353134333330363b),
('fdcb09116c382314a83f6bf7125cb4b94f08f3f4', '66.249.93.41', 1763138979, 0x5f5f63695f6c6173745f726567656e65726174657c693a313736333133383937393b),
('fdcb6b2643fdf1ec942eb45ed4e470d0743a95f9', '216.81.248.71', 1768871495, 0x5f5f63695f6c6173745f726567656e65726174657c693a313736383837313439353b),
('fdcbc431e8e160a9c19a49866958a4b2efb90a22', '66.102.9.4', 1773265667, 0x5f5f63695f6c6173745f726567656e65726174657c693a313737333236353636373b),
('fdccc208bc71c40c145afe0353ba76d26e2a65c6', '173.239.218.58', 1777357122, 0x5f5f63695f6c6173745f726567656e65726174657c693a313737373335373132323b),
('fdcd1f84375d5a2d69020e43c342da43597425bd', '192.36.109.104', 1778431081, 0x5f5f63695f6c6173745f726567656e65726174657c693a313737383433313038313b),
('fdcd5adcfdfc1f438a2ca5b1b0f1732c92515887', '52.167.144.225', 1772782882, 0x5f5f63695f6c6173745f726567656e65726174657c693a313737323738323838323b),
('fdcde45f7d9fdeb97b4ead8bf438de1e1bed5adf', '88.151.33.229', 1776073179, 0x5f5f63695f6c6173745f726567656e65726174657c693a313737363037333137393b),
('fdcf1a7e391f4a7c3121c6a59d5fd69d107eda50', '185.191.171.17', 1761639425, 0x5f5f63695f6c6173745f726567656e65726174657c693a313736313633393432353b),
('fdd05666fb423faf83f4a3aa2a2ac204ff75dcc0', '89.251.0.187', 1769779492, 0x5f5f63695f6c6173745f726567656e65726174657c693a313736393737393439323b),
('fdd16d991c44dbedbcd61a280b4669817c234e23', '209.87.169.71', 1781511226, 0x5f5f63695f6c6173745f726567656e65726174657c693a313738313531313232363b),
('fdd21f707d413050dd60422052d52fc63330eaa1', '74.7.244.5', 1770911503, 0x5f5f63695f6c6173745f726567656e65726174657c693a313737303931313530333b),
('fdd3e8030144513d4939d3279040cc4ee2138773', '206.168.34.46', 1765559422, 0x5f5f63695f6c6173745f726567656e65726174657c693a313736353535393432323b),
('fdd3fe88b74c6daa13a02ca4e1364f76db4b3f7c', '185.223.152.102', 1774505173, 0x5f5f63695f6c6173745f726567656e65726174657c693a313737343530353137323b),
('fdd4d1994335cd0a7f6b21f8c537390d1612cda8', '216.73.217.10', 1781301288, 0x5f5f63695f6c6173745f726567656e65726174657c693a313738313330313238383b),
('fdd4f625c19701dad0a19b4aaf59bbfbe5485c50', '20.198.66.243', 1776855584, 0x5f5f63695f6c6173745f726567656e65726174657c693a313737363835353538343b),
('fdd794be6ae2e3960911a7e65d694dc6f34b01dd', '199.244.88.221', 1777848754, 0x5f5f63695f6c6173745f726567656e65726174657c693a313737373834383735343b),
('fdd7a0684e08ab31d815b388bd3c961859991d83', '20.163.6.177', 1767483605, 0x5f5f63695f6c6173745f726567656e65726174657c693a313736373438333630353b),
('fdd813f3d74c629fe6f892236d2f0a5cdac27565', '18.201.229.147', 1759781410, 0x5f5f63695f6c6173745f726567656e65726174657c693a313735393738313431303b),
('fdd8bd70be220114ccf343828b92934585f418ae', '45.91.23.104', 1778787778, 0x5f5f63695f6c6173745f726567656e65726174657c693a313737383738373737383b),
('fdd8c8a8a62ff5a0f517892e1bb1502e3fe02b4f', '216.73.216.253', 1783197979, 0x5f5f63695f6c6173745f726567656e65726174657c693a313738333139373937393b),
('fdd9185e856275985c924aac0a847322ca46bb9f', '135.232.201.54', 1759873075, 0x5f5f63695f6c6173745f726567656e65726174657c693a313735393837333037353b),
('fddbf549917375465bdf1b5d4dcb883e091d5ccd', '217.113.194.185', 1778007107, 0x5f5f63695f6c6173745f726567656e65726174657c693a313737383030373130373b),
('fdde479e17671f814f8457536361d47330d2d32d', '216.73.217.59', 1777621932, 0x5f5f63695f6c6173745f726567656e65726174657c693a313737373632313933323b),
('fdde93d10d1332b281d5416e0477d2e83e98fb98', '198.235.24.171', 1779526600, 0x5f5f63695f6c6173745f726567656e65726174657c693a313737393532363630303b),
('fde12d773658816ea986ec67c1ac8c59e7716d93', '74.7.241.151', 1773490005, 0x5f5f63695f6c6173745f726567656e65726174657c693a313737333439303030353b),
('fde19e69eec8919a498766a1fa349d9b1257e8ed', '123.6.49.6', 1777873451, 0x5f5f63695f6c6173745f726567656e65726174657c693a313737373837333433333b),
('fde21f56dece2317aecc0dc7098d013b28f8ea41', '216.73.217.8', 1781228698, 0x5f5f63695f6c6173745f726567656e65726174657c693a313738313232383639373b),
('fde3f9d6a2acbeb490fba36534bdac8ecd660b39', '74.7.241.186', 1772618263, 0x5f5f63695f6c6173745f726567656e65726174657c693a313737323631383236333b),
('fde534861f0fcabbdfe78b0279bcfd6e32497b39', '5.255.123.222', 1780750639, 0x5f5f63695f6c6173745f726567656e65726174657c693a313738303735303633393b),
('fde6b81cb3d8ea6909aa14b0cefa2130a9611d4b', '198.244.183.185', 1774612680, 0x5f5f63695f6c6173745f726567656e65726174657c693a313737343631323638303b),
('fde6c88978958e69f5fa9ebad662276001b8dee5', '74.248.36.50', 1782718273, 0x5f5f63695f6c6173745f726567656e65726174657c693a313738323731383236303b),
('fde86d2cd3207694ac52b318de52d1e98312b4d3', '104.28.246.116', 1768573608, 0x5f5f63695f6c6173745f726567656e65726174657c693a313736383537333630383b),
('fde8e4ebf082957c14d92d860f54c280228cca3e', '141.98.11.115', 1759229573, 0x5f5f63695f6c6173745f726567656e65726174657c693a313735393232393537333b),
('fde9c3aa18282eee859b5590822e04f6ce392f46', '144.76.19.70', 1766319779, 0x5f5f63695f6c6173745f726567656e65726174657c693a313736363331393737393b),
('fde9d93add4d5fa2f33a1e7ddddcb8266e9f8939', '45.133.5.140', 1778021170, 0x5f5f63695f6c6173745f726567656e65726174657c693a313737383032313137303b),
('fde9db97d69cc2e354b00b3f06a7b1c530187f15', '20.89.234.204', 1776222709, 0x5f5f63695f6c6173745f726567656e65726174657c693a313737363232323730393b),
('fdec43b2418f721ad80e0909a46d76e5ccc257c3', '87.236.176.168', 1769246926, 0x5f5f63695f6c6173745f726567656e65726174657c693a313736393234363932363b),
('fdecd351de13c94d579c69505c4b5d7e5019ce83', '194.5.52.21', 1772152897, 0x5f5f63695f6c6173745f726567656e65726174657c693a313737323135323839373b),
('fdef4ac99c3ee5ff48c9b860f1457a77ed91bda7', '107.174.52.71', 1777333845, 0x5f5f63695f6c6173745f726567656e65726174657c693a313737373333333834353b),
('fdf1329747a88c43e89d3e7ed1ff9fed4c162838', '105.113.64.148', 1760966131, 0x5f5f63695f6c6173745f726567656e65726174657c693a313736303936363133313b),
('fdf181f3ae1aee504b68fc54a73af4761f4a5fcc', '91.217.249.206', 1776835889, 0x5f5f63695f6c6173745f726567656e65726174657c693a313737363833353838393b),
('fdf1cbf8b025e28d9ef3ac4dfbb14bcd84628311', '89.251.0.81', 1780722728, 0x5f5f63695f6c6173745f726567656e65726174657c693a313738303732323732383b),
('fdf2f840b91cf92e01e108887edbb5ca651f7b8b', '173.239.196.106', 1782682895, 0x5f5f63695f6c6173745f726567656e65726174657c693a313738323638323839353b),
('fdf35f51d8254761b140534736cf2ac90f8fc2d4', '209.87.169.71', 1781511032, 0x5f5f63695f6c6173745f726567656e65726174657c693a313738313531313033323b),
('fdf360cac87fcd8700fdbb141c8c6dabdc571e03', '81.17.121.63', 1774512867, 0x5f5f63695f6c6173745f726567656e65726174657c693a313737343531323836373b72656469726563745f75726c7c733a34333a2268747470733a2f2f6564756d61632e636c6f75642f74696d657461626c652f7365745f6578616d77697365223b6e616d657c733a31353a224d7273204164656c6f796520452e4f223b6c6f676765725f70686f746f7c733a33363a2232613633626464393563383861363130323739626234663532653131663261632e6a7067223b6c6f67676564696e5f6272616e63687c733a313a2231223b6c6f67676564696e5f656d61696c7c733a32313a22666f6c61626f6d6961646540676d61696c2e636f6d223b6c6f67676564696e5f69647c733a333a22363235223b6c6f67676564696e5f7573657269647c733a323a223233223b6c6f67676564696e5f726f6c655f69647c733a313a2232223b6c6f67676564696e5f747970657c733a353a227374616666223b7365745f6c616e677c733a373a22656e676c697368223b69735f72746c7c623a303b7365745f73657373696f6e5f69647c733a313a2234223b6c6f67676564696e7c623a313b616c6572742d6d6573736167652d737563636573737c733a34313a22496e666f726d6174696f6e20486173204265656e2055706461746564205375636365737366756c6c79223b5f5f63695f766172737c613a313a7b733a32313a22616c6572742d6d6573736167652d73756363657373223b733a333a226e6577223b7d),
('fdf48054c7719e7a116b3318ef6654c1028a81e1', '223.244.35.77', 1765994845, 0x5f5f63695f6c6173745f726567656e65726174657c693a313736353939343834353b),
('fdf6e6a1d3bb330470c8d40da43b0908191281be', '85.208.96.209', 1781407427, 0x5f5f63695f6c6173745f726567656e65726174657c693a313738313430373432373b),
('fdf721661367c0b4ef08af6c771884534b5155d8', '141.98.11.115', 1759155122, 0x5f5f63695f6c6173745f726567656e65726174657c693a313735393135353132323b),
('fdf760754b3c46903fb3b58627bf3b8f50d28a68', '141.98.11.115', 1759108188, 0x5f5f63695f6c6173745f726567656e65726174657c693a313735393130383138383b),
('fdf76679e8a40c67d1fd26cf152014c2080257b3', '185.191.171.12', 1778052056, 0x5f5f63695f6c6173745f726567656e65726174657c693a313737383035323035363b),
('fdf7edd5840ce05515dc5ad6069d53d8bd1be4b7', '182.42.104.32', 1769812484, 0x5f5f63695f6c6173745f726567656e65726174657c693a313736393831323438343b),
('fdf9a52592afafc2db7725c8adba52e444d35fc4', '2a06:98c0:3600::103', 1758045850, 0x5f5f63695f6c6173745f726567656e65726174657c693a313735383034353835303b),
('fdfb9ee8ba49dba25e02a71570dc4de18c936ea0', '104.28.246.115', 1772137775, 0x5f5f63695f6c6173745f726567656e65726174657c693a313737323133373737353b),
('fdfc259e267414459686d181fab98ab80dfe17ea', '74.7.242.13', 1775731753, 0x5f5f63695f6c6173745f726567656e65726174657c693a313737353733313735333b),
('fdfc7c8cc860f75507d97f364f069a0aa43f4eaa', '4.227.36.2', 1760835602, 0x5f5f63695f6c6173745f726567656e65726174657c693a313736303833353630323b),
('fdfdb20f67ab51c4f0e70947e6757b490024afb8', '49.51.141.76', 1771115455, 0x5f5f63695f6c6173745f726567656e65726174657c693a313737313131353435353b),
('fdfdffad794ff0f35cdf1611ee9c55ae72528548', '43.156.202.34', 1775053102, 0x5f5f63695f6c6173745f726567656e65726174657c693a313737353035333130323b),
('fe00098ed0bec789adc857d1a78403bacf0b71f4', '105.113.57.246', 1778500096, 0x5f5f63695f6c6173745f726567656e65726174657c693a313737383530303039343b),
('fe0018676aa4639ffdc5965a556e01563631471f', '34.73.146.121', 1779377428, 0x5f5f63695f6c6173745f726567656e65726174657c693a313737393337373432383b),
('fe00b81a8e02c70c4cf36ce876b7cbda57a4ab8e', '193.37.33.83', 1770933211, 0x5f5f63695f6c6173745f726567656e65726174657c693a313737303933333231313b),
('fe0133267156143ee032d597a798a7f5de6a0a49', '173.239.196.106', 1782682858, 0x5f5f63695f6c6173745f726567656e65726174657c693a313738323638323835383b),
('fe01d17e6ceecb71b84ccdfca2b9e9ad4e6ae0ce', '147.185.132.147', 1782592183, 0x5f5f63695f6c6173745f726567656e65726174657c693a313738323539323138333b),
('fe01f3897683bc7ea72490d43b815e8c75ad0012', '45.91.23.104', 1778787769, 0x5f5f63695f6c6173745f726567656e65726174657c693a313737383738373736393b),
('fe03ebebf12100e487ad0349c0b98bb37494457f', '209.87.169.71', 1781510988, 0x5f5f63695f6c6173745f726567656e65726174657c693a313738313531303938383b),
('fe0401301596f2eac86d31af1d23847fb26b0ec4', '74.7.175.186', 1777475813, 0x5f5f63695f6c6173745f726567656e65726174657c693a313737373437353831333b),
('fe042fce88cb782bfb61f74242b882c1c57d9a54', '193.176.211.41', 1777581599, 0x5f5f63695f6c6173745f726567656e65726174657c693a313737373538313539393b),
('fe0454445ba4049cf4620909829d631d54e1e8a6', '185.223.152.239', 1778303909, 0x5f5f63695f6c6173745f726567656e65726174657c693a313737383330333930393b),
('fe05d600ee0434386beb3687979439f2d65a1cc2', '74.7.230.5', 1779831438, 0x5f5f63695f6c6173745f726567656e65726174657c693a313737393833313433383b),
('fe062475e0a3a5bd898ef91e3a6e35df6f3665d2', '159.89.202.221', 1783499258, 0x5f5f63695f6c6173745f726567656e65726174657c693a313738333439393235383b),
('fe07cbde6a6ae602e3ae2fc5d63aa67d53ee4153', '106.75.66.169', 1776322784, 0x5f5f63695f6c6173745f726567656e65726174657c693a313737363332323738343b),
('fe081554850dc9e1b151fa8d6d4a3c35a20802b0', '17.22.237.74', 1769174691, 0x5f5f63695f6c6173745f726567656e65726174657c693a313736393137343639313b),
('fe08e9d280cd0c4236d2f0b1fb9b8f84ad358cb6', '43.165.174.53', 1783319062, 0x5f5f63695f6c6173745f726567656e65726174657c693a313738333331393036323b),
('fe0944eb350cef51470bc327b19ed78c7cf684ea', '52.231.68.175', 1769817804, 0x5f5f63695f6c6173745f726567656e65726174657c693a313736393831373830343b),
('fe0956dd20e7fb16acf441a42bf16bce11df530b', '13.60.2.173', 1763295372, 0x5f5f63695f6c6173745f726567656e65726174657c693a313736333239353337323b),
('fe096d1cbb7088afccd9b05f1b725f957a5b571b', '85.208.96.205', 1782416560, 0x5f5f63695f6c6173745f726567656e65726174657c693a313738323431363536303b),
('fe09a58758fd157852cb6b73d9041f952da7ad85', '35.209.198.194', 1778657710, 0x5f5f63695f6c6173745f726567656e65726174657c693a313737383635373731303b),
('fe0a3894ba175d4fe2cb7edf5609e4ce172cc7e3', '102.89.85.211', 1777964237, 0x5f5f63695f6c6173745f726567656e65726174657c693a313737373936343233373b),
('fe0b1724749bd0b6ae2c1e1038b6ab2abdd30180', '195.178.110.223', 1765236200, 0x5f5f63695f6c6173745f726567656e65726174657c693a313736353233363230303b),
('fe0b8678a496a7e45e2511831e96fd9f63773067', '35.209.42.193', 1777874390, 0x5f5f63695f6c6173745f726567656e65726174657c693a313737373837343339303b),
('fe0bb8a94aaa00093a90ceff10cc9203d585caba', '82.145.215.206', 1774265084, 0x5f5f63695f6c6173745f726567656e65726174657c693a313737343236353038343b),
('fe0be98a49df9b04af303cac7418bf358821a973', '144.76.19.70', 1766319778, 0x5f5f63695f6c6173745f726567656e65726174657c693a313736363331393737383b),
('fe0c458c346234cdf132d63cdc518f781922aa5c', '34.1.26.80', 1779408693, 0x5f5f63695f6c6173745f726567656e65726174657c693a313737393430383639333b),
('fe0d9b041fbf982aaea349fb95d9b2c82a9427b3', '102.90.107.6', 1775735730, 0x5f5f63695f6c6173745f726567656e65726174657c693a313737353733353733303b),
('fe0de9535297f0a81f44aee06449ef6d715dac8e', '199.45.155.85', 1770878321, 0x5f5f63695f6c6173745f726567656e65726174657c693a313737303837383332313b),
('fe0dec1474c147a84479618e167a828d62bad830', '105.113.94.116', 1760545583, 0x5f5f63695f6c6173745f726567656e65726174657c693a313736303534353538333b72656469726563745f75726c7c733a33333a2268747470733a2f2f6564756d61632e636c6f75642f656d706c6f7965652f616464223b6e616d657c733a31353a224d7273204164656c6f796520452e4f223b6c6f676765725f70686f746f7c733a33363a2232613633626464393563383861363130323739626234663532653131663261632e6a7067223b6c6f67676564696e5f6272616e63687c733a313a2231223b6c6f67676564696e5f656d61696c7c733a32313a22666f6c61626f6d6961646540676d61696c2e636f6d223b6c6f67676564696e5f69647c733a333a22363235223b6c6f67676564696e5f7573657269647c733a323a223233223b6c6f67676564696e5f726f6c655f69647c733a313a2232223b6c6f67676564696e5f747970657c733a353a227374616666223b7365745f6c616e677c733a373a22656e676c697368223b69735f72746c7c623a303b7365745f73657373696f6e5f69647c733a313a2234223b6c6f67676564696e7c623a313b),
('fe0dec1d8d7e7c5d31c711f03ea8fa162745142b', '185.223.152.239', 1778304055, 0x5f5f63695f6c6173745f726567656e65726174657c693a313737383330343035353b),
('fe0e282381982ad6df55a66131411e4e985daa43', '89.251.0.187', 1769779411, 0x5f5f63695f6c6173745f726567656e65726174657c693a313736393737393431313b),
('fe0f22e69ac698bbf2a392ac5171470b7742c7e3', '198.244.242.86', 1766065937, 0x5f5f63695f6c6173745f726567656e65726174657c693a313736363036353933373b),
('fe0f8edaf89b18beac0b733d213f83d7a7f6956b', '216.151.165.248', 1767337162, 0x5f5f63695f6c6173745f726567656e65726174657c693a313736373333373136323b),
('fe0fa3b9bcbe3ab28771f8c750d63bc80824c6e2', '167.71.207.177', 1778235787, 0x5f5f63695f6c6173745f726567656e65726174657c693a313737383233353738373b),
('fe0fb135f9c31161e526d4272e70b3bcedd6a4c2', '50.70.165.109', 1776985821, 0x5f5f63695f6c6173745f726567656e65726174657c693a313737363938353832313b),
('fe1014dce8a8eb68d4d6b1477c8385cf420fb2b3', '89.251.0.187', 1769779526, 0x5f5f63695f6c6173745f726567656e65726174657c693a313736393737393532363b),
('fe1223039fe7352f4b54b37c4c087d45a4ab03ca', '198.235.24.155', 1774064877, 0x5f5f63695f6c6173745f726567656e65726174657c693a313737343036343837373b),
('fe124f4e057b5cbb4e8a1590705ddc7e2645a1be', '167.94.145.105', 1759674769, 0x5f5f63695f6c6173745f726567656e65726174657c693a313735393637343736393b),
('fe14bca55b81390dd82ad5a4019de6f7c48ef0ec', '82.197.79.48', 1767681456, 0x5f5f63695f6c6173745f726567656e65726174657c693a313736373638313435363b6e616d657c733a31353a224d7273204164656c6f796520452e4f223b6c6f676765725f70686f746f7c733a33363a2232613633626464393563383861363130323739626234663532653131663261632e6a7067223b6c6f67676564696e5f6272616e63687c733a313a2231223b6c6f67676564696e5f656d61696c7c733a32313a22666f6c61626f6d6961646540676d61696c2e636f6d223b6c6f67676564696e5f69647c733a333a22363235223b6c6f67676564696e5f7573657269647c733a323a223233223b6c6f67676564696e5f726f6c655f69647c733a313a2232223b6c6f67676564696e5f747970657c733a353a227374616666223b7365745f6c616e677c733a373a22656e676c697368223b69735f72746c7c623a303b7365745f73657373696f6e5f69647c733a313a2234223b6c6f67676564696e7c623a313b616c6572742d6d6573736167652d737563636573737c733a34313a22496e666f726d6174696f6e20486173204265656e2055706461746564205375636365737366756c6c79223b5f5f63695f766172737c613a313a7b733a32313a22616c6572742d6d6573736167652d73756363657373223b733a333a226f6c64223b7d),
('fe16553cc7dd97d28cfe09f9f47077c9563e4f1a', '74.7.244.8', 1775879024, 0x5f5f63695f6c6173745f726567656e65726174657c693a313737353837393032343b),
('fe1765d0ee3d1f270a40b7c37bdd809223618a41', '52.23.208.132', 1763138950, 0x5f5f63695f6c6173745f726567656e65726174657c693a313736333133383935303b),
('fe18f066c3e10ccacdf2d228aa60ed706e6f3a9a', '216.81.248.83', 1768900609, 0x5f5f63695f6c6173745f726567656e65726174657c693a313736383930303630393b),
('fe1a03a347b555785ba7bb4a9871efd685c4d521', '74.7.230.52', 1772042849, 0x5f5f63695f6c6173745f726567656e65726174657c693a313737323034323834393b),
('fe1a797ea41b232aed544130f99aecc35eb5f261', '117.33.163.216', 1770636267, 0x5f5f63695f6c6173745f726567656e65726174657c693a313737303633363236373b),
('fe1bbc646f6b9534feee3538985f6a682e2baeb2', '66.249.93.40', 1767598929, 0x5f5f63695f6c6173745f726567656e65726174657c693a313736373539383932393b72656469726563745f75726c7c733a34333a2268747470733a2f2f66636863732e6564756d61632e636c6f75642f75736572726f6c652f696e766f696365223b),
('fe1c28d85c0425c79873ba00eff76e9baeadb801', '176.125.228.25', 1758454970, 0x5f5f63695f6c6173745f726567656e65726174657c693a313735383435343937303b616c6572742d6d6573736167652d6572726f727c733a31333a224163636573732044656e696564223b5f5f63695f766172737c613a313a7b733a31393a22616c6572742d6d6573736167652d6572726f72223b733a333a226e6577223b7d),
('fe1c6ee734dfd3a4f8250e7646ff25e078e86a85', '141.98.11.115', 1759229396, 0x5f5f63695f6c6173745f726567656e65726174657c693a313735393232393339363b),
('fe1cf51cb07ef0cde309366f746453ff02b51021', '35.84.144.232', 1773199325, 0x5f5f63695f6c6173745f726567656e65726174657c693a313737333139393332353b),
('fe1d748afbe6e7eab53a29e16f99ea9c3032da39', '54.37.252.46', 1779738350, 0x5f5f63695f6c6173745f726567656e65726174657c693a313737393733383335303b),
('fe1d936581968b9ba473f70986dfe7deb4237aac', '85.203.21.76', 1778706169, 0x5f5f63695f6c6173745f726567656e65726174657c693a313737383730363136393b),
('fe1ef0cbeb89abd2aea243e91d6c9de45e8edc6e', '173.239.218.58', 1777357146, 0x5f5f63695f6c6173745f726567656e65726174657c693a313737373335373134363b),
('fe1ef41971de82822a7fc6c9a573041ab06fa71c', '173.239.224.58', 1773068805, 0x5f5f63695f6c6173745f726567656e65726174657c693a313737333036383830353b),
('fe1f02c75dc136a8cbfd402693b424f11c76afdf', '216.73.216.16', 1777213997, 0x5f5f63695f6c6173745f726567656e65726174657c693a313737373231333939373b),
('fe1ff3fe95c5d2d88d123089ce1507c5ea35c2ce', '104.28.246.115', 1772137773, 0x5f5f63695f6c6173745f726567656e65726174657c693a313737323133373737333b),
('fe20cb0169db2385e48b1d2369c7c77810cba660', '102.89.82.252', 1771341516, 0x5f5f63695f6c6173745f726567656e65726174657c693a313737313334313531343b),
('fe2158a091e54144d5b5ccfb38fd20ef7d4343c8', '54.86.115.253', 1773334195, 0x5f5f63695f6c6173745f726567656e65726174657c693a313737333333343139353b),
('fe21afe50cce928256a6b18e77a478f4cfc60fc8', '149.50.97.212', 1770794367, 0x5f5f63695f6c6173745f726567656e65726174657c693a313737303739343336373b),
('fe23264381de6c3b42a1f727ebe1e91df78b4e95', '104.210.140.135', 1769433895, 0x5f5f63695f6c6173745f726567656e65726174657c693a313736393433333839353b),
('fe234477917a4fd76ddfa879f9a1b91d32e78126', '144.76.19.70', 1766632524, 0x5f5f63695f6c6173745f726567656e65726174657c693a313736363633323532343b),
('fe24381850bee964ee436365ea95454ff37ca5f6', '185.223.152.239', 1778303938, 0x5f5f63695f6c6173745f726567656e65726174657c693a313737383330333933383b),
('fe252ff1343f261641333f6446ee260e3a4d4124', '216.24.212.167', 1776962492, 0x5f5f63695f6c6173745f726567656e65726174657c693a313737363936323439323b),
('fe253ebc464ad0458add980bd2ab31ac3bf86783', '185.64.78.13', 1770814822, 0x5f5f63695f6c6173745f726567656e65726174657c693a313737303831343832323b),
('fe26f45eb37027f16dd5b56a7acbf31c97b83fc6', '43.135.148.92', 1766188057, 0x5f5f63695f6c6173745f726567656e65726174657c693a313736363138383035373b),
('fe278b6707283ea99d2d967d4dfb60a1ce29d40b', '81.17.20.98', 1758757364, 0x5f5f63695f6c6173745f726567656e65726174657c693a313735383735373336343b),
('fe28526e3e71758c2ed49c89da73bfeecc6e666f', '217.113.194.238', 1779195078, 0x5f5f63695f6c6173745f726567656e65726174657c693a313737393139353037383b),
('fe28dc8b1d04b7e543ecb56b36d7b35b72ef64b1', '64.225.75.246', 1758129782, 0x5f5f63695f6c6173745f726567656e65726174657c693a313735383132393738323b),
('fe2906c1bc2d7b365b3c8d2716afa1de90b1a1eb', '185.223.152.239', 1778303894, 0x5f5f63695f6c6173745f726567656e65726174657c693a313737383330333839343b),
('fe290e4bbae0e798f64762748949bc418ed4e2cb', '66.249.93.33', 1778920553, 0x5f5f63695f6c6173745f726567656e65726174657c693a313737383932303535333b),
('fe29ca2fa475208a2c46776f0aad4cd32e677c45', '51.68.247.200', 1781474229, 0x5f5f63695f6c6173745f726567656e65726174657c693a313738313437343232393b),
('fe2b50637965af9682b564b0c7ea478cd150fcb1', '103.95.119.103', 1781679753, 0x5f5f63695f6c6173745f726567656e65726174657c693a313738313637393735333b),
('fe2d34e863be28dab4bc2f13083c9cafff1d66b3', '105.113.118.118', 1776410470, 0x5f5f63695f6c6173745f726567656e65726174657c693a313737363431303437303b),
('fe2d4818ec3e77b2be563ea5a950214c565fa6e1', '94.23.188.209', 1769431205, 0x5f5f63695f6c6173745f726567656e65726174657c693a313736393433313230353b),
('fe2d598c7e9a70cbe926c87ba2dd784a41d31c46', '105.113.61.218', 1765976229, 0x5f5f63695f6c6173745f726567656e65726174657c693a313736353937363232393b),
('fe2da072d94ec85e0b18c57ae11ceb8546e4b54a', '173.239.218.58', 1777357380, 0x5f5f63695f6c6173745f726567656e65726174657c693a313737373335373338303b),
('fe2dd0349c52c6aac030c6495d1b0abd0130cba3', '66.249.93.33', 1781472445, 0x5f5f63695f6c6173745f726567656e65726174657c693a313738313437323434353b),
('fe2dfb627890e9841b3c76513fce7a20abb29eb1', '168.144.85.88', 1778136515, 0x5f5f63695f6c6173745f726567656e65726174657c693a313737383133363531353b),
('fe2e8777dc71af3e611e05af3c157091f392f942', '216.73.217.89', 1780500796, 0x5f5f63695f6c6173745f726567656e65726174657c693a313738303530303739363b),
('fe2f425421197cb5bb63cc4ba3b8654788bacb48', '213.209.157.216', 1759557302, 0x5f5f63695f6c6173745f726567656e65726174657c693a313735393535373330323b),
('fe2fd4531a434847d7440d97429721161bcb3968', '35.208.159.79', 1779406269, 0x5f5f63695f6c6173745f726567656e65726174657c693a313737393430363236393b),
('fe30055263ad8cff4fd4e5f20fe5c7531f74c9be', '192.36.166.94', 1770431606, 0x5f5f63695f6c6173745f726567656e65726174657c693a313737303433313630363b),
('fe31c83d4b01d8127d28d8c8db3ad39c19d39c05', '198.244.168.74', 1768453890, 0x5f5f63695f6c6173745f726567656e65726174657c693a313736383435333839303b),
('fe31e2a6f28f34a163480e098ed73933cea70b9a', '216.81.248.71', 1768871494, 0x5f5f63695f6c6173745f726567656e65726174657c693a313736383837313439343b),
('fe35dc003e953e74e0defa50c6a2036fedbf5f80', '20.249.211.2', 1780475082, 0x5f5f63695f6c6173745f726567656e65726174657c693a313738303437353038323b),
('fe35f11a97f88457717fe4638c1f4e42f017ab92', '102.89.82.21', 1775760234, 0x5f5f63695f6c6173745f726567656e65726174657c693a313737353736303233343b),
('fe363f64402222df1d9f0ebf800137968ecd1b78', '91.217.249.37', 1776861174, 0x5f5f63695f6c6173745f726567656e65726174657c693a313737363836313137343b),
('fe3777cdbdbe84f28d03bf9db0cfc37dc19cd95d', '197.211.63.14', 1774531694, 0x5f5f63695f6c6173745f726567656e65726174657c693a313737343533313639333b),
('fe382107d8e7530421994175278916367adb414d', '66.132.172.142', 1775416958, 0x5f5f63695f6c6173745f726567656e65726174657c693a313737353431363935383b),
('fe3943e8fded71455aaa2b7d42f7fdcc8581c398', '193.176.211.41', 1777581420, 0x5f5f63695f6c6173745f726567656e65726174657c693a313737373538313432303b),
('fe39d0b2a78d0b57e846b1a930ea4768f223f6ee', '104.237.151.163', 1780963823, 0x5f5f63695f6c6173745f726567656e65726174657c693a313738303936333832333b),
('fe3ad0bc9c4b232cba3ca4636e978b67a6f6de6f', '34.4.102.81', 1779404864, 0x5f5f63695f6c6173745f726567656e65726174657c693a313737393430343836343b),
('fe3b4fc8a3bf0c7792a33963a37a35e1483b0067', '45.86.20.9', 1781060237, 0x5f5f63695f6c6173745f726567656e65726174657c693a313738313036303233373b),
('fe3bad765f967695a63cf21bd7b6fd0966dcd58a', '173.239.218.58', 1777357371, 0x5f5f63695f6c6173745f726567656e65726174657c693a313737373335373337313b),
('fe3c5d4a3d10ad93def9dd580853808ff7cb9df1', '43.153.113.127', 1766784086, 0x5f5f63695f6c6173745f726567656e65726174657c693a313736363738343038363b),
('fe3c7ef757a01f2c8723964bc592d2b91f874406', '45.133.5.140', 1778021293, 0x5f5f63695f6c6173745f726567656e65726174657c693a313737383032313239333b),
('fe3cf2778d8dd84950f78e99191c34fb3ec0c93f', '91.217.249.37', 1776861324, 0x5f5f63695f6c6173745f726567656e65726174657c693a313737363836313332343b),
('fe3dcaa97fc272bf586358db4cf8c7f42194f7b3', '34.1.19.241', 1779405673, 0x5f5f63695f6c6173745f726567656e65726174657c693a313737393430353637333b),
('fe3dd3545e2b2b56b9f7709751eb749c23e8ae1b', '193.176.211.41', 1777581607, 0x5f5f63695f6c6173745f726567656e65726174657c693a313737373538313630373b),
('fe3e2fb4e6463e3c5c712c239ec1024d6897fa33', '93.158.90.66', 1778558640, 0x5f5f63695f6c6173745f726567656e65726174657c693a313737383535383634303b),
('fe3e94569dcedb41971376bd9fe9da65d61b8048', '148.113.128.73', 1782904858, 0x5f5f63695f6c6173745f726567656e65726174657c693a313738323930343835383b),
('fe3f39d7de6a4b3ad86ed6eb10e2cd1b25ba29fd', '173.239.218.58', 1777357410, 0x5f5f63695f6c6173745f726567656e65726174657c693a313737373335373431303b),
('fe3f49c15e8d5580584b6bcc0a0ac880b637e341', '102.89.83.44', 1775724349, 0x5f5f63695f6c6173745f726567656e65726174657c693a313737353732343334393b),
('fe3f84516f3b1b5581fc5433cd927fc484aff3f5', '190.92.141.186', 1781583508, 0x5f5f63695f6c6173745f726567656e65726174657c693a313738313538333530383b),
('fe4053968572ff1708a617ca6b90722639728159', '152.228.135.83', 1783214823, 0x5f5f63695f6c6173745f726567656e65726174657c693a313738333231343832333b),
('fe40918656c27ba2b6a83d6bac0cfcbec9cd3dfd', '43.130.78.203', 1780146490, 0x5f5f63695f6c6173745f726567656e65726174657c693a313738303134363439303b),
('fe411da22a51a83f775abb6b1a134765771f765c', '173.239.196.106', 1782682856, 0x5f5f63695f6c6173745f726567656e65726174657c693a313738323638323835363b),
('fe412f346cf901a78458f1d96fc896c4a8d8a3fc', '185.128.227.82', 1780633705, 0x5f5f63695f6c6173745f726567656e65726174657c693a313738303633333730353b),
('fe4241eb5496d150c80e32d4ea661a1de5068248', '216.81.248.83', 1768900609, 0x5f5f63695f6c6173745f726567656e65726174657c693a313736383930303630393b),
('fe43da2c225c3a96d5006a0ff013c27d790ba99a', '66.132.224.85', 1779516869, 0x5f5f63695f6c6173745f726567656e65726174657c693a313737393531363836393b),
('fe440eda2cac12555f04c93994097dd6bd8df7d4', '66.102.9.3', 1775623176, 0x5f5f63695f6c6173745f726567656e65726174657c693a313737353632333137363b),
('fe457f5952102916d5f56e9e78777ca3ed887a87', '105.113.99.98', 1761894689, 0x72656469726563745f75726c7c733a33363a2268747470733a2f2f66636863732e6564756d61632e636c6f75642f64617368626f617264223b5f5f63695f6c6173745f726567656e65726174657c693a313736313839343638393b6e616d657c733a31353a224d7273204164656c6f796520452e4f223b6c6f676765725f70686f746f7c733a33363a2232613633626464393563383861363130323739626234663532653131663261632e6a7067223b6c6f67676564696e5f6272616e63687c733a313a2231223b6c6f67676564696e5f656d61696c7c733a32313a22666f6c61626f6d6961646540676d61696c2e636f6d223b6c6f67676564696e5f69647c733a333a22363235223b6c6f67676564696e5f7573657269647c733a323a223233223b6c6f67676564696e5f726f6c655f69647c733a313a2232223b6c6f67676564696e5f747970657c733a353a227374616666223b7365745f6c616e677c733a373a22656e676c697368223b69735f72746c7c623a303b7365745f73657373696f6e5f69647c733a313a2234223b6c6f67676564696e7c623a313b),
('fe46945a3e3d03a16f69646b4485fd9534a896c5', '104.28.202.179', 1777436293, 0x5f5f63695f6c6173745f726567656e65726174657c693a313737373433363239333b),
('fe46f54bde8fc8404f4f32515716217731e2f683', '93.123.109.163', 1783516588, 0x5f5f63695f6c6173745f726567656e65726174657c693a313738333531363538383b),
('fe471da4e60c3519937ac0d304b546c3d84fdff7', '105.113.79.158', 1765984710, 0x5f5f63695f6c6173745f726567656e65726174657c693a313736353938343731303b6e616d657c733a31323a224b656d69204f796564656a69223b6c6f676765725f70686f746f7c733a31313a2264656675616c742e706e67223b6c6f67676564696e5f6272616e63687c733a313a2231223b6c6f67676564696e5f656d61696c7c733a32303a226b6f796564656a69373940676d61696c2e636f6d223b6c6f67676564696e5f69647c733a313a2237223b6c6f67676564696e5f7573657269647c733a313a2237223b6c6f67676564696e5f726f6c655f69647c733a313a2233223b6c6f67676564696e5f747970657c733a353a227374616666223b7365745f6c616e677c733a373a22656e676c697368223b69735f72746c7c623a303b7365745f73657373696f6e5f69647c733a313a2234223b6c6f67676564696e7c623a313b),
('fe48773dbeffbfa2b054867c6935285c98b85ae3', '209.87.169.71', 1781510977, 0x5f5f63695f6c6173745f726567656e65726174657c693a313738313531303937373b),
('fe4a1a33b3bc759748fa5814c0673e513355d52c', '43.153.71.12', 1778500679, 0x5f5f63695f6c6173745f726567656e65726174657c693a313737383530303637393b),
('fe4a7fbfe191a5a4e51c0ca72aa8f2f546165e0b', '217.113.194.190', 1779194973, 0x5f5f63695f6c6173745f726567656e65726174657c693a313737393139343937333b),
('fe4aa56308b9c8897ab3924f70b9245a2073b524', '77.74.177.118', 1777456514, 0x5f5f63695f6c6173745f726567656e65726174657c693a313737373435363531343b),
('fe4ae96cfdc2f4ddd73a6d59c603d87cc4191051', '104.210.140.133', 1783707822, 0x5f5f63695f6c6173745f726567656e65726174657c693a313738333730373832323b),
('fe4c171ff90d4d55857b21ac09579c6afdeb1bab', '173.239.218.58', 1777357125, 0x5f5f63695f6c6173745f726567656e65726174657c693a313737373335373132353b),
('fe4cf0080e5c3a66b26d21f2af4fd9b86edcf04a', '173.252.95.114', 1766550832, 0x5f5f63695f6c6173745f726567656e65726174657c693a313736363535303833323b),
('fe4d4de530820cb12bcce063f94b0b7907368e43', '40.77.167.230', 1769829672, 0x5f5f63695f6c6173745f726567656e65726174657c693a313736393832393637313b),
('fe4d6c255de19759cd19bd3b4ca7ade550066c05', '175.100.11.180', 1783335366, 0x5f5f63695f6c6173745f726567656e65726174657c693a313738333333353336363b),
('fe4d8bc078f8d4fd249ed5dea054831d354cb34c', '64.236.143.36', 1764290132, 0x5f5f63695f6c6173745f726567656e65726174657c693a313736343239303133323b),
('fe4e683f88ee0eb56935ad3b09a5dcc547f322f0', '93.123.109.225', 1758268177, 0x5f5f63695f6c6173745f726567656e65726174657c693a313735383236383137373b),
('fe500eee33848fc3f5e15b05ce5911a5e2299c7d', '102.89.83.44', 1775723581, 0x5f5f63695f6c6173745f726567656e65726174657c693a313737353732333538313b),
('fe51011e92d54559e71d27a6eadf5ea33e062e6e', '212.30.36.51', 1779002618, 0x5f5f63695f6c6173745f726567656e65726174657c693a313737393030323631383b),
('fe5141e0d823c5bb852013de21837117a542bfdd', '66.249.93.32', 1765557341, 0x5f5f63695f6c6173745f726567656e65726174657c693a313736353535373334313b),
('fe515b31e806c3299a03242bab67c779c3efc9cd', '34.1.16.25', 1778662028, 0x5f5f63695f6c6173745f726567656e65726174657c693a313737383636323032383b),
('fe520ad4e2caede6e13839021ae1c0343fb3e6ed', '144.76.19.70', 1766632509, 0x5f5f63695f6c6173745f726567656e65726174657c693a313736363633323530393b),
('fe52664babe2f91ddf070868bcfd3fb681c0a92d', '20.171.207.119', 1758830471, 0x5f5f63695f6c6173745f726567656e65726174657c693a313735383833303437313b),
('fe52dd2dab207f40c5341d76e739ad4454b09c92', '193.176.211.41', 1777581533, 0x5f5f63695f6c6173745f726567656e65726174657c693a313737373538313533333b),
('fe560ea2c9f3eeb5e0358a627ae723936f8bd7a9', '185.177.72.48', 1758472064, 0x5f5f63695f6c6173745f726567656e65726174657c693a313735383437323036343b),
('fe56106391c124f3795e74380b0a8903fb1dd25f', '74.7.241.166', 1777246671, 0x5f5f63695f6c6173745f726567656e65726174657c693a313737373234363637313b),
('fe5831c59d67393d3e91dc74f4e2e269c148f71a', '102.90.96.129', 1775812265, 0x5f5f63695f6c6173745f726567656e65726174657c693a313737353831313932343b),
('fe591c115e6dcee9b6a1c9f64e5536f986334358', '144.76.19.70', 1774845496, 0x5f5f63695f6c6173745f726567656e65726174657c693a313737343834353439363b),
('fe5942f6878b95b55753081105c46639c846b526', '146.190.147.8', 1759299534, 0x5f5f63695f6c6173745f726567656e65726174657c693a313735393239393533343b),
('fe59b79231390c00a1df3ae322e0b9981ceec7cd', '88.151.33.81', 1777438514, 0x5f5f63695f6c6173745f726567656e65726174657c693a313737373433383531343b),
('fe59cc9ce3c30759cd6196db2c2b12334faaa2f9', '213.209.157.216', 1759531895, 0x5f5f63695f6c6173745f726567656e65726174657c693a313735393533313839353b),
('fe5ad19bd3bce78f0ffe837d3b72c3d991ef17bf', '5.255.104.172', 1778412771, 0x5f5f63695f6c6173745f726567656e65726174657c693a313737383431323737313b),
('fe5af99b9a2b139787c92a77b570f7c49bfe49af', '45.133.5.140', 1778021187, 0x5f5f63695f6c6173745f726567656e65726174657c693a313737383032313138373b),
('fe5bb465db470041b3062e63f07c9f13a4115449', '165.231.182.46', 1773241242, 0x5f5f63695f6c6173745f726567656e65726174657c693a313737333234313234313b6d73675f737563636573737c733a35353a224d657373616765205375636365737366756c6c792053656e742e2057652077696c6c20636f6e7461637420796f752073686f72746c792e223b5f5f63695f766172737c613a313a7b733a31313a226d73675f73756363657373223b733a333a226e6577223b7d),
('fe5d2503d8f84126bb3e6b0e128298b72f7063b8', '173.239.196.106', 1782682853, 0x5f5f63695f6c6173745f726567656e65726174657c693a313738323638323835333b),
('fe5d4176dab7f32b2cd206fe0958966edef2eb4a', '185.191.171.19', 1767206949, 0x5f5f63695f6c6173745f726567656e65726174657c693a313736373230363934393b),
('fe5d4f030b527df321063d3d83ff2f4d60e0b242', '205.169.39.29', 1761406779, 0x5f5f63695f6c6173745f726567656e65726174657c693a313736313430363737393b),
('fe5fac39615f2d9a9f219d06575038af6ff4a31b', '17.241.219.116', 1774883127, 0x5f5f63695f6c6173745f726567656e65726174657c693a313737343838333132373b),
('fe6022e1b4238745de3dd41e97457182d2a953ac', '142.250.33.65', 1780306607, 0x5f5f63695f6c6173745f726567656e65726174657c693a313738303330363630373b),
('fe611b021d152cbbe8be16690515a2b72569d42b', '74.7.175.174', 1772167494, 0x5f5f63695f6c6173745f726567656e65726174657c693a313737323136373439343b),
('fe614b9b35a472e48c95570ed01121293a34beeb', '104.28.246.117', 1778003140, 0x5f5f63695f6c6173745f726567656e65726174657c693a313737383030333134303b),
('fe62e4c8c40c7b295cffbef2fcf4d06878105bf8', '4.227.36.80', 1758576341, 0x5f5f63695f6c6173745f726567656e65726174657c693a313735383537363334313b),
('fe63307fc619eb37c760b1f8023dc79180dbf8ce', '45.91.23.104', 1778787833, 0x5f5f63695f6c6173745f726567656e65726174657c693a313737383738373833333b),
('fe6396ad12b511b699acbedf02945c249d921489', '91.224.92.19', 1782094727, 0x5f5f63695f6c6173745f726567656e65726174657c693a313738323039343732373b),
('fe6568d391d001c48e4509569b904b13b7a93dbe', '45.91.23.104', 1778787564, 0x5f5f63695f6c6173745f726567656e65726174657c693a313737383738373536343b),
('fe665b24da974f12551fc2feebc64813974750b1', '82.197.79.51', 1759321585, 0x5f5f63695f6c6173745f726567656e65726174657c693a313735393332313538353b72656469726563745f75726c7c733a33363a22687474703a2f2f6564756d61632e636c6f75642f66726f6e74656e642f73657474696e67223b),
('fe669b207263fd40b5687c9ef77e387263ef355f', '34.1.19.241', 1779405661, 0x5f5f63695f6c6173745f726567656e65726174657c693a313737393430353636313b),
('fe66f581e79084107ad5c70ba7fd912915d72e8a', '35.208.155.144', 1777873849, 0x5f5f63695f6c6173745f726567656e65726174657c693a313737373837333834393b),
('fe66f78618417c2974796dc0b94a9ba489e4f7a8', '144.76.19.70', 1769587545, 0x5f5f63695f6c6173745f726567656e65726174657c693a313736393538373534353b),
('fe67278d4eb2670e9c603ab23704ae15e6c0b4db', '66.249.93.160', 1782020854, 0x5f5f63695f6c6173745f726567656e65726174657c693a313738323032303835343b),
('fe67a54fa13cd4f35ba9f95abac252aacb6385bb', '74.7.244.57', 1764765276, 0x5f5f63695f6c6173745f726567656e65726174657c693a313736343736353237363b),
('fe67b8561bf65c65812e7d5bb871a9cc25094c44', '34.27.62.169', 1768832980, 0x5f5f63695f6c6173745f726567656e65726174657c693a313736383833323938303b),
('fe690c93e422e99ac7cde59c58f333bfd63445de', '136.144.35.62', 1782066871, 0x5f5f63695f6c6173745f726567656e65726174657c693a313738323036363836383b),
('fe6957d55dc09626b72e690d65efa29f85eb76b4', '209.87.169.71', 1781511030, 0x5f5f63695f6c6173745f726567656e65726174657c693a313738313531313033303b),
('fe6ac11904398c9940776e72a24561adfc68494f', '185.247.137.237', 1765821882, 0x5f5f63695f6c6173745f726567656e65726174657c693a313736353832313838323b),
('fe6e4a9733fc3f498f0eedfa19178e88c16b94fe', '85.203.23.206', 1772996337, 0x5f5f63695f6c6173745f726567656e65726174657c693a313737323939363333373b),
('fe6eadae1c8c0f2fbe05f345319145cfda8d1c4c', '40.77.167.108', 1782025285, 0x5f5f63695f6c6173745f726567656e65726174657c693a313738323032353238353b);
INSERT INTO `rm_sessions` (`id`, `ip_address`, `timestamp`, `data`) VALUES
('fe6ee8c6ad87cf543368a65e0def8ba2c546bd65', '188.166.183.165', 1772882063, 0x5f5f63695f6c6173745f726567656e65726174657c693a313737323838323036333b),
('fe7085e991912a8c2009a5294dc147b29feea3e8', '173.239.218.58', 1777357170, 0x5f5f63695f6c6173745f726567656e65726174657c693a313737373335373137303b),
('fe71940c5d0b38a4f193b3440f489242b65cb233', '185.191.171.19', 1758350791, 0x5f5f63695f6c6173745f726567656e65726174657c693a313735383335303739313b),
('fe725cc9618dd817bd4ca11a01659ea9496b6b13', '34.132.139.161', 1781999375, 0x5f5f63695f6c6173745f726567656e65726174657c693a313738313939393337353b),
('fe72ee3fe27c0af004ffd383dd003c3e2b9600c3', '88.151.32.9', 1777284420, 0x5f5f63695f6c6173745f726567656e65726174657c693a313737373238343432303b),
('fe732d3edbb37e8455068a6918a0cd30f18f879f', '167.94.146.60', 1769618904, 0x5f5f63695f6c6173745f726567656e65726174657c693a313736393631383930343b),
('fe73b3ba6f93cd328157275e8fd975393bc566fe', '102.89.75.39', 1767770385, 0x5f5f63695f6c6173745f726567656e65726174657c693a313736373737303334393b),
('fe749631c4ac1925ee5c52d5fa5beac63bf1d260', '35.209.15.78', 1779410346, 0x5f5f63695f6c6173745f726567656e65726174657c693a313737393431303334363b),
('fe75d945039cab9df96ff6dfb060c02eca09c887', '109.230.100.0', 1783318349, 0x5f5f63695f6c6173745f726567656e65726174657c693a313738333331383334373b),
('fe760cf721e06df9add9f82dafc7fe008daf1320', '43.135.142.37', 1780135897, 0x5f5f63695f6c6173745f726567656e65726174657c693a313738303133353839373b),
('fe764b2818861ea25dad3dd41eb27ae5ca96df47', '170.106.193.108', 1764968316, 0x5f5f63695f6c6173745f726567656e65726174657c693a313736343936383331363b),
('fe77ac5d8cc3dfc5f95cd7f4cccc3fc773e11bd3', '35.186.186.214', 1776556306, 0x5f5f63695f6c6173745f726567656e65726174657c693a313737363535363330363b),
('fe78e2a054b52e3f8634d8904b023a85df86a6ba', '195.178.110.223', 1765172733, 0x5f5f63695f6c6173745f726567656e65726174657c693a313736353137323733333b),
('fe793ddbc0bd935f22117ec9a9af4b73ee352a8d', '209.87.169.71', 1781511171, 0x5f5f63695f6c6173745f726567656e65726174657c693a313738313531313137313b),
('fe797ba8bdc6de1c489dbb0bdc7bbb6fa9f52639', '66.249.70.174', 1777134364, 0x5f5f63695f6c6173745f726567656e65726174657c693a313737373133343336343b),
('fe7ae67ecf1401a01798b668147569684d68b4ea', '185.64.78.13', 1770814345, 0x5f5f63695f6c6173745f726567656e65726174657c693a313737303831343334353b),
('fe7bc720b2a7a0707e9a618354fef3b7ac666de6', '51.68.247.197', 1766720255, 0x5f5f63695f6c6173745f726567656e65726174657c693a313736363732303235353b),
('fe7d681e4abfaf2078d5a585c2898e15ff8df3a7', '194.5.52.21', 1772152891, 0x5f5f63695f6c6173745f726567656e65726174657c693a313737323135323839313b),
('fe7e44565825bb6c51242164dee23ffac64911c0', '209.87.169.71', 1781511209, 0x5f5f63695f6c6173745f726567656e65726174657c693a313738313531313230393b),
('fe7e536b51680bde23f77f83f95df4269324858b', '40.77.167.243', 1776330985, 0x5f5f63695f6c6173745f726567656e65726174657c693a313737363333303938353b),
('fe7ec4b159ca59693d4e6ecb9e13c664cf19f451', '81.17.20.98', 1758757548, 0x5f5f63695f6c6173745f726567656e65726174657c693a313735383735373534383b),
('fe7f81563ac1d2ac243eeab470eb6b1aacde9179', '144.76.19.70', 1772632760, 0x5f5f63695f6c6173745f726567656e65726174657c693a313737323633323736303b),
('fe7fd957e66096382339d64939bfedea6eac765b', '84.37.244.18', 1774933453, 0x5f5f63695f6c6173745f726567656e65726174657c693a313737343933333435333b),
('fe7ff714de04f6913d883b79ece924281a2ab195', '168.205.75.60', 1759038310, 0x5f5f63695f6c6173745f726567656e65726174657c693a313735393033383330393b72656469726563745f75726c7c733a34303a22687474703a2f2f6564756d61632e636c6f75642f66726f6e74656e642f73656374696f6e2f666171223b),
('fe80ba0263b6419b5a59282de4a1c57e78be6d57', '173.239.218.58', 1777357179, 0x5f5f63695f6c6173745f726567656e65726174657c693a313737373335373137393b),
('fe80c6b74a5601605924d6779a009fc28404b74a', '102.93.9.193', 1774876646, 0x5f5f63695f6c6173745f726567656e65726174657c693a313737343837343731333b72656469726563745f75726c7c733a33363a2268747470733a2f2f66636863732e6564756d61632e636c6f75642f64617368626f617264223b6e616d657c733a31363a2241646579656d6920416465776f79696e223b6c6f676765725f70686f746f7c733a31313a2264656675616c742e706e67223b6c6f67676564696e5f6272616e63687c733a313a2231223b6c6f67676564696e5f656d61696c7c733a32333a22616465776f79696e79656d693440676d61696c2e636f6d223b6c6f67676564696e5f69647c733a313a2236223b6c6f67676564696e5f7573657269647c733a313a2236223b6c6f67676564696e5f726f6c655f69647c733a313a2233223b6c6f67676564696e5f747970657c733a353a227374616666223b7365745f6c616e677c733a373a22656e676c697368223b69735f72746c7c623a303b7365745f73657373696f6e5f69647c733a313a2234223b6c6f67676564696e7c623a313b616c6572742d6d6573736167652d737563636573737c733a33333a22536b696c6c7320526174696e6773205361766564205375636365737366756c6c79223b5f5f63695f766172737c613a313a7b733a32313a22616c6572742d6d6573736167652d73756363657373223b733a333a226e6577223b7d),
('fe811b171f67cf3ec998b945efadcfcea78eb92d', '103.215.74.213', 1782752782, 0x5f5f63695f6c6173745f726567656e65726174657c693a313738323735323738323b),
('fe81ef41dde6d4ccbab1759ea52c04f64381322e', '193.37.32.144', 1777960773, 0x5f5f63695f6c6173745f726567656e65726174657c693a313737373936303737333b),
('fe822cf90f446c8e8390f19fa6ede11c66ad0516', '85.203.23.182', 1772996297, 0x5f5f63695f6c6173745f726567656e65726174657c693a313737323939363239373b),
('fe8244f356ce8fe35b3e9e45324f8abc07b55a4f', '51.195.244.30', 1761614687, 0x5f5f63695f6c6173745f726567656e65726174657c693a313736313631343638373b),
('fe82914c887a4967c4c3c31a94e6727143d77351', '173.239.196.106', 1782682944, 0x5f5f63695f6c6173745f726567656e65726174657c693a313738323638323934343b),
('fe8364915091c636b97ad2a5441a9802226a4841', '185.177.72.48', 1758388585, 0x5f5f63695f6c6173745f726567656e65726174657c693a313735383338383538353b),
('fe83c053e28addb060821d97acfe24b3383c067a', '54.226.192.86', 1781129854, 0x5f5f63695f6c6173745f726567656e65726174657c693a313738313132393835343b),
('fe83c8ecbf5cde3b7c1ac954705d06a7a0b6eb15', '66.249.93.33', 1778397740, 0x5f5f63695f6c6173745f726567656e65726174657c693a313737383339373734303b),
('fe8454c857726a5d30132ae0b7ce233974ea9710', '18.156.165.46', 1761438852, 0x5f5f63695f6c6173745f726567656e65726174657c693a313736313433383835323b),
('fe8465b754e0f42df810a51abaf676fc8181af41', '34.72.176.129', 1773803194, 0x5f5f63695f6c6173745f726567656e65726174657c693a313737333830333136303b),
('fe848bb4b15772bb38a44bc0f31142d249e27659', '51.89.129.46', 1770568861, 0x5f5f63695f6c6173745f726567656e65726174657c693a313737303536383836313b),
('fe85a2939e270601f00b01cdd963b325f4c316cc', '52.253.113.41', 1772508915, 0x5f5f63695f6c6173745f726567656e65726174657c693a313737323530383931353b),
('fe85bcdc5c2c6491e1278c930779e286d010bb96', '45.91.23.104', 1778787760, 0x5f5f63695f6c6173745f726567656e65726174657c693a313737383738373736303b),
('fe886f89d9f2c3df44c1e5a579b5e9d2f4257d6a', '44.250.52.14', 1763357142, 0x5f5f63695f6c6173745f726567656e65726174657c693a313736333335373134323b),
('fe88e04add0807098eb13f4c70be1979929cbb8f', '64.137.59.19', 1781222790, 0x5f5f63695f6c6173745f726567656e65726174657c693a313738313232323739303b),
('fe8916eaaff8618ae49339eeaced2b6a76767f83', '142.44.228.212', 1764889578, 0x5f5f63695f6c6173745f726567656e65726174657c693a313736343838393537383b),
('fe89bb352da99e003ccb7662a03d7ae1535feee6', '74.7.228.20', 1765433618, 0x5f5f63695f6c6173745f726567656e65726174657c693a313736353433333631383b),
('fe89c1d53cb899a3f61217ea9fc6df76380b027c', '74.7.175.187', 1765005479, 0x5f5f63695f6c6173745f726567656e65726174657c693a313736353030353437393b),
('fe8a0c076a81051234e090c8650fd71e5c264fe7', '50.17.164.180', 1766496273, 0x5f5f63695f6c6173745f726567656e65726174657c693a313736363439363237333b),
('fe8aa0be73547f9936a0009c8b352a020bf3d52a', '173.239.196.106', 1782682984, 0x5f5f63695f6c6173745f726567656e65726174657c693a313738323638323938343b),
('fe8b9c68fd644af709a834be4878567eb1b1c995', '74.7.230.28', 1765787084, 0x5f5f63695f6c6173745f726567656e65726174657c693a313736353738373038343b),
('fe8ca299cfa4fca497ae8ea4fd9f819d27bcab8f', '185.64.78.13', 1770814654, 0x5f5f63695f6c6173745f726567656e65726174657c693a313737303831343635343b),
('fe8cdba84ef35da0376d897cbc179704574cbf21', '54.39.136.246', 1775289847, 0x5f5f63695f6c6173745f726567656e65726174657c693a313737353238393834373b),
('fe8e99cd2b46511f13f6774cafef781c9a6ae0d1', '196.251.88.64', 1761380612, 0x5f5f63695f6c6173745f726567656e65726174657c693a313736313338303631323b),
('fe91206cf808562432fb20a002ab08e75e47eaff', '216.81.248.16', 1768776896, 0x5f5f63695f6c6173745f726567656e65726174657c693a313736383737363839363b),
('fe9121df8ed0e39a3b0d48ae64594c5cffeb02b8', '217.113.194.186', 1778406760, 0x5f5f63695f6c6173745f726567656e65726174657c693a313737383430363736303b),
('fe91354bc6e0d12cf42ef4878d1bdfd8a5e0a870', '34.41.247.138', 1782009762, 0x5f5f63695f6c6173745f726567656e65726174657c693a313738323030393736323b),
('fe915d8afb1c475400c3dfa352b1d8ebd1c34df7', '102.89.82.4', 1759653163, 0x5f5f63695f6c6173745f726567656e65726174657c693a313735393635333136333b72656469726563745f75726c7c733a33383a22687474703a2f2f6564756d61632e636c6f75642f63657274696669636174652f656469742f31223b6e616d657c733a363a224564754d6163223b6c6f676765725f70686f746f7c733a33363a2266343235336265366533663362643863346137666665386136303863616634642e706e67223b6c6f67676564696e5f6272616e63687c4e3b6c6f67676564696e5f656d61696c7c733a32333a226d6163616e616c797469636e6740676d61696c2e636f6d223b6c6f67676564696e5f69647c733a313a2231223b6c6f67676564696e5f7573657269647c733a313a2231223b6c6f67676564696e5f726f6c655f69647c733a313a2231223b6c6f67676564696e5f747970657c733a353a227374616666223b7365745f6c616e677c733a373a22656e676c697368223b69735f72746c7c623a303b7365745f73657373696f6e5f69647c733a313a2234223b6c6f67676564696e7c623a313b),
('fe91e01cbc9a3ae5c2ec66b01e0b5f8010fe0f57', '217.216.37.55', 1774809854, 0x5f5f63695f6c6173745f726567656e65726174657c693a313737343830393835343b),
('fe928e7cb032da6b0b26a63d34fc80045e2c44ab', '45.133.5.140', 1778021253, 0x5f5f63695f6c6173745f726567656e65726174657c693a313737383032313235333b),
('fe93c2688527b02b408cf81971835d35df428cb7', '5.255.104.172', 1778412775, 0x5f5f63695f6c6173745f726567656e65726174657c693a313737383431323737353b),
('fe94f49f698a53d15a25133169eb7b867c2a2f3e', '66.249.93.41', 1773201086, 0x5f5f63695f6c6173745f726567656e65726174657c693a313737333230313038363b),
('fe96074acfd2ff5ba1a32d6d7baef326e3160c39', '195.123.244.84', 1780837839, 0x5f5f63695f6c6173745f726567656e65726174657c693a313738303833373833393b),
('fe96159245656e0efbd51940277a46ca7b4a295a', '108.181.62.226', 1782771250, 0x5f5f63695f6c6173745f726567656e65726174657c693a313738323737313235303b),
('fe971a2a36bb7925ec4c714b0796dd0e137d336c', '173.239.218.58', 1777357192, 0x5f5f63695f6c6173745f726567656e65726174657c693a313737373335373139323b),
('fe98f19f49207d19ada8d8a4a97bffc31c83c3f8', '102.89.69.169', 1775162143, 0x5f5f63695f6c6173745f726567656e65726174657c693a313737353136323134333b72656469726563745f75726c7c733a34323a2268747470733a2f2f66636863732e6564756d61632e636c6f75642f6578616d2f6d61726b5f656e747279223b),
('fe98f89816242e3e26c27ee8a9f098143c8019ba', '105.112.127.132', 1761745360, 0x5f5f63695f6c6173745f726567656e65726174657c693a313736313734353336303b),
('fe9922ecd79796cd6319163c9bf31479dfba8131', '144.76.19.70', 1772722074, 0x5f5f63695f6c6173745f726567656e65726174657c693a313737323732323037343b),
('fe995d55245fb6c83efb954561fc5e7aff7a6edd', '102.89.85.27', 1775754190, 0x5f5f63695f6c6173745f726567656e65726174657c693a313737353735343139303b),
('fe99feccd471d03a17ba7bc2df7b710faaf6fdd2', '185.223.152.239', 1778304126, 0x5f5f63695f6c6173745f726567656e65726174657c693a313737383330343132363b),
('fe9a2b413541ace456df14145465e1f0ad213864', '20.89.234.204', 1776277472, 0x5f5f63695f6c6173745f726567656e65726174657c693a313737363237373437323b),
('fe9a55d8b9eee1d518c3c286cfcbafd8a099b35b', '195.178.110.223', 1765164336, 0x5f5f63695f6c6173745f726567656e65726174657c693a313736353136343333363b),
('fe9b4b94fc481a894cfde9fd4a1f13c500dc95e3', '45.133.5.140', 1778021177, 0x5f5f63695f6c6173745f726567656e65726174657c693a313737383032313137373b),
('fe9b4f947268591bd1476cf09d4eeb73e5d8d591', '198.244.242.189', 1780167278, 0x5f5f63695f6c6173745f726567656e65726174657c693a313738303136373237383b),
('fe9cfd20834b83bfdd8125011cd7a203f5a8306c', '91.217.249.206', 1776835881, 0x5f5f63695f6c6173745f726567656e65726174657c693a313737363833353838313b),
('fe9dcd0ac0ab6a1883dbc51ab5b453f909473271', '197.211.52.68', 1769194427, 0x5f5f63695f6c6173745f726567656e65726174657c693a313736393139343432373b),
('fe9dd7fc7a478eb78aafe079b32214c99399d07c', '52.231.68.175', 1769817803, 0x5f5f63695f6c6173745f726567656e65726174657c693a313736393831373830333b),
('fe9e521af7a7b5b7f5e114fa7c02ffabb15ccf67', '104.28.246.117', 1778003137, 0x5f5f63695f6c6173745f726567656e65726174657c693a313737383030333133373b),
('fe9e898dd6d271498eedd1530acabf741b086278', '89.251.0.187', 1769779453, 0x5f5f63695f6c6173745f726567656e65726174657c693a313736393737393435333b),
('fe9f983c2b794dd89c315c913377954799a81737', '141.98.11.115', 1759155384, 0x5f5f63695f6c6173745f726567656e65726174657c693a313735393135353338343b),
('fea0c4e7e54620ea601fffaa3ee34f72dffbf15f', '173.239.218.58', 1777357332, 0x5f5f63695f6c6173745f726567656e65726174657c693a313737373335373333323b),
('fea0fc29f6fff461c21bdc22738e36744ceddeaf', '45.91.23.104', 1778787776, 0x5f5f63695f6c6173745f726567656e65726174657c693a313737383738373737363b),
('fea213fb0473aaf64941a201fcdedc68df0e0b83', '198.235.24.181', 1781957642, 0x5f5f63695f6c6173745f726567656e65726174657c693a313738313935373634323b),
('fea26c290be1f10254a0a49e3098d4a08788d2e4', '173.239.196.106', 1782682744, 0x5f5f63695f6c6173745f726567656e65726174657c693a313738323638323734343b),
('fea281915f70f3fdb5b362ae3675233ccde4bed3', '193.176.211.41', 1777581457, 0x5f5f63695f6c6173745f726567656e65726174657c693a313737373538313435373b),
('fea53313f3b41447f75b875c7d3fa0b7d467dd42', '209.87.169.71', 1781510971, 0x5f5f63695f6c6173745f726567656e65726174657c693a313738313531303937313b),
('fea6df7a81e38363a0e3669888b73eddc51b3146', '216.73.217.112', 1778067279, 0x5f5f63695f6c6173745f726567656e65726174657c693a313737383036373237393b),
('fea6e98e01b29645ee865e0edb647d67715a93fb', '45.133.5.140', 1778021350, 0x5f5f63695f6c6173745f726567656e65726174657c693a313737383032313335303b),
('fea75d35839e6a0921e22739b46076401ad5cfd0', '45.133.5.140', 1778021112, 0x5f5f63695f6c6173745f726567656e65726174657c693a313737383032313131323b),
('fea7f0e957e32f787eff747816802fae8ec32983', '162.142.125.40', 1771097082, 0x5f5f63695f6c6173745f726567656e65726174657c693a313737313039373038323b),
('fea8f59ebc1dfde280ff4e0317839bd2d2f96854', '216.73.217.64', 1776526604, 0x5f5f63695f6c6173745f726567656e65726174657c693a313737363532363630343b),
('feaa23f7115ae580b6e38a7b0207537e842b3fa0', '173.239.218.58', 1777357160, 0x5f5f63695f6c6173745f726567656e65726174657c693a313737373335373136303b),
('feaa9ef0a4d450f89e930d42ea1066d89ef92601', '216.73.216.230', 1782517564, 0x5f5f63695f6c6173745f726567656e65726174657c693a313738323531373536343b),
('feaac05604858d1b0fc781c4b8a98b847ca4888f', '35.209.198.194', 1778657712, 0x5f5f63695f6c6173745f726567656e65726174657c693a313737383635373731323b),
('feab3a6a127b3a2999fddf3d040f9b24cfde8f4e', '206.168.34.209', 1764256762, 0x5f5f63695f6c6173745f726567656e65726174657c693a313736343235363736323b),
('feab41b53ef085a78e754d1ba59320d31a314412', '43.133.66.51', 1772083383, 0x5f5f63695f6c6173745f726567656e65726174657c693a313737323038333338333b),
('feabc2d8b06a3a7b73449023dcb117fc085e7074', '91.217.249.37', 1776861270, 0x5f5f63695f6c6173745f726567656e65726174657c693a313737363836313237303b),
('fead3e7437d94ad507c9734bdc09531deb22b135', '91.217.249.37', 1776861225, 0x5f5f63695f6c6173745f726567656e65726174657c693a313737363836313232353b),
('feae60d9610a612b3422a36521d3f4671d85bbfc', '195.178.110.223', 1765177756, 0x5f5f63695f6c6173745f726567656e65726174657c693a313736353137373735363b),
('feae94b2c2b20692c97106ff224d1520d916b9ff', '191.232.233.136', 1782939901, 0x5f5f63695f6c6173745f726567656e65726174657c693a313738323933393835343b),
('feaf4ce807ff9307fe712dcf668edd75693c1dfc', '192.36.241.82', 1771537725, 0x5f5f63695f6c6173745f726567656e65726174657c693a313737313533373732353b),
('feb0f38bfecf29ccace7dbc6d16be23a4327fe7c', '185.223.152.239', 1778304074, 0x5f5f63695f6c6173745f726567656e65726174657c693a313737383330343037343b),
('feb11f04a041ed28352c9ef3823be3e83c266f4f', '185.223.152.239', 1778303889, 0x5f5f63695f6c6173745f726567656e65726174657c693a313737383330333838393b),
('feb1e04b26b3b1da5e110edc5a19d91229b45b5b', '54.39.210.65', 1774132621, 0x5f5f63695f6c6173745f726567656e65726174657c693a313737343133323632313b),
('feb1f11c166092a0ba0c2f2fe433463699fdcb61', '88.151.32.195', 1776477979, 0x5f5f63695f6c6173745f726567656e65726174657c693a313737363437373937393b),
('feb21dd45ebe5416915489aa5229bcecfcd13590', '54.67.80.85', 1766474774, 0x5f5f63695f6c6173745f726567656e65726174657c693a313736363437343737343b),
('feb256a45418ff81874a8b2d1ba61f7249d1c3f4', '216.244.66.202', 1783882490, 0x5f5f63695f6c6173745f726567656e65726174657c693a313738333838323439303b),
('feb446ce5102fa08fb2fad475c5bca19699a5303', '209.87.169.71', 1781511080, 0x5f5f63695f6c6173745f726567656e65726174657c693a313738313531313038303b),
('feb4c43c0152d4bf85ee04abbcdbeff227522a08', '4.227.36.32', 1760835358, 0x5f5f63695f6c6173745f726567656e65726174657c693a313736303833353335383b),
('feb571fd9bb98b711fee30777142588fe36d4916', '134.122.25.216', 1781233724, 0x5f5f63695f6c6173745f726567656e65726174657c693a313738313233333732343b),
('feb5ff9481bf7c414b9ea05d3b5d13979e3c71f3', '66.102.9.4', 1775623245, 0x5f5f63695f6c6173745f726567656e65726174657c693a313737353632333234353b),
('feb689dea18010fb5616f4d022f81bb60eb0f2a4', '40.77.167.184', 1776858068, 0x5f5f63695f6c6173745f726567656e65726174657c693a313737363835383036383b),
('feb748deca0ff350158706733a3a76d2ce58229a', '20.92.95.100', 1774628192, 0x5f5f63695f6c6173745f726567656e65726174657c693a313737343632383139323b),
('feb79c8187125290ff90ebda31142e04e8c251b0', '74.7.175.180', 1774903005, 0x5f5f63695f6c6173745f726567656e65726174657c693a313737343930333030353b),
('feb885ab1de928c8bb7374b21052f5036727db14', '102.89.83.186', 1775814914, 0x5f5f63695f6c6173745f726567656e65726174657c693a313737353831343931343b),
('feb8e157ec5970a7a23b614dac0c0b51d39dc1a3', '194.5.52.21', 1772152769, 0x5f5f63695f6c6173745f726567656e65726174657c693a313737323135323736393b),
('feb985a1e3db0898356d6f90b8166ba765d41853', '91.217.249.37', 1776861331, 0x5f5f63695f6c6173745f726567656e65726174657c693a313737363836313333313b),
('feb98c11913c3d24bae252c6065534f997272ee6', '85.203.21.76', 1778706112, 0x5f5f63695f6c6173745f726567656e65726174657c693a313737383730363131323b),
('febb035f94ebfe556a4d2b9e8fe64966ce3a22fb', '35.209.95.63', 1779407470, 0x5f5f63695f6c6173745f726567656e65726174657c693a313737393430373437303b),
('febb31104a2029ecefbfd8efd21d66b05126cd13', '87.236.176.250', 1780778870, 0x5f5f63695f6c6173745f726567656e65726174657c693a313738303737383837303b),
('febc595d4048e847091d53378e5a7fda0c891df7', '216.81.248.16', 1768776895, 0x5f5f63695f6c6173745f726567656e65726174657c693a313736383737363839353b),
('febe356f1c819d596564c28d505d667a147a4220', '52.167.144.193', 1771188685, 0x5f5f63695f6c6173745f726567656e65726174657c693a313737313138383638353b),
('febebe7a19dc1e3a0f4e773b7322ae7eda636c1c', '89.251.0.187', 1769779449, 0x5f5f63695f6c6173745f726567656e65726174657c693a313736393737393434393b),
('febed62d597371d0d4bf7d35308e666cef2eb840', '173.239.196.106', 1782682877, 0x5f5f63695f6c6173745f726567656e65726174657c693a313738323638323837373b),
('fec022fa2e0692b7bc4d3f86e4a524f3cee87a91', '91.217.249.206', 1776835750, 0x5f5f63695f6c6173745f726567656e65726174657c693a313737363833353735303b),
('fec09569677982ea1f75656aeaca08d6336852d3', '173.239.218.58', 1777357181, 0x5f5f63695f6c6173745f726567656e65726174657c693a313737373335373138313b),
('fec295dbe53521d13404ccb3c59570f2f4ca2915', '193.176.211.41', 1777581480, 0x5f5f63695f6c6173745f726567656e65726174657c693a313737373538313438303b),
('fec2f6a05c82c1cae2971c9f61a1a20d3f96b5fb', '18.194.173.25', 1772737290, 0x5f5f63695f6c6173745f726567656e65726174657c693a313737323733373239303b),
('fec3b3e7963dacab539c11e6b113fc09c316e8eb', '144.76.19.70', 1766632561, 0x5f5f63695f6c6173745f726567656e65726174657c693a313736363633323536313b),
('fec40d8a2675668118af4bcbd441b8cc00b9947b', '49.51.36.179', 1765372688, 0x5f5f63695f6c6173745f726567656e65726174657c693a313736353337323638383b),
('fec55a31a5726746bc6db571dcb49c18b0c20b01', '197.184.183.176', 1777823226, 0x5f5f63695f6c6173745f726567656e65726174657c693a313737373832333232363b),
('fec589a2460df9603c56d1b7184ffde089279a5f', '105.113.94.190', 1761840642, 0x5f5f63695f6c6173745f726567656e65726174657c693a313736313834303634323b6e616d657c733a31353a224d7273204164656c6f796520452e4f223b6c6f676765725f70686f746f7c733a33363a2232613633626464393563383861363130323739626234663532653131663261632e6a7067223b6c6f67676564696e5f6272616e63687c733a313a2231223b6c6f67676564696e5f656d61696c7c733a32313a22666f6c61626f6d6961646540676d61696c2e636f6d223b6c6f67676564696e5f69647c733a333a22363235223b6c6f67676564696e5f7573657269647c733a323a223233223b6c6f67676564696e5f726f6c655f69647c733a313a2232223b6c6f67676564696e5f747970657c733a353a227374616666223b7365745f6c616e677c733a373a22656e676c697368223b69735f72746c7c623a303b7365745f73657373696f6e5f69647c733a313a2234223b6c6f67676564696e7c623a313b),
('fec612878ceb1ad4b3ac830cf2a44cb7a3fc0a56', '45.91.23.104', 1778787863, 0x5f5f63695f6c6173745f726567656e65726174657c693a313737383738373836333b),
('fec99e80fdb90eb8a71fcde4fcd5bb5b008fbb72', '20.219.218.121', 1776274611, 0x5f5f63695f6c6173745f726567656e65726174657c693a313737363237343631313b),
('fecb0738487899431061705ad05a26254d53b2f4', '74.7.243.209', 1777571554, 0x5f5f63695f6c6173745f726567656e65726174657c693a313737373537313535343b),
('fecb93297780007e646837b8d5c8a12544f02b47', '198.244.168.160', 1778240001, 0x5f5f63695f6c6173745f726567656e65726174657c693a313737383234303030313b),
('fecbc474be345eb16894de31f317b522102db39f', '45.133.5.140', 1778021405, 0x5f5f63695f6c6173745f726567656e65726174657c693a313737383032313430353b),
('fecbee9a9fd8d883101f08ab5f59ac5cccb313c3', '34.1.27.217', 1779411150, 0x5f5f63695f6c6173745f726567656e65726174657c693a313737393431313135303b),
('fecbfacdd1eac217e7d855827965e0c9d47b053b', '4.227.36.102', 1760972470, 0x5f5f63695f6c6173745f726567656e65726174657c693a313736303937323437303b),
('fecc6df2401cb93a81a2b94e05df674b6259a08a', '52.176.125.114', 1765318479, 0x5f5f63695f6c6173745f726567656e65726174657c693a313736353331383437393b),
('fecc9ee19dfba1433b5c4915506ed5604524dd9b', '104.237.151.163', 1780963774, 0x5f5f63695f6c6173745f726567656e65726174657c693a313738303936333737343b),
('feccdbb5883dd7b40431606ce5e6b783ec5aa644', '66.249.93.33', 1762831823, 0x5f5f63695f6c6173745f726567656e65726174657c693a313736323833313832333b),
('fecda8c249893786b1a8f8053b281a7bcb15453d', '43.130.141.193', 1771027744, 0x5f5f63695f6c6173745f726567656e65726174657c693a313737313032373734343b),
('fed031abee4567a2d7cb0d82660a33a6db8bf0a7', '161.35.195.169', 1770087096, 0x5f5f63695f6c6173745f726567656e65726174657c693a313737303038373039363b),
('fed0627d4b249dee08f1441c0138ce0d0f43a708', '20.198.80.140', 1772748983, 0x5f5f63695f6c6173745f726567656e65726174657c693a313737323734383938333b),
('fed123e2c512ba9463396fe2dde864845d343455', '104.28.246.115', 1772137775, 0x5f5f63695f6c6173745f726567656e65726174657c693a313737323133373737353b),
('fed30abc6c36d6f51e075c68fd1402d0ed37c25c', '23.27.145.211', 1760028102, 0x5f5f63695f6c6173745f726567656e65726174657c693a313736303032383130323b),
('fed3d42b56c33b5d29a2e47d1d5dc35e36c3d632', '173.239.196.106', 1782682996, 0x5f5f63695f6c6173745f726567656e65726174657c693a313738323638323939363b),
('fed5fd76f159d424f8b9573bbfc9806209155e84', '173.239.196.106', 1782682811, 0x5f5f63695f6c6173745f726567656e65726174657c693a313738323638323831313b),
('fed77d9034d3ae9b0b4cc31052940a22c1c3f35e', '198.235.24.142', 1780512621, 0x5f5f63695f6c6173745f726567656e65726174657c693a313738303531323632313b),
('fed7be4863d1cfd49886021e39ca627d27df1dc3', '34.1.30.108', 1778657570, 0x5f5f63695f6c6173745f726567656e65726174657c693a313737383635373537303b),
('fed921c84937673cc139fc902425c17aad7a86b7', '74.7.228.17', 1767365919, 0x5f5f63695f6c6173745f726567656e65726174657c693a313736373336353931393b),
('fed940fac2cbef3cc7a3dc749365fc36cae0015a', '34.56.143.102', 1782007439, 0x5f5f63695f6c6173745f726567656e65726174657c693a313738323030373433393b),
('fed984cb180dffe277b73e503f3b6fad0e041f7b', '43.135.115.233', 1769788667, 0x5f5f63695f6c6173745f726567656e65726174657c693a313736393738383636373b),
('feda9b9cb04a87ba7af983be86a0940c1263c534', '203.175.125.130', 1773178229, 0x5f5f63695f6c6173745f726567656e65726174657c693a313737333137383232363b),
('fedaa52d6f1dddb249e7a70a8cabbb1c00b65e97', '77.111.247.23', 1778497784, 0x5f5f63695f6c6173745f726567656e65726174657c693a313737383439373536363b72656469726563745f75726c7c733a33393a2268747470733a2f2f66636863732e6564756d61632e636c6f75642f73747564656e742f76696577223b6e616d657c733a31353a224d7273204164656c6f796520452e4f223b6c6f676765725f70686f746f7c733a33363a2232613633626464393563383861363130323739626234663532653131663261632e6a7067223b6c6f67676564696e5f6272616e63687c733a313a2231223b6c6f67676564696e5f656d61696c7c733a32313a22666f6c61626f6d6961646540676d61696c2e636f6d223b6c6f67676564696e5f69647c733a333a22363235223b6c6f67676564696e5f7573657269647c733a323a223233223b6c6f67676564696e5f726f6c655f69647c733a313a2232223b6c6f67676564696e5f747970657c733a353a227374616666223b7365745f6c616e677c733a373a22656e676c697368223b69735f72746c7c623a303b7365745f73657373696f6e5f69647c733a313a2234223b6c6f67676564696e7c623a313b),
('fedaebd436037d197c4c6badb8ee229fe2565088', '216.73.217.150', 1781878076, 0x5f5f63695f6c6173745f726567656e65726174657c693a313738313837383037363b),
('fedc43154dad17ae0f4f3cfb1d5726ad1862a291', '144.76.19.70', 1775143261, 0x5f5f63695f6c6173745f726567656e65726174657c693a313737353134333236313b),
('fedd380ebc6a245779c6d614ccc286b9584b9f39', '34.253.225.103', 1760320014, 0x5f5f63695f6c6173745f726567656e65726174657c693a313736303332303031343b),
('feddc653d71a9c36d68f8f277f850d19a48d9376', '158.173.241.46', 1779110727, 0x5f5f63695f6c6173745f726567656e65726174657c693a313737393131303732363b6d73675f737563636573737c733a35353a224d657373616765205375636365737366756c6c792053656e742e2057652077696c6c20636f6e7461637420796f752073686f72746c792e223b5f5f63695f766172737c613a313a7b733a31313a226d73675f73756363657373223b733a333a226e6577223b7d),
('feddfe72f1168d0023175a81495b17c312c2daa0', '43.157.172.39', 1783097225, 0x5f5f63695f6c6173745f726567656e65726174657c693a313738333039373232353b),
('fede785ff8bd15d3f432c557ed5ebfe4accf214d', '35.208.190.111', 1778661181, 0x5f5f63695f6c6173745f726567656e65726174657c693a313737383636313138313b),
('fedf7d1248f2acf441f0bcf86f6b092c986ab420', '149.50.97.212', 1770793941, 0x5f5f63695f6c6173745f726567656e65726174657c693a313737303739333934313b),
('fedf8afd5f89fcf99cf4ebea529d9563327ecc54', '45.133.5.140', 1778021193, 0x5f5f63695f6c6173745f726567656e65726174657c693a313737383032313139333b),
('fee13ba1e91dc5d6ba3e5433fed10ee2716fee15', '34.27.62.169', 1768832980, 0x5f5f63695f6c6173745f726567656e65726174657c693a313736383833323938303b),
('fee2cb4508c5ebafef54c1e0a084e355e6b34a9c', '92.222.108.101', 1773251035, 0x5f5f63695f6c6173745f726567656e65726174657c693a313737333235313033353b),
('fee68a85a4c3e04001432de4ab6e5b00ae436dbf', '167.114.114.78', 1769182382, 0x5f5f63695f6c6173745f726567656e65726174657c693a313736393138323338323b),
('fee746c3409bd7aa108a6706bd6ec8c32fe839e6', '74.7.242.11', 1777988530, 0x5f5f63695f6c6173745f726567656e65726174657c693a313737373938383533303b),
('fee7a457aa30c6f481ba4dfa2440ce225af1457d', '85.198.104.55', 1761528308, 0x5f5f63695f6c6173745f726567656e65726174657c693a313736313532383330383b),
('fee9feb5c9cecf7098a3bb41980ce5a3288426e5', '45.91.23.104', 1778787806, 0x5f5f63695f6c6173745f726567656e65726174657c693a313737383738373830363b),
('feeabe5f47080e23ab922a7fe819181eda766d02', '74.7.244.45', 1771591874, 0x5f5f63695f6c6173745f726567656e65726174657c693a313737313539313837343b),
('feeb7f4284079be71b9db80395da935738466c74', '198.235.24.41', 1761507158, 0x5f5f63695f6c6173745f726567656e65726174657c693a313736313530373135383b),
('feebfa371f87730dfb8deda1e6ba377ccbe3872e', '43.135.144.126', 1759545824, 0x5f5f63695f6c6173745f726567656e65726174657c693a313735393534353832333b),
('feec0f74c90d0f33830d86682c6c7dd8d1e11436', '216.244.66.202', 1765212408, 0x5f5f63695f6c6173745f726567656e65726174657c693a313736353231323430383b),
('feed97606106a7bfdd5343867755afcae28d8202', '54.163.16.77', 1781660262, 0x5f5f63695f6c6173745f726567656e65726174657c693a313738313636303236323b),
('feedbdc377a54159d38e7ca23192828c05f32878', '207.46.13.92', 1769135909, 0x5f5f63695f6c6173745f726567656e65726174657c693a313736393133353930393b),
('feee0b0a7cae62d106caae8537d7fe08a5c200b4', '43.131.36.84', 1777270381, 0x5f5f63695f6c6173745f726567656e65726174657c693a313737373237303338313b),
('feee23ede6c54bcccc5075454493a7fd02a0b883', '82.197.79.43', 1774370548, 0x5f5f63695f6c6173745f726567656e65726174657c693a313737343337303437343b),
('feeeb78b7e9fcf80691629ae4d353d439d2b32ec', '198.244.240.192', 1769952018, 0x5f5f63695f6c6173745f726567656e65726174657c693a313736393935323031383b),
('feef2b12f69f6ebdefbe09f0474d4a6b54c7f9a9', '91.217.249.206', 1776835701, 0x5f5f63695f6c6173745f726567656e65726174657c693a313737363833353730313b),
('fef383fd566c6f22fd8f77022b05e88a84878f7d', '34.58.146.224', 1776699353, 0x5f5f63695f6c6173745f726567656e65726174657c693a313737363639393335333b),
('fef481586c9e3fecb403bc61e5355dd5db6426b3', '119.28.89.249', 1770448081, 0x5f5f63695f6c6173745f726567656e65726174657c693a313737303434383038313b),
('fef48da8d90b684fbeca0c118362a5a8b84bdfb4', '45.133.5.140', 1778021283, 0x5f5f63695f6c6173745f726567656e65726174657c693a313737383032313238333b),
('fef67dc313ad9f3ef4280d99d5681f37a6f1d4a8', '17.241.227.11', 1779594405, 0x5f5f63695f6c6173745f726567656e65726174657c693a313737393539343430353b),
('fef755d66ae4eac47953b812922679c7bfaab9ad', '194.5.52.21', 1772152821, 0x5f5f63695f6c6173745f726567656e65726174657c693a313737323135323832313b),
('fef89b1f008dcfc824b7e8e08eccc4340a2a22cc', '77.91.96.90', 1780978083, 0x5f5f63695f6c6173745f726567656e65726174657c693a313738303937383038333b),
('fefc87fcc4eece581f46332ed0563a061ee63b78', '185.247.137.104', 1782573295, 0x5f5f63695f6c6173745f726567656e65726174657c693a313738323537333239353b),
('fefdfad11fde304944b3794c3ffb81fe2bed62f6', '194.5.52.21', 1772152929, 0x5f5f63695f6c6173745f726567656e65726174657c693a313737323135323932393b),
('fefe77244716067339d895c2cd49ca9de3d48c15', '43.157.148.38', 1767094062, 0x5f5f63695f6c6173745f726567656e65726174657c693a313736373039343036323b),
('feff4056369c93528aec9716d3c7c83804d0829c', '45.133.5.140', 1778021160, 0x5f5f63695f6c6173745f726567656e65726174657c693a313737383032313136303b),
('feff44358bbf524a9991f6265a091d933795ff81', '185.64.78.13', 1770814351, 0x5f5f63695f6c6173745f726567656e65726174657c693a313737303831343335313b),
('ff0150c43f7768359e0790222e8c62b1bf62b1d6', '217.113.194.188', 1774169930, 0x5f5f63695f6c6173745f726567656e65726174657c693a313737343136393933303b),
('ff01b71a83f367acdf19215f02c8bf92adc928a3', '52.167.144.55', 1779135223, 0x5f5f63695f6c6173745f726567656e65726174657c693a313737393133353232333b),
('ff0443a2468378d657c73786e48266d2d9350e8c', '40.77.167.79', 1769600572, 0x5f5f63695f6c6173745f726567656e65726174657c693a313736393630303537323b),
('ff048d9f08a75dab7fca636eaee47ae997c99b8d', '185.191.171.7', 1775151190, 0x5f5f63695f6c6173745f726567656e65726174657c693a313737353135313139303b),
('ff0498e92f153c45b7ced3deaf3423b2261d7e8e', '74.7.230.63', 1775569741, 0x5f5f63695f6c6173745f726567656e65726174657c693a313737353536393734313b),
('ff0537697e85b93c679579a392c02432bb060de6', '66.249.93.130', 1775560887, 0x5f5f63695f6c6173745f726567656e65726174657c693a313737353536303838373b),
('ff054a93e329b1197ccd4563b50c4e47d01571b2', '173.239.218.58', 1777357397, 0x5f5f63695f6c6173745f726567656e65726174657c693a313737373335373339373b),
('ff0768cdacf071c0b0946b17ff5e0f1418f978b5', '89.251.0.81', 1780722727, 0x5f5f63695f6c6173745f726567656e65726174657c693a313738303732323732373b),
('ff089ff7ec7cbc4901c876b5fc7f877772beffb2', '217.113.194.189', 1765362119, 0x5f5f63695f6c6173745f726567656e65726174657c693a313736353336323131393b),
('ff092ccc644e5279e49e7ff19ac314ecef1ebd66', '198.235.24.211', 1762055294, 0x5f5f63695f6c6173745f726567656e65726174657c693a313736323035353239343b),
('ff096e034a0a1dd7b3a42f4d47ff1b86b96859d8', '193.176.211.41', 1777581596, 0x5f5f63695f6c6173745f726567656e65726174657c693a313737373538313539363b),
('ff0974970d1cab52c0e2f8d589770497e19cb015', '43.130.47.33', 1766739149, 0x5f5f63695f6c6173745f726567656e65726174657c693a313736363733393134393b),
('ff0974bd1f912cb7ee816efb7d8c7ea696b9fa92', '193.37.33.83', 1770933241, 0x5f5f63695f6c6173745f726567656e65726174657c693a313737303933333234313b),
('ff09956762a26ab5cf53726e610f9a76569a514a', '104.210.140.138', 1770292117, 0x5f5f63695f6c6173745f726567656e65726174657c693a313737303239323131373b),
('ff0c6406de15cb68ed5dd0cdd7f606f39206c281', '66.249.81.233', 1782841097, 0x5f5f63695f6c6173745f726567656e65726174657c693a313738323834313039373b),
('ff0e5190d92fdb16b8cc390e6716216e54f5dc72', '165.245.237.189', 1782299095, 0x5f5f63695f6c6173745f726567656e65726174657c693a313738323239393039353b),
('ff0f45420d484ab6c42284a67c4cba1f07bc838b', '194.5.52.21', 1772152944, 0x5f5f63695f6c6173745f726567656e65726174657c693a313737323135323934343b),
('ff0f99fc8d56ea3109bc0dd2f3911803893d9d6e', '105.113.114.244', 1765727803, 0x5f5f63695f6c6173745f726567656e65726174657c693a313736353732373830333b72656469726563745f75726c7c733a35313a2268747470733a2f2f676b697363686f6f6c2e6564756d61632e636c6f75642f7375626a6563742f636c6173735f61737369676e223b6e616d657c733a31313a224d72732041626f73656465223b6c6f676765725f70686f746f7c733a33363a2234633037356336653165643437633334626330346266343434376661656463342e706e67223b6c6f67676564696e5f6272616e63687c733a313a2232223b6c6f67676564696e5f656d61696c7c733a32303a22476b6973696c6569666540676d61696c2e636f6d223b6c6f67676564696e5f69647c733a333a22363236223b6c6f67676564696e5f7573657269647c733a323a223234223b6c6f67676564696e5f726f6c655f69647c733a313a2232223b6c6f67676564696e5f747970657c733a353a227374616666223b7365745f6c616e677c733a373a22656e676c697368223b69735f72746c7c623a303b7365745f73657373696f6e5f69647c733a313a2234223b6c6f67676564696e7c623a313b),
('ff0f9c799f59d5cea756de8e5b51fe12d7ca8f01', '34.27.62.169', 1768832980, 0x5f5f63695f6c6173745f726567656e65726174657c693a313736383833323938303b),
('ff0fe3e10ed419d2b7eb3319e66796381e113215', '185.223.152.239', 1778303913, 0x5f5f63695f6c6173745f726567656e65726174657c693a313737383330333931333b),
('ff1258939b317a3807a49c52f3ef12a6e81c8fbd', '216.81.248.16', 1768776895, 0x5f5f63695f6c6173745f726567656e65726174657c693a313736383737363839353b),
('ff12609a6635f146adbb971139021414725eaca1', '82.156.88.97', 1783860693, 0x5f5f63695f6c6173745f726567656e65726174657c693a313738333836303639333b),
('ff12e0993e4c39e8d6abea7a9359209fd885bc2d', '66.102.9.4', 1780893705, 0x5f5f63695f6c6173745f726567656e65726174657c693a313738303839333730353b),
('ff147a195b6ea8dbc1d86de4b010e0650a11ea36', '45.133.5.140', 1778021366, 0x5f5f63695f6c6173745f726567656e65726174657c693a313737383032313336363b),
('ff16080ba55cbc731cf24937468189d799827afa', '198.244.168.121', 1775646822, 0x5f5f63695f6c6173745f726567656e65726174657c693a313737353634363832323b),
('ff1770bb8c6b8f4c18c054e61a4778b99061376d', '167.94.146.63', 1769705697, 0x5f5f63695f6c6173745f726567656e65726174657c693a313736393730353639373b),
('ff1b07adf828f1586b232afffbce97916a6e52fa', '85.208.96.200', 1767192206, 0x5f5f63695f6c6173745f726567656e65726174657c693a313736373139323230363b),
('ff1b2e81c47e8300e4ed0e6fe470e2f4c32be7bd', '93.158.90.45', 1765983514, 0x5f5f63695f6c6173745f726567656e65726174657c693a313736353938333531343b),
('ff1c81a3c7c21d81d5a4f94a452c7131a171f249', '45.133.5.140', 1778021144, 0x5f5f63695f6c6173745f726567656e65726174657c693a313737383032313134343b),
('ff1c877abde330e510ca04db0260a1d1c85f5f94', '66.249.66.205', 1783012556, 0x5f5f63695f6c6173745f726567656e65726174657c693a313738333031323535363b),
('ff1d365877acd225668c45acbe33b1788aa00ff2', '173.252.95.25', 1783325042, 0x5f5f63695f6c6173745f726567656e65726174657c693a313738333332353034323b),
('ff1d8dc91bc2db3e85280b20ff1a865850162107', '34.27.62.169', 1768832980, 0x5f5f63695f6c6173745f726567656e65726174657c693a313736383833323938303b),
('ff1e2a9d617dba619b499c9d1ea3694f3870baf7', '88.151.32.165', 1777703099, 0x5f5f63695f6c6173745f726567656e65726174657c693a313737373730333039393b),
('ff1e368a423569e1985913abbf39560fbbad8a98', '40.77.167.187', 1782503129, 0x5f5f63695f6c6173745f726567656e65726174657c693a313738323530333132393b),
('ff1e6fbe052d2eb2fe451ac3d7649c5cd781998b', '217.113.194.183', 1775434728, 0x5f5f63695f6c6173745f726567656e65726174657c693a313737353433343732383b),
('ff1e813863aa7dfea849cae9180ded9483455d36', '51.195.244.109', 1768086530, 0x5f5f63695f6c6173745f726567656e65726174657c693a313736383038363533303b),
('ff1fef3f63b7bbf9b581b0eec6e419c0bf3ef9e8', '43.155.188.157', 1760418368, 0x5f5f63695f6c6173745f726567656e65726174657c693a313736303431383336383b),
('ff2093128e78e7f2964843692a9eaa2ec6320233', '34.186.230.218', 1781999830, 0x5f5f63695f6c6173745f726567656e65726174657c693a313738313939393833303b),
('ff21e704292bb1a00d99a814fcbd8b96b6abe7aa', '51.89.129.17', 1762926153, 0x5f5f63695f6c6173745f726567656e65726174657c693a313736323932363135333b),
('ff22956324d66323b5f404a30fbcbe5672cb948a', '185.191.171.19', 1778040020, 0x5f5f63695f6c6173745f726567656e65726174657c693a313737383034303032303b),
('ff23284b68a4adba8b96c47fe76fdfd6bd71ab5f', '102.89.82.62', 1766402996, 0x5f5f63695f6c6173745f726567656e65726174657c693a313736363430323939363b),
('ff244ceabed618ead210a911925eda52c5135c93', '87.249.138.2', 1766380363, 0x5f5f63695f6c6173745f726567656e65726174657c693a313736363338303336323b),
('ff2451d62dbf8678eebe82b103270f9ac6e60f7e', '197.211.63.15', 1777150125, 0x5f5f63695f6c6173745f726567656e65726174657c693a313737373135303132353b),
('ff248033ddcc378e76caf9607770406d7ea12509', '104.28.163.26', 1778933600, 0x5f5f63695f6c6173745f726567656e65726174657c693a313737383933333630303b),
('ff248e51c24bfc9fd883129e4ec8aef398281ba9', '185.223.152.239', 1778303850, 0x5f5f63695f6c6173745f726567656e65726174657c693a313737383330333835303b),
('ff25f13aee4615ac69f44c88fc1171bad1079e82', '216.81.248.71', 1768871496, 0x5f5f63695f6c6173745f726567656e65726174657c693a313736383837313439363b),
('ff2652843cc99d3c5c975f4adb03e63323d687ef', '209.87.169.71', 1781511206, 0x5f5f63695f6c6173745f726567656e65726174657c693a313738313531313230363b),
('ff27c13f9f87f2fa0f51b0d8fd86e8b2fc03018f', '193.37.33.83', 1770933202, 0x5f5f63695f6c6173745f726567656e65726174657c693a313737303933333230323b),
('ff28a59879f620d364c7af7ad8cb2aaa069dde4e', '159.89.14.211', 1769739764, ''),
('ff29b05829d39ea94c9001413fdd47a9ab574c44', '120.71.59.24', 1764293342, 0x5f5f63695f6c6173745f726567656e65726174657c693a313736343239333334323b),
('ff2a40cc27eac0cea1132b8edc332e5d95da60f5', '66.132.224.223', 1780144213, 0x5f5f63695f6c6173745f726567656e65726174657c693a313738303134343231333b),
('ff2a597260bedfea6976b04045ed1e1af36c3183', '74.7.227.44', 1778171900, 0x5f5f63695f6c6173745f726567656e65726174657c693a313737383137313839343b),
('ff2baa22acfdccebac2e649fc5824af25e4e2840', '43.165.65.180', 1760195221, 0x5f5f63695f6c6173745f726567656e65726174657c693a313736303139353232313b),
('ff2c1e163ec01c2ac25b16a25423731681e5f710', '172.70.240.160', 1775352224, 0x5f5f63695f6c6173745f726567656e65726174657c693a313737353335323232343b),
('ff2c358b42331664e9fd6d44e6858bc51b30cb4a', '34.238.172.25', 1780792246, 0x5f5f63695f6c6173745f726567656e65726174657c693a313738303739323234343b),
('ff2c4df61359c94fdeffaf2e62d4c8365ca53e58', '66.132.195.78', 1774642141, 0x5f5f63695f6c6173745f726567656e65726174657c693a313737343634323134313b),
('ff2ce187ac60a46f0a77fb6a8d65f2a7f9a9d6ff', '188.166.234.16', 1783595865, 0x5f5f63695f6c6173745f726567656e65726174657c693a313738333539353836353b),
('ff2e8fe908be97e2469bbe1ab8b425a31c85432d', '74.7.175.172', 1775123942, 0x5f5f63695f6c6173745f726567656e65726174657c693a313737353132333934323b),
('ff2ec49b964e5c8bb1eadadaf640acbfcf6e1ec3', '216.73.216.94', 1776451335, 0x5f5f63695f6c6173745f726567656e65726174657c693a313737363435313333353b),
('ff3071b6856d9b9e0157bf7dcf2c3df34fae0eb0', '51.195.199.92', 1778222693, 0x5f5f63695f6c6173745f726567656e65726174657c693a313737383232323639333b),
('ff30f2f1c3cc23fcb22ce56260765d0e98c173cf', '185.238.231.15', 1780243960, 0x5f5f63695f6c6173745f726567656e65726174657c693a313738303234333936303b),
('ff312df788306a3fe009e785be3897f41bb1a4c2', '13.95.133.245', 1760853692, 0x5f5f63695f6c6173745f726567656e65726174657c693a313736303835333639323b),
('ff318f99866fbb5c5d701110ac1928be4f80c2ce', '101.42.46.71', 1780522012, 0x5f5f63695f6c6173745f726567656e65726174657c693a313738303532323031323b),
('ff329e7f2a330f4b872c68f903e3d204779bdec9', '193.176.211.41', 1777581446, 0x5f5f63695f6c6173745f726567656e65726174657c693a313737373538313434363b),
('ff32b51edba419d70902a2692673259f31d86991', '43.135.183.82', 1780690133, 0x5f5f63695f6c6173745f726567656e65726174657c693a313738303639303133333b),
('ff336a3cfa66c1ef14519946e51ea479aa133f46', '52.167.144.169', 1769907453, 0x5f5f63695f6c6173745f726567656e65726174657c693a313736393930373435333b),
('ff33d1898d5f1682c904329e3715f2818c9d1412', '180.110.203.108', 1770072786, 0x5f5f63695f6c6173745f726567656e65726174657c693a313737303037323738363b),
('ff34d362790134d1f5a6757f70adaf3c980318d4', '198.244.226.30', 1774467406, 0x5f5f63695f6c6173745f726567656e65726174657c693a313737343436373430353b),
('ff34f5e004c3ad29bd1ea1480096195171f0e0fa', '74.7.243.252', 1775441598, 0x5f5f63695f6c6173745f726567656e65726174657c693a313737353434313539383b),
('ff35fbfad6d717d232896b97991e399c46690559', '45.133.5.140', 1778021279, 0x5f5f63695f6c6173745f726567656e65726174657c693a313737383032313237393b),
('ff371fc01705922bf7378e7bb467943ce8fd74bf', '20.78.154.48', 1769482006, 0x5f5f63695f6c6173745f726567656e65726174657c693a313736393438323030363b),
('ff376f39f811357f2339d6fdd01a7e40061489d3', '4.227.36.85', 1758594229, 0x5f5f63695f6c6173745f726567656e65726174657c693a313735383539343232393b),
('ff37c3e48b6d81229786d00e5bb38b36e471c77d', '193.176.86.132', 1758467652, 0x5f5f63695f6c6173745f726567656e65726174657c693a313735383436373635323b),
('ff37ed91846116413eba9a7ce437e77b68f94b46', '34.1.26.80', 1779408706, 0x5f5f63695f6c6173745f726567656e65726174657c693a313737393430383730363b),
('ff380329ec5769c511cab42fd1925a2274814eb4', '191.237.255.150', 1783115625, 0x5f5f63695f6c6173745f726567656e65726174657c693a313738333131353631343b),
('ff381ddc0ce414e8c408f91382aca628fae343af', '185.64.78.13', 1770814698, 0x5f5f63695f6c6173745f726567656e65726174657c693a313737303831343639383b),
('ff388ea07521b55f2c41f2be82f62bd647f91c13', '119.28.140.106', 1775241960, 0x5f5f63695f6c6173745f726567656e65726174657c693a313737353234313936303b),
('ff389fc2441027bd83a0aebc7b651c83dd1e9b36', '216.73.217.58', 1783744626, 0x5f5f63695f6c6173745f726567656e65726174657c693a313738333734343632363b),
('ff38f45505d0015cb14141594b5031a0d0c0e657', '52.167.144.173', 1765289136, 0x5f5f63695f6c6173745f726567656e65726174657c693a313736353238393132363b),
('ff3bea0b0f40c79bd2996381f6bae022578c6cc2', '35.186.186.214', 1776698594, 0x5f5f63695f6c6173745f726567656e65726174657c693a313737363639383539343b),
('ff3c8483d3425f9484772dc194eba5e42297dd1e', '149.50.97.212', 1770793898, 0x5f5f63695f6c6173745f726567656e65726174657c693a313737303739333839383b),
('ff3e4dec23b684c96db5e7d09e471837e009af48', '45.91.23.104', 1778787700, 0x5f5f63695f6c6173745f726567656e65726174657c693a313737383738373730303b),
('ff3edf9083f491e5471b4b5cbef323e918b878ca', '74.7.230.30', 1761973469, 0x5f5f63695f6c6173745f726567656e65726174657c693a313736313937333436393b),
('ff3f331f4ebf97602fccd8a3332910816f9d2faf', '91.217.249.206', 1776835831, 0x5f5f63695f6c6173745f726567656e65726174657c693a313737363833353833313b),
('ff4020754e012259820fd025595cd01f30870150', '193.176.211.41', 1777581591, 0x5f5f63695f6c6173745f726567656e65726174657c693a313737373538313539313b),
('ff415bceb2f6fd2a1e3e5f4229fdd066b6e349a7', '13.73.16.137', 1762356476, 0x5f5f63695f6c6173745f726567656e65726174657c693a313736323335363430323b),
('ff422da663dd750e5e42dc2161a8efd3d4d59bcf', '216.73.217.130', 1777451962, 0x5f5f63695f6c6173745f726567656e65726174657c693a313737373435313936323b),
('ff423772a89c248fc1b46c68dae8a286ba27b99f', '212.30.36.51', 1779002558, 0x5f5f63695f6c6173745f726567656e65726174657c693a313737393030323535383b),
('ff435c0211542bf8927f915e89a316421e489a4e', '91.217.249.37', 1776861209, 0x5f5f63695f6c6173745f726567656e65726174657c693a313737363836313230393b),
('ff44b43598795ecb8f558ec5c4464b70979e38ee', '49.235.136.28', 1769927262, 0x5f5f63695f6c6173745f726567656e65726174657c693a313736393932373236323b),
('ff46eb40aad3f0ffd6a30a41bd50e0a1eeffdd72', '102.89.68.181', 1759737033, 0x5f5f63695f6c6173745f726567656e65726174657c693a313735393733373033333b706172616d737c613a31313a7b733a31313a2272656769737465725f6964223b733a313a2231223b733a31323a227265666572656e63655f6e6f223b733a363a22373235333939223b733a363a22616d6f756e74223b693a3135303030303b733a383a2263757272656e6379223b733a333a224e474e223b733a343a226e616d65223b733a31383a22456e696f62616e6b6520416465646f79696e223b733a353a22656d61696c223b733a31393a22616465646f79696e3240676d61696c2e636f6d223b733a393a226d6f62696c655f6e6f223b733a31313a223038303939333132303530223b733a393a22706f73745f636f6465223b733a363a22323230323132223b733a353a227374617465223b733a343a224f73756e223b733a373a2261646472657373223b733a36323a22506c6f7431362c204c696e6520332c205a6f6e6520332c2041776f6c756d6174652051756172746572732c204f70612c20496c652d496665204f73756e2e223b733a31343a227061796d656e745f6d6574686f64223b693a393b7d),
('ff491044c7e8724577408c86b46f9434fd378b4a', '158.140.211.0', 1776045033, 0x5f5f63695f6c6173745f726567656e65726174657c693a313737363034353033333b),
('ff498382b84ebd9f4e92b4f345c0a68d1ec040a4', '91.217.249.195', 1776835626, 0x5f5f63695f6c6173745f726567656e65726174657c693a313737363833353632363b),
('ff4a17afe36c1b35d8fd2bf05bdf1ae64ce39473', '144.76.19.70', 1774940539, 0x5f5f63695f6c6173745f726567656e65726174657c693a313737343934303533393b),
('ff4b4f586940d9a2d107450df6093cc763a1d2bc', '216.73.216.149', 1782211645, 0x5f5f63695f6c6173745f726567656e65726174657c693a313738323231313634353b),
('ff4c393fd76f80244176f04b8e171d1ffbd26925', '185.223.152.239', 1778303983, 0x5f5f63695f6c6173745f726567656e65726174657c693a313737383330333938333b),
('ff4c50bf80d923204c6783946d6dfc6ce3367c24', '81.17.20.98', 1758757365, 0x5f5f63695f6c6173745f726567656e65726174657c693a313735383735373336353b),
('ff4c7e20feff82cdb215998d83431396f4aacae6', '47.79.206.31', 1781133224, 0x5f5f63695f6c6173745f726567656e65726174657c693a313738313133333232343b),
('ff4d6dfcf272c4fe9542edf33ca3765b21b5ae32', '91.217.249.37', 1776861247, 0x5f5f63695f6c6173745f726567656e65726174657c693a313737363836313234373b),
('ff4faeb9a47086d0ef4fe893dd3d7c989436c951', '43.153.54.14', 1780592735, 0x5f5f63695f6c6173745f726567656e65726174657c693a313738303539323733353b),
('ff4fcde28a5686d14ae09ac5440bd2f569bb5986', '182.42.110.255', 1769272084, 0x5f5f63695f6c6173745f726567656e65726174657c693a313736393237323038343b),
('ff50ab6a62bc6e6f63982ee7dae12f953c50ab1b', '185.64.78.13', 1770814538, 0x5f5f63695f6c6173745f726567656e65726174657c693a313737303831343533383b),
('ff523bc298cc08d54ddf89935355f478f929fd01', '34.140.45.53', 1773413071, 0x5f5f63695f6c6173745f726567656e65726174657c693a313737333431333037313b),
('ff526c071b48094ad9ef9990695e8292fb3361e1', '66.249.64.68', 1774188443, 0x5f5f63695f6c6173745f726567656e65726174657c693a313737343138383434333b),
('ff5295cc021b67bc28e0b4d8830c8d345a5b6713', '34.225.243.131', 1778307478, 0x5f5f63695f6c6173745f726567656e65726174657c693a313737383330373437383b),
('ff52cd318ca8fb1f332e1f4e9cfdaf2f4d62937c', '212.30.36.12', 1779002654, 0x5f5f63695f6c6173745f726567656e65726174657c693a313737393030323635343b),
('ff53899b061d7e25fdf452ba58bc77edb1e96598', '102.89.84.57', 1779697880, 0x5f5f63695f6c6173745f726567656e65726174657c693a313737393639373838303b),
('ff561996debb08f510d945f2748b3e3a297691fb', '199.45.155.81', 1767624892, 0x5f5f63695f6c6173745f726567656e65726174657c693a313736373632343839323b),
('ff5669ffce9a55da0319bc2ef1fa57c326b84d6f', '134.209.205.228', 1770014222, 0x5f5f63695f6c6173745f726567656e65726174657c693a313737303031343232323b),
('ff56beab1e1033593b10b3ef407e040d0d5632f3', '66.249.64.102', 1771417892, 0x5f5f63695f6c6173745f726567656e65726174657c693a313737313431373839323b),
('ff5a3bae3e7a01a50399100885c57bbd9e945067', '40.77.167.6', 1776805539, 0x5f5f63695f6c6173745f726567656e65726174657c693a313737363830353533393b),
('ff5a6fb5742c0d2b203b8b1e7a981d6e04e907b6', '161.115.234.208', 1777051204, 0x5f5f63695f6c6173745f726567656e65726174657c693a313737373035313230343b),
('ff5a8a257f7a3102f00984ffa401d400fc32f887', '20.198.66.243', 1776855580, 0x5f5f63695f6c6173745f726567656e65726174657c693a313737363835353538303b),
('ff5a8cd2bf23911671addc971fd74293f559737a', '139.59.143.102', 1770296788, 0x5f5f63695f6c6173745f726567656e65726174657c693a313737303239363738383b),
('ff5ac641d7107310742a92069729c9951fe90b2d', '185.242.177.51', 1775571276, 0x5f5f63695f6c6173745f726567656e65726174657c693a313737353537313237363b),
('ff5c2e5a69324a3472f630d20cb8aa546a43eb6c', '216.81.248.71', 1768871495, 0x5f5f63695f6c6173745f726567656e65726174657c693a313736383837313439353b),
('ff5e2e0cef6e70faed29ecf4a2ab907deb1cea93', '185.223.152.239', 1778303963, 0x5f5f63695f6c6173745f726567656e65726174657c693a313737383330333936333b),
('ff5e9e7b8e64cfc88058e0a6a09465f261c94228', '102.89.82.145', 1779382398, 0x5f5f63695f6c6173745f726567656e65726174657c693a313737393338323339383b),
('ff5f2d6542c9bb87e081890cfe2399c6a12d9b5a', '16.144.17.106', 1770671028, 0x5f5f63695f6c6173745f726567656e65726174657c693a313737303637313032383b),
('ff5f3722db06d2a41f475979e0418327a646189b', '185.191.171.14', 1781740702, 0x5f5f63695f6c6173745f726567656e65726174657c693a313738313734303730323b),
('ff5f5ec4045971f97f168816fa35cbf120b004c6', '43.135.140.225', 1783683397, 0x5f5f63695f6c6173745f726567656e65726174657c693a313738333638333339373b);
INSERT INTO `rm_sessions` (`id`, `ip_address`, `timestamp`, `data`) VALUES
('ff60450f200af52c4636e0227c09c80ce5516d95', '105.113.79.56', 1774619664, 0x5f5f63695f6c6173745f726567656e65726174657c693a313737343631393636333b72656469726563745f75726c7c733a34323a2268747470733a2f2f66636863732e6564756d61632e636c6f75642f6578616d2f6d61726b5f656e747279223b),
('ff60454e0c442be7de97d99ddf8c9f1c9f49b136', '209.87.169.71', 1781511022, 0x5f5f63695f6c6173745f726567656e65726174657c693a313738313531313032323b),
('ff6294937f3c020655cc91b3815c752c3da40d3f', '13.39.50.190', 1760749349, 0x5f5f63695f6c6173745f726567656e65726174657c693a313736303734393334393b),
('ff63041f219528fed3e35d7efb6af849b18fd6fb', '195.178.110.192', 1768633312, 0x5f5f63695f6c6173745f726567656e65726174657c693a313736383633333331323b),
('ff636ebdf38a9838be7e942f24e40022d1561bc3', '34.148.68.106', 1765212280, 0x5f5f63695f6c6173745f726567656e65726174657c693a313736353231323238303b),
('ff64270aa9f79138cfcbc1ea9f72cf4e8fd12db2', '216.73.217.150', 1781970837, 0x5f5f63695f6c6173745f726567656e65726174657c693a313738313937303833373b),
('ff648dc1c864d7dae24072f915308e9eebefca94', '193.176.211.41', 1777581633, 0x5f5f63695f6c6173745f726567656e65726174657c693a313737373538313633333b),
('ff67921fbefe06487c61c6564621c31cc6e86e35', '20.78.154.48', 1769482013, 0x5f5f63695f6c6173745f726567656e65726174657c693a313736393438323031333b),
('ff67c02de31108040183eed54a7fc729212eb7f9', '192.36.109.132', 1777574415, 0x5f5f63695f6c6173745f726567656e65726174657c693a313737373537343431353b),
('ff69e96a845c6d9f13615316b3a603babd33c2ae', '102.89.83.83', 1765900647, 0x5f5f63695f6c6173745f726567656e65726174657c693a313736353930303634373b6e616d657c733a31313a224d72732041626f73656465223b6c6f676765725f70686f746f7c733a33363a2234633037356336653165643437633334626330346266343434376661656463342e706e67223b6c6f67676564696e5f6272616e63687c733a313a2232223b6c6f67676564696e5f656d61696c7c733a32303a22476b6973696c6569666540676d61696c2e636f6d223b6c6f67676564696e5f69647c733a333a22363236223b6c6f67676564696e5f7573657269647c733a323a223234223b6c6f67676564696e5f726f6c655f69647c733a313a2232223b6c6f67676564696e5f747970657c733a353a227374616666223b7365745f6c616e677c733a373a22656e676c697368223b69735f72746c7c623a303b7365745f73657373696f6e5f69647c733a313a2234223b6c6f67676564696e7c623a313b),
('ff6ba269e9df498b93c397d19d650d77ba5b2116', '18.188.186.16', 1773964794, 0x5f5f63695f6c6173745f726567656e65726174657c693a313737333936343739343b),
('ff6df8d331d875c2588bb24d38090259b750bd54', '43.157.67.70', 1781638246, 0x5f5f63695f6c6173745f726567656e65726174657c693a313738313633383234363b),
('ff6e3e8ea570246cc62cc77a985ce606cd2c5b56', '34.90.199.112', 1773663320, 0x5f5f63695f6c6173745f726567656e65726174657c693a313737333636333332303b),
('ff6f1fcf71e756fd88f5ea563f6e450d5af18a60', '119.45.7.86', 1781203197, 0x5f5f63695f6c6173745f726567656e65726174657c693a313738313230333139373b),
('ff70648bd2febe595c41daa2709e96be5b19772a', '209.87.169.71', 1781510924, 0x5f5f63695f6c6173745f726567656e65726174657c693a313738313531303932343b),
('ff70c41b0e25ba146bc39c23521adc9941cce67e', '167.94.138.172', 1770359149, 0x5f5f63695f6c6173745f726567656e65726174657c693a313737303335393134393b),
('ff713eeb25ff6205472fe1526032d5fafc3c6d48', '210.211.99.176', 1781367641, 0x5f5f63695f6c6173745f726567656e65726174657c693a313738313336373634313b),
('ff72a6f98ce0062aa78495d12a9483118b05a5ca', '66.132.172.184', 1778884706, 0x5f5f63695f6c6173745f726567656e65726174657c693a313737383838343730363b),
('ff736dad34440d13e89012a23e22459c39e624f4', '104.210.140.138', 1778198134, 0x5f5f63695f6c6173745f726567656e65726174657c693a313737383139383133343b),
('ff740315e82e52de018a3acfa26e8f1f793c0bba', '66.102.9.101', 1761457714, 0x5f5f63695f6c6173745f726567656e65726174657c693a313736313435373731343b),
('ff745c5ebaf75e6afc1b9ca488635a836045681b', '216.73.217.64', 1776497620, 0x5f5f63695f6c6173745f726567656e65726174657c693a313737363439373632303b),
('ff75a32c7c547417ce16c418a032312e79c2909e', '89.251.0.187', 1769779395, 0x5f5f63695f6c6173745f726567656e65726174657c693a313736393737393339353b),
('ff76266645940231758581cb0beb75178d83d391', '102.90.103.217', 1765913056, 0x5f5f63695f6c6173745f726567656e65726174657c693a313736353931333035353b),
('ff77af8e30d1be5d6e624d882bd5ee40a84d3b90', '173.239.196.106', 1782682735, 0x5f5f63695f6c6173745f726567656e65726174657c693a313738323638323733353b),
('ff785eee1e6215477bb05b667473f41740bb1a6e', '144.76.19.70', 1766319793, 0x5f5f63695f6c6173745f726567656e65726174657c693a313736363331393739333b),
('ff78a57f31a1fef3f1ffe9c6f4a7d4b35ec830c5', '34.219.0.31', 1768788725, 0x5f5f63695f6c6173745f726567656e65726174657c693a313736383738383732353b),
('ff79b72db6baa1ee4560568c48c278ca693b4268', '185.223.152.239', 1778304071, 0x5f5f63695f6c6173745f726567656e65726174657c693a313737383330343037313b),
('ff7a2aae0ac5458b3cb161c74c3a02f6bca24502', '180.153.236.162', 1763294194, 0x5f5f63695f6c6173745f726567656e65726174657c693a313736333239343139343b),
('ff7a6d687f17caffe5e4f8072d7e35a60b21ca83', '2a06:98c0:3600::103', 1760363700, 0x5f5f63695f6c6173745f726567656e65726174657c693a313736303336333730303b),
('ff7b40a3b887dedd3e2263062fe75bfd1aff9e93', '43.159.152.184', 1770761755, 0x5f5f63695f6c6173745f726567656e65726174657c693a313737303736313735353b),
('ff7b46d767bf3b99b0853434e45565fafba3d312', '89.251.0.187', 1769779596, 0x5f5f63695f6c6173745f726567656e65726174657c693a313736393737393539363b),
('ff7b9598ea14fe2a255157aa340b295659334b42', '91.217.249.206', 1776835819, 0x5f5f63695f6c6173745f726567656e65726174657c693a313737363833353831393b),
('ff7cb7ece875dede6e099e55a41e862fb07376ab', '74.7.227.167', 1779403371, 0x5f5f63695f6c6173745f726567656e65726174657c693a313737393430333337313b),
('ff800885283459415b8c3f74bf3585ae20ff95f0', '199.45.155.77', 1774804592, 0x5f5f63695f6c6173745f726567656e65726174657c693a313737343830343539313b),
('ff80463b3a35223c514e80f3c85ac67ac602aa84', '185.128.9.100', 1758301996, 0x5f5f63695f6c6173745f726567656e65726174657c693a313735383330313939363b),
('ff8207ca99bd61bee798f2c4864596c88cee1d4b', '51.75.119.229', 1759839086, 0x5f5f63695f6c6173745f726567656e65726174657c693a313735393833393038363b),
('ff8230fc4b395ea662218d6eab45a7fb4f045273', '74.7.228.32', 1762135655, 0x5f5f63695f6c6173745f726567656e65726174657c693a313736323133353635353b),
('ff825b166e75915fee940740cbe883468eeb5b6f', '143.198.73.78', 1761111561, 0x5f5f63695f6c6173745f726567656e65726174657c693a313736313131313536303b),
('ff836eceeed8aa79b02fd2417d94c2118ec7f7cf', '173.255.236.247', 1779773726, 0x5f5f63695f6c6173745f726567656e65726174657c693a313737393737333732363b),
('ff85d067384468e0d4c5bc2ee59e3e0b7d101ccc', '199.45.154.148', 1783088280, 0x5f5f63695f6c6173745f726567656e65726174657c693a313738333038383238303b),
('ff85f36c12122ecf4b5cfd647a89da973e1ade0f', '185.191.171.13', 1779757353, 0x5f5f63695f6c6173745f726567656e65726174657c693a313737393735373335333b),
('ff869f349aa2778dd5c8e85f9989f97b2c80934e', '45.133.5.140', 1778021440, 0x5f5f63695f6c6173745f726567656e65726174657c693a313737383032313434303b),
('ff86a66a59b968c2d8589fd8f423e473675935e0', '43.135.211.148', 1765703983, 0x5f5f63695f6c6173745f726567656e65726174657c693a313736353730333938333b),
('ff87708e2a2797568195a1c02ea5ae1a001a508d', '45.133.5.140', 1778021419, 0x5f5f63695f6c6173745f726567656e65726174657c693a313737383032313431393b),
('ff87c39f7499de00ff5bf00c048851faf1efc975', '43.157.180.116', 1774633549, 0x5f5f63695f6c6173745f726567656e65726174657c693a313737343633333534393b),
('ff87e1272f651ea098fa0955f4babb61e7d104fc', '193.37.33.83', 1770933241, 0x5f5f63695f6c6173745f726567656e65726174657c693a313737303933333234313b),
('ff88884bfe606e6552d433da170531522e8c25a5', '4.223.73.181', 1775846163, 0x5f5f63695f6c6173745f726567656e65726174657c693a313737353834363136333b),
('ff89438e6ed6c5ab62ed1f4045ff01a10e27fe48', '167.94.146.57', 1770736492, 0x5f5f63695f6c6173745f726567656e65726174657c693a313737303733363439323b),
('ff89d14c45b45184fa44584d7f52af706d85c07c', '216.244.66.202', 1767828996, 0x5f5f63695f6c6173745f726567656e65726174657c693a313736373832383939363b),
('ff89d250901757432901c3bb40f790ed032cfe58', '185.223.152.239', 1778304062, 0x5f5f63695f6c6173745f726567656e65726174657c693a313737383330343036323b),
('ff8cba0f605c71667064f7354a44d10ba6c1fddb', '52.167.144.64', 1780581988, 0x5f5f63695f6c6173745f726567656e65726174657c693a313738303538313938373b),
('ff8cc8ce9ab99280b4c20553e87bedd524493e71', '20.89.234.204', 1776222707, 0x5f5f63695f6c6173745f726567656e65726174657c693a313737363232323730373b),
('ff8d3d0f9e4aae600a570b210b0dfbe911df1db0', '66.132.153.141', 1768867633, 0x5f5f63695f6c6173745f726567656e65726174657c693a313736383836373633333b),
('ff8d8ebcb2e581f86057fa581f9b2ac6fbe58fd7', '193.176.211.41', 1777581674, 0x5f5f63695f6c6173745f726567656e65726174657c693a313737373538313637343b),
('ff8f3db1c2ab3434f99f69c56ffa2d4a363a2b00', '194.5.52.21', 1772152865, 0x5f5f63695f6c6173745f726567656e65726174657c693a313737323135323836353b),
('ff8f459a1faf6fe5b11c60542f29658ca94feee4', '17.241.219.42', 1781207801, 0x5f5f63695f6c6173745f726567656e65726174657c693a313738313230373830313b),
('ff8f83c7954d4432e3dd7118d4e18dea45b9b654', '144.76.19.70', 1772546157, 0x5f5f63695f6c6173745f726567656e65726174657c693a313737323534363135373b),
('ff8f9f865e127cd4b84866dbdc92f515e72c38da', '66.132.153.126', 1774009515, 0x5f5f63695f6c6173745f726567656e65726174657c693a313737343030393531353b),
('ff90238b5f6509d7cf8ad7f2a6abaf00a9eff4a4', '52.167.144.191', 1776852739, 0x5f5f63695f6c6173745f726567656e65726174657c693a313737363835323733393b),
('ff913e17ea576f415cadecf43c8952c4f127f40c', '45.91.23.104', 1778787636, 0x5f5f63695f6c6173745f726567656e65726174657c693a313737383738373633363b),
('ff91a9cbc8aad69ea7b86e17af0e8b1abf254ff2', '185.223.152.239', 1778303915, 0x5f5f63695f6c6173745f726567656e65726174657c693a313737383330333931353b),
('ff938d491dbdd96c02e88c58b3c1fe49565012ec', '197.211.52.67', 1768905252, 0x5f5f63695f6c6173745f726567656e65726174657c693a313736383930353235323b72656469726563745f75726c7c733a34353a2268747470733a2f2f66636863732e6564756d61632e636c6f75642f73747564656e742f6373765f696d706f7274223b6e616d657c733a31353a224d7273204164656c6f796520452e4f223b6c6f676765725f70686f746f7c733a33363a2232613633626464393563383861363130323739626234663532653131663261632e6a7067223b6c6f67676564696e5f6272616e63687c733a313a2231223b6c6f67676564696e5f656d61696c7c733a32313a22666f6c61626f6d6961646540676d61696c2e636f6d223b6c6f67676564696e5f69647c733a333a22363235223b6c6f67676564696e5f7573657269647c733a323a223233223b6c6f67676564696e5f726f6c655f69647c733a313a2232223b6c6f67676564696e5f747970657c733a353a227374616666223b7365745f6c616e677c733a373a22656e676c697368223b69735f72746c7c623a303b7365745f73657373696f6e5f69647c733a313a2234223b6c6f67676564696e7c623a313b),
('ff93b13d5b04124c75ede697f4b791d56d62d18a', '212.30.36.12', 1779002658, 0x5f5f63695f6c6173745f726567656e65726174657c693a313737393030323635383b),
('ff93cc094bdb3707e9d25fa34d5ece176349e08e', '54.201.41.91', 1760512098, 0x5f5f63695f6c6173745f726567656e65726174657c693a313736303531323039383b),
('ff93d530f263884fdde6708efff99483343c1499', '167.94.146.50', 1779054145, 0x5f5f63695f6c6173745f726567656e65726174657c693a313737393035343134353b),
('ff952fb306b4170e8e29a155848605409c261a92', '91.217.249.37', 1776861216, 0x5f5f63695f6c6173745f726567656e65726174657c693a313737363836313231363b),
('ff95a38769ed97b8ab9a60253e34abe83a1f55f4', '45.133.5.140', 1778021365, 0x5f5f63695f6c6173745f726567656e65726174657c693a313737383032313336353b),
('ff975d11edf4ef1d21a00bf71eb3d3ae00ae8ea0', '51.195.244.232', 1775449184, 0x5f5f63695f6c6173745f726567656e65726174657c693a313737353434393138343b),
('ff97833fd98f06f5f2db93f6b3011822ad059fdf', '216.73.216.61', 1782808766, 0x5f5f63695f6c6173745f726567656e65726174657c693a313738323830383736353b),
('ff990e3b29d373c8721d189625f48609c90eff83', '3.250.87.31', 1774266424, 0x5f5f63695f6c6173745f726567656e65726174657c693a313737343236363432343b),
('ff9d5fe321badcd25cc899da91b7e7a2f2689e64', '172.71.172.209', 1775586282, 0x5f5f63695f6c6173745f726567656e65726174657c693a313737353538363238323b),
('ff9e279c5c795cc7d7ae8f013f1aaeb896f3e7a7', '128.199.0.11', 1761280424, 0x5f5f63695f6c6173745f726567656e65726174657c693a313736313238303432303b),
('ff9f0cb99d61861f1059e7d7008360e1afd34ff0', '52.167.144.18', 1777909524, 0x5f5f63695f6c6173745f726567656e65726174657c693a313737373930393532343b),
('ff9f83cfe910af5019f59f91341df1eb8cedbcfd', '93.158.90.68', 1770467338, 0x5f5f63695f6c6173745f726567656e65726174657c693a313737303436373333383b),
('ff9fd0767470bfc1290b5ca1236bc9e8de5b8957', '111.242.245.100', 1773501926, 0x5f5f63695f6c6173745f726567656e65726174657c693a313737333530313932363b),
('ff9fe0f28b551424d80e478ebbafcdd10ecc8a81', '173.239.240.29', 1779509130, 0x5f5f63695f6c6173745f726567656e65726174657c693a313737393530393133303b),
('ffa21a6f28877c08fddae7270aaec5b6e986ff83', '82.197.79.61', 1766134149, 0x5f5f63695f6c6173745f726567656e65726174657c693a313736363133343134393b),
('ffa2a2a2c11d87ef195380a86ebfb6e1a470b858', '172.70.246.228', 1774022208, 0x5f5f63695f6c6173745f726567656e65726174657c693a313737343032323230383b),
('ffa511139169f5685b20c7621e43feb93eac2796', '216.73.216.109', 1769651217, 0x5f5f63695f6c6173745f726567656e65726174657c693a313736393635313231373b),
('ffa5e387bcb27b94f9e1851ca9a4cdd9daa46e4d', '45.133.5.140', 1778021119, 0x5f5f63695f6c6173745f726567656e65726174657c693a313737383032313131393b),
('ffa7d2686be7c1a287dd11a051bc37b736e8ebf7', '91.92.241.192', 1782975266, 0x5f5f63695f6c6173745f726567656e65726174657c693a313738323937353236363b),
('ffa89d69b3bd40caacba77983bcd5aee7e6c1d67', '102.89.68.51', 1774857977, 0x5f5f63695f6c6173745f726567656e65726174657c693a313737343835373937373b),
('ffa8ee4aa8ff94437b42d049ce52f38be9fa521c', '45.133.5.140', 1778021218, 0x5f5f63695f6c6173745f726567656e65726174657c693a313737383032313231383b),
('ffa92a728a4f87e3f5d51b67fc7b087822cccf91', '74.7.230.5', 1763909855, 0x5f5f63695f6c6173745f726567656e65726174657c693a313736333930393835353b),
('ffac6b8fab0af02e6502aff96d180d91328119a6', '185.64.78.13', 1770814319, 0x5f5f63695f6c6173745f726567656e65726174657c693a313737303831343331393b),
('ffac9b40a7e29888d30914a5416b6e097d19df01', '85.208.96.205', 1767535856, 0x5f5f63695f6c6173745f726567656e65726174657c693a313736373533353835363b),
('ffacaeed09f95815b67a18e36f2016b90c50a371', '89.251.0.81', 1780722737, 0x5f5f63695f6c6173745f726567656e65726174657c693a313738303732323733373b),
('ffadd66fbaee93faeb71541ec37139bbf5574fdb', '66.249.70.174', 1771367245, 0x5f5f63695f6c6173745f726567656e65726174657c693a313737313336373234353b),
('ffade845a2cb6d3ffb4806d8b3d0961243472685', '102.90.101.223', 1769464599, 0x5f5f63695f6c6173745f726567656e65726174657c693a313736393436343539393b),
('ffae2537668a769adcff9a820140f7b7de68bac0', '54.254.218.69', 1764274380, 0x5f5f63695f6c6173745f726567656e65726174657c693a313736343237343338303b),
('ffae712693bf4436fb77208373e8be0d8936c528', '216.81.248.16', 1768776895, 0x5f5f63695f6c6173745f726567656e65726174657c693a313736383737363839353b),
('ffae804d751944c7c947e2f1d8b0f3a257970a16', '216.73.217.66', 1776784568, 0x5f5f63695f6c6173745f726567656e65726174657c693a313737363738343536383b),
('ffaea30d94b61d71c57266c56f6ea3c162786ad1', '207.180.207.36', 1770973355, 0x5f5f63695f6c6173745f726567656e65726174657c693a313737303937333335353b),
('ffaf5f260b5ba8bc408afb6442c395cc7f4fecfa', '8.217.209.55', 1771998961, 0x5f5f63695f6c6173745f726567656e65726174657c693a313737313939383936313b),
('ffafbb4991ecde063e46b33ffeda05f6212fc4c9', '198.244.183.255', 1762944660, 0x5f5f63695f6c6173745f726567656e65726174657c693a313736323934343636303b),
('ffb0962e2a2f670edfd2e474f55dd934f86adc57', '194.5.52.21', 1772152863, 0x5f5f63695f6c6173745f726567656e65726174657c693a313737323135323836333b),
('ffb0b118e1190fcf6b02a5499f6b28785880674d', '20.92.95.100', 1774628191, 0x5f5f63695f6c6173745f726567656e65726174657c693a313737343632383139313b),
('ffb1a8555aeddf9ec2c9e8db995783e162054214', '91.217.249.206', 1776835740, 0x5f5f63695f6c6173745f726567656e65726174657c693a313737363833353734303b),
('ffb1ad9536e9c78dacb3a1d426a24381cf0e89ec', '74.7.241.180', 1774075287, 0x5f5f63695f6c6173745f726567656e65726174657c693a313737343037353238373b),
('ffb1c3e83cd48aacbe157d039801beb42a916bee', '206.168.34.127', 1759334696, 0x5f5f63695f6c6173745f726567656e65726174657c693a313735393333343639363b),
('ffb218dd799c572d69c2f9812460bfb1a05786d9', '91.217.249.37', 1776861231, 0x5f5f63695f6c6173745f726567656e65726174657c693a313737363836313233313b),
('ffb220252bf2c2ad1d1a6801c5cb5ccd93898a94', '93.123.109.163', 1783516586, 0x5f5f63695f6c6173745f726567656e65726174657c693a313738333531363538363b),
('ffb388818b5f74839fb070bd79b9f6812dddf8ce', '3.151.194.164', 1770139403, 0x5f5f63695f6c6173745f726567656e65726174657c693a313737303133393430333b),
('ffb38abb52a3c3947a8319a063038b33c912ef20', '74.7.175.186', 1765968455, 0x5f5f63695f6c6173745f726567656e65726174657c693a313736353936383435353b),
('ffb560410ef939ae970d6c8c6951fa7460b19dd1', '185.191.171.2', 1778078203, 0x5f5f63695f6c6173745f726567656e65726174657c693a313737383037383230333b),
('ffb577c831102dbda1f802cb7b1f851bc879e8b6', '66.249.70.167', 1764576036, 0x5f5f63695f6c6173745f726567656e65726174657c693a313736343537363033363b),
('ffb5b67743ddb5fc0bb30bca51d8ec28105c5d8a', '20.89.212.133', 1768562837, 0x5f5f63695f6c6173745f726567656e65726174657c693a313736383536323833373b),
('ffb5c8072789cfb8b07e3f9b9d9f404980abf97d', '178.93.200.1', 1783415612, 0x5f5f63695f6c6173745f726567656e65726174657c693a313738333431353631323b),
('ffb6814a78a15abd0ed1c4d75d25439ade75ca40', '185.253.162.138', 1760489362, 0x5f5f63695f6c6173745f726567656e65726174657c693a313736303438393336323b),
('ffb6ac22cbf4e37ec2d6ae220f5bd1a939ef2ee1', '89.251.0.187', 1769779522, 0x5f5f63695f6c6173745f726567656e65726174657c693a313736393737393532323b),
('ffb7c77ce48b7fa7cb7e37e7ae6bd1473423ca6f', '45.91.23.104', 1778787821, 0x5f5f63695f6c6173745f726567656e65726174657c693a313737383738373832313b),
('ffb7e40c9e2726959a9d5ab5780326f1ecf814ee', '209.87.169.71', 1781511107, 0x5f5f63695f6c6173745f726567656e65726174657c693a313738313531313130373b),
('ffb8665b3ade1df203d34e6f996a4149aba55b64', '196.49.26.134', 1774825841, 0x5f5f63695f6c6173745f726567656e65726174657c693a313737343832353834313b),
('ffb876b9046fd5d8c004131251fc3e57cf9585ca', '185.252.28.195', 1758136867, 0x5f5f63695f6c6173745f726567656e65726174657c693a313735383133363836373b),
('ffb9c639b6573bce3fa4565a3961407a96efc0dc', '216.73.217.112', 1778392965, 0x5f5f63695f6c6173745f726567656e65726174657c693a313737383339323936353b),
('ffba4248d630e878cc7e249e845434185b9c7b4d', '199.45.154.117', 1775964036, 0x5f5f63695f6c6173745f726567656e65726174657c693a313737353936343033363b),
('ffbb178cbb80209b531c309b095fad7299e90baf', '66.132.195.101', 1780059393, 0x5f5f63695f6c6173745f726567656e65726174657c693a313738303035393339333b),
('ffbb34f448df3434a9d281479386ff8e8e4c1625', '74.7.230.10', 1763460257, 0x5f5f63695f6c6173745f726567656e65726174657c693a313736333436303235373b),
('ffbc2673101853efef751b7e9e78cbe5bbf7f22b', '2a06:98c0:3600::103', 1758017951, 0x5f5f63695f6c6173745f726567656e65726174657c693a313735383031373935313b),
('ffbc7e25dd6da6475d409efacdb9ba08fe5a9216', '106.119.167.146', 1773265526, 0x5f5f63695f6c6173745f726567656e65726174657c693a313737333236353532363b),
('ffbcc60589c26b23a0cfea3e72e65ac3062df744', '66.249.70.165', 1768173739, 0x5f5f63695f6c6173745f726567656e65726174657c693a313736383137333733393b),
('ffbd9a804c0986ce2cd5a45b5a5ba873676e5836', '102.89.68.181', 1765883259, 0x5f5f63695f6c6173745f726567656e65726174657c693a313736353838333235393b6e616d657c733a31373a22436f726e656c6975732042616e6b6f6c61223b6c6f676765725f70686f746f7c733a31313a2264656675616c742e706e67223b6c6f67676564696e5f6272616e63687c733a313a2231223b6c6f67676564696e5f656d61696c7c733a32313a2274656163686572324066636863732e6f72672e6e67223b6c6f67676564696e5f69647c733a343a2231313936223b6c6f67676564696e5f7573657269647c733a323a223930223b6c6f67676564696e5f726f6c655f69647c733a313a2233223b6c6f67676564696e5f747970657c733a353a227374616666223b7365745f6c616e677c733a373a22656e676c697368223b69735f72746c7c623a303b7365745f73657373696f6e5f69647c733a313a2234223b6c6f67676564696e7c623a313b),
('ffbe8fb4156466520896791a2c21219552decbc2', '43.164.196.244', 1781558834, 0x5f5f63695f6c6173745f726567656e65726174657c693a313738313535383833343b),
('ffbf41339440318c0bff18f593b6fa59a780a0e8', '74.7.228.57', 1781752381, 0x5f5f63695f6c6173745f726567656e65726174657c693a313738313735323338313b),
('ffbf4ef67180d98642fd31ff642ea61e1f47327b', '142.250.33.73', 1782538771, 0x5f5f63695f6c6173745f726567656e65726174657c693a313738323533383737313b),
('ffbfa69c75bcfe65e1908bcee1761f55ef1c5f54', '74.7.243.248', 1774490537, 0x5f5f63695f6c6173745f726567656e65726174657c693a313737343439303533373b),
('ffbfc822d586dd941f50599bf4487895ccd1f2bb', '136.107.0.70', 1780224374, 0x5f5f63695f6c6173745f726567656e65726174657c693a313738303232343337343b),
('ffc2132dde41b92eb8775e8ba72c52a4c06ea3ff', '66.132.153.112', 1761315904, 0x5f5f63695f6c6173745f726567656e65726174657c693a313736313331353930343b),
('ffc35158801ebc6acb461b2dfb8527feacbbeb7b', '89.251.0.80', 1780722654, 0x5f5f63695f6c6173745f726567656e65726174657c693a313738303732323635343b),
('ffc37cdbf24c4b41185e3877b6484d73ae910e7f', '196.49.26.134', 1777301901, 0x5f5f63695f6c6173745f726567656e65726174657c693a313737373330313930313b),
('ffc4a78e7acb571088da56c36dbc2f0be9124c8d', '91.217.249.37', 1776861248, 0x5f5f63695f6c6173745f726567656e65726174657c693a313737363836313234383b),
('ffc4e60a68503c8b9dc1dd30d0d7551cf91d3fda', '41.77.17.151', 1763797086, 0x5f5f63695f6c6173745f726567656e65726174657c693a313736333739373032373b),
('ffc538e5906cee5a99c26b7ad457926da1fe8d38', '104.210.140.139', 1772392365, 0x5f5f63695f6c6173745f726567656e65726174657c693a313737323339323336353b),
('ffc61c5fa828a4a59aafa5332f4a4f08ffed96fa', '195.178.110.223', 1759883557, 0x5f5f63695f6c6173745f726567656e65726174657c693a313735393838333535373b),
('ffc6eb98c827bd35c267dc2d4089be776993cd74', '52.167.144.67', 1761075414, 0x5f5f63695f6c6173745f726567656e65726174657c693a313736313037353431343b),
('ffc80265c6ce770a94beddf906f3e44f0c836c44', '2a06:98c0:3600::103', 1763128588, 0x5f5f63695f6c6173745f726567656e65726174657c693a313736333132383538383b),
('ffc8f522af05016bff02aa9207a437b3413a8477', '198.244.226.126', 1781881729, 0x5f5f63695f6c6173745f726567656e65726174657c693a313738313838313732393b),
('ffca1428d563ccd28d383e83c2075a7fe4482ade', '198.235.24.133', 1761541273, 0x5f5f63695f6c6173745f726567656e65726174657c693a313736313534313237333b),
('ffcaa0197111289fe5fb65082fa4328a3fdc6eb3', '91.217.249.37', 1776861200, 0x5f5f63695f6c6173745f726567656e65726174657c693a313737363836313230303b),
('ffcab82d023f862f41b72d50655a996f4958401b', '195.178.110.54', 1765207368, 0x5f5f63695f6c6173745f726567656e65726174657c693a313736353230373336383b),
('ffcb235d843598e903c9fe9cb95267459449c471', '13.60.2.173', 1763295345, 0x5f5f63695f6c6173745f726567656e65726174657c693a313736333239353334353b),
('ffcca4009065ff9974672e3932ccdb99db47594d', '173.239.218.58', 1777357308, 0x5f5f63695f6c6173745f726567656e65726174657c693a313737373335373330383b),
('ffccada89bd3bfb199f7034ee3df26b302aa663e', '2a06:98c0:3600::103', 1761541651, 0x5f5f63695f6c6173745f726567656e65726174657c693a313736313534313635313b),
('ffcd3632c7f57411dcccaaa6e9cb829518387b3d', '52.167.144.213', 1769430970, 0x5f5f63695f6c6173745f726567656e65726174657c693a313736393433303937303b),
('ffcdcc0a54cad729df559016a29fe37b32dcc728', '1.15.52.154', 1772317036, 0x5f5f63695f6c6173745f726567656e65726174657c693a313737323331373033363b),
('ffcee2dae7829606d27dc9af83cfe11b9f8eb15e', '82.197.79.13', 1775568544, 0x5f5f63695f6c6173745f726567656e65726174657c693a313737353536383534343b6e616d657c733a31353a224d7273204164656c6f796520452e4f223b6c6f676765725f70686f746f7c733a33363a2232613633626464393563383861363130323739626234663532653131663261632e6a7067223b6c6f67676564696e5f6272616e63687c733a313a2231223b6c6f67676564696e5f656d61696c7c733a32313a22666f6c61626f6d6961646540676d61696c2e636f6d223b6c6f67676564696e5f69647c733a333a22363235223b6c6f67676564696e5f7573657269647c733a323a223233223b6c6f67676564696e5f726f6c655f69647c733a313a2232223b6c6f67676564696e5f747970657c733a353a227374616666223b7365745f6c616e677c733a373a22656e676c697368223b69735f72746c7c623a303b7365745f73657373696f6e5f69647c733a313a2234223b6c6f67676564696e7c623a313b),
('ffd1e362ea24298549318fec6390ee184ea3a06c', '91.217.249.206', 1776835884, 0x5f5f63695f6c6173745f726567656e65726174657c693a313737363833353838343b),
('ffd29b8486fe009e8e1ab3a5886edf6414bae577', '85.208.96.195', 1780287132, 0x5f5f63695f6c6173745f726567656e65726174657c693a313738303238373133323b),
('ffd30aabfdc0f53d8de36513a7c97b2e01846cd0', '74.125.210.166', 1776870616, 0x5f5f63695f6c6173745f726567656e65726174657c693a313737363837303631363b),
('ffd3a65bfb5aa0abb70ad6f528bd70729d47f036', '144.76.19.70', 1775143239, 0x5f5f63695f6c6173745f726567656e65726174657c693a313737353134333233393b),
('ffd501f518756c8c1de89c9585379eeaca3ecc46', '34.239.214.15', 1766522837, 0x5f5f63695f6c6173745f726567656e65726174657c693a313736363532323833373b),
('ffd5b4f399ff14094c12b3e804e6be9413542f0e', '102.89.68.118', 1769704307, 0x5f5f63695f6c6173745f726567656e65726174657c693a313736393730343330373b),
('ffd6c827f28c15773c203b6ad1729c12138ed492', '74.7.230.19', 1763452924, 0x5f5f63695f6c6173745f726567656e65726174657c693a313736333435323932343b),
('ffd9278ef926632df4c94f6d86fd830f21f744e1', '45.91.23.104', 1778787684, 0x5f5f63695f6c6173745f726567656e65726174657c693a313737383738373638343b),
('ffd9bc75b5bf648b0ef950fa9be2cb06f6130da8', '176.65.132.181', 1780172498, 0x5f5f63695f6c6173745f726567656e65726174657c693a313738303137323439383b),
('ffdacbc6052482aa85eca72761964f33c478260a', '91.217.249.58', 1776861116, 0x5f5f63695f6c6173745f726567656e65726174657c693a313737363836313131363b),
('ffdca730aa5b00a4d20071453fe1e6cfb51671cb', '85.208.96.193', 1764275709, 0x5f5f63695f6c6173745f726567656e65726174657c693a313736343237353730393b),
('ffdd1ff9f708b163f4702155cb1115b4623a5338', '193.176.211.41', 1777581680, 0x5f5f63695f6c6173745f726567656e65726174657c693a313737373538313638303b),
('ffdd4fcc5db30a8c7ddb994f1882d1318dfc0875', '40.77.167.219', 1783307159, 0x5f5f63695f6c6173745f726567656e65726174657c693a313738333330373135393b),
('ffdf21ac0ed543d5dd0814ee456ab36d5c394e0e', '170.64.234.249', 1766593969, 0x5f5f63695f6c6173745f726567656e65726174657c693a313736363539333936393b),
('ffe1259126021cc8ba25fcee6a27f72458e8b960', '46.4.120.162', 1781834619, 0x5f5f63695f6c6173745f726567656e65726174657c693a313738313833343631393b),
('ffe1d960cd74c39970e3d18778592eadb8bf535d', '193.176.211.41', 1777581614, 0x5f5f63695f6c6173745f726567656e65726174657c693a313737373538313631343b),
('ffe2d4857f59f55b2b261bc8982ea74e08a07742', '35.208.156.220', 1778659508, 0x5f5f63695f6c6173745f726567656e65726174657c693a313737383635393530383b),
('ffe396f4aba6ad1da4f69264cef570ab4b7a0bed', '47.82.11.39', 1766675485, 0x5f5f63695f6c6173745f726567656e65726174657c693a313736363637353438353b),
('ffe4b45b94e65a84f153fc98326c42bcdd89842a', '91.217.249.195', 1776835652, 0x5f5f63695f6c6173745f726567656e65726174657c693a313737363833353635323b),
('ffe579b02cb7081d68ab76e9c6cdacf95168bca0', '91.217.249.37', 1776861180, 0x5f5f63695f6c6173745f726567656e65726174657c693a313737363836313138303b),
('ffe75b94a8092950ae3daf7948d93be6d9ccc5d5', '102.89.85.239', 1763834295, 0x5f5f63695f6c6173745f726567656e65726174657c693a313736333833343239353b6e616d657c733a363a224564754d6163223b6c6f676765725f70686f746f7c733a33363a2239326531636566626634346132366337663162343865616530323433376437652e706e67223b6c6f67676564696e5f6272616e63687c4e3b6c6f67676564696e5f656d61696c7c733a32333a224d6163616e616c797469636e6740676d61696c2e636f6d223b6c6f67676564696e5f69647c733a313a2231223b6c6f67676564696e5f7573657269647c733a313a2231223b6c6f67676564696e5f726f6c655f69647c733a313a2231223b6c6f67676564696e5f747970657c733a353a227374616666223b7365745f6c616e677c733a373a22656e676c697368223b69735f72746c7c623a303b7365745f73657373696f6e5f69647c733a313a2234223b6c6f67676564696e7c623a313b),
('ffe77cebc826b82358172329ae2f0378901f0e05', '144.31.5.214', 1774392605, 0x5f5f63695f6c6173745f726567656e65726174657c693a313737343339323630353b),
('ffe7fe3142b6ea7a8d92bdab33232cf8597e3ddd', '91.217.249.206', 1776835785, 0x5f5f63695f6c6173745f726567656e65726174657c693a313737363833353738353b),
('ffe8e0a8be23cedbbe46562dee66f9158371ad99', '85.208.96.204', 1771685593, 0x5f5f63695f6c6173745f726567656e65726174657c693a313737313638353539333b),
('ffea12ea5b227f755ed3a35effc454b8733d7cd3', '44.244.173.157', 1761330568, 0x5f5f63695f6c6173745f726567656e65726174657c693a313736313333303536383b),
('ffeb36356ac725650453426eb596cba92a9c9e7a', '43.157.170.126', 1764174492, 0x5f5f63695f6c6173745f726567656e65726174657c693a313736343137343439323b),
('ffec1b1a2d061ad86e437eef0dcbc2caf9cb65d4', '35.209.224.169', 1779409402, 0x5f5f63695f6c6173745f726567656e65726174657c693a313737393430393430323b),
('ffec638b8dd6613ca3cfe9956c7a559dc9085a07', '175.6.217.4', 1772247334, 0x5f5f63695f6c6173745f726567656e65726174657c693a313737323234373333343b),
('ffeda501dd369b2ab15285b74e2422f483c8ac8a', '66.102.9.4', 1781325527, 0x5f5f63695f6c6173745f726567656e65726174657c693a313738313332353532373b),
('ffee8d2ee93b41de25b2dec298312ebacffa54ee', '199.45.155.102', 1768490531, 0x5f5f63695f6c6173745f726567656e65726174657c693a313736383439303533313b),
('ffeec6d413c46bb69620fb00f42c2f033113eed4', '64.23.143.145', 1783239223, 0x5f5f63695f6c6173745f726567656e65726174657c693a313738333233393232333b),
('ffeffc2d077685322368878d30f3eb662ec1661c', '91.217.249.206', 1776835885, 0x5f5f63695f6c6173745f726567656e65726174657c693a313737363833353838353b),
('fff06e0b3616cd33f42ba1f9854e2bfdd192a461', '2a06:98c0:3600::103', 1758003422, 0x5f5f63695f6c6173745f726567656e65726174657c693a313735383030333432323b),
('fff0b1cd063868b1814499516e286c7f46060a45', '4.232.93.183', 1782745276, 0x5f5f63695f6c6173745f726567656e65726174657c693a313738323734353236313b),
('fff1ac0676547d54f1a3af4945fa1d160ca7cd3f', '20.78.154.48', 1769482016, 0x5f5f63695f6c6173745f726567656e65726174657c693a313736393438323031363b),
('fff23395e429c664cc7070cc1d4a49a163018718', '20.206.80.178', 1780244704, 0x5f5f63695f6c6173745f726567656e65726174657c693a313738303234343730323b),
('fff276d9f2ebe4c38e291d7182ec54a27d0c0c6d', '102.89.75.88', 1759758006, 0x5f5f63695f6c6173745f726567656e65726174657c693a313735393735383030363b),
('fff310372a9843ebb77d24e445a07afe1252bf0a', '92.222.104.203', 1783885608, 0x5f5f63695f6c6173745f726567656e65726174657c693a313738333838353630383b),
('fff3958b2251f9e46e8e1edab72c3d68c95e303d', '74.7.175.174', 1772166384, 0x5f5f63695f6c6173745f726567656e65726174657c693a313737323136363338343b),
('fff4403e8396103058e1108d781936358d74e9b7', '91.217.249.58', 1776861101, 0x5f5f63695f6c6173745f726567656e65726174657c693a313737363836313130313b),
('fff6058a1bacab7301bfa40b9cc0c49a062ac03b', '104.28.246.115', 1772137777, 0x5f5f63695f6c6173745f726567656e65726174657c693a313737323133373737373b),
('fff740e7382caac0ffad32c16f732f4309a00b46', '105.113.110.227', 1759928228, 0x5f5f63695f6c6173745f726567656e65726174657c693a313735393932383232343b72656469726563745f75726c7c733a33393a2268747470733a2f2f6564756d61632e636c6f75642f637573746f6d5f646f6d61696e2f6c697374223b6e616d657c733a363a224564754d6163223b6c6f676765725f70686f746f7c733a33363a2266343235336265366533663362643863346137666665386136303863616634642e706e67223b6c6f67676564696e5f6272616e63687c4e3b6c6f67676564696e5f656d61696c7c733a32333a226d6163616e616c797469636e6740676d61696c2e636f6d223b6c6f67676564696e5f69647c733a313a2231223b6c6f67676564696e5f7573657269647c733a313a2231223b6c6f67676564696e5f726f6c655f69647c733a313a2231223b6c6f67676564696e5f747970657c733a353a227374616666223b7365745f6c616e677c733a373a22656e676c697368223b69735f72746c7c623a303b7365745f73657373696f6e5f69647c733a313a2234223b6c6f67676564696e7c623a313b),
('fff76bdb0df3a8c979d578e2b2e6c521233cf982', '102.89.69.110', 1759616245, 0x5f5f63695f6c6173745f726567656e65726174657c693a313735393631363234353b6e616d657c733a363a224564754d6163223b6c6f676765725f70686f746f7c733a33363a2266343235336265366533663362643863346137666665386136303863616634642e706e67223b6c6f67676564696e5f6272616e63687c4e3b6c6f67676564696e5f656d61696c7c733a32333a226d6163616e616c797469636e6740676d61696c2e636f6d223b6c6f67676564696e5f69647c733a313a2231223b6c6f67676564696e5f7573657269647c733a313a2231223b6c6f67676564696e5f726f6c655f69647c733a313a2231223b6c6f67676564696e5f747970657c733a353a227374616666223b7365745f6c616e677c733a373a22656e676c697368223b69735f72746c7c623a303b7365745f73657373696f6e5f69647c733a313a2234223b6c6f67676564696e7c623a313b616c6572742d6d6573736167652d737563636573737c733a34313a22496e666f726d6174696f6e20486173204265656e2055706461746564205375636365737366756c6c79223b5f5f63695f766172737c613a313a7b733a32313a22616c6572742d6d6573736167652d73756363657373223b733a333a226f6c64223b7d),
('fffa7cc9f1cc8c3f00b30602f79c8129131f4f73', '152.32.251.219', 1778591806, 0x5f5f63695f6c6173745f726567656e65726174657c693a313737383539313830363b),
('fffa948f2daaee488a4b145be67b432d7289dc0d', '197.211.63.73', 1777383151, 0x5f5f63695f6c6173745f726567656e65726174657c693a313737373338333132383b),
('fffb5a309b5dbd9ff5cf48dd6ca754c29e9af581', '69.171.249.113', 1781044998, 0x5f5f63695f6c6173745f726567656e65726174657c693a313738313034343939383b),
('fffcb7b9dec057b1189f4a09ba7a0df7c71ad309', '165.245.235.20', 1775988454, 0x5f5f63695f6c6173745f726567656e65726174657c693a313737353938383435343b),
('fffe69875dd005ee2ab492ef2930942ef430ce8d', '66.132.172.110', 1775995827, 0x5f5f63695f6c6173745f726567656e65726174657c693a313737353939353832373b),
('fffe6d30e9c05764baf77f66c6a26cf945c570b3', '102.89.83.108', 1776703304, 0x5f5f63695f6c6173745f726567656e65726174657c693a313737363730333330343b),
('ffff79b1d4b66402700dd1892f8d33230fe6e9c0', '93.158.90.68', 1776308164, 0x5f5f63695f6c6173745f726567656e65726174657c693a313737363330383136343b),
('ffff81c187f2355253529eb59cafb03b8bf9be5c', '212.30.36.12', 1779002655, 0x5f5f63695f6c6173745f726567656e65726174657c693a313737393030323635353b),
('fgo27ni21jfp50fhpmdpvpp13cq5m4lg', '::1', 1784267338, 0x5f5f63695f6c6173745f726567656e65726174657c693a313738343236373333383b6e616d657c733a31353a224d7273204164656c6f796520452e4f223b6c6f676765725f70686f746f7c733a33363a2232613633626464393563383861363130323739626234663532653131663261632e6a7067223b6c6f67676564696e5f6272616e63687c733a313a2231223b6c6f67676564696e5f656d61696c7c733a32313a22666f6c61626f6d6961646540676d61696c2e636f6d223b6c6f67676564696e5f69647c733a333a22363235223b6c6f67676564696e5f7573657269647c733a323a223233223b6c6f67676564696e5f726f6c655f69647c733a313a2232223b6c6f67676564696e5f747970657c733a353a227374616666223b7365745f6c616e677c733a373a22656e676c697368223b69735f72746c7c623a303b7365745f73657373696f6e5f69647c733a313a2234223b6c6f67676564696e7c623a313b),
('gc0dm2hpr6j0tc99l7q5ul5pucabd4ke', '::1', 1784265151, 0x5f5f63695f6c6173745f726567656e65726174657c693a313738343236353135313b72656469726563745f75726c7c733a33373a22687474703a2f2f6564756d61632e6c6f63616c2f6578616d2f696d706f72745f6d61726b73223b6e616d657c733a31353a224d7273204164656c6f796520452e4f223b6c6f676765725f70686f746f7c733a33363a2232613633626464393563383861363130323739626234663532653131663261632e6a7067223b6c6f67676564696e5f6272616e63687c733a313a2231223b6c6f67676564696e5f656d61696c7c733a32313a22666f6c61626f6d6961646540676d61696c2e636f6d223b6c6f67676564696e5f69647c733a333a22363235223b6c6f67676564696e5f7573657269647c733a323a223233223b6c6f67676564696e5f726f6c655f69647c733a313a2232223b6c6f67676564696e5f747970657c733a353a227374616666223b7365745f6c616e677c733a373a22656e676c697368223b69735f72746c7c623a303b7365745f73657373696f6e5f69647c733a313a2234223b6c6f67676564696e7c623a313b),
('gd61oh89458sa0q6f6vnr473nm1t5a16', '::1', 1784268662, 0x5f5f63695f6c6173745f726567656e65726174657c693a313738343236383334303b6e616d657c733a31353a224d7273204164656c6f796520452e4f223b6c6f676765725f70686f746f7c733a33363a2232613633626464393563383861363130323739626234663532653131663261632e6a7067223b6c6f67676564696e5f6272616e63687c733a313a2231223b6c6f67676564696e5f656d61696c7c733a32313a22666f6c61626f6d6961646540676d61696c2e636f6d223b6c6f67676564696e5f69647c733a333a22363235223b6c6f67676564696e5f7573657269647c733a323a223233223b6c6f67676564696e5f726f6c655f69647c733a313a2232223b6c6f67676564696e5f747970657c733a353a227374616666223b7365745f6c616e677c733a373a22656e676c697368223b69735f72746c7c623a303b7365745f73657373696f6e5f69647c733a313a2234223b6c6f67676564696e7c623a313b),
('gdkrhmc5e9itou8k9i094e126eoqvbrr', '::1', 1784122557, 0x5f5f63695f6c6173745f726567656e65726174657c693a313738343132323535373b6e616d657c733a363a224564754d6163223b6c6f676765725f70686f746f7c733a33363a2239326531636566626634346132366337663162343865616530323433376437652e706e67223b6c6f67676564696e5f6272616e63687c4e3b6c6f67676564696e5f656d61696c7c733a32333a224d6163616e616c797469636e6740676d61696c2e636f6d223b6c6f67676564696e5f69647c733a313a2231223b6c6f67676564696e5f7573657269647c733a313a2231223b6c6f67676564696e5f726f6c655f69647c733a313a2231223b6c6f67676564696e5f747970657c733a353a227374616666223b7365745f6c616e677c733a373a22656e676c697368223b69735f72746c7c623a303b7365745f73657373696f6e5f69647c733a313a2234223b6c6f67676564696e7c623a313b),
('ghlpijeulj9un6njmt76ft3ik3joqg3u', '::1', 1784068133, 0x5f5f63695f6c6173745f726567656e65726174657c693a313738343036383133333b),
('h5mcn7m4mk486pk54dho4hjpp92p3nus', '::1', 1784297519, 0x5f5f63695f6c6173745f726567656e65726174657c693a313738343239373531393b),
('hb2brq2v2glrbv73kn8q5gpbt8a5il3l', '::1', 1784033395, 0x5f5f63695f6c6173745f726567656e65726174657c693a313738343033333339353b6e616d657c733a363a224564754d6163223b6c6f676765725f70686f746f7c733a33363a2239326531636566626634346132366337663162343865616530323433376437652e706e67223b6c6f67676564696e5f6272616e63687c4e3b6c6f67676564696e5f656d61696c7c733a32333a224d6163616e616c797469636e6740676d61696c2e636f6d223b6c6f67676564696e5f69647c733a313a2231223b6c6f67676564696e5f7573657269647c733a313a2231223b6c6f67676564696e5f726f6c655f69647c733a313a2231223b6c6f67676564696e5f747970657c733a353a227374616666223b7365745f6c616e677c733a373a22656e676c697368223b69735f72746c7c623a303b7365745f73657373696f6e5f69647c733a313a2234223b6c6f67676564696e7c623a313b),
('hhrlf5aoj7kf3plserlv1o23ndavo0a2', '::1', 1784301303, 0x5f5f63695f6c6173745f726567656e65726174657c693a313738343330313330333b),
('hn6cercg4v73ir9funbrtrl5hsj27jho', '::1', 1784266733, 0x5f5f63695f6c6173745f726567656e65726174657c693a313738343236363733333b6e616d657c733a31353a224d7273204164656c6f796520452e4f223b6c6f676765725f70686f746f7c733a33363a2232613633626464393563383861363130323739626234663532653131663261632e6a7067223b6c6f67676564696e5f6272616e63687c733a313a2231223b6c6f67676564696e5f656d61696c7c733a32313a22666f6c61626f6d6961646540676d61696c2e636f6d223b6c6f67676564696e5f69647c733a333a22363235223b6c6f67676564696e5f7573657269647c733a323a223233223b6c6f67676564696e5f726f6c655f69647c733a313a2232223b6c6f67676564696e5f747970657c733a353a227374616666223b7365745f6c616e677c733a373a22656e676c697368223b69735f72746c7c623a303b7365745f73657373696f6e5f69647c733a313a2234223b6c6f67676564696e7c623a313b),
('hrqmfg2k1ghsksu8ogql5p35qh892rbq', '::1', 1784067531, 0x5f5f63695f6c6173745f726567656e65726174657c693a313738343036373533313b6e616d657c733a363a224564754d6163223b6c6f676765725f70686f746f7c733a33363a2239326531636566626634346132366337663162343865616530323433376437652e706e67223b6c6f67676564696e5f6272616e63687c4e3b6c6f67676564696e5f656d61696c7c733a32333a224d6163616e616c797469636e6740676d61696c2e636f6d223b6c6f67676564696e5f69647c733a313a2231223b6c6f67676564696e5f7573657269647c733a313a2231223b6c6f67676564696e5f726f6c655f69647c733a313a2231223b6c6f67676564696e5f747970657c733a353a227374616666223b7365745f6c616e677c733a373a22656e676c697368223b69735f72746c7c623a303b7365745f73657373696f6e5f69647c733a313a2234223b6c6f67676564696e7c623a313b),
('hvsu19jsc3p5n0uk15r537od89johr5m', '::1', 1784059943, 0x5f5f63695f6c6173745f726567656e65726174657c693a313738343035393934333b),
('i675nsmm6bdtt3h1mfjs0f53gu1d4lsl', '::1', 1784030094, 0x5f5f63695f6c6173745f726567656e65726174657c693a313738343033303039333b),
('i8hm8of7rp338n922qd5a63qmrao7kii', '::1', 1783975055, 0x5f5f63695f6c6173745f726567656e65726174657c693a313738333937353035353b6e616d657c733a31353a224d7273204164656c6f796520452e4f223b6c6f676765725f70686f746f7c733a33363a2232613633626464393563383861363130323739626234663532653131663261632e6a7067223b6c6f67676564696e5f6272616e63687c733a313a2231223b6c6f67676564696e5f656d61696c7c733a32313a22666f6c61626f6d6961646540676d61696c2e636f6d223b6c6f67676564696e5f69647c733a333a22363235223b6c6f67676564696e5f7573657269647c733a323a223233223b6c6f67676564696e5f726f6c655f69647c733a313a2232223b6c6f67676564696e5f747970657c733a353a227374616666223b7365745f6c616e677c733a373a22656e676c697368223b69735f72746c7c623a303b7365745f73657373696f6e5f69647c733a313a2234223b6c6f67676564696e7c623a313b),
('i8jubrfpv9a7a53c5rd9910ven6njn5v', '::1', 1784009487, 0x5f5f63695f6c6173745f726567656e65726174657c693a313738343030393438373b6e616d657c733a363a224564754d6163223b6c6f676765725f70686f746f7c733a33363a2239326531636566626634346132366337663162343865616530323433376437652e706e67223b6c6f67676564696e5f6272616e63687c4e3b6c6f67676564696e5f656d61696c7c733a32333a224d6163616e616c797469636e6740676d61696c2e636f6d223b6c6f67676564696e5f69647c733a313a2231223b6c6f67676564696e5f7573657269647c733a313a2231223b6c6f67676564696e5f726f6c655f69647c733a313a2231223b6c6f67676564696e5f747970657c733a353a227374616666223b7365745f6c616e677c733a373a22656e676c697368223b69735f72746c7c623a303b7365745f73657373696f6e5f69647c733a313a2234223b6c6f67676564696e7c623a313b),
('i8rdsls6t51kj7t60vo3o5k60gqd3f69', '::1', 1784263179, 0x5f5f63695f6c6173745f726567656e65726174657c693a313738343236333137393b72656469726563745f75726c7c733a33373a22687474703a2f2f6564756d61632e6c6f63616c2f6578616d2f696d706f72745f6d61726b73223b6e616d657c733a31353a224d7273204164656c6f796520452e4f223b6c6f676765725f70686f746f7c733a33363a2232613633626464393563383861363130323739626234663532653131663261632e6a7067223b6c6f67676564696e5f6272616e63687c733a313a2231223b6c6f67676564696e5f656d61696c7c733a32313a22666f6c61626f6d6961646540676d61696c2e636f6d223b6c6f67676564696e5f69647c733a333a22363235223b6c6f67676564696e5f7573657269647c733a323a223233223b6c6f67676564696e5f726f6c655f69647c733a313a2232223b6c6f67676564696e5f747970657c733a353a227374616666223b7365745f6c616e677c733a373a22656e676c697368223b69735f72746c7c623a303b7365745f73657373696f6e5f69647c733a313a2234223b6c6f67676564696e7c623a313b),
('ifai7r41bkd1bu8m4rp5ir4eb4cgr35j', '::1', 1784023421, 0x5f5f63695f6c6173745f726567656e65726174657c693a313738343032333432313b6e616d657c733a363a224564754d6163223b6c6f676765725f70686f746f7c733a33363a2239326531636566626634346132366337663162343865616530323433376437652e706e67223b6c6f67676564696e5f6272616e63687c4e3b6c6f67676564696e5f656d61696c7c733a32333a224d6163616e616c797469636e6740676d61696c2e636f6d223b6c6f67676564696e5f69647c733a313a2231223b6c6f67676564696e5f7573657269647c733a313a2231223b6c6f67676564696e5f726f6c655f69647c733a313a2231223b6c6f67676564696e5f747970657c733a353a227374616666223b7365745f6c616e677c733a373a22656e676c697368223b69735f72746c7c623a303b7365745f73657373696f6e5f69647c733a313a2234223b6c6f67676564696e7c623a313b),
('ip81uf537im5pntasrnips3pl46s4clv', '::1', 1783977373, 0x5f5f63695f6c6173745f726567656e65726174657c693a313738333937373330373b616c6572742d6d6573736167652d6572726f727c733a33333a22557365726e616d65204f722050617373776f726420497320496e636f7272656374223b5f5f63695f766172737c613a313a7b733a31393a22616c6572742d6d6573736167652d6572726f72223b733a333a226f6c64223b7d),
('iq7q3o1c94t2pvvfd3skgl8tr5qg3t3v', '::1', 1784023110, 0x5f5f63695f6c6173745f726567656e65726174657c693a313738343032333131303b6e616d657c733a363a224564754d6163223b6c6f676765725f70686f746f7c733a33363a2239326531636566626634346132366337663162343865616530323433376437652e706e67223b6c6f67676564696e5f6272616e63687c4e3b6c6f67676564696e5f656d61696c7c733a32333a224d6163616e616c797469636e6740676d61696c2e636f6d223b6c6f67676564696e5f69647c733a313a2231223b6c6f67676564696e5f7573657269647c733a313a2231223b6c6f67676564696e5f726f6c655f69647c733a313a2231223b6c6f67676564696e5f747970657c733a353a227374616666223b7365745f6c616e677c733a373a22656e676c697368223b69735f72746c7c623a303b7365745f73657373696f6e5f69647c733a313a2234223b6c6f67676564696e7c623a313b),
('iultr32m037h7cbtjubd5d84v4udj301', '::1', 1784263689, 0x5f5f63695f6c6173745f726567656e65726174657c693a313738343236333638393b72656469726563745f75726c7c733a33373a22687474703a2f2f6564756d61632e6c6f63616c2f6578616d2f696d706f72745f6d61726b73223b6e616d657c733a31353a224d7273204164656c6f796520452e4f223b6c6f676765725f70686f746f7c733a33363a2232613633626464393563383861363130323739626234663532653131663261632e6a7067223b6c6f67676564696e5f6272616e63687c733a313a2231223b6c6f67676564696e5f656d61696c7c733a32313a22666f6c61626f6d6961646540676d61696c2e636f6d223b6c6f67676564696e5f69647c733a333a22363235223b6c6f67676564696e5f7573657269647c733a323a223233223b6c6f67676564696e5f726f6c655f69647c733a313a2232223b6c6f67676564696e5f747970657c733a353a227374616666223b7365745f6c616e677c733a373a22656e676c697368223b69735f72746c7c623a303b7365745f73657373696f6e5f69647c733a313a2234223b6c6f67676564696e7c623a313b),
('j41qf8bkcg7ikaoed8fssa180i8dprag', '::1', 1784267695, 0x5f5f63695f6c6173745f726567656e65726174657c693a313738343236373639353b6e616d657c733a31353a224d7273204164656c6f796520452e4f223b6c6f676765725f70686f746f7c733a33363a2232613633626464393563383861363130323739626234663532653131663261632e6a7067223b6c6f67676564696e5f6272616e63687c733a313a2231223b6c6f67676564696e5f656d61696c7c733a32313a22666f6c61626f6d6961646540676d61696c2e636f6d223b6c6f67676564696e5f69647c733a333a22363235223b6c6f67676564696e5f7573657269647c733a323a223233223b6c6f67676564696e5f726f6c655f69647c733a313a2232223b6c6f67676564696e5f747970657c733a353a227374616666223b7365745f6c616e677c733a373a22656e676c697368223b69735f72746c7c623a303b7365745f73657373696f6e5f69647c733a313a2234223b6c6f67676564696e7c623a313b),
('j5bie3j8d4v42f573pgk0sphkl076ccp', '::1', 1784007426, 0x5f5f63695f6c6173745f726567656e65726174657c693a313738343030373432363b6e616d657c733a31353a224d7273204164656c6f796520452e4f223b6c6f676765725f70686f746f7c733a33363a2232613633626464393563383861363130323739626234663532653131663261632e6a7067223b6c6f67676564696e5f6272616e63687c733a313a2231223b6c6f67676564696e5f656d61696c7c733a32313a22666f6c61626f6d6961646540676d61696c2e636f6d223b6c6f67676564696e5f69647c733a333a22363235223b6c6f67676564696e5f7573657269647c733a323a223233223b6c6f67676564696e5f726f6c655f69647c733a313a2232223b6c6f67676564696e5f747970657c733a353a227374616666223b7365745f6c616e677c733a373a22656e676c697368223b69735f72746c7c623a303b7365745f73657373696f6e5f69647c733a313a2234223b6c6f67676564696e7c623a313b),
('jamqakka8l02s3kg7a0j208vf8vlglvj', '::1', 1784262202, 0x5f5f63695f6c6173745f726567656e65726174657c693a313738343236323230323b),
('jm8d1pt00ra76mhivmhfovasa6qp47j7', '::1', 1784042490, 0x5f5f63695f6c6173745f726567656e65726174657c693a313738343034323439303b),
('jooi5lnjelfs170495d5abp5b29tse7c', '::1', 1784010761, 0x5f5f63695f6c6173745f726567656e65726174657c693a313738343031303736313b6e616d657c733a363a224564754d6163223b6c6f676765725f70686f746f7c733a33363a2239326531636566626634346132366337663162343865616530323433376437652e706e67223b6c6f67676564696e5f6272616e63687c4e3b6c6f67676564696e5f656d61696c7c733a32333a224d6163616e616c797469636e6740676d61696c2e636f6d223b6c6f67676564696e5f69647c733a313a2231223b6c6f67676564696e5f7573657269647c733a313a2231223b6c6f67676564696e5f726f6c655f69647c733a313a2231223b6c6f67676564696e5f747970657c733a353a227374616666223b7365745f6c616e677c733a373a22656e676c697368223b69735f72746c7c623a303b7365745f73657373696f6e5f69647c733a313a2234223b6c6f67676564696e7c623a313b),
('k082i9ao9ve624b9fgqnu9dq3k4dl4rg', '::1', 1784009237, 0x5f5f63695f6c6173745f726567656e65726174657c693a313738343030393233373b),
('k824pun5u48fam4865si062e8p12bh5l', '::1', 1784015881, 0x5f5f63695f6c6173745f726567656e65726174657c693a313738343031353838313b6e616d657c733a363a224564754d6163223b6c6f676765725f70686f746f7c733a33363a2239326531636566626634346132366337663162343865616530323433376437652e706e67223b6c6f67676564696e5f6272616e63687c4e3b6c6f67676564696e5f656d61696c7c733a32333a224d6163616e616c797469636e6740676d61696c2e636f6d223b6c6f67676564696e5f69647c733a313a2231223b6c6f67676564696e5f7573657269647c733a313a2231223b6c6f67676564696e5f726f6c655f69647c733a313a2231223b6c6f67676564696e5f747970657c733a353a227374616666223b7365745f6c616e677c733a373a22656e676c697368223b69735f72746c7c623a303b7365745f73657373696f6e5f69647c733a313a2234223b6c6f67676564696e7c623a313b),
('kbt150drheobr89jo7cutigr3t6jfoed', '::1', 1784019411, 0x5f5f63695f6c6173745f726567656e65726174657c693a313738343031393431313b),
('kgl9his0nq74qp2d19e8930sf8h6k0j7', '::1', 1784061959, 0x5f5f63695f6c6173745f726567656e65726174657c693a313738343036313935393b72656469726563745f75726c7c733a33373a22687474703a2f2f6564756d61632e6c6f63616c2f6578616d2f696d706f72745f6d61726b73223b),
('kk2q5tcbna7stvvn9vbkb58aa0bkjjo3', '::1', 1783973078, 0x5f5f63695f6c6173745f726567656e65726174657c693a313738333937333037383b616c6572742d6d6573736167652d6572726f727c733a33333a22557365726e616d65204f722050617373776f726420497320496e636f7272656374223b5f5f63695f766172737c613a313a7b733a31393a22616c6572742d6d6573736167652d6572726f72223b733a333a226f6c64223b7d),
('kl64v7s74v9enu75fl8bidmt3l58n9ra', '::1', 1784066554, 0x5f5f63695f6c6173745f726567656e65726174657c693a313738343036363535343b6e616d657c733a363a224564754d6163223b6c6f676765725f70686f746f7c733a33363a2239326531636566626634346132366337663162343865616530323433376437652e706e67223b6c6f67676564696e5f6272616e63687c4e3b6c6f67676564696e5f656d61696c7c733a32333a224d6163616e616c797469636e6740676d61696c2e636f6d223b6c6f67676564696e5f69647c733a313a2231223b6c6f67676564696e5f7573657269647c733a313a2231223b6c6f67676564696e5f726f6c655f69647c733a313a2231223b6c6f67676564696e5f747970657c733a353a227374616666223b7365745f6c616e677c733a373a22656e676c697368223b69735f72746c7c623a303b7365745f73657373696f6e5f69647c733a313a2234223b6c6f67676564696e7c623a313b),
('kotjvs84avsrjphp0dqcbvb6mna8lbmf', '::1', 1784116940, 0x5f5f63695f6c6173745f726567656e65726174657c693a313738343131363933393b72656469726563745f75726c7c733a34313a22687474703a2f2f6c6f63616c686f73742f4564756d61632f6578616d2f696d706f72745f6d61726b73223b);
INSERT INTO `rm_sessions` (`id`, `ip_address`, `timestamp`, `data`) VALUES
('kscsjpj03vi876d5av0aeplch96heaeg', '::1', 1784047260, 0x5f5f63695f6c6173745f726567656e65726174657c693a313738343034373236303b),
('kth1cljkdj0rrd282o7se73ofvr3m9b6', '::1', 1784030075, 0x5f5f63695f6c6173745f726567656e65726174657c693a313738343033303037353b6e616d657c733a363a224564754d6163223b6c6f676765725f70686f746f7c733a33363a2239326531636566626634346132366337663162343865616530323433376437652e706e67223b6c6f67676564696e5f6272616e63687c4e3b6c6f67676564696e5f656d61696c7c733a32333a224d6163616e616c797469636e6740676d61696c2e636f6d223b6c6f67676564696e5f69647c733a313a2231223b6c6f67676564696e5f7573657269647c733a313a2231223b6c6f67676564696e5f726f6c655f69647c733a313a2231223b6c6f67676564696e5f747970657c733a353a227374616666223b7365745f6c616e677c733a373a22656e676c697368223b69735f72746c7c623a303b7365745f73657373696f6e5f69647c733a313a2234223b6c6f67676564696e7c623a313b),
('lfv1u09o3g9vi3c8ge7fiabt9788dg96', '::1', 1783972587, 0x5f5f63695f6c6173745f726567656e65726174657c693a313738333937323538373b),
('m5s4ho6gdd9upurc0edkujpr2dup3auh', '::1', 1784023672, 0x5f5f63695f6c6173745f726567656e65726174657c693a313738343032333637323b),
('m9a47gbfppmg4fk60d2710p7tacbc7nm', '::1', 1784265990, 0x5f5f63695f6c6173745f726567656e65726174657c693a313738343236353730323b6e616d657c733a31353a224d7273204164656c6f796520452e4f223b6c6f676765725f70686f746f7c733a33363a2232613633626464393563383861363130323739626234663532653131663261632e6a7067223b6c6f67676564696e5f6272616e63687c733a313a2231223b6c6f67676564696e5f656d61696c7c733a32313a22666f6c61626f6d6961646540676d61696c2e636f6d223b6c6f67676564696e5f69647c733a333a22363235223b6c6f67676564696e5f7573657269647c733a323a223233223b6c6f67676564696e5f726f6c655f69647c733a313a2232223b6c6f67676564696e5f747970657c733a353a227374616666223b7365745f6c616e677c733a373a22656e676c697368223b69735f72746c7c623a303b7365745f73657373696f6e5f69647c733a313a2234223b6c6f67676564696e7c623a313b),
('mc7ohobq9s2tougdm978oo4b7s6r2sm5', '::1', 1783974391, 0x5f5f63695f6c6173745f726567656e65726174657c693a313738333937343339313b6e616d657c733a31353a224d7273204164656c6f796520452e4f223b6c6f676765725f70686f746f7c733a33363a2232613633626464393563383861363130323739626234663532653131663261632e6a7067223b6c6f67676564696e5f6272616e63687c733a313a2231223b6c6f67676564696e5f656d61696c7c733a32313a22666f6c61626f6d6961646540676d61696c2e636f6d223b6c6f67676564696e5f69647c733a333a22363235223b6c6f67676564696e5f7573657269647c733a323a223233223b6c6f67676564696e5f726f6c655f69647c733a313a2232223b6c6f67676564696e5f747970657c733a353a227374616666223b7365745f6c616e677c733a373a22656e676c697368223b69735f72746c7c623a303b7365745f73657373696f6e5f69647c733a313a2234223b6c6f67676564696e7c623a313b),
('mi6ce38ebvsg277qe4p9r3rbdjuqrnim', '::1', 1784350772, 0x5f5f63695f6c6173745f726567656e65726174657c693a313738343335303737323b6e616d657c733a31353a224d7273204164656c6f796520452e4f223b6c6f676765725f70686f746f7c733a33363a2232613633626464393563383861363130323739626234663532653131663261632e6a7067223b6c6f67676564696e5f6272616e63687c733a313a2231223b6c6f67676564696e5f656d61696c7c733a32313a22666f6c61626f6d6961646540676d61696c2e636f6d223b6c6f67676564696e5f69647c733a333a22363235223b6c6f67676564696e5f7573657269647c733a323a223233223b6c6f67676564696e5f726f6c655f69647c733a313a2232223b6c6f67676564696e5f747970657c733a353a227374616666223b7365745f6c616e677c733a373a22656e676c697368223b69735f72746c7c623a303b7365745f73657373696f6e5f69647c733a313a2234223b6c6f67676564696e7c623a313b),
('mjqll77jc1mlea8ss5ef17mdrqfmb68v', '::1', 1783972587, 0x5f5f63695f6c6173745f726567656e65726174657c693a313738333937323538373b),
('n1svljdl1pjlsnf8bs4hp9h602itk99p', '::1', 1784123498, 0x5f5f63695f6c6173745f726567656e65726174657c693a313738343132333439383b72656469726563745f75726c7c733a33333a22687474703a2f2f6c6f63616c686f73742f4564756d61632f64617368626f617264223b6e616d657c733a31353a224d7273204164656c6f796520452e4f223b6c6f676765725f70686f746f7c733a33363a2232613633626464393563383861363130323739626234663532653131663261632e6a7067223b6c6f67676564696e5f6272616e63687c733a313a2231223b6c6f67676564696e5f656d61696c7c733a32313a22666f6c61626f6d6961646540676d61696c2e636f6d223b6c6f67676564696e5f69647c733a333a22363235223b6c6f67676564696e5f7573657269647c733a323a223233223b6c6f67676564696e5f726f6c655f69647c733a313a2232223b6c6f67676564696e5f747970657c733a353a227374616666223b7365745f6c616e677c733a373a22656e676c697368223b69735f72746c7c623a303b7365745f73657373696f6e5f69647c733a313a2234223b6c6f67676564696e7c623a313b),
('n21lbp864rhm0i8hul7jfetm4kmor3tq', '::1', 1784121514, 0x5f5f63695f6c6173745f726567656e65726174657c693a313738343132313531343b6e616d657c733a31353a224d7273204164656c6f796520452e4f223b6c6f676765725f70686f746f7c733a33363a2232613633626464393563383861363130323739626234663532653131663261632e6a7067223b6c6f67676564696e5f6272616e63687c733a313a2231223b6c6f67676564696e5f656d61696c7c733a32313a22666f6c61626f6d6961646540676d61696c2e636f6d223b6c6f67676564696e5f69647c733a333a22363235223b6c6f67676564696e5f7573657269647c733a323a223233223b6c6f67676564696e5f726f6c655f69647c733a313a2232223b6c6f67676564696e5f747970657c733a353a227374616666223b7365745f6c616e677c733a373a22656e676c697368223b69735f72746c7c623a303b7365745f73657373696f6e5f69647c733a313a2234223b6c6f67676564696e7c623a313b),
('n46msssdaf2724eaf6vbfftp1d5n4upi', '::1', 1784023496, 0x5f5f63695f6c6173745f726567656e65726174657c693a313738343032333439363b),
('nci9on2vvduhichvgvgmsqrbqlqe7cbp', '::1', 1784019406, 0x5f5f63695f6c6173745f726567656e65726174657c693a313738343031393430363b6e616d657c733a363a224564754d6163223b6c6f676765725f70686f746f7c733a33363a2239326531636566626634346132366337663162343865616530323433376437652e706e67223b6c6f67676564696e5f6272616e63687c4e3b6c6f67676564696e5f656d61696c7c733a32333a224d6163616e616c797469636e6740676d61696c2e636f6d223b6c6f67676564696e5f69647c733a313a2231223b6c6f67676564696e5f7573657269647c733a313a2231223b6c6f67676564696e5f726f6c655f69647c733a313a2231223b6c6f67676564696e5f747970657c733a353a227374616666223b7365745f6c616e677c733a373a22656e676c697368223b69735f72746c7c623a303b7365745f73657373696f6e5f69647c733a313a2234223b6c6f67676564696e7c623a313b),
('ncsh9tqid1aha7eqclmmq04k9e4uurpo', '::1', 1784295070, 0x5f5f63695f6c6173745f726567656e65726174657c693a313738343239353037303b6e616d657c733a31353a224d7273204164656c6f796520452e4f223b6c6f676765725f70686f746f7c733a33363a2232613633626464393563383861363130323739626234663532653131663261632e6a7067223b6c6f67676564696e5f6272616e63687c733a313a2231223b6c6f67676564696e5f656d61696c7c733a32313a22666f6c61626f6d6961646540676d61696c2e636f6d223b6c6f67676564696e5f69647c733a333a22363235223b6c6f67676564696e5f7573657269647c733a323a223233223b6c6f67676564696e5f726f6c655f69647c733a313a2232223b6c6f67676564696e5f747970657c733a353a227374616666223b7365745f6c616e677c733a373a22656e676c697368223b69735f72746c7c623a303b7365745f73657373696f6e5f69647c733a313a2234223b6c6f67676564696e7c623a313b),
('o9oe74l0bc9csreofec568esajmh27dk', '::1', 1784120728, 0x5f5f63695f6c6173745f726567656e65726174657c693a313738343132303732383b6e616d657c733a363a224564754d6163223b6c6f676765725f70686f746f7c733a33363a2239326531636566626634346132366337663162343865616530323433376437652e706e67223b6c6f67676564696e5f6272616e63687c4e3b6c6f67676564696e5f656d61696c7c733a32333a224d6163616e616c797469636e6740676d61696c2e636f6d223b6c6f67676564696e5f69647c733a313a2231223b6c6f67676564696e5f7573657269647c733a313a2231223b6c6f67676564696e5f726f6c655f69647c733a313a2231223b6c6f67676564696e5f747970657c733a353a227374616666223b7365745f6c616e677c733a373a22656e676c697368223b69735f72746c7c623a303b7365745f73657373696f6e5f69647c733a313a2234223b6c6f67676564696e7c623a313b),
('oc58peh8hlibu5m1bj458r8ujan5tlf1', '::1', 1784121093, 0x5f5f63695f6c6173745f726567656e65726174657c693a313738343132313039333b6e616d657c733a363a224564754d6163223b6c6f676765725f70686f746f7c733a33363a2239326531636566626634346132366337663162343865616530323433376437652e706e67223b6c6f67676564696e5f6272616e63687c4e3b6c6f67676564696e5f656d61696c7c733a32333a224d6163616e616c797469636e6740676d61696c2e636f6d223b6c6f67676564696e5f69647c733a313a2231223b6c6f67676564696e5f7573657269647c733a313a2231223b6c6f67676564696e5f726f6c655f69647c733a313a2231223b6c6f67676564696e5f747970657c733a353a227374616666223b7365745f6c616e677c733a373a22656e676c697368223b69735f72746c7c623a303b7365745f73657373696f6e5f69647c733a313a2234223b6c6f67676564696e7c623a313b),
('oee2qf3qlrchtvc41dhaa87425j4iejp', '::1', 1784047257, 0x5f5f63695f6c6173745f726567656e65726174657c693a313738343034373235373b),
('oj6fb6h79a16oh79n5je07s4i12nlsbk', '::1', 1784026438, 0x5f5f63695f6c6173745f726567656e65726174657c693a313738343032363433383b6e616d657c733a363a224564754d6163223b6c6f676765725f70686f746f7c733a33363a2239326531636566626634346132366337663162343865616530323433376437652e706e67223b6c6f67676564696e5f6272616e63687c4e3b6c6f67676564696e5f656d61696c7c733a32333a224d6163616e616c797469636e6740676d61696c2e636f6d223b6c6f67676564696e5f69647c733a313a2231223b6c6f67676564696e5f7573657269647c733a313a2231223b6c6f67676564696e5f726f6c655f69647c733a313a2231223b6c6f67676564696e5f747970657c733a353a227374616666223b7365745f6c616e677c733a373a22656e676c697368223b69735f72746c7c623a303b7365745f73657373696f6e5f69647c733a313a2234223b6c6f67676564696e7c623a313b),
('ovgdm6m7dihlaaqe35rh13i84e5fsmgq', '::1', 1784029789, 0x5f5f63695f6c6173745f726567656e65726174657c693a313738343032393738393b6e616d657c733a363a224564754d6163223b6c6f676765725f70686f746f7c733a33363a2239326531636566626634346132366337663162343865616530323433376437652e706e67223b6c6f67676564696e5f6272616e63687c733a313a2231223b6c6f67676564696e5f656d61696c7c733a32333a224d6163616e616c797469636e6740676d61696c2e636f6d223b6c6f67676564696e5f69647c733a313a2231223b6c6f67676564696e5f7573657269647c733a313a2231223b6c6f67676564696e5f726f6c655f69647c733a313a2231223b6c6f67676564696e5f747970657c733a353a227374616666223b7365745f6c616e677c733a373a22656e676c697368223b69735f72746c7c623a303b7365745f73657373696f6e5f69647c733a313a2234223b6c6f67676564696e7c623a313b6c6173745f73657373696f6e5f6175746f5f72756e7c693a313738343032393133313b),
('p1q09k5053lspfuvr2hr1bdiph971l3a', '::1', 1783974392, 0x5f5f63695f6c6173745f726567656e65726174657c693a313738333937343339313b),
('p1vtunpkpgq6eu4rcpt880o1nqketb3t', '::1', 1784015569, 0x5f5f63695f6c6173745f726567656e65726174657c693a313738343031353536393b6e616d657c733a363a224564754d6163223b6c6f676765725f70686f746f7c733a33363a2239326531636566626634346132366337663162343865616530323433376437652e706e67223b6c6f67676564696e5f6272616e63687c4e3b6c6f67676564696e5f656d61696c7c733a32333a224d6163616e616c797469636e6740676d61696c2e636f6d223b6c6f67676564696e5f69647c733a313a2231223b6c6f67676564696e5f7573657269647c733a313a2231223b6c6f67676564696e5f726f6c655f69647c733a313a2231223b6c6f67676564696e5f747970657c733a353a227374616666223b7365745f6c616e677c733a373a22656e676c697368223b69735f72746c7c623a303b7365745f73657373696f6e5f69647c733a313a2234223b6c6f67676564696e7c623a313b),
('p342h6etugskrsv5a7a3t8o7u6smn1pm', '::1', 1784047259, 0x5f5f63695f6c6173745f726567656e65726174657c693a313738343034373235393b),
('p3k655noejrm8c8lr6e4djs1cg1nsi4s', '::1', 1784008502, 0x5f5f63695f6c6173745f726567656e65726174657c693a313738343030383530323b),
('p47ctjprqh4fcn3ce54sehkfeub6ihhi', '::1', 1784042489, 0x5f5f63695f6c6173745f726567656e65726174657c693a313738343034323438393b),
('p9kkopr892id73j4at857fidgqj44lls', '::1', 1784029461, 0x5f5f63695f6c6173745f726567656e65726174657c693a313738343032393436313b6e616d657c733a363a224564754d6163223b6c6f676765725f70686f746f7c733a33363a2239326531636566626634346132366337663162343865616530323433376437652e706e67223b6c6f67676564696e5f6272616e63687c4e3b6c6f67676564696e5f656d61696c7c733a32333a224d6163616e616c797469636e6740676d61696c2e636f6d223b6c6f67676564696e5f69647c733a313a2231223b6c6f67676564696e5f7573657269647c733a313a2231223b6c6f67676564696e5f726f6c655f69647c733a313a2231223b6c6f67676564696e5f747970657c733a353a227374616666223b7365745f6c616e677c733a373a22656e676c697368223b69735f72746c7c623a303b7365745f73657373696f6e5f69647c733a313a2234223b6c6f67676564696e7c623a313b6c6173745f73657373696f6e5f6175746f5f72756e7c693a313738343032393133313b),
('p9vv0bbemj97qr9f84m736o7duanohh6', '::1', 1784068657, 0x5f5f63695f6c6173745f726567656e65726174657c693a313738343036383532363b72656469726563745f75726c7c733a33373a22687474703a2f2f6564756d61632e6c6f63616c2f6578616d2f696d706f72745f6d61726b73223b6e616d657c733a31353a224d7273204164656c6f796520452e4f223b6c6f676765725f70686f746f7c733a33363a2232613633626464393563383861363130323739626234663532653131663261632e6a7067223b6c6f67676564696e5f6272616e63687c733a313a2231223b6c6f67676564696e5f656d61696c7c733a32313a22666f6c61626f6d6961646540676d61696c2e636f6d223b6c6f67676564696e5f69647c733a333a22363235223b6c6f67676564696e5f7573657269647c733a323a223233223b6c6f67676564696e5f726f6c655f69647c733a313a2232223b6c6f67676564696e5f747970657c733a353a227374616666223b7365745f6c616e677c733a373a22656e676c697368223b69735f72746c7c623a303b7365745f73657373696f6e5f69647c733a313a2234223b6c6f67676564696e7c623a313b),
('ph62cm54p18kq6kk2vcl02ffemu2vb4r', '::1', 1783974392, 0x5f5f63695f6c6173745f726567656e65726174657c693a313738333937343339323b),
('plp8qejikdvelhgb5369s95t1260f7v4', '::1', 1784068693, 0x5f5f63695f6c6173745f726567656e65726174657c693a313738343036383133333b6e616d657c733a31353a224d7273204164656c6f796520452e4f223b6c6f676765725f70686f746f7c733a33363a2232613633626464393563383861363130323739626234663532653131663261632e6a7067223b6c6f67676564696e5f6272616e63687c733a313a2231223b6c6f67676564696e5f656d61696c7c733a32313a22666f6c61626f6d6961646540676d61696c2e636f6d223b6c6f67676564696e5f69647c733a333a22363235223b6c6f67676564696e5f7573657269647c733a323a223233223b6c6f67676564696e5f726f6c655f69647c733a313a2232223b6c6f67676564696e5f747970657c733a353a227374616666223b7365745f6c616e677c733a373a22656e676c697368223b69735f72746c7c623a303b7365745f73657373696f6e5f69647c733a313a2234223b6c6f67676564696e7c623a313b),
('ptpofpsvh42c67bqtnbf2clc25c7vc8v', '::1', 1784279061, 0x5f5f63695f6c6173745f726567656e65726174657c693a313738343237393035363b6e616d657c733a31353a224d7273204164656c6f796520452e4f223b6c6f676765725f70686f746f7c733a33363a2232613633626464393563383861363130323739626234663532653131663261632e6a7067223b6c6f67676564696e5f6272616e63687c733a313a2231223b6c6f67676564696e5f656d61696c7c733a32313a22666f6c61626f6d6961646540676d61696c2e636f6d223b6c6f67676564696e5f69647c733a333a22363235223b6c6f67676564696e5f7573657269647c733a323a223233223b6c6f67676564696e5f726f6c655f69647c733a313a2232223b6c6f67676564696e5f747970657c733a353a227374616666223b7365745f6c616e677c733a373a22656e676c697368223b69735f72746c7c623a303b7365745f73657373696f6e5f69647c733a313a2234223b6c6f67676564696e7c623a313b),
('qc42tpiks6ath7pt0h3if0ingqrjms1v', '::1', 1784265703, 0x5f5f63695f6c6173745f726567656e65726174657c693a313738343236353730323b),
('qeenbsss3ns5gog4uajftbgi68an3kje', '::1', 1784042481, 0x5f5f63695f6c6173745f726567656e65726174657c693a313738343034323438313b),
('qfldspnat6rv1qj6fn2p1rli3msu23vd', '::1', 1783976233, 0x5f5f63695f6c6173745f726567656e65726174657c693a313738333937363233333b6e616d657c733a31353a224d7273204164656c6f796520452e4f223b6c6f676765725f70686f746f7c733a33363a2232613633626464393563383861363130323739626234663532653131663261632e6a7067223b6c6f67676564696e5f6272616e63687c733a313a2231223b6c6f67676564696e5f656d61696c7c733a32313a22666f6c61626f6d6961646540676d61696c2e636f6d223b6c6f67676564696e5f69647c733a333a22363235223b6c6f67676564696e5f7573657269647c733a323a223233223b6c6f67676564696e5f726f6c655f69647c733a313a2232223b6c6f67676564696e5f747970657c733a353a227374616666223b7365745f6c616e677c733a373a22656e676c697368223b69735f72746c7c623a303b7365745f73657373696f6e5f69647c733a313a2234223b6c6f67676564696e7c623a313b),
('qi4htnrkjns9uep0a8d9a3v5a1u0egjd', '::1', 1784316441, 0x5f5f63695f6c6173745f726567656e65726174657c693a313738343331363336323b),
('qm1h54ihktfkta77jkcctmgfe60sne58', '::1', 1784273206, 0x5f5f63695f6c6173745f726567656e65726174657c693a313738343237333230363b),
('r2ooj2bpt9537o729pksklbbuu0qkdev', '::1', 1784064935, 0x5f5f63695f6c6173745f726567656e65726174657c693a313738343036343933353b72656469726563745f75726c7c733a33373a22687474703a2f2f6564756d61632e6c6f63616c2f6578616d2f696d706f72745f6d61726b73223b6e616d657c733a31353a224d7273204164656c6f796520452e4f223b6c6f676765725f70686f746f7c733a33363a2232613633626464393563383861363130323739626234663532653131663261632e6a7067223b6c6f67676564696e5f6272616e63687c733a313a2231223b6c6f67676564696e5f656d61696c7c733a32313a22666f6c61626f6d6961646540676d61696c2e636f6d223b6c6f67676564696e5f69647c733a333a22363235223b6c6f67676564696e5f7573657269647c733a323a223233223b6c6f67676564696e5f726f6c655f69647c733a313a2232223b6c6f67676564696e5f747970657c733a353a227374616666223b7365745f6c616e677c733a373a22656e676c697368223b69735f72746c7c623a303b7365745f73657373696f6e5f69647c733a313a2234223b6c6f67676564696e7c623a313b),
('r3gu6j11pfc7t5ckob85s2j0iln3uti5', '::1', 1783974030, 0x5f5f63695f6c6173745f726567656e65726174657c693a313738333937343033303b6e616d657c733a31353a224d7273204164656c6f796520452e4f223b6c6f676765725f70686f746f7c733a33363a2232613633626464393563383861363130323739626234663532653131663261632e6a7067223b6c6f67676564696e5f6272616e63687c733a313a2231223b6c6f67676564696e5f656d61696c7c733a32313a22666f6c61626f6d6961646540676d61696c2e636f6d223b6c6f67676564696e5f69647c733a333a22363235223b6c6f67676564696e5f7573657269647c733a323a223233223b6c6f67676564696e5f726f6c655f69647c733a313a2232223b6c6f67676564696e5f747970657c733a353a227374616666223b7365745f6c616e677c733a373a22656e676c697368223b69735f72746c7c623a303b7365745f73657373696f6e5f69647c733a313a2234223b6c6f67676564696e7c623a313b),
('r7n71kejb7sfdo2usdcpl4g5t4tembfk', '::1', 1784017942, 0x5f5f63695f6c6173745f726567656e65726174657c693a313738343031373934323b),
('rk3tuldg68nkfn5v2tpus28bhg3rlcve', '::1', 1784286698, 0x5f5f63695f6c6173745f726567656e65726174657c693a313738343238363639373b),
('rpucqodhl7d171fbu8vmmpk54d032nci', '::1', 1783976700, 0x5f5f63695f6c6173745f726567656e65726174657c693a313738333937363730303b616c6572742d6d6573736167652d6572726f727c733a33333a22557365726e616d65204f722050617373776f726420497320496e636f7272656374223b5f5f63695f766172737c613a313a7b733a31393a22616c6572742d6d6573736167652d6572726f72223b733a333a226f6c64223b7d),
('rti7164j3eu8c6sg97jfr1lamd6n8ft6', '::1', 1784316441, 0x5f5f63695f6c6173745f726567656e65726174657c693a313738343331363434313b),
('sidtp34hta4idmfh3ri815jvuaqk8fg1', '::1', 1783977126, 0x5f5f63695f6c6173745f726567656e65726174657c693a313738333937373132363b6e616d657c733a31353a224d7273204164656c6f796520452e4f223b6c6f676765725f70686f746f7c733a33363a2232613633626464393563383861363130323739626234663532653131663261632e6a7067223b6c6f67676564696e5f6272616e63687c733a313a2231223b6c6f67676564696e5f656d61696c7c733a32313a22666f6c61626f6d6961646540676d61696c2e636f6d223b6c6f67676564696e5f69647c733a333a22363235223b6c6f67676564696e5f7573657269647c733a323a223233223b6c6f67676564696e5f726f6c655f69647c733a313a2232223b6c6f67676564696e5f747970657c733a353a227374616666223b7365745f6c616e677c733a373a22656e676c697368223b69735f72746c7c623a303b7365745f73657373696f6e5f69647c733a313a2234223b6c6f67676564696e7c623a313b),
('ski9t9dsnvev7aro4n7ra4ccr89daltq', '::1', 1784059852, 0x5f5f63695f6c6173745f726567656e65726174657c693a313738343035393835313b72656469726563745f75726c7c733a33383a22687474703a2f2f6c6f63616c686f73742f6663686373706f7274616c2f64617368626f617264223b),
('stdu0gkj2citqcs1diuumn9gu251r5vc', '::1', 1784015598, 0x5f5f63695f6c6173745f726567656e65726174657c693a313738343031353539383b),
('stobjnkkhbf6s2fvp046qh5ari82cvic', '::1', 1784027087, 0x5f5f63695f6c6173745f726567656e65726174657c693a313738343032373038373b6e616d657c733a363a224564754d6163223b6c6f676765725f70686f746f7c733a33363a2239326531636566626634346132366337663162343865616530323433376437652e706e67223b6c6f67676564696e5f6272616e63687c4e3b6c6f67676564696e5f656d61696c7c733a32333a224d6163616e616c797469636e6740676d61696c2e636f6d223b6c6f67676564696e5f69647c733a313a2231223b6c6f67676564696e5f7573657269647c733a313a2231223b6c6f67676564696e5f726f6c655f69647c733a313a2231223b6c6f67676564696e5f747970657c733a353a227374616666223b7365745f6c616e677c733a373a22656e676c697368223b69735f72746c7c623a303b7365745f73657373696f6e5f69647c733a313a2234223b6c6f67676564696e7c623a313b),
('t44v17r8vkh60ti56jgl170koe24dbgn', '::1', 1784277673, 0x5f5f63695f6c6173745f726567656e65726174657c693a313738343237373636393b72656469726563745f75726c7c733a34343a22687474703a2f2f6564756d61632e6c6f63616c2f617474656e64616e63652f6578706f72745f696d706f7274223b),
('tf6b1ahekgqbbtko9n08759ve2skj10q', '::1', 1784299075, 0x5f5f63695f6c6173745f726567656e65726174657c693a313738343239393037353b6e616d657c733a31353a224d7273204164656c6f796520452e4f223b6c6f676765725f70686f746f7c733a33363a2232613633626464393563383861363130323739626234663532653131663261632e6a7067223b6c6f67676564696e5f6272616e63687c733a313a2231223b6c6f67676564696e5f656d61696c7c733a32313a22666f6c61626f6d6961646540676d61696c2e636f6d223b6c6f67676564696e5f69647c733a333a22363235223b6c6f67676564696e5f7573657269647c733a323a223233223b6c6f67676564696e5f726f6c655f69647c733a313a2232223b6c6f67676564696e5f747970657c733a353a227374616666223b7365745f6c616e677c733a373a22656e676c697368223b69735f72746c7c623a303b7365745f73657373696f6e5f69647c733a313a2234223b6c6f67676564696e7c623a313b),
('toh2lt4uq8bp91ad5fd78f9l58tk3qla', '::1', 1784268340, 0x5f5f63695f6c6173745f726567656e65726174657c693a313738343236383334303b6e616d657c733a31353a224d7273204164656c6f796520452e4f223b6c6f676765725f70686f746f7c733a33363a2232613633626464393563383861363130323739626234663532653131663261632e6a7067223b6c6f67676564696e5f6272616e63687c733a313a2231223b6c6f67676564696e5f656d61696c7c733a32313a22666f6c61626f6d6961646540676d61696c2e636f6d223b6c6f67676564696e5f69647c733a333a22363235223b6c6f67676564696e5f7573657269647c733a323a223233223b6c6f67676564696e5f726f6c655f69647c733a313a2232223b6c6f67676564696e5f747970657c733a353a227374616666223b7365745f6c616e677c733a373a22656e676c697368223b69735f72746c7c623a303b7365745f73657373696f6e5f69647c733a313a2234223b6c6f67676564696e7c623a313b),
('u1t2a8vbjjhjhglrqu277uv85hbguab3', '::1', 1784035992, 0x5f5f63695f6c6173745f726567656e65726174657c693a313738343033353936393b6e616d657c733a31353a224d7273204164656c6f796520452e4f223b6c6f676765725f70686f746f7c733a33363a2232613633626464393563383861363130323739626234663532653131663261632e6a7067223b6c6f67676564696e5f6272616e63687c733a313a2231223b6c6f67676564696e5f656d61696c7c733a32313a22666f6c61626f6d6961646540676d61696c2e636f6d223b6c6f67676564696e5f69647c733a333a22363235223b6c6f67676564696e5f7573657269647c733a323a223233223b6c6f67676564696e5f726f6c655f69647c733a313a2232223b6c6f67676564696e5f747970657c733a353a227374616666223b7365745f6c616e677c733a373a22656e676c697368223b69735f72746c7c623a303b7365745f73657373696f6e5f69647c733a313a2234223b6c6f67676564696e7c623a313b),
('u2a9n8tg1io4vgu09klehr5ag0ed06k2', '::1', 1784123135, 0x5f5f63695f6c6173745f726567656e65726174657c693a313738343132333133353b72656469726563745f75726c7c733a33333a22687474703a2f2f6c6f63616c686f73742f4564756d61632f64617368626f617264223b616c6572742d6d6573736167652d6572726f727c733a33333a22557365726e616d65204f722050617373776f726420497320496e636f7272656374223b5f5f63695f766172737c613a313a7b733a31393a22616c6572742d6d6573736167652d6572726f72223b733a333a226f6c64223b7d),
('u42q7dpb8iako46p482hjeve1q7cq54l', '::1', 1784118379, 0x5f5f63695f6c6173745f726567656e65726174657c693a313738343131383337393b72656469726563745f75726c7c733a33373a22687474703a2f2f6564756d61632e6c6f63616c2f6578616d2f696d706f72745f6d61726b73223b),
('u5q4su3olte90cs8bqqbtnmoqfd2r93d', '::1', 1784034391, 0x5f5f63695f6c6173745f726567656e65726174657c693a313738343033343339313b6e616d657c733a31353a224d7273204164656c6f796520452e4f223b6c6f676765725f70686f746f7c733a33363a2232613633626464393563383861363130323739626234663532653131663261632e6a7067223b6c6f67676564696e5f6272616e63687c733a313a2231223b6c6f67676564696e5f656d61696c7c733a32313a22666f6c61626f6d6961646540676d61696c2e636f6d223b6c6f67676564696e5f69647c733a333a22363235223b6c6f67676564696e5f7573657269647c733a323a223233223b6c6f67676564696e5f726f6c655f69647c733a313a2232223b6c6f67676564696e5f747970657c733a353a227374616666223b7365745f6c616e677c733a373a22656e676c697368223b69735f72746c7c623a303b7365745f73657373696f6e5f69647c733a313a2234223b6c6f67676564696e7c623a313b),
('ua217b41lb8p1ov3iqn40n8nesctkro2', '::1', 1784301386, 0x5f5f63695f6c6173745f726567656e65726174657c693a313738343330313330303b6e616d657c733a31353a224d7273204164656c6f796520452e4f223b6c6f676765725f70686f746f7c733a33363a2232613633626464393563383861363130323739626234663532653131663261632e6a7067223b6c6f67676564696e5f6272616e63687c733a313a2231223b6c6f67676564696e5f656d61696c7c733a32313a22666f6c61626f6d6961646540676d61696c2e636f6d223b6c6f67676564696e5f69647c733a333a22363235223b6c6f67676564696e5f7573657269647c733a323a223233223b6c6f67676564696e5f726f6c655f69647c733a313a2232223b6c6f67676564696e5f747970657c733a353a227374616666223b7365745f6c616e677c733a373a22656e676c697368223b69735f72746c7c623a303b7365745f73657373696f6e5f69647c733a313a2234223b6c6f67676564696e7c623a313b6c6173745f73657373696f6e5f6175746f5f72756e7c693a313738343239393038313b),
('ue91teka7n7s34o5ea4pu912qmmh528s', '::1', 1784020223, 0x5f5f63695f6c6173745f726567656e65726174657c693a313738343032303232333b6e616d657c733a363a224564754d6163223b6c6f676765725f70686f746f7c733a33363a2239326531636566626634346132366337663162343865616530323433376437652e706e67223b6c6f67676564696e5f6272616e63687c4e3b6c6f67676564696e5f656d61696c7c733a32333a224d6163616e616c797469636e6740676d61696c2e636f6d223b6c6f67676564696e5f69647c733a313a2231223b6c6f67676564696e5f7573657269647c733a313a2231223b6c6f67676564696e5f726f6c655f69647c733a313a2231223b6c6f67676564696e5f747970657c733a353a227374616666223b7365745f6c616e677c733a373a22656e676c697368223b69735f72746c7c623a303b7365745f73657373696f6e5f69647c733a313a2234223b6c6f67676564696e7c623a313b),
('uidkenfiho4949l62o996nthemr0jjht', '::1', 1784015890, 0x5f5f63695f6c6173745f726567656e65726174657c693a313738343031353839303b),
('ulctqn3j18485v3sctnf01k9vpn4hmb0', '::1', 1784009186, 0x5f5f63695f6c6173745f726567656e65726174657c693a313738343030393138363b6e616d657c733a363a224564754d6163223b6c6f676765725f70686f746f7c733a33363a2239326531636566626634346132366337663162343865616530323433376437652e706e67223b6c6f67676564696e5f6272616e63687c4e3b6c6f67676564696e5f656d61696c7c733a32333a224d6163616e616c797469636e6740676d61696c2e636f6d223b6c6f67676564696e5f69647c733a313a2231223b6c6f67676564696e5f7573657269647c733a313a2231223b6c6f67676564696e5f726f6c655f69647c733a313a2231223b6c6f67676564696e5f747970657c733a353a227374616666223b7365745f6c616e677c733a373a22656e676c697368223b69735f72746c7c623a303b7365745f73657373696f6e5f69647c733a313a2234223b6c6f67676564696e7c623a313b),
('un5o2adlef648q0s68lj75b6umddr6pi', '::1', 1784009944, 0x5f5f63695f6c6173745f726567656e65726174657c693a313738343030393934343b6e616d657c733a363a224564754d6163223b6c6f676765725f70686f746f7c733a33363a2239326531636566626634346132366337663162343865616530323433376437652e706e67223b6c6f67676564696e5f6272616e63687c4e3b6c6f67676564696e5f656d61696c7c733a32333a224d6163616e616c797469636e6740676d61696c2e636f6d223b6c6f67676564696e5f69647c733a313a2231223b6c6f67676564696e5f7573657269647c733a313a2231223b6c6f67676564696e5f726f6c655f69647c733a313a2231223b6c6f67676564696e5f747970657c733a353a227374616666223b7365745f6c616e677c733a373a22656e676c697368223b69735f72746c7c623a303b7365745f73657373696f6e5f69647c733a313a2234223b6c6f67676564696e7c623a313b),
('usld76l71n426th0ib1oaaku9k7kh78q', '::1', 1784020244, 0x5f5f63695f6c6173745f726567656e65726174657c693a313738343032303234343b);

-- --------------------------------------------------------

--
-- Table structure for table `roles`
--

CREATE TABLE IF NOT EXISTS `roles` (
  `id` int NOT NULL AUTO_INCREMENT,
  `name` varchar(50) NOT NULL,
  `prefix` varchar(50) DEFAULT NULL,
  `is_system` varchar(10) NOT NULL,
  PRIMARY KEY (`id`)
) ENGINE=InnoDB AUTO_INCREMENT=11 DEFAULT CHARSET=utf8mb3;

--
-- Dumping data for table `roles`
--

INSERT INTO `roles` (`id`, `name`, `prefix`, `is_system`) VALUES
(1, 'Super Admin', 'superadmin', '1'),
(2, 'GeneralAdmin', 'generaladmin', '1'),
(3, 'Teacher', 'teacher', '1'),
(4, 'Accountant', 'accountant', '1'),
(5, 'Librarian', 'librarian', '1'),
(6, 'Parent', 'parent', '1'),
(7, 'Student', 'student', '1'),
(8, 'Receptionist', 'receptionist', '1'),
(9, 'SchoolAdmin', 'schooladmin', '0'),
(10, 'Staffs', 'staffs', '0');

-- --------------------------------------------------------

--
-- Table structure for table `saas_cms_faq_list`
--

CREATE TABLE IF NOT EXISTS `saas_cms_faq_list` (
  `id` int NOT NULL AUTO_INCREMENT,
  `title` varchar(255) DEFAULT NULL,
  `description` text,
  `created_at` datetime NOT NULL DEFAULT CURRENT_TIMESTAMP,
  PRIMARY KEY (`id`)
) ENGINE=InnoDB AUTO_INCREMENT=10 DEFAULT CHARSET=utf8mb3;

--
-- Dumping data for table `saas_cms_faq_list`
--

INSERT INTO `saas_cms_faq_list` (`id`, `title`, `description`, `created_at`) VALUES
(1, 'How does your AI-powered software differ from traditional school management systems?', '<p><span xss=removed>Our AI-powered software goes beyond basic data management. It provides predictive analytics, automated insights, and intelligent recommendations that help schools make proactive decisions rather than reactive ones.</span></p>', '2025-09-19 07:44:00'),
(2, 'Can your financial module really prevent revenue leakages?', '<p><span xss=\"removed\">Absolutely. Our EduMac module uses AI to analyze financial patterns, detect anomalies, and spot potential revenue leaks while optimizing resource allocation. It offers a comprehensive view of your school\'s finances, helping identify and prevent potential leakages while optimizing revenue streams.</span></p>', '2025-09-19 07:44:59'),
(3, 'How does the AI-powered grading system work for essay questions?', '<p><span xss=removed>Our Grade system uses advanced natural language processing to evaluate essay responses based on content quality, structure, grammar, and relevance to the question. It provides detailed feedback and generates personalized comments for each student.</span></p>', '2025-09-19 07:46:02'),
(4, 'Is the software secure and compliant with data protection regulations?', '<p><span xss=removed>Yes, we prioritize data security with end-to-end encryption, secure cloud infrastructure, and compliance with international data protection standards. All student and school data is protected with bank-level security measures.</span></p>', '2025-09-19 07:46:44'),
(5, 'Can we integrate this software with our existing systems?', '<p><span xss=removed>Our platform is designed with flexibility in mind. We offer APIs and integration capabilities that allow seamless connection with most existing school management systems, accounting software, and educational tools.</span></p>', '2025-09-19 07:47:42'),
(6, 'What kind of support do you offer after implementation?', '<p><span xss=removed>We provide comprehensive support including 24/7 technical assistance, regular training sessions, system updates, and a dedicated account manager for enterprise clients. Our support team is always ready to help you maximize the platform\'s potential.</span></p>', '2025-09-19 07:48:13'),
(7, 'How Does the CBT system work?', '<p><span xss=removed>Teachers upload questions and specify the options and correct option. Questions could be multiple choice, single choice or even fill in the blanks. Exams are scheduled with time and students login to take the tests/exams. Their time ticks down and logs them out when time is up. Results are generated instantly. It works pretty much like the jamb CBT or other external exams CBT.</span></p>', '2025-10-22 01:17:15'),
(8, 'What are the gadgets we will need to purchase?', '<div class=\"jsx-62734638c275cee9 px-6 pb-6\" xss=removed><p class=\"jsx-62734638c275cee9 text-gray-600 leading-relaxed\" xss=removed>You don\'t need any special gadgets. A basic smart phone with good internet is okay. You could make use of your laptop web too.</p></div>', '2025-10-22 01:18:32'),
(9, 'Is My School Data Safe?', '<div class=\"jsx-62734638c275cee9 px-6 pb-6\" xss=removed><p class=\"jsx-62734638c275cee9 text-gray-600 leading-relaxed\" xss=removed>Your school data is safe. EduMac employs cutting edge internet security measures and you have nothing to worry about. More than 1,000 schools trust us and that\'s why we\'re the largest school management software in Nigeria.</p></div>', '2025-10-22 01:19:48');

-- --------------------------------------------------------

--
-- Table structure for table `saas_cms_features`
--

CREATE TABLE IF NOT EXISTS `saas_cms_features` (
  `id` int NOT NULL AUTO_INCREMENT,
  `title` varchar(255) DEFAULT NULL,
  `description` text,
  `icon` varchar(255) DEFAULT NULL,
  `created_at` datetime NOT NULL DEFAULT CURRENT_TIMESTAMP,
  PRIMARY KEY (`id`)
) ENGINE=InnoDB AUTO_INCREMENT=9 DEFAULT CHARSET=utf8mb3;

--
-- Dumping data for table `saas_cms_features`
--

INSERT INTO `saas_cms_features` (`id`, `title`, `description`, `icon`, `created_at`) VALUES
(1, 'Advanced Management System', 'Complete student information system with academic records, behavioral tracking, and parent communication. Streamlined grading system with automated calculations and grade book management for Nigerian curriculum standards.', 'fas fa-card', '2023-03-14 19:17:42'),
(3, 'School Subscription', 'EduMac is completely online, we do not install on your computers. As a matter of fact, the software will still work for you if you have no computers. Your teachers can use their phones and tablets', 'fas fa-sitemap', '2023-03-14 19:17:42'),
(4, 'Online Payment Gateway', 'Integrated Paystack and Flutterwave support for school fees, with automated receipt generation and parent notifications. Complete staff payroll system with Nigerian tax calculations, pension contributions, and automated salary processing.', 'fas fa-credit-card', '2023-03-14 19:17:42'),
(5, 'ID Card Generator & QR Attendance', 'EduMac Management is an all-in-one school management software designed for affordability, user-friendliness, and efficiency. From admission, ID card Generator to graduation and beyond, QR Attendance. EduMac streamlines every school operation with ease.', 'fas fa-id-card-alt', '2023-03-14 19:17:42'),
(6, 'Online Exam / CBT Exam', 'Create and manage CBT exams similar to JAMB format with automated grading and instant result generation. Generate comprehensive reports for academic performance, attendance, and financial records with WAEC compliance.', 'fas fa-headphones', '2023-03-14 19:17:42'),
(8, 'Maby More', 'Different Exams per Subject – Flexibility to set multiple exam types (midterm, final, test) across various subjects. Keep parents informed with automated SMS notifications for attendance, grades, school announcements, and fee reminders.', 'fas fa-qrcode', '2025-09-21 12:14:20');

-- --------------------------------------------------------

--
-- Table structure for table `saas_email_templates`
--

CREATE TABLE IF NOT EXISTS `saas_email_templates` (
  `id` int NOT NULL AUTO_INCREMENT,
  `name` varchar(255) NOT NULL,
  `subject` varchar(255) DEFAULT NULL,
  `template_body` text,
  `notified` tinyint(1) NOT NULL DEFAULT '0',
  `tags` text NOT NULL,
  PRIMARY KEY (`id`)
) ENGINE=InnoDB AUTO_INCREMENT=5 DEFAULT CHARSET=utf8mb3;

--
-- Dumping data for table `saas_email_templates`
--

INSERT INTO `saas_email_templates` (`id`, `name`, `subject`, `template_body`, `notified`, `tags`) VALUES
(1, 'school_registered', 'Submit School Registered Form', '<p><span xss=removed>{institute_name}, {admin_name}, {login_username}, {password}, {school_name},.</span></p>', 1, '{institute_name}, {admin_name}, {login_username}, {password}, {school_name}, {plan_name}, {invoice_url}, {payment_url}, {reference_no}, {date}, {fees_amount}'),
(2, 'school_subscription_payment_confirmation', 'School Subscription Payment Confirmation', '<p>Thank you <span xss=removed>{institute_name}</span> for making payment.</p><p><span xss=removed> {admin_name} {school_name}  {plan_name} {invoice_url} {reference_no} {date} {paid_amount}</span></p>', 0, '{institute_name}, {admin_name},  {school_name}, {plan_name}, {invoice_url}, {reference_no}, {date}, {paid_amount}'),
(3, 'school_subscription_approval_confirmation', 'School Subscription Approval Confirmation', '<p>Hello <span xss=removed>{school_name}</span> Your School Subscription Has being Approval</p><p>Find be below your details</p><p><span xss=removed> {login_username}, {password}</span></p><p><span xss=removed>{plan_name}, {invoice_url}, {reference_no}, {subscription_start_date}, {subscription_expiry_date}, {paid_amount}</span><span xss=removed></span></p>', 0, '{institute_name}, {admin_name}, {login_username}, {password}, {school_name}, {plan_name}, {invoice_url}, {reference_no}, {subscription_start_date}, {subscription_expiry_date}, {paid_amount}'),
(4, 'school_subscription_reject', 'School Subscription Reject', NULL, 0, '{institute_name}, {admin_name}, {school_name}, {reject_reason}');

-- --------------------------------------------------------

--
-- Table structure for table `saas_offline_payments`
--

CREATE TABLE IF NOT EXISTS `saas_offline_payments` (
  `id` int NOT NULL AUTO_INCREMENT,
  `payment_type` int NOT NULL,
  `school_register_id` int DEFAULT NULL,
  `payment_date` date DEFAULT NULL,
  `reference` varchar(200) DEFAULT NULL,
  `amount` float(10,2) DEFAULT NULL,
  `submit_date` datetime DEFAULT NULL,
  `approve_date` datetime DEFAULT NULL,
  `orig_file_name` varchar(255) DEFAULT NULL,
  `enc_file_name` text CHARACTER SET utf8mb3 COLLATE utf8mb3_general_ci,
  `note` varchar(255) DEFAULT NULL,
  `comments` text CHARACTER SET utf8mb3 COLLATE utf8mb3_general_ci,
  `approved_by` int DEFAULT NULL,
  `status` tinyint(1) NOT NULL DEFAULT '1',
  `created_at` timestamp NOT NULL DEFAULT CURRENT_TIMESTAMP ON UPDATE CURRENT_TIMESTAMP,
  PRIMARY KEY (`id`)
) ENGINE=InnoDB AUTO_INCREMENT=3 DEFAULT CHARSET=utf8mb3;

--
-- Dumping data for table `saas_offline_payments`
--

INSERT INTO `saas_offline_payments` (`id`, `payment_type`, `school_register_id`, `payment_date`, `reference`, `amount`, `submit_date`, `approve_date`, `orig_file_name`, `enc_file_name`, `note`, `comments`, `approved_by`, `status`, `created_at`) VALUES
(1, 1, 2, '2026-02-03', 'School portal', 0.00, '2026-02-02 20:20:32', NULL, NULL, NULL, 'None', NULL, NULL, 1, '2026-02-02 19:20:32'),
(2, 1, 3, '2026-02-03', 'Lms', 0.00, '2026-02-03 20:57:47', NULL, NULL, NULL, 'Asap', NULL, NULL, 1, '2026-02-03 19:57:47');

-- --------------------------------------------------------

--
-- Table structure for table `saas_offline_payment_types`
--

CREATE TABLE IF NOT EXISTS `saas_offline_payment_types` (
  `id` int NOT NULL AUTO_INCREMENT,
  `name` varchar(255) NOT NULL,
  `note` varchar(500) DEFAULT NULL,
  PRIMARY KEY (`id`)
) ENGINE=InnoDB AUTO_INCREMENT=2 DEFAULT CHARSET=utf8mb3;

--
-- Dumping data for table `saas_offline_payment_types`
--

INSERT INTO `saas_offline_payment_types` (`id`, `name`, `note`) VALUES
(1, 'PayInto', '<p xss=\"removed\">SelfidenceNG</p><p xss=\"removed\">6111147731</p><p xss=\"removed\">Opay MFB</p><p xss=\"removed\">Note: Give Us a call if you made payment offline using the account above.</p>');

-- --------------------------------------------------------

--
-- Table structure for table `saas_package`
--

CREATE TABLE IF NOT EXISTS `saas_package` (
  `id` int NOT NULL AUTO_INCREMENT,
  `name` varchar(255) NOT NULL,
  `price` varchar(20) NOT NULL,
  `discount` float NOT NULL DEFAULT '0',
  `student_limit` float NOT NULL,
  `staff_limit` float NOT NULL,
  `teacher_limit` float NOT NULL,
  `parents_limit` float NOT NULL,
  `status` tinyint(1) NOT NULL,
  `show_onwebsite` tinyint(1) NOT NULL DEFAULT '1',
  `period_type` tinyint(1) NOT NULL,
  `period_value` int NOT NULL DEFAULT '0',
  `free_trial` tinyint NOT NULL DEFAULT '0',
  `permission` longtext,
  `recommended` tinyint(1) NOT NULL DEFAULT '0',
  `created_at` datetime NOT NULL DEFAULT CURRENT_TIMESTAMP,
  `updated_at` datetime DEFAULT NULL,
  PRIMARY KEY (`id`)
) ENGINE=InnoDB AUTO_INCREMENT=5 DEFAULT CHARSET=utf8mb3;

--
-- Dumping data for table `saas_package`
--

INSERT INTO `saas_package` (`id`, `name`, `price`, `discount`, `student_limit`, `staff_limit`, `teacher_limit`, `parents_limit`, `status`, `show_onwebsite`, `period_type`, `period_value`, `free_trial`, `permission`, `recommended`, `created_at`, `updated_at`) VALUES
(1, 'Custom Service', '0', 0, 0, 0, 0, 0, 1, 1, 1, 0, 0, '[\"26\",\"8\",\"12\",\"15\",\"21\",\"20\",\"400\",\"14\",\"7\",\"10\",\"5\",\"25\",\"13\",\"19\",\"27\",\"17\",\"23\",\"500\",\"24\",\"16\",\"11\",\"22\"]', 1, '2025-09-16 07:35:25', '2026-04-13 12:36:37'),
(2, 'Freemuim Termly', '0', 0, 0, 5, 5, 0, 1, 1, 3, 4, 1, '[\"26\",\"8\",\"12\",\"15\",\"21\",\"20\",\"400\",\"14\",\"7\",\"10\",\"5\",\"25\",\"13\",\"19\",\"27\",\"17\",\"23\",\"500\",\"24\",\"16\",\"11\",\"22\"]', 0, '2025-09-21 11:37:18', '2025-10-15 21:02:26'),
(3, 'Termly Mini', '489', 0, 0, 0, 0, 0, 0, 0, 3, 4, 0, '[\"26\",\"12\",\"15\",\"21\",\"20\",\"5\",\"25\",\"13\",\"19\",\"27\",\"17\",\"23\",\"24\",\"16\"]', 1, '2025-10-05 08:50:06', '2025-12-11 11:52:01'),
(4, 'Termly Large', '589', 0, 0, 0, 0, 0, 0, 0, 3, 4, 0, '[\"26\",\"8\",\"12\",\"15\",\"21\",\"20\",\"400\",\"14\",\"7\",\"10\",\"5\",\"25\",\"13\",\"19\",\"27\",\"17\",\"23\",\"500\",\"24\",\"16\",\"11\",\"22\"]', 0, '2025-10-05 08:59:19', '2025-12-11 11:51:49');

-- --------------------------------------------------------

--
-- Table structure for table `saas_school_register`
--

CREATE TABLE IF NOT EXISTS `saas_school_register` (
  `id` int NOT NULL AUTO_INCREMENT,
  `reference_no` varchar(255) DEFAULT NULL,
  `package_id` int NOT NULL,
  `school_name` varchar(255) DEFAULT NULL,
  `address` text,
  `logo` varchar(255) DEFAULT NULL,
  `admin_name` varchar(255) DEFAULT NULL,
  `username` varchar(255) DEFAULT NULL,
  `password` varchar(255) DEFAULT NULL,
  `email` varchar(255) DEFAULT NULL,
  `contact_number` varchar(255) DEFAULT NULL,
  `gender` tinyint(1) DEFAULT NULL,
  `message` text,
  `status` tinyint(1) NOT NULL DEFAULT '0',
  `payment_status` tinyint(1) NOT NULL DEFAULT '0',
  `payment_amount` double(18,2) NOT NULL DEFAULT '0.00',
  `payment_data` text,
  `date_of_approval` datetime DEFAULT NULL,
  `comments` varchar(255) DEFAULT NULL,
  `created_at` datetime NOT NULL,
  `updated_at` datetime NOT NULL,
  PRIMARY KEY (`id`)
) ENGINE=InnoDB AUTO_INCREMENT=5 DEFAULT CHARSET=utf8mb3;

-- --------------------------------------------------------

--
-- Table structure for table `saas_subscriptions`
--

CREATE TABLE IF NOT EXISTS `saas_subscriptions` (
  `id` int NOT NULL AUTO_INCREMENT,
  `package_id` int NOT NULL,
  `school_id` int NOT NULL,
  `expire_date` varchar(100) DEFAULT NULL,
  `upgrade_lasttime` date DEFAULT NULL,
  `created_at` timestamp NOT NULL DEFAULT CURRENT_TIMESTAMP,
  PRIMARY KEY (`id`)
) ENGINE=InnoDB AUTO_INCREMENT=5 DEFAULT CHARSET=utf8mb3;

--
-- Dumping data for table `saas_subscriptions`
--

INSERT INTO `saas_subscriptions` (`id`, `package_id`, `school_id`, `expire_date`, `upgrade_lasttime`, `created_at`) VALUES
(1, 1, 1, '', NULL, '2025-09-16 06:36:41'),
(2, 1, 2, '', NULL, '2025-09-16 06:37:58'),
(3, 1, 3, '', NULL, '2025-10-15 13:57:19'),
(4, 2, 4, '2026-06-03', NULL, '2026-02-03 20:00:53');

-- --------------------------------------------------------

--
-- Table structure for table `saas_subscriptions_transactions`
--

CREATE TABLE IF NOT EXISTS `saas_subscriptions_transactions` (
  `id` int NOT NULL AUTO_INCREMENT,
  `subscriptions_id` int NOT NULL,
  `package_id` int NOT NULL,
  `payment_id` varchar(255) NOT NULL,
  `amount` decimal(18,2) NOT NULL DEFAULT '0.00',
  `discount` decimal(18,2) NOT NULL DEFAULT '0.00',
  `payment_method` tinyint NOT NULL,
  `renew` tinyint(1) NOT NULL DEFAULT '0',
  `purchase_date` date NOT NULL,
  `expire_date` date DEFAULT NULL,
  `created_at` datetime NOT NULL DEFAULT CURRENT_TIMESTAMP,
  PRIMARY KEY (`id`)
) ENGINE=InnoDB AUTO_INCREMENT=5 DEFAULT CHARSET=utf8mb3;

--
-- Dumping data for table `saas_subscriptions_transactions`
--

INSERT INTO `saas_subscriptions_transactions` (`id`, `subscriptions_id`, `package_id`, `payment_id`, `amount`, `discount`, `payment_method`, `renew`, `purchase_date`, `expire_date`, `created_at`) VALUES
(1, 1, 1, '2722ab47', 0.00, 0.00, 1, 0, '2025-09-16', '0000-00-00', '2025-09-16 09:36:41'),
(2, 2, 1, '7c05b770', 0.00, 0.00, 1, 0, '2025-09-16', '0000-00-00', '2025-09-16 09:37:58'),
(3, 3, 1, '61c4d3c6', 0.00, 0.00, 1, 0, '2025-10-15', '0000-00-00', '2025-10-15 16:57:19'),
(4, 4, 2, 'b8c5f65c', 0.00, 0.00, 1, 0, '2026-02-03', '2026-06-03', '2026-02-03 23:00:53');

-- --------------------------------------------------------

--
-- Table structure for table `salary_template`
--

CREATE TABLE IF NOT EXISTS `salary_template` (
  `id` int NOT NULL AUTO_INCREMENT,
  `name` varchar(255) NOT NULL,
  `basic_salary` decimal(18,2) NOT NULL,
  `overtime_salary` varchar(100) NOT NULL DEFAULT '0',
  `branch_id` tinyint NOT NULL,
  PRIMARY KEY (`id`)
) ENGINE=InnoDB DEFAULT CHARSET=utf8mb3;

-- --------------------------------------------------------

--
-- Table structure for table `salary_template_details`
--

CREATE TABLE IF NOT EXISTS `salary_template_details` (
  `id` int NOT NULL AUTO_INCREMENT,
  `salary_template_id` varchar(20) NOT NULL,
  `name` varchar(200) NOT NULL,
  `amount` decimal(18,2) NOT NULL DEFAULT '0.00',
  `type` tinyint NOT NULL,
  PRIMARY KEY (`id`)
) ENGINE=InnoDB DEFAULT CHARSET=utf8mb3;

-- --------------------------------------------------------

--
-- Table structure for table `sales_bill`
--

CREATE TABLE IF NOT EXISTS `sales_bill` (
  `id` int NOT NULL AUTO_INCREMENT,
  `bill_no` varchar(200) NOT NULL,
  `role_id` int NOT NULL,
  `user_id` int NOT NULL,
  `remarks` text NOT NULL,
  `total` decimal(18,2) NOT NULL DEFAULT '0.00',
  `discount` decimal(18,2) NOT NULL DEFAULT '0.00',
  `paid` decimal(18,2) NOT NULL DEFAULT '0.00',
  `due` decimal(18,2) NOT NULL DEFAULT '0.00',
  `payment_status` int NOT NULL,
  `date` date DEFAULT NULL,
  `prepared_by` int DEFAULT NULL,
  `modifier_id` int DEFAULT NULL,
  `branch_id` int NOT NULL,
  `created_at` datetime NOT NULL DEFAULT CURRENT_TIMESTAMP,
  `updated_at` datetime DEFAULT NULL,
  PRIMARY KEY (`id`),
  KEY `sales_bill_rms_1` (`branch_id`)
) ENGINE=InnoDB DEFAULT CHARSET=utf8mb3;

-- --------------------------------------------------------

--
-- Table structure for table `sales_bill_details`
--

CREATE TABLE IF NOT EXISTS `sales_bill_details` (
  `id` int NOT NULL AUTO_INCREMENT,
  `sales_bill_id` int NOT NULL,
  `product_id` int NOT NULL,
  `unit_price` decimal(18,2) NOT NULL DEFAULT '0.00',
  `quantity` varchar(20) NOT NULL,
  `discount` decimal(18,2) NOT NULL DEFAULT '0.00',
  `sub_total` decimal(18,2) NOT NULL DEFAULT '0.00',
  PRIMARY KEY (`id`),
  KEY `sales_bill_details_rms_1` (`product_id`)
) ENGINE=InnoDB DEFAULT CHARSET=utf8mb3;

-- --------------------------------------------------------

--
-- Table structure for table `sales_payment_history`
--

CREATE TABLE IF NOT EXISTS `sales_payment_history` (
  `id` int NOT NULL AUTO_INCREMENT,
  `sales_bill_id` varchar(11) CHARACTER SET utf8mb3 COLLATE utf8mb3_general_ci NOT NULL,
  `payment_by` int DEFAULT NULL,
  `amount` decimal(18,2) NOT NULL DEFAULT '0.00',
  `pay_via` varchar(25) NOT NULL,
  `remarks` text NOT NULL,
  `attach_orig_name` varchar(255) DEFAULT NULL,
  `attach_file_name` varchar(255) DEFAULT NULL,
  `paid_on` date DEFAULT NULL,
  `coll_type` tinyint NOT NULL DEFAULT '0',
  PRIMARY KEY (`id`)
) ENGINE=InnoDB DEFAULT CHARSET=utf8mb3;

-- --------------------------------------------------------

--
-- Table structure for table `schoolyear`
--

CREATE TABLE IF NOT EXISTS `schoolyear` (
  `id` int NOT NULL AUTO_INCREMENT,
  `school_year` varchar(255) NOT NULL,
  `created_by` int NOT NULL,
  `created_at` timestamp NOT NULL DEFAULT CURRENT_TIMESTAMP,
  `updated_at` datetime DEFAULT NULL,
  `start_date` date DEFAULT NULL,
  `end_date` date DEFAULT NULL,
  PRIMARY KEY (`id`)
) ENGINE=InnoDB AUTO_INCREMENT=10 DEFAULT CHARSET=utf8mb3;

--
-- Dumping data for table `schoolyear`
--

INSERT INTO `schoolyear` (`id`, `school_year`, `created_by`, `created_at`, `updated_at`, `start_date`, `end_date`) VALUES
(1, '2022-2023', 1, '2020-02-25 19:35:41', '2023-08-18 01:35:41', NULL, NULL),
(2, '2023-2024', 1, '2020-02-25 19:35:41', '2023-08-18 01:35:41', NULL, NULL),
(3, '2024-2025', 1, '2020-02-25 19:35:41', '2023-08-18 01:35:41', NULL, NULL),
(4, '2025/2026', 1, '2020-02-25 19:35:41', '2023-08-18 01:35:41', NULL, NULL),
(5, '2026-2027', 1, '2020-02-25 19:35:41', '2023-08-18 01:20:04', NULL, NULL),
(6, '2027-2028', 1, '2020-02-26 07:00:10', '2023-08-18 13:00:24', NULL, NULL),
(7, '2028-2029', 1, '2020-02-26 07:00:10', '2023-08-18 13:00:24', NULL, NULL),
(8, '2029-2030', 1, '2020-02-26 07:00:10', '2023-08-18 13:00:24', NULL, NULL),
(9, '2026/2027', 1, '2026-07-14 11:49:50', '2026-07-14 12:49:50', NULL, NULL);

-- --------------------------------------------------------

--
-- Table structure for table `section`
--

CREATE TABLE IF NOT EXISTS `section` (
  `id` int NOT NULL AUTO_INCREMENT,
  `name` varchar(255) NOT NULL,
  `capacity` varchar(20) DEFAULT NULL,
  `branch_id` int DEFAULT NULL,
  PRIMARY KEY (`id`)
) ENGINE=InnoDB AUTO_INCREMENT=10 DEFAULT CHARSET=utf8mb3;

--
-- Dumping data for table `section`
--

INSERT INTO `section` (`id`, `name`, `capacity`, `branch_id`) VALUES
(1, 'Nursery Section', '', 1),
(2, 'Primary Section', '', 1),
(4, 'Nursery Section', '', 2),
(5, 'Primary Section', '', 2),
(6, 'Primary', '', 3),
(8, 'Nursery', '', 3),
(9, 'Junior Secondary', '15', 4);

-- --------------------------------------------------------

--
-- Table structure for table `sections_allocation`
--

CREATE TABLE IF NOT EXISTS `sections_allocation` (
  `id` int NOT NULL AUTO_INCREMENT,
  `class_id` int NOT NULL,
  `section_id` int NOT NULL,
  PRIMARY KEY (`id`),
  KEY `sections_allocation_rms_1` (`class_id`),
  KEY `sections_allocation_rms_2` (`section_id`)
) ENGINE=InnoDB AUTO_INCREMENT=37 DEFAULT CHARSET=utf8mb3;

--
-- Dumping data for table `sections_allocation`
--

INSERT INTO `sections_allocation` (`id`, `class_id`, `section_id`) VALUES
(1, 1, 1),
(2, 2, 1),
(3, 3, 1),
(6, 6, 2),
(7, 7, 2),
(8, 8, 2),
(10, 4, 1),
(11, 5, 1),
(12, 9, 2),
(13, 10, 2),
(29, 22, 1);

-- --------------------------------------------------------

--
-- Table structure for table `section_marksheet_template`
--

CREATE TABLE IF NOT EXISTS `section_marksheet_template` (
  `id` int UNSIGNED NOT NULL AUTO_INCREMENT,
  `branch_id` int NOT NULL,
  `section_id` int NOT NULL,
  `template_id` int NOT NULL DEFAULT '0',
  `created_at` timestamp NOT NULL DEFAULT CURRENT_TIMESTAMP,
  `updated_at` timestamp NULL DEFAULT NULL ON UPDATE CURRENT_TIMESTAMP,
  PRIMARY KEY (`id`),
  UNIQUE KEY `unique_branch_section` (`branch_id`,`section_id`),
  KEY `branch_id` (`branch_id`),
  KEY `section_id` (`section_id`),
  KEY `template_id` (`template_id`)
) ENGINE=InnoDB DEFAULT CHARSET=utf8mb4 COLLATE=utf8mb4_general_ci;

-- --------------------------------------------------------

--
-- Table structure for table `skills_categories`
--

CREATE TABLE IF NOT EXISTS `skills_categories` (
  `id` int NOT NULL AUTO_INCREMENT,
  `name` varchar(100) NOT NULL,
  `type` enum('affective','psychomotor','cognitive') NOT NULL,
  `class_level` enum('primary','junior','senior') NOT NULL DEFAULT 'primary',
  `description` text,
  `status` enum('active','inactive') NOT NULL DEFAULT 'active',
  `branch_id` int NOT NULL,
  `created_at` timestamp NOT NULL DEFAULT CURRENT_TIMESTAMP,
  `updated_at` timestamp NULL DEFAULT NULL ON UPDATE CURRENT_TIMESTAMP,
  PRIMARY KEY (`id`),
  KEY `branch_id` (`branch_id`),
  KEY `status` (`status`),
  KEY `class_level` (`class_level`),
  KEY `idx_category_type_level` (`type`,`class_level`,`status`)
) ENGINE=InnoDB AUTO_INCREMENT=28 DEFAULT CHARSET=utf8mb4 COLLATE=utf8mb4_0900_ai_ci;

--
-- Dumping data for table `skills_categories`
--

INSERT INTO `skills_categories` (`id`, `name`, `type`, `class_level`, `description`, `status`, `branch_id`, `created_at`, `updated_at`) VALUES
(1, 'Affective Skills', 'psychomotor', 'junior', 'Social and emotional development skills', 'active', 1, '2025-12-18 07:52:07', '2026-01-07 06:23:03'),
(2, 'Psychomotor Skills', 'psychomotor', 'junior', 'Physical and motor skills development', 'active', 1, '2025-12-18 07:52:07', '2026-01-06 17:20:02'),
(3, 'Cognitive Skills', 'cognitive', 'junior', 'Mental and intellectual development skills', 'active', 1, '2025-12-18 07:52:07', '2026-01-06 17:20:19'),
(4, 'CONDUCT', 'cognitive', 'senior', 'Conduct And Attitude Aggregators ', 'active', 1, '2025-12-18 09:44:01', '2026-02-08 16:31:18'),
(8, 'GROSS MOTOR SKILL', 'psychomotor', 'primary', 'Arm Eye Coordination,\r\nBody Coordination', 'active', 1, '2025-12-18 10:27:25', '2026-02-08 16:33:24'),
(16, 'KNOWLEDGE AND UNDERSTANDING OF THE WORLD', 'cognitive', 'primary', 'Knowledge And Understanding of the World', 'active', 1, '2025-12-18 10:50:32', '2026-02-08 16:33:55'),
(18, 'MATHEMATICAL DEVELOPMENT', 'cognitive', 'primary', 'MATHEMATICAL DEVELOPMENT', 'active', 1, '2025-12-18 16:23:55', '2026-02-08 16:32:42'),
(19, 'PERSONAL, SOCIAL AND EMOTIONAL DEVELOPMENT', 'psychomotor', 'primary', 'PERSONAL, SOCIAL AND EMOTIONAL DEVELOPMENT', 'active', 1, '2025-12-18 16:25:46', '2026-02-08 16:32:10'),
(20, 'COMMUNICATION, LANGUAGE AND LITERACY SKILL', 'affective', 'primary', 'COMMUNICATION, LANGUAGE AND LITERACY SKILL', 'active', 1, '2025-12-18 16:30:43', '2026-02-08 16:31:53'),
(21, 'PERSONALITY AND CHARACTER', 'affective', 'junior', 'COMMUNICATION, LANGUAGE AND LITERACY SKILL', 'active', 2, '2025-12-27 16:35:12', '2025-12-28 11:02:26'),
(22, 'GROSS MOTOR SKILL', 'psychomotor', 'primary', 'GROSS MOTOR SKILL', 'active', 2, '2025-12-27 16:36:06', NULL),
(23, 'SKILLS AND ABILITIES', 'cognitive', 'primary', 'KNOWLEDGE AND UNDERSTANDING OF THE WORLD', 'active', 2, '2025-12-27 16:37:00', '2025-12-27 19:09:41'),
(25, 'Communication Skill', 'affective', 'primary', 'Communication Skill', 'active', 3, '2025-12-29 09:34:56', NULL),
(26, 'Psychomotor Skill', 'psychomotor', 'primary', 'Psychomotor Skill', 'active', 3, '2025-12-29 09:36:56', NULL),
(27, 'CA(40)', 'cognitive', 'junior', '', 'active', 4, '2026-02-03 20:43:59', NULL);

-- --------------------------------------------------------

--
-- Table structure for table `skills_items`
--

CREATE TABLE IF NOT EXISTS `skills_items` (
  `id` int NOT NULL AUTO_INCREMENT,
  `category_id` int NOT NULL,
  `item_name` varchar(255) NOT NULL,
  `description` text,
  `display_order` int DEFAULT '0',
  `status` enum('active','inactive') NOT NULL DEFAULT 'active',
  `created_at` timestamp NOT NULL DEFAULT CURRENT_TIMESTAMP,
  `updated_at` timestamp NULL DEFAULT NULL ON UPDATE CURRENT_TIMESTAMP,
  PRIMARY KEY (`id`),
  KEY `category_id` (`category_id`),
  KEY `status` (`status`),
  KEY `display_order` (`display_order`)
) ENGINE=InnoDB AUTO_INCREMENT=98 DEFAULT CHARSET=utf8mb4 COLLATE=utf8mb4_0900_ai_ci;

--
-- Dumping data for table `skills_items`
--

INSERT INTO `skills_items` (`id`, `category_id`, `item_name`, `description`, `display_order`, `status`, `created_at`, `updated_at`) VALUES
(1, 4, 'Punctuality', 'Arrives to class on time', 4, 'active', '2025-12-18 07:52:07', '2026-03-27 09:59:57'),
(2, 4, 'Honesty', 'Demonstrates truthfulness and integrity', 2, 'active', '2025-12-18 07:52:07', '2026-01-12 14:36:04'),
(3, 4, 'Obedience', 'Follows instructions and rules', 3, 'active', '2025-12-18 07:52:07', '2026-01-12 14:37:41'),
(4, 1, 'Politeness', 'Shows courtesy and respect to others', 4, 'active', '2025-12-18 07:52:07', NULL),
(5, 1, 'Cooperation', 'Works well with peers and teachers', 5, 'active', '2025-12-18 07:52:07', NULL),
(6, 4, 'Neatness', 'Maintains clean and organized appearance', 5, 'active', '2025-12-18 07:52:07', '2026-03-27 10:00:27'),
(7, 4, 'Leadership', 'Takes initiative and guides others', 6, 'active', '2025-12-18 07:52:07', '2026-03-27 10:00:39'),
(8, 1, 'Attentiveness', 'Pays attention during lessons', 8, 'active', '2025-12-18 07:52:07', NULL),
(9, 2, 'Handwriting', 'Quality and legibility of writing', 1, 'active', '2025-12-18 07:52:07', NULL),
(10, 2, 'Games/Sports', 'Participation in physical activities', 2, 'active', '2025-12-18 07:52:07', NULL),
(11, 2, 'Handling Tools', 'Proper use of scissors, pencils, etc.', 3, 'active', '2025-12-18 07:52:07', NULL),
(12, 2, 'Drawing/Painting', 'Artistic expression abilities', 4, 'active', '2025-12-18 07:52:07', NULL),
(13, 2, 'Verbal Fluency', 'Speaking and communication skills', 5, 'active', '2025-12-18 07:52:07', NULL),
(14, 2, 'Musical Skills', 'Participation in music activities', 6, 'active', '2025-12-18 07:52:07', NULL),
(15, 3, 'Memory Retention', 'Ability to remember and recall information', 1, 'active', '2025-12-18 07:52:07', NULL),
(16, 3, 'Problem Solving', 'Analytical and critical thinking skills', 2, 'active', '2025-12-18 07:52:07', NULL),
(17, 3, 'Creativity', 'Innovative and imaginative thinking', 3, 'active', '2025-12-18 07:52:07', NULL),
(18, 3, 'Comprehension', 'Understanding of concepts taught', 4, 'active', '2025-12-18 07:52:07', NULL),
(19, 3, 'Concentration', 'Ability to focus on tasks', 5, 'active', '2025-12-18 07:52:07', NULL),
(20, 4, 'Attentiveness in class', 'Attentiveness in class', 1, 'active', '2025-12-18 09:52:22', '2025-12-28 19:48:31'),
(28, 20, 'Communicate needs and ideas effectively', 'Communicate needs and ideas effectively', 1, 'active', '2025-12-18 19:09:26', NULL),
(29, 20, 'Communicate with peers fluently', 'Communicate with peers fluently', 2, 'active', '2025-12-18 19:09:59', NULL),
(30, 20, 'Recognize and write sounds a-z', 'Recognize and write sounds a-z', 3, 'active', '2025-12-18 19:10:20', NULL),
(31, 20, 'Respond to Questions about stories', 'Respond to Questions about stories', 5, 'active', '2025-12-18 19:10:56', '2026-03-27 10:30:15'),
(32, 20, 'Recites A-Z', 'Recites A-Z', 0, 'active', '2025-12-18 19:11:24', NULL),
(39, 8, 'Jumps and lands on both legs', 'Jumps and lands on both legs', 3, 'active', '2025-12-24 12:32:49', '2026-03-27 10:01:45'),
(40, 8, 'Throws and catches a ball', 'Throws and catches a ball', 4, 'inactive', '2025-12-24 12:33:06', '2026-03-27 10:01:57'),
(41, 8, 'Colors inside lines', 'Colors inside lines', 2, 'active', '2025-12-24 12:33:22', '2026-03-27 10:01:35'),
(42, 16, 'Identify and name different foods', 'Identify and name different foods', 6, 'inactive', '2025-12-24 12:33:43', '2026-03-27 11:16:55'),
(43, 16, 'Know Sense Organ', 'Know Sense Organ', 5, 'inactive', '2025-12-24 12:33:59', '2026-03-27 11:16:36'),
(44, 16, 'Identify some birds around us', 'Identify some birds around us', 3, 'inactive', '2025-12-24 12:34:19', '2026-03-27 11:02:11'),
(45, 16, 'Knows what animals do', 'Knows what animals do', 4, 'inactive', '2025-12-24 12:34:36', '2026-03-27 11:02:41'),
(46, 16, 'Identify parts of the body', 'Identify parts of the body', 2, 'inactive', '2025-12-24 12:34:51', '2026-03-27 11:01:58'),
(47, 16, 'Identify domestic animals', 'Identify domestic animals', 7, 'inactive', '2025-12-24 12:35:22', '2026-03-27 11:17:39'),
(48, 16, 'Identify water animals', 'Identify water animals', 1, 'inactive', '2025-12-24 12:35:42', '2026-03-27 11:00:09'),
(49, 19, 'Identifies the primary colors', 'Identifies the primary colors', 10, 'inactive', '2025-12-24 12:36:13', '2026-03-27 11:21:30'),
(50, 18, 'Sings the number rhyme song', 'Sings the number rhyme song', 6, 'active', '2025-12-24 12:36:31', '2026-03-27 10:16:53'),
(51, 18, 'Identifies basic shapes', 'Identifies basic shapes', 0, 'active', '2025-12-24 12:36:53', '2025-12-29 08:50:44'),
(52, 18, 'Orally recite figure 1-10', 'Orally recite figure 1-10', 3, 'inactive', '2025-12-24 12:37:13', '2026-03-27 10:13:21'),
(53, 18, 'Write figures 1-30', 'Write figures 1-30', 7, 'inactive', '2025-12-24 12:37:48', '2026-03-27 10:17:14'),
(54, 18, 'Identifies figures 1-10', 'Identifies figures 1-10', 8, 'active', '2025-12-24 12:38:15', '2026-03-27 10:17:34'),
(55, 19, 'Display good manners and courtesy', 'Display good manners and courtesy', 0, 'active', '2025-12-24 12:38:50', '2025-12-29 08:54:31'),
(56, 19, 'Understand and obey simple instructions', 'Understand and obey simple instructions', 7, 'active', '2025-12-24 12:39:03', '2026-03-27 10:24:33'),
(57, 19, 'Listen and respond to stories', 'Listen and respond to stories', 9, 'active', '2025-12-24 14:30:17', '2026-03-27 10:25:50'),
(58, 19, 'Understand the habits of sneezing, coughing and yawning', 'Understand the habits of sneezing, coughing and yawning', 5, 'active', '2025-12-24 14:30:49', '2026-03-27 10:23:45'),
(59, 19, 'Understand the safety rule', 'Understand the safety rule', 4, 'inactive', '2025-12-24 14:31:12', '2026-03-27 11:23:34'),
(60, 19, 'Understands proper toilet habits', 'Understands proper toilet habits', 3, 'active', '2025-12-24 14:31:34', '2026-03-27 10:23:20'),
(61, 19, 'Understand the concept of playing with peers and sharing things', 'Understand the concept of playing with peers and sharing things', 6, 'active', '2025-12-24 14:31:52', '2026-03-27 10:24:05'),
(62, 19, 'Recite known rhymes and song', 'Recite known rhymes and song', 8, 'active', '2025-12-24 14:32:05', '2026-03-27 10:25:28'),
(63, 19, 'Understands the meaning of traffic lights', 'Understands the meaning of traffic lights', 2, 'inactive', '2025-12-24 14:32:24', '2026-03-27 10:23:04'),
(65, 23, 'Writing', 'Writing', 1, 'active', '2025-12-27 19:19:52', '2025-12-28 20:00:22'),
(66, 23, 'Rhymes', 'Rhymes', 2, 'active', '2025-12-27 19:21:55', '2025-12-28 20:01:12'),
(67, 23, 'Creative Development', 'Creative Development', 3, 'active', '2025-12-27 19:23:46', '2025-12-28 20:01:48'),
(68, 23, 'Number Work', 'Number Work', 4, 'active', '2025-12-27 19:24:10', '2025-12-28 20:02:17'),
(69, 23, 'Letter Work', 'Letter Work', 5, 'active', '2025-12-27 19:24:28', '2025-12-28 19:54:55'),
(70, 23, 'Speaking', 'Speaking', 6, 'active', '2025-12-27 19:25:13', '2025-12-28 19:52:45'),
(71, 21, 'Friendly And Courteous', 'Friendly And Courteous', 7, 'active', '2025-12-27 19:37:52', '2025-12-28 19:51:52'),
(72, 21, 'Punctual', 'Punctual', 8, 'active', '2025-12-27 19:40:52', '2025-12-28 19:56:28'),
(73, 21, 'Clean And Orderly', 'Clean And Orderly', 9, 'active', '2025-12-27 19:41:37', '2025-12-28 19:56:51'),
(74, 21, 'Attentive', 'Attentive', 10, 'active', '2025-12-27 19:43:02', '2025-12-28 19:57:22'),
(75, 21, 'Respectful', 'Respectful', 11, 'active', '2025-12-27 19:43:53', '2025-12-28 19:58:57'),
(77, 23, 'Health Habit', 'Health Habit', 12, 'active', '2025-12-28 20:03:57', NULL),
(78, 23, 'Social Habit', 'Social Habit', 13, 'active', '2025-12-28 20:04:45', NULL),
(79, 23, 'Pre-writing Skills', 'Pre-writing Skills', 14, 'active', '2025-12-28 20:08:54', NULL),
(80, 23, 'Pre-reading Skills', 'Pre-reading Skills', 15, 'active', '2025-12-28 20:09:39', NULL),
(81, 23, 'Basic Science', 'Basic Science', 16, 'active', '2025-12-28 20:10:40', NULL),
(82, 25, 'Reading', 'Reading', 1, 'active', '2025-12-29 09:37:35', '2025-12-29 09:38:04'),
(83, 25, 'Writting', 'Writting', 2, 'active', '2025-12-29 09:38:23', NULL),
(84, 26, 'Play with Peer', 'Play with Peer', 3, 'active', '2025-12-29 09:38:54', NULL),
(85, 26, 'Knows the Planet', 'Knows the Planet', 4, 'active', '2025-12-29 09:39:34', NULL),
(86, 18, 'Write figures 1-3', 'Write figures 1-3', 1, 'inactive', '2026-03-26 08:30:11', '2026-03-27 10:12:10'),
(87, 8, 'Kick Ball With Both Legs', 'Kick Ball With Both Legs', 1, 'active', '2026-03-27 09:43:50', '2026-03-27 10:01:24'),
(88, 20, 'Sings the Letter Rhymes', 'Sings the Letter Rhymes', 4, 'active', '2026-03-27 09:53:30', '2026-03-27 10:28:27'),
(89, 18, 'Write figures 1-10', 'Write figures 1-10', 2, 'active', '2026-03-27 10:11:26', NULL),
(90, 18, 'Orally recite figure 1-40', 'Orally recite figure 1-40', 4, 'active', '2026-03-27 10:14:15', NULL),
(91, 18, 'Identifies figures', 'Identifies figures', 5, 'active', '2026-03-27 10:15:53', NULL),
(92, 19, 'Talking Habit', 'Talking Habit', 1, 'active', '2026-03-27 10:20:57', NULL),
(93, 16, 'Food we Eat and Types of Food', 'Food we Eat and Types of Food', 8, 'active', '2026-03-27 11:29:27', '2026-03-27 11:31:05'),
(94, 16, 'Personal Hygiene', 'Personal Hygiene ', 9, 'active', '2026-03-27 11:32:17', NULL),
(95, 16, 'How can we take care of our Environment and Object we use', 'How can we take care of our Environment and Object we use', 10, 'active', '2026-03-27 11:33:19', '2026-03-27 11:35:28'),
(96, 16, 'Talking about School and Country', 'Talking about School and Country', 11, 'active', '2026-03-27 11:34:34', NULL),
(97, 16, 'Care of the body and Uses of Handkerchief', 'Care of the body and Uses of Handkerchief ', 12, 'active', '2026-03-27 11:37:13', NULL);

-- --------------------------------------------------------

--
-- Table structure for table `skills_ratings`
--

CREATE TABLE IF NOT EXISTS `skills_ratings` (
  `id` int NOT NULL AUTO_INCREMENT,
  `label` varchar(10) NOT NULL,
  `numeric_value` int NOT NULL,
  `description` varchar(100) DEFAULT NULL,
  `display_order` int DEFAULT '0',
  `branch_id` int NOT NULL,
  `status` enum('active','inactive') NOT NULL DEFAULT 'active',
  `created_at` timestamp NOT NULL DEFAULT CURRENT_TIMESTAMP,
  `updated_at` timestamp NULL DEFAULT NULL ON UPDATE CURRENT_TIMESTAMP,
  PRIMARY KEY (`id`),
  KEY `branch_id` (`branch_id`),
  KEY `status` (`status`),
  KEY `display_order` (`display_order`)
) ENGINE=InnoDB AUTO_INCREMENT=17 DEFAULT CHARSET=utf8mb4 COLLATE=utf8mb4_0900_ai_ci;

--
-- Dumping data for table `skills_ratings`
--

INSERT INTO `skills_ratings` (`id`, `label`, `numeric_value`, `description`, `display_order`, `branch_id`, `status`, `created_at`, `updated_at`) VALUES
(1, 'A', 5, 'Excellent', 1, 1, 'active', '2025-12-18 07:52:07', NULL),
(2, 'B', 4, 'Very Good', 2, 1, 'active', '2025-12-18 07:52:07', NULL),
(3, 'C', 3, 'Good', 3, 1, 'active', '2025-12-18 07:52:07', NULL),
(4, 'D', 2, 'Fair', 4, 1, 'active', '2025-12-18 07:52:07', NULL),
(5, 'E', 1, 'Needs Improvement', 5, 1, 'active', '2025-12-18 07:52:07', NULL),
(6, 'A+', 6, 'Excellent', 0, 2, 'active', '2025-12-27 20:35:37', '2025-12-27 21:32:39'),
(7, 'A', 5, 'Outstanding', 1, 2, 'active', '2025-12-27 21:22:10', '2025-12-27 21:33:05'),
(8, 'B1', 4, 'Very Good', 2, 2, 'active', '2025-12-27 21:23:41', '2025-12-27 21:33:29'),
(9, 'C', 3, 'Good', 3, 2, 'active', '2025-12-27 21:24:52', '2025-12-27 21:33:54'),
(10, 'D', 2, 'Satisfied', 4, 2, 'active', '2025-12-27 21:28:53', '2025-12-27 21:34:41'),
(11, 'F', 1, 'Fair', 5, 2, 'active', '2025-12-27 21:31:52', NULL),
(12, 'A', 5, 'Excellent', 0, 3, 'active', '2025-12-29 09:40:03', NULL),
(13, 'B', 4, 'Outstanding', 0, 3, 'active', '2025-12-29 09:40:33', NULL),
(14, 'C', 3, 'Very Good', 0, 3, 'active', '2025-12-29 09:41:06', NULL),
(15, 'D', 2, 'Good', 0, 3, 'active', '2025-12-29 09:50:06', NULL),
(16, 'E', 1, 'Need Improvement', 0, 3, 'active', '2025-12-29 09:50:34', NULL);

-- --------------------------------------------------------

--
-- Table structure for table `sms_api`
--

CREATE TABLE IF NOT EXISTS `sms_api` (
  `id` int NOT NULL AUTO_INCREMENT,
  `name` varchar(255) NOT NULL,
  PRIMARY KEY (`id`)
) ENGINE=InnoDB AUTO_INCREMENT=9 DEFAULT CHARSET=utf8mb3;

--
-- Dumping data for table `sms_api`
--

INSERT INTO `sms_api` (`id`, `name`) VALUES
(1, 'twilio'),
(2, 'clickatell'),
(3, 'msg91'),
(4, 'bulksms'),
(5, 'textlocal'),
(6, 'smscountry'),
(7, 'bulksmsbd'),
(8, 'customsms');

-- --------------------------------------------------------

--
-- Table structure for table `sms_credential`
--

CREATE TABLE IF NOT EXISTS `sms_credential` (
  `id` int NOT NULL AUTO_INCREMENT,
  `sms_api_id` int NOT NULL,
  `field_one` varchar(300) NOT NULL,
  `field_two` varchar(300) NOT NULL,
  `field_three` varchar(300) NOT NULL,
  `field_four` varchar(300) NOT NULL,
  `branch_id` int NOT NULL,
  `is_active` tinyint(1) NOT NULL,
  `created_at` timestamp NOT NULL DEFAULT CURRENT_TIMESTAMP,
  `updated_at` datetime DEFAULT NULL,
  PRIMARY KEY (`id`)
) ENGINE=InnoDB DEFAULT CHARSET=utf8mb3;

-- --------------------------------------------------------

--
-- Table structure for table `sms_template`
--

CREATE TABLE IF NOT EXISTS `sms_template` (
  `id` int NOT NULL AUTO_INCREMENT,
  `name` varchar(255) NOT NULL,
  `tags` text NOT NULL,
  PRIMARY KEY (`id`)
) ENGINE=InnoDB AUTO_INCREMENT=12 DEFAULT CHARSET=utf8mb3;

--
-- Dumping data for table `sms_template`
--

INSERT INTO `sms_template` (`id`, `name`, `tags`) VALUES
(1, 'admission', '{name}, {class}, {section}, {admission_date}, {roll}, {register_no}'),
(2, 'fee_collection', '{name}, {class}, {section}, {admission_date}, {roll}, {register_no}, {paid_amount}, {paid_date} '),
(3, 'attendance', '{name}, {class}, {section}, {admission_date}, {roll}, {register_no}'),
(4, 'exam_attendance', '{name}, {class}, {section}, {admission_date}, {roll}, {register_no}, {exam_name}, {term_name}, {subject}'),
(5, 'exam_results', '{name}, {class}, {section}, {admission_date}, {roll}, {register_no}, {exam_name}, {term_name}, {subject}, {marks}'),
(6, 'homework', '{name}, {class}, {section}, {admission_date}, {roll}, {register_no}, {subject}, {date_of_homework}, {date_of_submission}'),
(7, 'live_class', '{name}, {class}, {section}, {admission_date}, {roll}, {register_no}, {date_of_live_class}, {start_time}, {end_time}, {host_by}'),
(8, 'online_exam_publish', '{name}, {class}, {section}, {admission_date}, {roll}, {register_no}, {exam_title}, {start_time}, {end_time}, {time_duration}, {attempt}, {passing_mark}, {exam_fee}'),
(9, 'student_birthday_wishes', '{name}, {class}, {section}, {admission_date}, {roll}, {register_no}, {birthday}'),
(10, 'staff_birthday_wishes', '{name}, {birthday}, {joining_date}'),
(11, 'alumni_event', '{student_name}, {event_title}, {start_date}, {end_date}');

-- --------------------------------------------------------

--
-- Table structure for table `sms_template_details`
--

CREATE TABLE IF NOT EXISTS `sms_template_details` (
  `id` int NOT NULL AUTO_INCREMENT,
  `template_id` int NOT NULL,
  `dlt_template_id` varchar(255) DEFAULT NULL,
  `notify_student` tinyint NOT NULL DEFAULT '1',
  `notify_parent` tinyint NOT NULL DEFAULT '1',
  `template_body` longtext NOT NULL,
  `branch_id` int NOT NULL,
  `created_at` timestamp NOT NULL DEFAULT CURRENT_TIMESTAMP,
  PRIMARY KEY (`id`)
) ENGINE=InnoDB DEFAULT CHARSET=utf8mb3;

-- --------------------------------------------------------

--
-- Table structure for table `staff`
--

CREATE TABLE IF NOT EXISTS `staff` (
  `id` int NOT NULL AUTO_INCREMENT,
  `staff_id` varchar(25) NOT NULL,
  `name` varchar(255) NOT NULL,
  `department` int NOT NULL,
  `qualification` varchar(255) NOT NULL,
  `experience_details` varchar(255) DEFAULT NULL,
  `total_experience` varchar(255) DEFAULT NULL,
  `designation` int NOT NULL,
  `joining_date` varchar(100) NOT NULL,
  `birthday` varchar(100) NOT NULL,
  `sex` varchar(20) NOT NULL,
  `religion` varchar(100) NOT NULL,
  `blood_group` varchar(20) NOT NULL,
  `present_address` text NOT NULL,
  `permanent_address` text NOT NULL,
  `mobileno` varchar(100) NOT NULL,
  `email` varchar(100) NOT NULL,
  `salary_template_id` int DEFAULT '0',
  `branch_id` int DEFAULT NULL,
  `photo` varchar(255) DEFAULT NULL,
  `facebook_url` varchar(255) DEFAULT NULL,
  `linkedin_url` varchar(255) DEFAULT NULL,
  `twitter_url` varchar(255) DEFAULT NULL,
  `created_at` timestamp NOT NULL DEFAULT CURRENT_TIMESTAMP,
  `updated_at` datetime DEFAULT NULL,
  PRIMARY KEY (`id`)
) ENGINE=InnoDB AUTO_INCREMENT=97 DEFAULT CHARSET=utf8mb3;

--
-- Dumping data for table `staff`
--

INSERT INTO `staff` (`id`, `staff_id`, `name`, `department`, `qualification`, `experience_details`, `total_experience`, `designation`, `joining_date`, `birthday`, `sex`, `religion`, `blood_group`, `present_address`, `permanent_address`, `mobileno`, `email`, `salary_template_id`, `branch_id`, `photo`, `facebook_url`, `linkedin_url`, `twitter_url`, `created_at`, `updated_at`) VALUES
(1, 'f366a15', 'EduMac', 0, '', NULL, NULL, 0, '2025-10-28', '', '', '', '', 'Plot 14, Line II, Ogunwusi layout, Fashina', 'Capt Adedoyin William Street, Fashina', '08099312050', 'Macanalyticng@gmail.com', 0, NULL, '92e1cefbf44a26c7f1b48eae02437d7e.png', '', '', '', '2025-10-28 14:55:41', NULL),
(2, '788a699', 'Mrs Ayeni', 4, 'M.Sc', '', '', 2, '2017-01-01', '', 'female', '', '', 'At 6 Àgbè Street,  Oranfe, Ile-Ife osun state, Nigeria.', 'At 6 Àgbè Street,  Oranfe, Ile-Ife osun state, Nigeria.', '+234 803 429 1067', 'flourishingcedarhills@gmail.com', 0, 1, '60098766cc343869524839341bf7cb1f.png', '', '', '', '2025-09-17 15:48:51', NULL),
(3, '0e72ca0', 'Abosede Ayodele', 2, '', NULL, NULL, 3, '1969-12-31', '1969-12-31', '', '', '', '', '', '', 'bose.ayodele@gmail.com', 0, 1, 'defualt.png', NULL, NULL, NULL, '2025-09-19 06:25:55', NULL),
(5, 'a1a6f26', 'Oluwatobi Adefolake', 2, '', NULL, NULL, 3, '1969-12-31', '1969-12-31', '', '', '', '', '', '', 'Oyedeletobi30@gmail.com', 0, 1, 'defualt.png', NULL, NULL, NULL, '2025-09-19 06:25:55', NULL),
(6, '518d500', 'Adeyemi Adewoyin', 2, '', NULL, NULL, 3, '1969-12-31', '1969-12-31', '', '', '', '', '', '', 'adewoyinyemi4@gmail.com', 0, 1, 'defualt.png', NULL, NULL, NULL, '2025-09-19 06:25:55', NULL),
(7, '29ca25f', 'Kemi Oyedeji', 2, '', NULL, NULL, 3, '1969-12-31', '1969-12-31', '', '', '', '', '', '', 'koyedeji79@gmail.com', 0, 1, 'defualt.png', NULL, NULL, NULL, '2025-09-19 06:25:55', NULL),
(9, 'b69021c', 'Peter Okunfolarin', 2, '', NULL, NULL, 3, '1969-12-31', '1969-12-31', '', '', '', '', '', '', 'adewalepeter39@gmail.com', 0, 1, 'defualt.png', NULL, NULL, NULL, '2025-09-19 06:25:55', NULL),
(10, 'f287e58', 'Bukunmi Oni', 2, '', NULL, NULL, 3, '1969-12-31', '1969-12-31', '', '', '', '', '', '', 'bukunmitina@gmail.com', 0, 1, 'defualt.png', NULL, NULL, NULL, '2025-09-19 06:25:55', NULL),
(11, '706663f', 'Hope Okosun', 2, '', NULL, NULL, 3, '1969-12-31', '1969-12-31', '', '', '', '', '', '', 'aine.ekhayeme@gmail.com', 0, 1, 'defualt.png', NULL, NULL, NULL, '2025-09-19 06:25:55', NULL),
(15, 'e10698d', 'Tobiloba Ayilaran', 2, '', NULL, NULL, 3, '1969-12-31', '1969-12-31', '', '', '', '', '', '', 'ayilaranto@gmail.com', 0, 1, 'defualt.png', NULL, NULL, NULL, '2025-09-19 06:25:55', NULL),
(16, 'b98e305', 'Olowomojuore Ebunoluwa', 2, '', NULL, NULL, 3, '1969-12-31', '1969-12-31', '', '', '', '', '', '', 'ebunoluwaolowomojuore@gmail.com', 0, 1, 'defualt.png', NULL, NULL, NULL, '2025-09-19 06:25:55', NULL),
(18, 'ad1ff4d', 'Abiodun Adefarati', 2, '', NULL, NULL, 3, '1969-12-31', '1969-12-31', '', '', '', '', '', '', 'abiodun8k@gmail.com', 0, 1, 'defualt.png', NULL, NULL, NULL, '2025-09-19 06:25:55', NULL),
(21, '3225ee7', 'Hallelujah Adebayo', 2, 'bsc', '', '', 3, '1969-12-31', '1969-12-31', '', '', '', 'flourishingcedarhills@gmail.com', '', '+234 803 429 1067', 'teacher1@fchcs.org.ng', 0, 1, 'defualt.png', '', '', '', '2025-09-19 06:25:56', NULL),
(23, '800d97f', 'Mrs Adeloye E.O', 4, 'M.sc', '', '', 1, '2017-01-02', '', 'female', '', '', '6, Agbe Street, Oranfe, Off Ilesha Road, Ile-Ife, Osun State.', '', '09110976779', 'folabomiade@gmail.com', 0, 1, '2a63bdd95c88a610279bb4f52e11f2ac.jpg', '', '', '', '2025-10-02 21:07:48', NULL),
(60, '9791ad5', 'FCHCS Staff 1', 8, '', NULL, NULL, 9, '2017-01-01', '1969-12-31', '', '', '', '', '', '', 'staff1@fchcs.org.ng', 0, 1, 'defualt.png', NULL, NULL, NULL, '2025-10-15 13:06:44', NULL),
(61, '2658e4e', 'FCHCS Staff 2', 8, '', NULL, NULL, 9, '2017-01-01', '1969-12-31', '', '', '', '', '', '', 'staff2@fchcs.org.ng', 0, 1, 'defualt.png', NULL, NULL, NULL, '2025-10-15 13:06:44', NULL),
(62, '03922d2', 'FCHCS Staff 3', 8, '', NULL, NULL, 9, '2017-01-01', '1969-12-31', '', '', '', '', '', '', 'staff3@fchcs.org.ng', 0, 1, 'defualt.png', NULL, NULL, NULL, '2025-10-15 13:06:44', NULL),
(63, '73ba2c4', 'FCHCS Staff 4', 8, '', NULL, NULL, 9, '2017-01-01', '1969-12-31', '', '', '', '', '', '', 'staff4@fchcs.org.ng', 0, 1, 'defualt.png', NULL, NULL, NULL, '2025-10-15 13:06:44', NULL),
(64, '33995ff', 'FCHCS Staff 5', 8, '', NULL, NULL, 9, '2017-01-01', '1969-12-31', '', '', '', '', '', '', 'staff5@fchcs.org.ng', 0, 1, 'defualt.png', NULL, NULL, NULL, '2025-10-15 13:06:44', NULL),
(65, 'c047683', 'FCHCS Staff 6', 8, '', NULL, NULL, 9, '2017-01-01', '1969-12-31', '', '', '', '', '', '', 'staff6@fchcs.org.ng', 0, 1, 'defualt.png', NULL, NULL, NULL, '2025-10-15 13:06:44', NULL),
(66, '0563806', 'FCHCS Staff 7', 8, '', NULL, NULL, 9, '2017-01-01', '1969-12-31', '', '', '', '', '', '', 'staff7@fchcs.org.ng', 0, 1, 'defualt.png', NULL, NULL, NULL, '2025-10-15 13:06:44', NULL),
(67, '33b791c', 'FCHCS Staff 8', 8, '', NULL, NULL, 9, '2017-01-01', '1969-12-31', '', '', '', '', '', '', 'staff8@fchcs.org.ng', 0, 1, 'defualt.png', NULL, NULL, NULL, '2025-10-15 13:06:44', NULL),
(68, '892413f', 'FCHCS Staff 9', 8, '', NULL, NULL, 9, '2017-01-01', '1969-12-31', '', '', '', '', '', '', 'staff9@fchcs.org.ng', 0, 1, 'defualt.png', NULL, NULL, NULL, '2025-10-15 13:06:44', NULL),
(69, '96b1089', 'FCHCS Staff 10', 8, '', NULL, NULL, 9, '2017-01-01', '1969-12-31', '', '', '', '', '', '', 'staff10@fchcs.org.ng', 0, 1, 'defualt.png', NULL, NULL, NULL, '2025-10-15 13:06:44', NULL),
(70, 'fa6938f', 'FCHCS Staff 11', 8, '', NULL, NULL, 9, '2017-01-01', '1969-12-31', '', '', '', '', '', '', 'staff11@fchcs.org.ng', 0, 1, 'defualt.png', NULL, NULL, NULL, '2025-10-15 13:06:44', NULL),
(71, '04bb813', 'FCHCS Staff 12', 8, '', NULL, NULL, 9, '2017-01-01', '1969-12-31', '', '', '', '', '', '', 'staff12@fchcs.org.ng', 0, 1, 'defualt.png', NULL, NULL, NULL, '2025-10-15 13:06:45', NULL),
(72, '79d51fb', 'FCHCS Staff 13', 8, '', NULL, NULL, 9, '2017-01-01', '1969-12-31', '', '', '', '', '', '', 'staff13@fchcs.org.ng', 0, 1, 'defualt.png', NULL, NULL, NULL, '2025-10-15 13:06:45', NULL),
(73, '1c98489', 'FCHCS Staff 14', 8, '', NULL, NULL, 9, '2017-01-01', '1969-12-31', '', '', '', '', '', '', 'staff14@fchcs.org.ng', 0, 1, 'defualt.png', NULL, NULL, NULL, '2025-10-15 13:06:45', NULL),
(74, '3889ae5', 'FCHCS Staff 15', 8, '', NULL, NULL, 9, '2017-01-01', '1969-12-31', '', '', '', '', '', '', 'staff15@fchcs.org.ng', 0, 1, 'defualt.png', NULL, NULL, NULL, '2025-10-15 13:06:45', NULL),
(75, 'cd8a4bb', 'FCHCS Staff 16', 8, '', NULL, NULL, 9, '2017-01-01', '1969-12-31', '', '', '', '', '', '', 'staff16@fchcs.org.ng', 0, 1, 'defualt.png', NULL, NULL, NULL, '2025-10-15 13:06:45', NULL),
(76, 'f5f2760', 'FCHCS Staff 17', 8, '', NULL, NULL, 9, '2017-01-01', '1969-12-31', '', '', '', '', '', '', 'staff17@fchcs.org.ng', 0, 1, 'defualt.png', NULL, NULL, NULL, '2025-10-15 13:06:45', NULL),
(77, '9a89960', 'FCHCS Staff 18', 8, '', NULL, NULL, 9, '2017-01-01', '1969-12-31', '', '', '', '', '', '', 'staff18@fchcs.org.ng', 0, 1, 'defualt.png', NULL, NULL, NULL, '2025-10-15 13:06:45', NULL),
(78, '8b92b6e', 'FCHCS Staff 19', 8, '', NULL, NULL, 9, '2017-01-01', '1969-12-31', '', '', '', '', '', '', 'staff19@fchcs.org.ng', 0, 1, 'defualt.png', NULL, NULL, NULL, '2025-10-15 13:06:45', NULL),
(79, 'cf88195', 'FCHCS Staff 20', 8, '', NULL, NULL, 9, '2017-01-01', '1969-12-31', '', '', '', '', '', '', 'staff20@fchcs.org.ng', 0, 1, 'defualt.png', NULL, NULL, NULL, '2025-10-15 13:06:45', NULL),
(80, 'a792784', 'FCHCS Staff 21', 8, '', NULL, NULL, 9, '2017-01-01', '1969-12-31', '', '', '', '', '', '', 'staff21@fchcs.org.ng', 0, 1, 'defualt.png', NULL, NULL, NULL, '2025-10-15 13:06:45', NULL),
(81, 'f61b8b9', 'FCHCS Staff 22', 8, '', NULL, NULL, 9, '2017-01-01', '1969-12-31', '', '', '', '', '', '', 'staff22@fchcs.org.ng', 0, 1, 'defualt.png', NULL, NULL, NULL, '2025-10-15 13:06:45', NULL),
(82, '77b53fb', 'FCHCS Staff 23', 8, '', NULL, NULL, 9, '2017-01-01', '1969-12-31', '', '', '', '', '', '', 'staff23@fchcs.org.ng', 0, 1, 'defualt.png', NULL, NULL, NULL, '2025-10-15 13:06:45', NULL),
(83, '0c85f1a', 'FCHCS Staff 24', 8, '', NULL, NULL, 9, '2017-01-01', '1969-12-31', '', '', '', '', '', '', 'staff24@fchcs.org.ng', 0, 1, 'defualt.png', NULL, NULL, NULL, '2025-10-15 13:06:45', NULL),
(84, '54c9e1e', 'FCHCS Staff 25', 8, '', NULL, NULL, 9, '2017-01-01', '1969-12-31', '', '', '', '', '', '', 'staff25@fchcs.org.ng', 0, 1, 'defualt.png', NULL, NULL, NULL, '2025-10-15 13:06:45', NULL),
(85, '29f06d1', 'FCHCS Staff 26', 8, '', NULL, NULL, 9, '2017-01-01', '1969-12-31', '', '', '', '', '', '', 'staff26@fchcs.org.ng', 0, 1, 'defualt.png', NULL, NULL, NULL, '2025-10-15 13:06:45', NULL),
(86, 'a3e104e', 'FCHCS Staff 27', 8, '', NULL, NULL, 9, '2017-01-01', '1969-12-31', '', '', '', '', '', '', 'staff27@fchcs.org.ng', 0, 1, 'defualt.png', NULL, NULL, NULL, '2025-10-15 13:06:45', NULL),
(87, '4948558', 'FCHCS Staff 28', 8, '', NULL, NULL, 9, '2017-01-01', '1969-12-31', '', '', '', '', '', '', 'staff28@fchcs.org.ng', 0, 1, 'defualt.png', NULL, NULL, NULL, '2025-10-15 13:06:45', NULL),
(88, 'f206a95', 'FCHCS Staff 29', 8, '', NULL, NULL, 9, '2017-01-01', '1969-12-31', '', '', '', '', '', '', 'staff29@fchcs.org.ng', 0, 1, 'defualt.png', NULL, NULL, NULL, '2025-10-15 13:06:45', NULL),
(89, '2133a33', 'FCHCS Staff 30', 8, '', NULL, NULL, 9, '2017-01-01', '1969-12-31', '', '', '', '', '', '', 'staff30@fchcs.org.ng', 0, 1, 'defualt.png', NULL, NULL, NULL, '2025-10-15 13:06:45', NULL),
(90, 'b5cbbd5', 'Cornelius Bankola', 2, 'B.sc', NULL, NULL, 3, '1969-12-31', '1969-12-31', 'male', '', '', '', '', '+234 803 429 1067', 'teacher2@fchcs.org.ng', 0, 1, 'defualt.png', NULL, NULL, NULL, '2025-11-18 13:07:18', NULL);

-- --------------------------------------------------------

--
-- Table structure for table `staff_attendance`
--

CREATE TABLE IF NOT EXISTS `staff_attendance` (
  `id` int NOT NULL AUTO_INCREMENT,
  `staff_id` int NOT NULL,
  `status` varchar(11) DEFAULT NULL COMMENT 'P=Present, A=Absent, H=Holiday, L=Late',
  `remark` varchar(255) NOT NULL,
  `qr_code` tinyint(1) NOT NULL DEFAULT '0',
  `in_time` time DEFAULT NULL,
  `out_time` time DEFAULT NULL,
  `date` date DEFAULT NULL,
  `branch_id` int DEFAULT NULL,
  PRIMARY KEY (`id`),
  KEY `staff_attendance_rms_1` (`branch_id`),
  KEY `staff_attendance_rms_2` (`staff_id`)
) ENGINE=InnoDB AUTO_INCREMENT=21 DEFAULT CHARSET=utf8mb3;

--
-- Dumping data for table `staff_attendance`
--

INSERT INTO `staff_attendance` (`id`, `staff_id`, `status`, `remark`, `qr_code`, `in_time`, `out_time`, `date`, `branch_id`) VALUES
(1, 3, '', '', 0, NULL, NULL, '2025-10-14', 1),
(3, 5, '', '', 0, NULL, NULL, '2025-10-14', 1),
(4, 6, '', '', 0, NULL, NULL, '2025-10-14', 1),
(5, 7, '', '', 0, NULL, NULL, '2025-10-14', 1),
(7, 9, '', '', 0, NULL, NULL, '2025-10-14', 1),
(8, 10, '', '', 0, NULL, NULL, '2025-10-14', 1),
(9, 11, 'P', '', 0, NULL, NULL, '2025-10-14', 1),
(13, 15, '', '', 0, NULL, NULL, '2025-10-14', 1),
(14, 16, 'HD', '', 0, '05:19:24', '05:30:18', '2025-10-14', 1),
(16, 18, '', '', 0, NULL, NULL, '2025-10-14', 1),
(19, 21, '', '', 0, NULL, NULL, '2025-10-14', 1);

-- --------------------------------------------------------

--
-- Table structure for table `staff_bank_account`
--

CREATE TABLE IF NOT EXISTS `staff_bank_account` (
  `id` int NOT NULL AUTO_INCREMENT,
  `staff_id` int NOT NULL,
  `bank_name` varchar(200) NOT NULL,
  `holder_name` varchar(255) NOT NULL,
  `bank_branch` varchar(255) NOT NULL,
  `bank_address` varchar(255) NOT NULL,
  `ifsc_code` varchar(200) NOT NULL,
  `account_no` varchar(200) NOT NULL,
  `created_at` timestamp NOT NULL DEFAULT CURRENT_TIMESTAMP,
  `updated_at` datetime DEFAULT NULL,
  PRIMARY KEY (`id`)
) ENGINE=InnoDB DEFAULT CHARSET=utf8mb3;

-- --------------------------------------------------------

--
-- Table structure for table `staff_department`
--

CREATE TABLE IF NOT EXISTS `staff_department` (
  `id` int NOT NULL AUTO_INCREMENT,
  `name` longtext NOT NULL,
  `branch_id` int NOT NULL,
  `created_at` timestamp NOT NULL DEFAULT CURRENT_TIMESTAMP,
  `updated_at` datetime DEFAULT NULL,
  PRIMARY KEY (`id`)
) ENGINE=InnoDB AUTO_INCREMENT=14 DEFAULT CHARSET=utf8mb3;

--
-- Dumping data for table `staff_department`
--

INSERT INTO `staff_department` (`id`, `name`, `branch_id`, `created_at`, `updated_at`) VALUES
(1, 'Admin', 1, '2025-09-17 15:06:58', NULL),
(2, 'Teachers', 1, '2025-09-17 15:07:16', NULL),
(3, 'Accountant', 1, '2025-09-17 15:07:37', NULL),
(4, 'General Admin', 1, '2025-09-17 15:11:02', NULL),
(5, 'General Admin', 2, '2025-09-17 15:11:20', NULL),
(6, 'Teachers', 2, '2025-09-17 15:11:33', NULL),
(7, 'Accountant', 2, '2025-09-17 15:11:50', NULL),
(8, 'Staff', 1, '2025-10-15 13:05:19', NULL),
(9, 'Teachers', 3, '2025-11-19 19:15:04', NULL),
(10, 'Accountant', 3, '2025-11-19 19:15:18', NULL),
(11, 'General Admin', 3, '2025-11-19 19:15:33', NULL),
(12, 'Junior Secondary', 4, '2026-02-03 20:05:50', NULL),
(13, 'Senior secondary', 4, '2026-02-03 20:05:58', NULL);

-- --------------------------------------------------------

--
-- Table structure for table `staff_designation`
--

CREATE TABLE IF NOT EXISTS `staff_designation` (
  `id` int NOT NULL AUTO_INCREMENT,
  `name` longtext NOT NULL,
  `branch_id` int NOT NULL,
  `created_at` timestamp NOT NULL DEFAULT CURRENT_TIMESTAMP,
  `updated_at` datetime DEFAULT NULL,
  PRIMARY KEY (`id`)
) ENGINE=InnoDB AUTO_INCREMENT=16 DEFAULT CHARSET=utf8mb3;

--
-- Dumping data for table `staff_designation`
--

INSERT INTO `staff_designation` (`id`, `name`, `branch_id`, `created_at`, `updated_at`) VALUES
(1, 'General Admin', 1, '2025-09-17 14:06:45', NULL),
(2, 'School Admin', 1, '2025-09-17 14:06:56', NULL),
(3, 'Teacher', 1, '2025-09-17 15:08:09', NULL),
(4, 'Accountant', 1, '2025-09-17 15:08:26', NULL),
(5, 'General Admin', 2, '2025-09-17 15:09:38', NULL),
(6, 'Accountant', 2, '2025-09-17 15:09:51', NULL),
(7, 'Teacher', 2, '2025-09-17 15:10:04', NULL),
(8, 'School Admin', 2, '2025-09-19 18:16:58', NULL),
(9, 'Staff', 1, '2025-10-15 13:05:30', NULL),
(10, 'General Admin', 3, '2025-11-19 19:16:13', NULL),
(11, 'Accountant', 3, '2025-11-19 19:16:19', NULL),
(12, 'Teacher', 3, '2025-11-19 19:16:46', NULL),
(13, 'Teacher', 4, '2026-02-03 20:05:18', NULL),
(14, 'Administrator', 4, '2026-02-03 20:05:25', NULL),
(15, 'Class teacher', 4, '2026-02-03 20:05:38', NULL);

-- --------------------------------------------------------

--
-- Table structure for table `staff_documents`
--

CREATE TABLE IF NOT EXISTS `staff_documents` (
  `id` int NOT NULL AUTO_INCREMENT,
  `staff_id` int NOT NULL,
  `title` varchar(255) NOT NULL,
  `category_id` varchar(20) NOT NULL,
  `remarks` text NOT NULL,
  `file_name` varchar(255) NOT NULL,
  `enc_name` varchar(255) NOT NULL,
  `created_at` timestamp NOT NULL DEFAULT CURRENT_TIMESTAMP,
  `updated_at` datetime DEFAULT NULL,
  PRIMARY KEY (`id`)
) ENGINE=InnoDB DEFAULT CHARSET=utf8mb3;

-- --------------------------------------------------------

--
-- Table structure for table `staff_privileges`
--

CREATE TABLE IF NOT EXISTS `staff_privileges` (
  `id` int NOT NULL AUTO_INCREMENT,
  `role_id` int NOT NULL,
  `permission_id` int NOT NULL,
  `is_add` tinyint(1) NOT NULL,
  `is_edit` tinyint(1) NOT NULL,
  `is_view` tinyint(1) NOT NULL,
  `is_delete` tinyint(1) NOT NULL,
  PRIMARY KEY (`id`)
) ENGINE=InnoDB AUTO_INCREMENT=1243 DEFAULT CHARSET=utf8mb3;

--
-- Dumping data for table `staff_privileges`
--

INSERT INTO `staff_privileges` (`id`, `role_id`, `permission_id`, `is_add`, `is_edit`, `is_view`, `is_delete`) VALUES
(1, 3, 1, 0, 0, 0, 0),
(2, 3, 2, 0, 0, 0, 0),
(3, 3, 3, 0, 0, 0, 0),
(4, 3, 4, 0, 0, 0, 0),
(5, 3, 5, 0, 0, 0, 0),
(6, 3, 30, 0, 0, 0, 0),
(7, 3, 7, 0, 0, 0, 0),
(8, 3, 8, 0, 0, 0, 0),
(9, 3, 6, 0, 0, 0, 0),
(10, 3, 9, 0, 0, 0, 0),
(11, 3, 10, 0, 0, 0, 0),
(12, 3, 11, 0, 0, 0, 0),
(13, 3, 12, 0, 0, 0, 0),
(14, 3, 13, 0, 0, 0, 0),
(15, 3, 14, 0, 0, 0, 0),
(16, 3, 15, 0, 0, 0, 0),
(17, 3, 16, 0, 0, 0, 0),
(18, 3, 17, 0, 0, 0, 0),
(20, 3, 19, 0, 0, 0, 0),
(21, 3, 20, 1, 0, 1, 0),
(22, 3, 21, 0, 0, 0, 0),
(23, 3, 22, 0, 0, 0, 0),
(24, 3, 23, 0, 0, 0, 0),
(25, 3, 24, 0, 0, 0, 0),
(26, 3, 25, 0, 0, 0, 0),
(27, 3, 26, 0, 0, 1, 0),
(28, 3, 27, 0, 0, 1, 0),
(29, 3, 28, 0, 0, 0, 0),
(30, 3, 29, 0, 0, 1, 0),
(31, 3, 32, 0, 0, 0, 0),
(32, 3, 31, 0, 0, 0, 0),
(33, 3, 33, 0, 0, 0, 0),
(34, 3, 34, 0, 0, 1, 0),
(35, 3, 35, 0, 0, 1, 0),
(36, 3, 36, 0, 0, 0, 0),
(37, 3, 37, 0, 0, 1, 0),
(38, 3, 38, 1, 1, 1, 0),
(39, 3, 39, 0, 0, 0, 0),
(40, 3, 77, 1, 1, 1, 0),
(41, 3, 78, 0, 0, 0, 0),
(42, 3, 79, 0, 0, 1, 0),
(43, 3, 40, 0, 0, 0, 0),
(44, 3, 41, 0, 0, 0, 0),
(45, 3, 42, 0, 0, 0, 0),
(46, 3, 43, 0, 0, 0, 0),
(47, 3, 44, 0, 0, 0, 0),
(48, 3, 45, 0, 0, 0, 0),
(49, 3, 46, 0, 0, 0, 0),
(50, 3, 47, 0, 0, 0, 0),
(51, 3, 48, 0, 0, 0, 0),
(52, 3, 49, 1, 0, 0, 0),
(53, 3, 50, 0, 0, 0, 0),
(54, 3, 51, 0, 0, 0, 0),
(55, 3, 52, 0, 0, 0, 0),
(56, 3, 53, 0, 0, 0, 0),
(57, 3, 54, 0, 0, 0, 0),
(58, 3, 55, 0, 0, 0, 0),
(59, 3, 56, 0, 0, 0, 0),
(60, 3, 57, 0, 0, 0, 0),
(61, 3, 58, 0, 0, 0, 0),
(62, 3, 59, 0, 0, 0, 0),
(63, 3, 60, 0, 0, 0, 0),
(64, 3, 61, 0, 0, 0, 0),
(65, 3, 62, 0, 0, 0, 0),
(66, 3, 80, 0, 0, 0, 0),
(67, 3, 69, 0, 0, 0, 0),
(68, 3, 70, 0, 0, 0, 0),
(69, 3, 71, 0, 0, 0, 0),
(70, 3, 72, 0, 0, 0, 0),
(71, 3, 73, 0, 0, 0, 0),
(72, 3, 74, 0, 0, 0, 0),
(73, 3, 75, 0, 0, 0, 0),
(74, 3, 76, 0, 0, 0, 0),
(75, 3, 63, 0, 0, 0, 0),
(76, 3, 64, 0, 0, 0, 0),
(77, 3, 65, 0, 0, 0, 0),
(78, 3, 66, 0, 0, 0, 0),
(79, 3, 67, 0, 0, 0, 0),
(80, 3, 68, 0, 0, 0, 0),
(81, 3, 81, 0, 0, 0, 0),
(82, 3, 82, 0, 0, 0, 0),
(83, 3, 83, 0, 0, 0, 0),
(84, 3, 84, 0, 0, 0, 0),
(85, 3, 85, 0, 0, 0, 0),
(86, 3, 86, 0, 0, 0, 0),
(87, 3, 87, 0, 0, 0, 0),
(88, 2, 1, 1, 1, 1, 1),
(89, 2, 2, 1, 0, 0, 0),
(90, 2, 3, 1, 1, 1, 1),
(91, 2, 4, 0, 0, 1, 0),
(92, 2, 5, 1, 0, 1, 0),
(93, 2, 30, 1, 0, 1, 0),
(94, 2, 7, 1, 1, 1, 1),
(95, 2, 8, 1, 0, 1, 0),
(96, 2, 6, 1, 1, 1, 1),
(97, 2, 9, 1, 1, 1, 1),
(98, 2, 10, 1, 1, 1, 1),
(99, 2, 11, 1, 0, 1, 0),
(100, 2, 12, 1, 1, 1, 1),
(101, 2, 13, 1, 0, 1, 0),
(102, 2, 14, 1, 0, 1, 0),
(103, 2, 15, 0, 0, 1, 0),
(104, 2, 16, 1, 1, 1, 1),
(105, 2, 17, 1, 1, 1, 1),
(107, 2, 19, 1, 1, 1, 1),
(108, 2, 20, 1, 1, 1, 1),
(109, 2, 21, 1, 1, 1, 1),
(110, 2, 22, 1, 1, 1, 1),
(111, 2, 23, 1, 1, 1, 1),
(112, 2, 24, 1, 1, 1, 1),
(113, 2, 25, 1, 1, 1, 1),
(114, 2, 26, 1, 1, 1, 1),
(115, 2, 27, 1, 1, 1, 1),
(116, 2, 28, 1, 0, 1, 1),
(117, 2, 29, 1, 1, 1, 1),
(118, 2, 32, 1, 1, 1, 1),
(119, 2, 31, 1, 1, 1, 1),
(120, 2, 33, 1, 1, 1, 1),
(121, 2, 34, 1, 1, 1, 1),
(122, 2, 35, 1, 1, 1, 1),
(123, 2, 36, 1, 1, 1, 1),
(124, 2, 37, 1, 0, 1, 1),
(125, 2, 38, 1, 1, 1, 1),
(126, 2, 39, 1, 1, 1, 1),
(127, 2, 77, 1, 1, 1, 1),
(128, 2, 78, 0, 0, 1, 0),
(129, 2, 79, 0, 0, 1, 0),
(130, 2, 40, 1, 1, 1, 1),
(131, 2, 41, 1, 1, 1, 1),
(132, 2, 42, 1, 1, 1, 1),
(133, 2, 43, 0, 0, 1, 1),
(134, 2, 44, 1, 1, 1, 1),
(135, 2, 45, 1, 1, 1, 1),
(136, 2, 46, 1, 1, 1, 1),
(137, 2, 47, 1, 1, 1, 1),
(138, 2, 48, 0, 0, 1, 1),
(139, 2, 49, 1, 0, 0, 0),
(140, 2, 50, 1, 0, 0, 0),
(141, 2, 51, 1, 0, 0, 0),
(142, 2, 52, 0, 0, 1, 0),
(143, 2, 53, 0, 0, 1, 0),
(144, 2, 54, 0, 0, 1, 0),
(145, 2, 55, 1, 1, 1, 1),
(146, 2, 56, 1, 1, 1, 1),
(147, 2, 57, 1, 0, 1, 1),
(148, 2, 58, 1, 0, 1, 1),
(149, 2, 59, 1, 1, 1, 1),
(150, 2, 60, 1, 1, 1, 1),
(151, 2, 61, 1, 0, 1, 1),
(152, 2, 62, 1, 1, 1, 1),
(153, 2, 80, 0, 0, 1, 0),
(154, 2, 69, 1, 1, 1, 1),
(155, 2, 70, 1, 1, 1, 1),
(156, 2, 71, 1, 1, 1, 1),
(157, 2, 72, 1, 1, 1, 1),
(158, 2, 73, 1, 0, 0, 0),
(159, 2, 74, 1, 1, 1, 1),
(160, 2, 75, 0, 0, 1, 0),
(161, 2, 76, 0, 0, 1, 1),
(162, 2, 63, 1, 1, 1, 1),
(163, 2, 64, 1, 1, 1, 1),
(164, 2, 65, 1, 1, 1, 1),
(165, 2, 66, 0, 0, 1, 0),
(166, 2, 67, 1, 1, 1, 1),
(167, 2, 68, 1, 1, 1, 1),
(168, 2, 81, 0, 0, 0, 0),
(169, 2, 82, 1, 0, 1, 0),
(170, 2, 83, 1, 1, 1, 1),
(171, 2, 84, 1, 1, 1, 1),
(172, 2, 85, 0, 0, 0, 0),
(173, 2, 86, 0, 0, 0, 0),
(174, 2, 87, 0, 0, 0, 0),
(175, 7, 1, 0, 0, 0, 0),
(176, 7, 2, 0, 0, 0, 0),
(177, 7, 3, 0, 0, 0, 0),
(178, 7, 4, 0, 0, 0, 0),
(179, 7, 5, 0, 0, 0, 0),
(180, 7, 30, 0, 0, 0, 0),
(181, 7, 7, 0, 0, 0, 0),
(182, 7, 8, 0, 0, 0, 0),
(183, 7, 6, 0, 0, 0, 0),
(184, 7, 9, 0, 0, 0, 0),
(185, 7, 10, 0, 0, 0, 0),
(186, 7, 11, 0, 0, 0, 0),
(187, 7, 12, 0, 0, 0, 0),
(188, 7, 13, 0, 0, 0, 0),
(189, 7, 14, 0, 0, 0, 0),
(190, 7, 15, 0, 0, 0, 0),
(191, 7, 16, 0, 0, 0, 0),
(192, 7, 17, 0, 0, 0, 0),
(194, 7, 19, 0, 0, 0, 0),
(195, 7, 20, 0, 0, 0, 0),
(196, 7, 21, 0, 0, 0, 0),
(197, 7, 22, 0, 0, 0, 0),
(198, 7, 23, 0, 0, 0, 0),
(199, 7, 24, 0, 0, 0, 0),
(200, 7, 25, 0, 0, 0, 0),
(201, 7, 26, 0, 0, 1, 0),
(202, 7, 27, 0, 0, 0, 0),
(203, 7, 28, 0, 0, 0, 0),
(204, 7, 29, 0, 0, 1, 0),
(205, 7, 32, 0, 0, 0, 0),
(206, 7, 31, 0, 0, 0, 0),
(207, 7, 33, 0, 0, 0, 0),
(208, 7, 34, 0, 0, 0, 0),
(209, 7, 35, 0, 0, 0, 0),
(210, 7, 36, 0, 0, 0, 0),
(211, 7, 37, 0, 0, 0, 0),
(212, 7, 38, 0, 0, 0, 0),
(213, 7, 39, 0, 0, 0, 0),
(214, 7, 77, 0, 0, 0, 0),
(215, 7, 78, 0, 0, 0, 0),
(216, 7, 79, 0, 0, 0, 0),
(217, 7, 40, 0, 0, 0, 0),
(218, 7, 41, 0, 0, 0, 0),
(219, 7, 42, 0, 0, 0, 0),
(220, 7, 43, 0, 0, 0, 0),
(221, 7, 44, 0, 0, 0, 0),
(222, 7, 45, 0, 0, 0, 0),
(223, 7, 46, 0, 0, 0, 0),
(224, 7, 47, 0, 0, 0, 0),
(225, 7, 48, 0, 0, 0, 0),
(226, 7, 49, 0, 0, 0, 0),
(227, 7, 50, 0, 0, 0, 0),
(228, 7, 51, 0, 0, 0, 0),
(229, 7, 52, 0, 0, 0, 0),
(230, 7, 53, 0, 0, 0, 0),
(231, 7, 54, 0, 0, 0, 0),
(232, 7, 55, 0, 0, 0, 0),
(233, 7, 56, 0, 0, 0, 0),
(234, 7, 57, 0, 0, 0, 0),
(235, 7, 58, 0, 0, 0, 0),
(236, 7, 59, 0, 0, 0, 0),
(237, 7, 60, 0, 0, 0, 0),
(238, 7, 61, 0, 0, 0, 0),
(239, 7, 62, 0, 0, 0, 0),
(240, 7, 80, 0, 0, 0, 0),
(241, 7, 69, 0, 0, 0, 0),
(242, 7, 70, 0, 0, 0, 0),
(243, 7, 71, 0, 0, 0, 0),
(244, 7, 72, 0, 0, 0, 0),
(245, 7, 73, 0, 0, 0, 0),
(246, 7, 74, 0, 0, 0, 0),
(247, 7, 75, 0, 0, 0, 0),
(248, 7, 76, 0, 0, 0, 0),
(249, 7, 63, 0, 0, 0, 0),
(250, 7, 64, 0, 0, 0, 0),
(251, 7, 65, 0, 0, 0, 0),
(252, 7, 66, 0, 0, 0, 0),
(253, 7, 67, 0, 0, 0, 0),
(254, 7, 68, 0, 0, 0, 0),
(255, 7, 81, 0, 0, 0, 0),
(256, 7, 82, 0, 0, 0, 0),
(257, 7, 83, 0, 0, 0, 0),
(258, 7, 84, 0, 0, 0, 0),
(259, 7, 85, 0, 0, 0, 0),
(260, 7, 86, 0, 0, 0, 0),
(261, 7, 87, 0, 0, 0, 0),
(262, 88, 88, 1, 1, 1, 1),
(263, 88, 88, 1, 1, 1, 1),
(264, 89, 89, 1, 1, 1, 1),
(265, 90, 90, 1, 1, 1, 1),
(266, 2, 88, 1, 0, 1, 0),
(267, 2, 89, 0, 0, 1, 0),
(268, 90, 90, 1, 1, 1, 1),
(269, 2, 90, 0, 1, 1, 0),
(270, 91, 91, 1, 1, 1, 1),
(271, 92, 92, 1, 1, 1, 1),
(272, 2, 91, 0, 0, 1, 0),
(273, 2, 92, 0, 0, 1, 0),
(274, 93, 93, 1, 1, 1, 1),
(275, 94, 94, 1, 1, 1, 1),
(276, 95, 95, 1, 1, 1, 1),
(277, 96, 96, 1, 1, 1, 1),
(278, 2, 93, 0, 0, 1, 0),
(279, 2, 94, 0, 0, 1, 0),
(280, 2, 95, 0, 0, 1, 0),
(281, 2, 96, 0, 0, 1, 0),
(282, 97, 97, 1, 1, 1, 1),
(283, 98, 98, 1, 1, 1, 1),
(284, 2, 97, 0, 0, 1, 0),
(285, 2, 98, 0, 0, 1, 0),
(286, 99, 99, 1, 1, 1, 1),
(287, 100, 100, 1, 1, 1, 1),
(288, 101, 101, 1, 1, 1, 1),
(289, 102, 102, 1, 1, 1, 1),
(290, 2, 99, 0, 0, 1, 0),
(291, 2, 100, 0, 0, 1, 0),
(292, 2, 101, 0, 0, 1, 0),
(293, 2, 102, 0, 0, 1, 0),
(294, 103, 103, 1, 1, 1, 1),
(295, 2, 103, 0, 1, 1, 0),
(296, 3, 91, 0, 0, 0, 0),
(297, 3, 92, 0, 0, 0, 0),
(298, 3, 93, 0, 0, 0, 0),
(299, 3, 94, 0, 0, 0, 0),
(300, 3, 95, 0, 0, 0, 0),
(301, 3, 96, 0, 0, 0, 0),
(302, 3, 97, 0, 0, 0, 0),
(303, 3, 98, 0, 0, 1, 0),
(304, 3, 99, 0, 0, 0, 0),
(305, 3, 100, 0, 0, 0, 0),
(306, 3, 101, 0, 0, 0, 0),
(307, 3, 102, 0, 0, 0, 0),
(308, 3, 88, 0, 0, 0, 0),
(309, 3, 89, 0, 0, 0, 0),
(310, 3, 90, 0, 0, 0, 0),
(311, 3, 103, 0, 0, 0, 0),
(312, 4, 91, 0, 0, 1, 0),
(313, 4, 92, 0, 0, 1, 0),
(314, 4, 93, 0, 0, 0, 0),
(315, 4, 94, 0, 0, 0, 0),
(316, 4, 95, 0, 0, 0, 0),
(317, 4, 96, 0, 0, 0, 0),
(318, 4, 97, 0, 0, 0, 0),
(319, 4, 98, 0, 0, 0, 0),
(320, 4, 99, 0, 0, 0, 0),
(321, 4, 100, 0, 0, 0, 0),
(322, 4, 101, 0, 0, 0, 0),
(323, 4, 102, 0, 0, 0, 0),
(324, 4, 1, 0, 0, 0, 0),
(325, 4, 2, 0, 0, 0, 0),
(326, 4, 3, 0, 0, 0, 0),
(327, 4, 4, 0, 0, 0, 0),
(328, 4, 5, 0, 0, 0, 0),
(329, 4, 30, 0, 0, 0, 0),
(330, 4, 7, 0, 0, 0, 0),
(331, 4, 8, 0, 0, 0, 0),
(332, 4, 6, 0, 0, 0, 0),
(333, 4, 9, 0, 0, 0, 0),
(334, 4, 10, 0, 0, 0, 0),
(335, 4, 11, 0, 0, 0, 0),
(336, 4, 12, 1, 1, 1, 1),
(337, 4, 13, 1, 0, 1, 0),
(338, 4, 14, 1, 0, 1, 0),
(339, 4, 15, 0, 0, 1, 0),
(340, 4, 16, 1, 1, 1, 1),
(341, 4, 17, 1, 1, 1, 1),
(343, 4, 19, 1, 1, 1, 1),
(344, 4, 20, 1, 1, 1, 1),
(345, 4, 21, 1, 1, 1, 1),
(346, 4, 22, 1, 1, 1, 1),
(347, 4, 23, 0, 0, 0, 0),
(348, 4, 24, 0, 0, 0, 0),
(349, 4, 25, 0, 0, 0, 0),
(350, 4, 26, 0, 0, 0, 0),
(351, 4, 27, 0, 0, 0, 0),
(352, 4, 28, 0, 0, 0, 0),
(353, 4, 29, 0, 0, 0, 0),
(354, 4, 32, 0, 0, 0, 0),
(355, 4, 88, 0, 0, 0, 0),
(356, 4, 89, 0, 0, 0, 0),
(357, 4, 31, 0, 0, 0, 0),
(358, 4, 33, 0, 0, 0, 0),
(359, 4, 34, 0, 0, 0, 0),
(360, 4, 35, 0, 0, 0, 0),
(361, 4, 36, 0, 0, 0, 0),
(362, 4, 37, 0, 0, 0, 0),
(363, 4, 38, 0, 0, 0, 0),
(364, 4, 39, 0, 0, 0, 0),
(365, 4, 77, 0, 0, 0, 0),
(366, 4, 78, 0, 0, 0, 0),
(367, 4, 79, 0, 0, 0, 0),
(368, 4, 40, 0, 0, 0, 0),
(369, 4, 41, 0, 0, 0, 0),
(370, 4, 42, 0, 0, 0, 0),
(371, 4, 43, 0, 0, 0, 0),
(372, 4, 44, 0, 0, 0, 0),
(373, 4, 45, 0, 0, 0, 0),
(374, 4, 46, 0, 0, 0, 0),
(375, 4, 47, 0, 0, 0, 0),
(376, 4, 48, 0, 0, 0, 0),
(377, 4, 49, 0, 0, 0, 0),
(378, 4, 50, 0, 0, 0, 0),
(379, 4, 51, 0, 0, 0, 0),
(380, 4, 52, 0, 0, 0, 0),
(381, 4, 53, 0, 0, 0, 0),
(382, 4, 54, 0, 0, 0, 0),
(383, 4, 55, 0, 0, 1, 0),
(384, 4, 56, 0, 0, 0, 0),
(385, 4, 57, 0, 0, 0, 0),
(386, 4, 58, 1, 0, 1, 0),
(387, 4, 59, 0, 0, 0, 0),
(388, 4, 60, 0, 0, 0, 0),
(389, 4, 61, 0, 0, 0, 0),
(390, 4, 62, 0, 0, 0, 0),
(391, 4, 80, 0, 0, 0, 0),
(392, 4, 69, 1, 1, 1, 1),
(393, 4, 70, 1, 1, 1, 1),
(394, 4, 71, 1, 1, 1, 1),
(395, 4, 72, 1, 1, 1, 1),
(396, 4, 73, 1, 0, 0, 0),
(397, 4, 74, 1, 1, 1, 1),
(398, 4, 75, 0, 0, 1, 0),
(399, 4, 76, 0, 0, 1, 0),
(400, 4, 63, 1, 1, 1, 1),
(401, 4, 64, 1, 1, 1, 1),
(402, 4, 65, 1, 1, 1, 1),
(403, 4, 66, 0, 0, 1, 0),
(404, 4, 67, 1, 1, 1, 1),
(405, 4, 68, 1, 1, 1, 1),
(406, 4, 81, 0, 0, 0, 0),
(407, 4, 82, 0, 0, 0, 0),
(408, 4, 83, 0, 0, 0, 0),
(409, 4, 84, 0, 0, 0, 0),
(410, 4, 85, 0, 0, 0, 0),
(411, 4, 86, 0, 0, 0, 0),
(412, 4, 87, 0, 0, 0, 0),
(413, 4, 90, 0, 0, 0, 0),
(414, 4, 103, 0, 0, 0, 0),
(415, 5, 91, 0, 0, 0, 0),
(416, 5, 92, 0, 0, 0, 0),
(417, 5, 93, 0, 0, 1, 0),
(418, 5, 94, 0, 0, 1, 0),
(419, 5, 95, 0, 0, 0, 0),
(420, 5, 96, 0, 0, 0, 0),
(421, 5, 97, 0, 0, 0, 0),
(422, 5, 98, 0, 0, 0, 0),
(423, 5, 99, 0, 0, 0, 0),
(424, 5, 100, 0, 0, 0, 0),
(425, 5, 101, 0, 0, 0, 0),
(426, 5, 102, 0, 0, 0, 0),
(427, 5, 1, 0, 0, 1, 0),
(428, 5, 2, 0, 0, 0, 0),
(429, 5, 3, 0, 0, 0, 0),
(430, 5, 4, 0, 0, 0, 0),
(431, 5, 5, 0, 0, 0, 0),
(432, 5, 30, 0, 0, 0, 0),
(433, 5, 7, 0, 0, 0, 0),
(434, 5, 8, 0, 0, 0, 0),
(435, 5, 6, 0, 0, 1, 0),
(436, 5, 9, 0, 0, 0, 0),
(437, 5, 10, 0, 0, 0, 0),
(438, 5, 11, 0, 0, 0, 0),
(439, 5, 12, 0, 0, 0, 0),
(440, 5, 13, 0, 0, 0, 0),
(441, 5, 14, 0, 0, 0, 0),
(442, 5, 15, 0, 0, 0, 0),
(443, 5, 16, 0, 0, 0, 0),
(444, 5, 17, 0, 0, 0, 0),
(446, 5, 19, 0, 0, 0, 0),
(447, 5, 20, 1, 1, 1, 1),
(448, 5, 21, 0, 0, 0, 0),
(449, 5, 22, 0, 0, 0, 0),
(450, 5, 23, 0, 0, 0, 0),
(451, 5, 24, 0, 0, 0, 0),
(452, 5, 25, 0, 0, 0, 0),
(453, 5, 26, 0, 0, 0, 0),
(454, 5, 27, 0, 0, 0, 0),
(455, 5, 28, 0, 0, 0, 0),
(456, 5, 29, 0, 0, 0, 0),
(457, 5, 32, 0, 0, 0, 0),
(458, 5, 88, 0, 0, 0, 0),
(459, 5, 89, 0, 0, 0, 0),
(460, 5, 31, 0, 0, 0, 0),
(461, 5, 33, 0, 0, 0, 0),
(462, 5, 34, 0, 0, 0, 0),
(463, 5, 35, 0, 0, 0, 0),
(464, 5, 36, 0, 0, 0, 0),
(465, 5, 37, 0, 0, 0, 0),
(466, 5, 38, 0, 0, 0, 0),
(467, 5, 39, 0, 0, 0, 0),
(468, 5, 77, 0, 0, 0, 0),
(469, 5, 78, 0, 0, 0, 0),
(470, 5, 79, 0, 0, 0, 0),
(471, 5, 40, 0, 0, 0, 0),
(472, 5, 41, 0, 0, 0, 0),
(473, 5, 42, 0, 0, 0, 0),
(474, 5, 43, 0, 0, 0, 0),
(475, 5, 44, 0, 0, 0, 0),
(476, 5, 45, 0, 0, 0, 0),
(477, 5, 46, 0, 0, 0, 0),
(478, 5, 47, 0, 0, 0, 0),
(479, 5, 48, 0, 0, 0, 0),
(480, 5, 49, 0, 0, 0, 0),
(481, 5, 50, 0, 0, 0, 0),
(482, 5, 51, 0, 0, 0, 0),
(483, 5, 52, 0, 0, 0, 0),
(484, 5, 53, 0, 0, 0, 0),
(485, 5, 54, 0, 0, 0, 0),
(486, 5, 55, 1, 1, 1, 1),
(487, 5, 56, 1, 1, 1, 1),
(488, 5, 57, 1, 0, 1, 1),
(489, 5, 58, 1, 0, 1, 1),
(490, 5, 59, 0, 0, 0, 0),
(491, 5, 60, 0, 0, 0, 0),
(492, 5, 61, 0, 0, 0, 0),
(493, 5, 62, 0, 0, 0, 0),
(494, 5, 80, 0, 0, 0, 0),
(495, 5, 69, 0, 0, 0, 0),
(496, 5, 70, 0, 0, 0, 0),
(497, 5, 71, 0, 0, 0, 0),
(498, 5, 72, 0, 0, 0, 0),
(499, 5, 73, 0, 0, 0, 0),
(500, 5, 74, 0, 0, 0, 0),
(501, 5, 75, 0, 0, 0, 0),
(502, 5, 76, 0, 0, 0, 0),
(503, 5, 63, 0, 0, 0, 0),
(504, 5, 64, 0, 0, 0, 0),
(505, 5, 65, 0, 0, 0, 0),
(506, 5, 66, 0, 0, 0, 0),
(507, 5, 67, 0, 0, 0, 0),
(508, 5, 68, 0, 0, 0, 0),
(509, 5, 81, 0, 0, 0, 0),
(510, 5, 82, 0, 0, 0, 0),
(511, 5, 83, 0, 0, 0, 0),
(512, 5, 84, 0, 0, 0, 0),
(513, 5, 85, 0, 0, 0, 0),
(514, 5, 86, 0, 0, 0, 0),
(515, 5, 87, 0, 0, 0, 0),
(516, 5, 90, 0, 0, 0, 0),
(517, 5, 103, 0, 0, 0, 0),
(518, 104, 104, 1, 1, 1, 1),
(519, 2, 104, 0, 0, 1, 0),
(520, 4, 104, 0, 0, 1, 0),
(521, 2, 18, 1, 0, 1, 0),
(522, 2, 105, 0, 0, 0, 0),
(523, 2, 106, 0, 0, 0, 0),
(524, 2, 107, 0, 0, 1, 0),
(525, 2, 109, 0, 0, 0, 0),
(526, 2, 108, 0, 1, 1, 0),
(527, 3, 18, 0, 0, 0, 0),
(528, 3, 107, 0, 0, 1, 0),
(529, 3, 109, 0, 0, 0, 0),
(530, 3, 104, 0, 0, 0, 0),
(531, 3, 105, 0, 0, 0, 0),
(532, 3, 106, 0, 0, 0, 0),
(533, 3, 108, 0, 0, 0, 0),
(534, 2, 110, 1, 1, 1, 1),
(535, 2, 111, 0, 0, 1, 0),
(536, 2, 112, 0, 0, 1, 0),
(537, 2, 113, 1, 1, 1, 1),
(538, 2, 114, 0, 0, 1, 0),
(539, 2, 115, 0, 0, 1, 0),
(540, 2, 116, 1, 1, 1, 1),
(541, 2, 117, 0, 0, 1, 0),
(542, 3, 110, 0, 0, 0, 0),
(543, 3, 111, 0, 0, 0, 0),
(544, 3, 112, 0, 0, 0, 0),
(545, 3, 113, 0, 0, 0, 0),
(546, 3, 114, 0, 0, 0, 0),
(547, 3, 115, 0, 0, 0, 0),
(548, 3, 116, 0, 0, 0, 0),
(549, 3, 117, 0, 0, 0, 0),
(550, 2, 127, 1, 0, 1, 1),
(551, 2, 118, 0, 0, 0, 0),
(552, 2, 119, 0, 1, 0, 0),
(553, 2, 120, 0, 0, 0, 0),
(554, 2, 121, 0, 1, 0, 0),
(555, 2, 122, 0, 1, 0, 0),
(556, 2, 123, 0, 1, 0, 0),
(557, 2, 124, 0, 1, 0, 0),
(558, 2, 125, 0, 1, 0, 0),
(559, 2, 126, 0, 1, 0, 0),
(560, 3, 118, 0, 0, 0, 0),
(561, 3, 119, 0, 0, 0, 0),
(562, 3, 120, 0, 0, 0, 0),
(563, 3, 121, 0, 0, 0, 0),
(564, 3, 122, 0, 0, 0, 0),
(565, 3, 123, 0, 0, 0, 0),
(566, 3, 124, 0, 0, 0, 0),
(567, 3, 125, 0, 0, 0, 0),
(568, 3, 126, 0, 0, 0, 0),
(569, 3, 127, 0, 0, 0, 0),
(570, 3, 128, 0, 0, 0, 0),
(571, 2, 129, 0, 0, 0, 0),
(572, 2, 128, 0, 0, 0, 0),
(573, 2, 131, 0, 1, 0, 0),
(574, 2, 132, 0, 1, 0, 0),
(575, 2, 130, 0, 0, 0, 1),
(576, 4, 118, 0, 0, 0, 0),
(577, 4, 119, 0, 0, 0, 0),
(578, 4, 120, 0, 0, 0, 0),
(579, 4, 121, 0, 0, 0, 0),
(580, 4, 122, 0, 0, 0, 0),
(581, 4, 123, 0, 0, 0, 0),
(582, 4, 124, 0, 0, 0, 0),
(583, 4, 125, 0, 0, 0, 0),
(584, 4, 126, 0, 0, 0, 0),
(585, 4, 131, 0, 0, 0, 0),
(586, 4, 132, 0, 0, 0, 0),
(587, 4, 127, 0, 0, 0, 0),
(588, 4, 113, 0, 0, 0, 0),
(589, 4, 114, 0, 0, 0, 0),
(590, 4, 115, 0, 0, 0, 0),
(591, 4, 116, 0, 0, 0, 0),
(592, 4, 117, 0, 0, 0, 0),
(593, 4, 110, 0, 0, 0, 0),
(594, 4, 111, 0, 0, 0, 0),
(595, 4, 112, 0, 0, 0, 0),
(596, 4, 18, 0, 0, 0, 0),
(597, 4, 107, 0, 0, 0, 0),
(598, 4, 109, 0, 0, 0, 0),
(599, 4, 129, 0, 0, 0, 0),
(600, 4, 130, 0, 0, 0, 1),
(601, 4, 105, 0, 0, 0, 0),
(602, 4, 106, 0, 0, 0, 0),
(603, 4, 108, 0, 0, 0, 0),
(604, 4, 128, 0, 0, 0, 0),
(605, 2, 154, 1, 1, 1, 1),
(606, 2, 155, 0, 0, 1, 0),
(607, 2, 133, 0, 0, 1, 0),
(608, 3, 133, 0, 0, 0, 0),
(609, 2, 134, 1, 1, 1, 1),
(610, 2, 136, 1, 1, 1, 1),
(611, 2, 137, 1, 1, 1, 1),
(612, 2, 138, 1, 0, 0, 0),
(613, 2, 139, 1, 1, 1, 1),
(614, 2, 140, 0, 0, 1, 0),
(615, 2, 135, 0, 1, 1, 0),
(616, 3, 131, 0, 0, 0, 0),
(617, 3, 132, 0, 0, 0, 0),
(618, 3, 129, 0, 0, 0, 0),
(619, 3, 130, 0, 0, 0, 0),
(620, 3, 136, 0, 0, 0, 0),
(621, 3, 137, 0, 0, 0, 0),
(622, 3, 138, 0, 0, 0, 0),
(623, 3, 139, 0, 0, 0, 0),
(624, 3, 140, 0, 0, 0, 0),
(625, 3, 134, 0, 0, 0, 0),
(626, 3, 135, 0, 0, 0, 0),
(627, 2, 141, 1, 0, 1, 0),
(628, 2, 142, 0, 1, 1, 0),
(629, 2, 143, 0, 1, 1, 0),
(630, 2, 144, 0, 1, 1, 0),
(631, 2, 145, 0, 1, 1, 0),
(632, 2, 146, 0, 1, 1, 0),
(633, 2, 147, 0, 0, 1, 0),
(634, 2, 148, 0, 1, 1, 0),
(635, 2, 149, 0, 0, 1, 0),
(636, 2, 150, 0, 0, 1, 0),
(637, 2, 151, 0, 0, 1, 0),
(638, 2, 152, 0, 0, 1, 0),
(639, 2, 153, 0, 0, 1, 0),
(640, 8, 91, 0, 0, 0, 0),
(641, 8, 92, 0, 0, 0, 0),
(642, 8, 93, 0, 0, 1, 0),
(643, 8, 94, 0, 0, 1, 0),
(644, 8, 95, 0, 0, 1, 0),
(645, 8, 96, 0, 0, 1, 0),
(646, 8, 97, 0, 0, 0, 0),
(647, 8, 98, 0, 0, 0, 0),
(648, 8, 99, 0, 0, 0, 0),
(649, 8, 100, 0, 0, 0, 0),
(650, 8, 101, 0, 0, 0, 0),
(651, 8, 102, 0, 0, 0, 0),
(652, 8, 151, 0, 0, 1, 0),
(653, 8, 152, 0, 0, 1, 0),
(654, 8, 118, 0, 0, 0, 0),
(655, 8, 119, 0, 0, 0, 0),
(656, 8, 120, 0, 0, 0, 0),
(657, 8, 121, 0, 0, 0, 0),
(658, 8, 122, 0, 0, 0, 0),
(659, 8, 123, 0, 0, 0, 0),
(660, 8, 124, 0, 0, 0, 0),
(661, 8, 125, 0, 0, 0, 0),
(662, 8, 126, 0, 0, 0, 0),
(663, 8, 131, 0, 0, 0, 0),
(664, 8, 132, 0, 0, 0, 0),
(665, 8, 1, 0, 0, 1, 0),
(666, 8, 2, 0, 0, 0, 0),
(667, 8, 3, 0, 0, 0, 0),
(668, 8, 4, 0, 0, 0, 0),
(669, 8, 5, 0, 0, 0, 0),
(670, 8, 30, 0, 0, 0, 0),
(671, 8, 127, 0, 0, 0, 0),
(672, 8, 7, 0, 0, 1, 0),
(673, 8, 8, 0, 0, 0, 0),
(674, 8, 6, 0, 0, 1, 0),
(675, 8, 9, 0, 0, 0, 0),
(676, 8, 10, 0, 0, 0, 0),
(677, 8, 11, 0, 0, 0, 0),
(678, 8, 113, 0, 0, 0, 0),
(679, 8, 114, 0, 0, 0, 0),
(680, 8, 115, 0, 0, 0, 0),
(681, 8, 116, 0, 0, 0, 0),
(682, 8, 117, 0, 0, 0, 0),
(683, 8, 110, 0, 0, 0, 0),
(684, 8, 111, 0, 0, 0, 0),
(685, 8, 112, 0, 0, 0, 0),
(686, 8, 12, 0, 0, 0, 0),
(687, 8, 13, 0, 0, 0, 0),
(688, 8, 14, 0, 0, 1, 0),
(689, 8, 15, 0, 0, 0, 0),
(690, 8, 16, 0, 0, 0, 0),
(691, 8, 17, 0, 0, 0, 0),
(692, 8, 18, 1, 0, 1, 1),
(693, 8, 19, 0, 0, 0, 0),
(694, 8, 20, 1, 1, 1, 1),
(695, 8, 21, 0, 0, 0, 0),
(696, 8, 22, 0, 0, 0, 0),
(697, 8, 107, 0, 0, 0, 0),
(698, 8, 23, 0, 0, 0, 0),
(699, 8, 24, 0, 0, 0, 0),
(700, 8, 25, 0, 0, 0, 0),
(701, 8, 26, 0, 0, 0, 0),
(702, 8, 27, 0, 0, 0, 0),
(703, 8, 28, 0, 0, 0, 0),
(704, 8, 29, 0, 0, 0, 0),
(705, 8, 133, 0, 0, 0, 0),
(706, 8, 109, 0, 0, 0, 0),
(707, 8, 129, 0, 0, 0, 0),
(708, 8, 31, 0, 0, 0, 0),
(709, 8, 33, 0, 0, 0, 0),
(710, 8, 32, 0, 0, 0, 0),
(711, 8, 88, 0, 0, 0, 0),
(712, 8, 89, 0, 0, 0, 0),
(713, 8, 34, 0, 0, 0, 0),
(714, 8, 35, 0, 0, 0, 0),
(715, 8, 36, 0, 0, 0, 0),
(716, 8, 37, 0, 0, 0, 0),
(717, 8, 38, 0, 0, 0, 0),
(718, 8, 39, 0, 0, 0, 0),
(719, 8, 77, 0, 0, 0, 0),
(720, 8, 78, 0, 0, 0, 0),
(721, 8, 79, 0, 0, 0, 0),
(722, 8, 153, 0, 0, 0, 0),
(723, 8, 40, 0, 0, 0, 0),
(724, 8, 41, 0, 0, 0, 0),
(725, 8, 42, 0, 0, 0, 0),
(726, 8, 43, 0, 0, 0, 0),
(727, 8, 44, 0, 0, 0, 0),
(728, 8, 45, 0, 0, 0, 0),
(729, 8, 46, 0, 0, 0, 0),
(730, 8, 47, 0, 0, 0, 0),
(731, 8, 48, 0, 0, 0, 0),
(732, 8, 49, 0, 0, 0, 0),
(733, 8, 50, 0, 0, 0, 0),
(734, 8, 51, 0, 0, 0, 0),
(735, 8, 52, 0, 0, 0, 0),
(736, 8, 53, 0, 0, 0, 0),
(737, 8, 54, 0, 0, 0, 0),
(738, 8, 55, 0, 0, 0, 0),
(739, 8, 56, 0, 0, 0, 0),
(740, 8, 57, 0, 0, 0, 0),
(741, 8, 58, 0, 0, 0, 0),
(742, 8, 59, 0, 0, 0, 0),
(743, 8, 60, 0, 0, 0, 0),
(744, 8, 61, 0, 0, 0, 0),
(745, 8, 62, 0, 0, 0, 0),
(746, 8, 80, 0, 0, 0, 0),
(747, 8, 149, 0, 0, 0, 0),
(748, 8, 150, 0, 0, 0, 0),
(749, 8, 69, 0, 0, 0, 0),
(750, 8, 70, 0, 0, 0, 0),
(751, 8, 71, 0, 0, 0, 0),
(752, 8, 72, 0, 0, 0, 0),
(753, 8, 73, 0, 0, 0, 0),
(754, 8, 74, 0, 0, 0, 0),
(755, 8, 75, 0, 0, 0, 0),
(756, 8, 76, 0, 0, 0, 0),
(757, 8, 104, 0, 0, 0, 0),
(758, 8, 130, 0, 0, 0, 0),
(759, 8, 63, 0, 0, 0, 0),
(760, 8, 64, 0, 0, 0, 0),
(761, 8, 65, 0, 0, 0, 0),
(762, 8, 66, 0, 0, 0, 0),
(763, 8, 67, 0, 0, 0, 0),
(764, 8, 68, 0, 0, 0, 0),
(765, 8, 136, 0, 0, 0, 0),
(766, 8, 137, 0, 0, 0, 0),
(767, 8, 138, 0, 0, 0, 0),
(768, 8, 139, 0, 0, 0, 0),
(769, 8, 140, 0, 0, 0, 0),
(770, 8, 141, 0, 0, 0, 0),
(771, 8, 142, 1, 1, 1, 1),
(772, 8, 143, 1, 1, 1, 1),
(773, 8, 144, 1, 1, 1, 1),
(774, 8, 145, 1, 1, 1, 1),
(775, 8, 146, 1, 1, 1, 1),
(776, 8, 147, 1, 0, 1, 1),
(777, 8, 148, 1, 1, 1, 1),
(778, 8, 81, 0, 0, 0, 0),
(779, 8, 82, 0, 0, 0, 0),
(780, 8, 83, 0, 0, 0, 0),
(781, 8, 84, 0, 0, 0, 0),
(782, 8, 85, 0, 0, 0, 0),
(783, 8, 86, 0, 0, 0, 0),
(784, 8, 87, 0, 0, 0, 0),
(785, 8, 90, 0, 0, 0, 0),
(786, 8, 103, 0, 0, 0, 0),
(787, 8, 105, 0, 0, 0, 0),
(788, 8, 106, 0, 0, 0, 0),
(789, 8, 108, 0, 0, 0, 0),
(790, 8, 128, 0, 0, 0, 0),
(791, 8, 134, 0, 0, 0, 0),
(792, 8, 135, 0, 0, 0, 0),
(793, 2, 157, 1, 1, 1, 1),
(794, 2, 158, 1, 1, 1, 1),
(795, 2, 159, 1, 1, 1, 1),
(796, 2, 160, 1, 1, 1, 1),
(797, 2, 161, 1, 1, 1, 1),
(798, 2, 162, 1, 0, 1, 0),
(799, 2, 163, 1, 1, 1, 1),
(800, 2, 164, 1, 0, 1, 1),
(801, 2, 165, 0, 0, 1, 0),
(802, 2, 166, 1, 0, 1, 1),
(803, 2, 167, 0, 0, 1, 0),
(804, 2, 168, 0, 0, 1, 0),
(805, 2, 173, 0, 1, 0, 0),
(806, 2, 174, 1, 1, 1, 1),
(807, 2, 155, 0, 0, 1, 0),
(808, 2, 156, 1, 1, 1, 1),
(809, 2, 169, 0, 0, 1, 1),
(810, 2, 170, 1, 1, 1, 1),
(811, 2, 171, 1, 1, 1, 1),
(812, 2, 172, 1, 0, 1, 0),
(813, 2, 175, 1, 1, 1, 1),
(814, 2, 501, 1, 0, 0, 0),
(815, 2, 502, 1, 0, 0, 0),
(816, 2, 503, 0, 0, 1, 0),
(817, 2, 504, 0, 0, 1, 0),
(818, 2, 505, 1, 0, 1, 0),
(819, 2, 401, 1, 0, 0, 0),
(820, 9, 91, 0, 0, 0, 0),
(821, 9, 92, 0, 0, 0, 0),
(822, 9, 93, 0, 0, 0, 0),
(823, 9, 94, 0, 0, 0, 0),
(824, 9, 95, 0, 0, 0, 0),
(825, 9, 96, 0, 0, 0, 0),
(826, 9, 97, 0, 0, 0, 0),
(827, 9, 98, 0, 0, 1, 0),
(828, 9, 99, 0, 0, 0, 0),
(829, 9, 100, 0, 0, 1, 0),
(830, 9, 101, 0, 0, 0, 0),
(831, 9, 102, 0, 0, 0, 0),
(832, 9, 151, 0, 0, 1, 0),
(833, 9, 152, 0, 0, 1, 0),
(834, 9, 118, 0, 0, 0, 0),
(835, 9, 119, 0, 0, 0, 0),
(836, 9, 120, 0, 0, 0, 0),
(837, 9, 121, 0, 0, 0, 0),
(838, 9, 122, 0, 0, 0, 0),
(839, 9, 123, 0, 0, 0, 0),
(840, 9, 124, 0, 0, 0, 0),
(841, 9, 125, 0, 0, 0, 0),
(842, 9, 126, 0, 0, 0, 0),
(843, 9, 131, 0, 0, 0, 0),
(844, 9, 132, 0, 0, 0, 0),
(845, 9, 173, 0, 0, 0, 0),
(846, 9, 142, 1, 0, 1, 0),
(847, 9, 143, 1, 0, 1, 0),
(848, 9, 144, 1, 0, 1, 0),
(849, 9, 145, 1, 0, 1, 0),
(850, 9, 146, 1, 0, 1, 0),
(851, 9, 147, 1, 0, 1, 0),
(852, 9, 148, 1, 0, 1, 0),
(853, 9, 157, 1, 0, 1, 0),
(854, 9, 158, 1, 0, 1, 0),
(855, 9, 159, 1, 0, 1, 0),
(856, 9, 160, 1, 0, 1, 0),
(857, 9, 161, 1, 0, 1, 0),
(858, 9, 162, 1, 0, 1, 0),
(859, 9, 163, 1, 0, 1, 0),
(860, 9, 164, 1, 0, 1, 0),
(861, 9, 165, 0, 0, 1, 0),
(862, 9, 166, 1, 0, 1, 0),
(863, 9, 167, 0, 0, 1, 0),
(864, 9, 1, 1, 0, 1, 0),
(865, 9, 2, 1, 0, 0, 0),
(866, 9, 3, 1, 0, 1, 0),
(867, 9, 4, 0, 0, 1, 0),
(868, 9, 5, 1, 0, 1, 0),
(869, 9, 30, 1, 0, 1, 0),
(870, 9, 127, 1, 0, 1, 0),
(871, 9, 154, 1, 0, 1, 0),
(872, 9, 7, 1, 0, 1, 0),
(873, 9, 8, 1, 0, 1, 0),
(874, 9, 6, 1, 0, 1, 0),
(875, 9, 9, 1, 0, 1, 0),
(876, 9, 10, 1, 0, 1, 0),
(877, 9, 11, 1, 0, 1, 0),
(878, 9, 113, 1, 1, 1, 0),
(879, 9, 114, 0, 0, 1, 0),
(880, 9, 115, 0, 0, 1, 0),
(881, 9, 116, 1, 0, 1, 0),
(882, 9, 117, 0, 0, 1, 0),
(883, 9, 110, 0, 0, 0, 0),
(884, 9, 111, 0, 0, 0, 0),
(885, 9, 112, 0, 0, 0, 0),
(886, 9, 12, 1, 0, 1, 0),
(887, 9, 13, 1, 0, 1, 0),
(888, 9, 14, 1, 0, 1, 0),
(889, 9, 15, 0, 0, 1, 0),
(890, 9, 16, 1, 0, 1, 0),
(891, 9, 17, 1, 0, 1, 0),
(892, 9, 18, 1, 0, 1, 0),
(893, 9, 19, 1, 0, 1, 0),
(894, 9, 20, 1, 0, 1, 0),
(895, 9, 21, 1, 0, 1, 0),
(896, 9, 22, 1, 0, 1, 0),
(897, 9, 107, 0, 0, 1, 0),
(898, 9, 23, 1, 1, 1, 1),
(899, 9, 24, 1, 1, 1, 1),
(900, 9, 25, 1, 1, 1, 1),
(901, 9, 26, 1, 1, 1, 1),
(902, 9, 27, 1, 1, 1, 1),
(903, 9, 28, 1, 0, 1, 1),
(904, 9, 29, 1, 1, 1, 1),
(905, 9, 133, 0, 0, 1, 0),
(906, 9, 109, 0, 0, 0, 0),
(907, 9, 129, 0, 0, 0, 0),
(908, 9, 31, 1, 0, 1, 0),
(909, 9, 33, 1, 0, 1, 0),
(910, 9, 32, 1, 1, 1, 0),
(911, 9, 88, 1, 0, 1, 0),
(912, 9, 89, 0, 0, 1, 0),
(913, 9, 34, 1, 1, 1, 0),
(914, 9, 35, 1, 1, 1, 0),
(915, 9, 36, 1, 1, 1, 0),
(916, 9, 37, 1, 0, 1, 0),
(917, 9, 38, 1, 1, 1, 0),
(918, 9, 39, 1, 1, 1, 0),
(919, 9, 77, 1, 1, 1, 0),
(920, 9, 78, 0, 0, 1, 0),
(921, 9, 79, 0, 0, 1, 0),
(922, 9, 153, 0, 0, 1, 0),
(923, 9, 168, 0, 0, 1, 0),
(924, 9, 174, 0, 0, 1, 0),
(925, 9, 136, 1, 1, 1, 0),
(926, 9, 137, 1, 1, 1, 0),
(927, 9, 138, 1, 0, 0, 0),
(928, 9, 139, 1, 1, 1, 0),
(929, 9, 140, 0, 0, 1, 0),
(930, 9, 141, 1, 0, 1, 0),
(931, 9, 40, 0, 0, 0, 0),
(932, 9, 41, 0, 0, 0, 0),
(933, 9, 42, 0, 0, 0, 0),
(934, 9, 43, 0, 0, 0, 0),
(935, 9, 44, 1, 1, 1, 0),
(936, 9, 45, 1, 1, 1, 0),
(937, 9, 46, 1, 1, 1, 0),
(938, 9, 47, 1, 1, 1, 0),
(939, 9, 48, 0, 0, 1, 0),
(940, 9, 175, 0, 0, 0, 0),
(941, 9, 49, 1, 0, 0, 0),
(942, 9, 50, 1, 0, 0, 0),
(943, 9, 51, 1, 0, 0, 0),
(944, 9, 52, 0, 0, 1, 0),
(945, 9, 53, 0, 0, 1, 0),
(946, 9, 54, 0, 0, 1, 0),
(947, 9, 55, 0, 0, 0, 0),
(948, 9, 56, 0, 0, 0, 0),
(949, 9, 57, 0, 0, 0, 0),
(950, 9, 58, 0, 0, 0, 0),
(951, 9, 59, 1, 1, 1, 1),
(952, 9, 60, 1, 1, 1, 1),
(953, 9, 61, 1, 0, 1, 1),
(954, 9, 62, 1, 1, 1, 1),
(955, 9, 80, 0, 0, 1, 0),
(956, 9, 149, 0, 0, 1, 0),
(957, 9, 150, 0, 0, 1, 0),
(958, 9, 69, 1, 0, 1, 0),
(959, 9, 70, 1, 0, 1, 0),
(960, 9, 71, 1, 0, 1, 0),
(961, 9, 72, 1, 0, 1, 0),
(962, 9, 73, 1, 0, 0, 0),
(963, 9, 74, 1, 0, 1, 0),
(964, 9, 75, 0, 0, 1, 0),
(965, 9, 76, 0, 0, 1, 0),
(966, 9, 104, 0, 0, 1, 0),
(967, 9, 130, 0, 0, 0, 0),
(968, 9, 155, 0, 0, 1, 0),
(969, 9, 156, 1, 0, 1, 0),
(970, 9, 63, 1, 0, 1, 0),
(971, 9, 64, 1, 0, 1, 0),
(972, 9, 65, 1, 0, 1, 0),
(973, 9, 66, 0, 0, 0, 0),
(974, 9, 67, 0, 0, 0, 0),
(975, 9, 68, 0, 0, 0, 0),
(976, 9, 401, 0, 0, 0, 0),
(977, 9, 501, 1, 0, 0, 0),
(978, 9, 502, 1, 0, 0, 0),
(979, 9, 503, 0, 0, 1, 0),
(980, 9, 504, 0, 0, 1, 0),
(981, 9, 505, 1, 0, 1, 0),
(982, 9, 81, 0, 0, 0, 0),
(983, 9, 82, 0, 0, 0, 0),
(984, 9, 83, 0, 0, 0, 0),
(985, 9, 84, 0, 0, 0, 0),
(986, 9, 85, 0, 0, 0, 0),
(987, 9, 86, 0, 0, 0, 0),
(988, 9, 87, 0, 0, 0, 0),
(989, 9, 90, 0, 1, 1, 0),
(990, 9, 103, 0, 0, 0, 0),
(991, 9, 105, 0, 0, 0, 0),
(992, 9, 106, 0, 0, 0, 0),
(993, 9, 108, 0, 0, 0, 0),
(994, 9, 128, 0, 0, 0, 0),
(995, 9, 134, 1, 1, 1, 1),
(996, 9, 135, 0, 1, 1, 0),
(997, 9, 169, 0, 0, 1, 1),
(998, 9, 170, 1, 1, 1, 1),
(999, 9, 171, 1, 1, 1, 1),
(1000, 9, 172, 1, 0, 1, 0),
(1001, 3, 151, 0, 0, 0, 0),
(1002, 3, 152, 0, 0, 0, 0),
(1003, 3, 173, 0, 0, 0, 0),
(1004, 3, 142, 0, 0, 0, 0),
(1005, 3, 143, 0, 0, 0, 0),
(1006, 3, 144, 0, 0, 0, 0),
(1007, 3, 145, 0, 0, 0, 0),
(1008, 3, 146, 0, 0, 0, 0),
(1009, 3, 147, 0, 0, 0, 0),
(1010, 3, 148, 0, 0, 0, 0),
(1011, 3, 157, 0, 0, 0, 0),
(1012, 3, 158, 0, 0, 0, 0),
(1013, 3, 159, 0, 0, 0, 0),
(1014, 3, 160, 0, 0, 0, 0),
(1015, 3, 161, 0, 0, 0, 0),
(1016, 3, 162, 0, 0, 0, 0),
(1017, 3, 163, 0, 0, 0, 0),
(1018, 3, 164, 0, 0, 0, 0),
(1019, 3, 165, 0, 0, 0, 0),
(1020, 3, 166, 0, 0, 0, 0),
(1021, 3, 167, 0, 0, 0, 0),
(1022, 3, 154, 0, 0, 0, 0),
(1023, 3, 153, 0, 0, 0, 0),
(1024, 3, 168, 0, 0, 1, 0),
(1025, 3, 174, 0, 0, 0, 0),
(1026, 3, 141, 0, 0, 0, 0),
(1027, 3, 175, 0, 0, 0, 0),
(1028, 3, 149, 0, 0, 0, 0),
(1029, 3, 150, 0, 0, 0, 0),
(1030, 3, 155, 0, 0, 0, 0),
(1031, 3, 156, 0, 0, 0, 0),
(1032, 3, 401, 0, 0, 0, 0),
(1033, 3, 501, 1, 0, 0, 0),
(1034, 3, 502, 1, 0, 0, 0),
(1035, 3, 503, 0, 0, 0, 0),
(1036, 3, 504, 0, 0, 0, 0),
(1037, 3, 505, 0, 0, 0, 0),
(1038, 3, 169, 0, 0, 0, 0),
(1039, 3, 170, 0, 0, 0, 0),
(1040, 3, 171, 0, 0, 0, 0),
(1041, 3, 172, 0, 0, 0, 0),
(1042, 10, 91, 0, 0, 0, 0),
(1043, 10, 92, 0, 0, 0, 0),
(1044, 10, 93, 0, 0, 0, 0),
(1045, 10, 94, 0, 0, 0, 0),
(1046, 10, 95, 0, 0, 0, 0),
(1047, 10, 96, 0, 0, 0, 0),
(1048, 10, 97, 0, 0, 0, 0),
(1049, 10, 98, 0, 0, 0, 0),
(1050, 10, 99, 0, 0, 0, 0),
(1051, 10, 100, 0, 0, 0, 0),
(1052, 10, 101, 0, 0, 0, 0),
(1053, 10, 102, 0, 0, 0, 0),
(1054, 10, 151, 0, 0, 0, 0),
(1055, 10, 152, 0, 0, 0, 0),
(1056, 10, 118, 0, 0, 0, 0),
(1057, 10, 119, 0, 0, 0, 0),
(1058, 10, 120, 0, 0, 0, 0),
(1059, 10, 121, 0, 0, 0, 0),
(1060, 10, 122, 0, 0, 0, 0),
(1061, 10, 123, 0, 0, 0, 0),
(1062, 10, 124, 0, 0, 0, 0),
(1063, 10, 125, 0, 0, 0, 0),
(1064, 10, 126, 0, 0, 0, 0),
(1065, 10, 131, 0, 0, 0, 0),
(1066, 10, 132, 0, 0, 0, 0),
(1067, 10, 173, 0, 0, 0, 0),
(1068, 10, 142, 0, 0, 0, 0),
(1069, 10, 143, 0, 0, 0, 0),
(1070, 10, 144, 0, 0, 0, 0),
(1071, 10, 145, 0, 0, 0, 0),
(1072, 10, 146, 0, 0, 0, 0),
(1073, 10, 147, 0, 0, 0, 0),
(1074, 10, 148, 0, 0, 0, 0),
(1075, 10, 157, 0, 0, 0, 0),
(1076, 10, 158, 0, 0, 0, 0),
(1077, 10, 159, 0, 0, 0, 0),
(1078, 10, 160, 0, 0, 0, 0),
(1079, 10, 161, 0, 0, 0, 0),
(1080, 10, 162, 0, 0, 0, 0),
(1081, 10, 163, 0, 0, 0, 0),
(1082, 10, 164, 0, 0, 0, 0),
(1083, 10, 165, 0, 0, 0, 0),
(1084, 10, 166, 0, 0, 0, 0),
(1085, 10, 167, 0, 0, 0, 0),
(1086, 10, 1, 0, 0, 0, 0),
(1087, 10, 2, 0, 0, 0, 0),
(1088, 10, 3, 0, 0, 0, 0),
(1089, 10, 4, 0, 0, 0, 0),
(1090, 10, 5, 0, 0, 0, 0),
(1091, 10, 30, 0, 0, 0, 0),
(1092, 10, 127, 0, 0, 0, 0),
(1093, 10, 154, 0, 0, 0, 0),
(1094, 10, 7, 0, 0, 0, 0),
(1095, 10, 8, 0, 0, 0, 0),
(1096, 10, 6, 0, 0, 0, 0),
(1097, 10, 9, 0, 0, 0, 0),
(1098, 10, 10, 0, 0, 0, 0),
(1099, 10, 11, 0, 0, 0, 0),
(1100, 10, 113, 0, 0, 0, 0),
(1101, 10, 114, 0, 0, 0, 0),
(1102, 10, 115, 0, 0, 0, 0),
(1103, 10, 116, 0, 0, 0, 0),
(1104, 10, 117, 0, 0, 0, 0),
(1105, 10, 110, 0, 0, 0, 0),
(1106, 10, 111, 0, 0, 0, 0),
(1107, 10, 112, 0, 0, 0, 0),
(1108, 10, 12, 0, 0, 0, 0),
(1109, 10, 13, 0, 0, 0, 0),
(1110, 10, 14, 0, 0, 0, 0),
(1111, 10, 15, 0, 0, 0, 0),
(1112, 10, 16, 0, 0, 0, 0),
(1113, 10, 17, 0, 0, 0, 0),
(1114, 10, 18, 0, 0, 0, 0),
(1115, 10, 19, 0, 0, 0, 0),
(1116, 10, 20, 0, 0, 0, 0),
(1117, 10, 21, 0, 0, 0, 0),
(1118, 10, 22, 0, 0, 0, 0),
(1119, 10, 107, 0, 0, 0, 0),
(1120, 10, 23, 0, 0, 0, 0),
(1121, 10, 24, 0, 0, 0, 0),
(1122, 10, 25, 0, 0, 0, 0),
(1123, 10, 26, 0, 0, 0, 0),
(1124, 10, 27, 0, 0, 0, 0),
(1125, 10, 28, 0, 0, 0, 0),
(1126, 10, 29, 0, 0, 0, 0),
(1127, 10, 133, 0, 0, 0, 0),
(1128, 10, 109, 0, 0, 0, 0),
(1129, 10, 129, 0, 0, 0, 0),
(1130, 10, 31, 0, 0, 0, 0),
(1131, 10, 33, 0, 0, 0, 0),
(1132, 10, 32, 0, 0, 0, 0),
(1133, 10, 88, 0, 0, 0, 0),
(1134, 10, 89, 0, 0, 0, 0),
(1135, 10, 34, 0, 0, 0, 0),
(1136, 10, 35, 0, 0, 0, 0),
(1137, 10, 36, 0, 0, 0, 0),
(1138, 10, 37, 0, 0, 0, 0),
(1139, 10, 38, 0, 0, 0, 0),
(1140, 10, 39, 0, 0, 0, 0),
(1141, 10, 77, 0, 0, 0, 0),
(1142, 10, 78, 0, 0, 0, 0),
(1143, 10, 79, 0, 0, 0, 0),
(1144, 10, 153, 0, 0, 0, 0),
(1145, 10, 168, 0, 0, 0, 0),
(1146, 10, 174, 0, 0, 0, 0),
(1147, 10, 136, 0, 0, 0, 0),
(1148, 10, 137, 0, 0, 0, 0),
(1149, 10, 138, 0, 0, 0, 0),
(1150, 10, 139, 0, 0, 0, 0),
(1151, 10, 140, 0, 0, 0, 0),
(1152, 10, 141, 0, 0, 0, 0),
(1153, 10, 40, 0, 0, 0, 0),
(1154, 10, 41, 0, 0, 0, 0),
(1155, 10, 42, 0, 0, 0, 0),
(1156, 10, 43, 0, 0, 0, 0),
(1157, 10, 44, 0, 0, 0, 0),
(1158, 10, 45, 0, 0, 0, 0),
(1159, 10, 46, 0, 0, 0, 0),
(1160, 10, 47, 0, 0, 0, 0),
(1161, 10, 48, 0, 0, 0, 0),
(1162, 10, 175, 0, 0, 0, 0),
(1163, 10, 49, 1, 0, 0, 0),
(1164, 10, 50, 0, 0, 0, 0),
(1165, 10, 51, 0, 0, 0, 0),
(1166, 10, 52, 0, 0, 0, 0),
(1167, 10, 53, 0, 0, 0, 0),
(1168, 10, 54, 0, 0, 0, 0),
(1169, 10, 55, 0, 0, 0, 0),
(1170, 10, 56, 0, 0, 0, 0),
(1171, 10, 57, 0, 0, 0, 0),
(1172, 10, 58, 0, 0, 0, 0),
(1173, 10, 59, 0, 0, 0, 0),
(1174, 10, 60, 0, 0, 0, 0),
(1175, 10, 61, 0, 0, 0, 0),
(1176, 10, 62, 0, 0, 0, 0),
(1177, 10, 80, 0, 0, 0, 0),
(1178, 10, 149, 0, 0, 0, 0),
(1179, 10, 150, 0, 0, 0, 0),
(1180, 10, 69, 0, 0, 0, 0),
(1181, 10, 70, 0, 0, 0, 0),
(1182, 10, 71, 0, 0, 0, 0),
(1183, 10, 72, 0, 0, 0, 0),
(1184, 10, 73, 0, 0, 0, 0),
(1185, 10, 74, 0, 0, 0, 0),
(1186, 10, 75, 0, 0, 0, 0),
(1187, 10, 76, 0, 0, 0, 0),
(1188, 10, 104, 0, 0, 0, 0),
(1189, 10, 130, 0, 0, 0, 0),
(1190, 10, 155, 0, 0, 0, 0),
(1191, 10, 156, 0, 0, 0, 0),
(1192, 10, 63, 0, 0, 0, 0),
(1193, 10, 64, 0, 0, 0, 0),
(1194, 10, 65, 0, 0, 0, 0),
(1195, 10, 66, 0, 0, 0, 0),
(1196, 10, 67, 0, 0, 0, 0),
(1197, 10, 68, 0, 0, 0, 0),
(1198, 10, 401, 0, 0, 0, 0),
(1199, 10, 501, 1, 0, 0, 0),
(1200, 10, 502, 1, 0, 0, 0),
(1201, 10, 503, 0, 0, 0, 0),
(1202, 10, 504, 0, 0, 0, 0),
(1203, 10, 505, 0, 0, 0, 0),
(1204, 10, 81, 0, 0, 0, 0),
(1205, 10, 82, 0, 0, 0, 0),
(1206, 10, 83, 0, 0, 0, 0),
(1207, 10, 84, 0, 0, 0, 0),
(1208, 10, 85, 0, 0, 0, 0),
(1209, 10, 86, 0, 0, 0, 0),
(1210, 10, 87, 0, 0, 0, 0),
(1211, 10, 90, 0, 0, 0, 0),
(1212, 10, 103, 0, 0, 0, 0),
(1213, 10, 105, 0, 0, 0, 0),
(1214, 10, 106, 0, 0, 0, 0),
(1215, 10, 108, 0, 0, 0, 0),
(1216, 10, 128, 0, 0, 0, 0),
(1217, 10, 134, 0, 0, 0, 0),
(1218, 10, 135, 0, 0, 0, 0),
(1219, 10, 169, 0, 0, 0, 0),
(1220, 10, 170, 0, 0, 0, 0),
(1221, 10, 171, 0, 0, 0, 0),
(1222, 10, 172, 0, 0, 0, 0),
(1223, 1, 506, 1, 1, 1, 1),
(1224, 1, 507, 1, 1, 1, 1),
(1225, 1, 508, 1, 1, 1, 1),
(1226, 1, 509, 1, 1, 1, 1),
(1227, 1, 506, 1, 1, 1, 1),
(1228, 1, 507, 1, 1, 1, 1),
(1229, 1, 508, 1, 1, 1, 1),
(1230, 1, 509, 1, 1, 1, 1),
(1231, 2, 506, 1, 1, 1, 1),
(1232, 2, 507, 1, 1, 1, 1),
(1233, 2, 508, 1, 1, 1, 1),
(1234, 2, 509, 1, 1, 1, 1),
(1235, 3, 506, 0, 0, 1, 0),
(1236, 3, 507, 0, 0, 1, 0),
(1237, 3, 508, 0, 0, 1, 0),
(1238, 3, 509, 1, 1, 1, 1),
(1239, 9, 506, 1, 1, 1, 0),
(1240, 9, 507, 1, 1, 1, 0),
(1241, 9, 508, 1, 1, 1, 0),
(1242, 9, 509, 1, 1, 1, 0);

-- --------------------------------------------------------

--
