INSERT INTO `student_attendance` (`id`, `enroll_id`, `date`, `term_id`, `status`, `qr_code`, `in_time`, `out_time`, `remark`, `branch_id`, `created_at`, `updated_at`) VALUES
(4159, 203, '2026-05-14', 24, 'P', 0, NULL, NULL, '', 1, '2026-07-17 13:56:52', NULL),
(4160, 203, '2026-05-15', 24, 'P', 0, NULL, NULL, '', 1, '2026-07-17 13:56:52', NULL),
(4161, 203, '2026-05-16', 24, 'P', 0, NULL, NULL, '', 1, '2026-07-17 13:56:52', NULL),
(4162, 203, '2026-05-17', 24, 'P', 0, NULL, NULL, '', 1, '2026-07-17 13:56:52', NULL),
(4163, 203, '2026-05-19', 24, 'P', 0, NULL, NULL, '', 1, '2026-07-17 13:56:52', NULL),
(4164, 203, '2026-05-20', 24, 'P', 0, NULL, NULL, '', 1, '2026-07-17 13:56:52', NULL),
(4165, 203, '2026-05-21', 24, 'P', 0, NULL, NULL, '', 1, '2026-07-17 13:56:52', NULL),
(4166, 203, '2026-05-22', 24, 'P', 0, NULL, NULL, '', 1, '2026-07-17 13:56:52', NULL),
(4167, 203, '2026-05-23', 24, 'P', 0, NULL, NULL, '', 1, '2026-07-17 13:56:52', NULL),
(4168, 203, '2026-05-24', 24, 'P', 0, NULL, NULL, '', 1, '2026-07-17 13:56:52', NULL),
(4169, 203, '2026-05-26', 24, 'P', 0, NULL, NULL, '', 1, '2026-07-17 13:56:52', NULL),
(4170, 203, '2026-05-27', 24, 'P', 0, NULL, NULL, '', 1, '2026-07-17 13:56:52', NULL),
(4171, 203, '2026-05-28', 24, 'P', 0, NULL, NULL, '', 1, '2026-07-17 13:56:52', NULL),
(4172, 203, '2026-05-29', 24, 'P', 0, NULL, NULL, '', 1, '2026-07-17 13:56:52', NULL),
(4173, 203, '2026-05-30', 24, 'P', 0, NULL, NULL, '', 1, '2026-07-17 13:56:52', NULL),
(4174, 203, '2026-05-31', 24, 'P', 0, NULL, NULL, '', 1, '2026-07-17 13:56:52', NULL),
(4175, 203, '2026-06-02', 24, 'P', 0, NULL, NULL, '', 1, '2026-07-17 13:56:52', NULL),
(4176, 203, '2026-06-03', 24, 'P', 0, NULL, NULL, '', 1, '2026-07-17 13:56:52', NULL),
(4177, 203, '2026-06-04', 24, 'P', 0, NULL, NULL, '', 1, '2026-07-17 13:56:52', NULL),
(4178, 203, '2026-06-05', 24, 'P', 0, NULL, NULL, '', 1, '2026-07-17 13:56:52', NULL),
(4179, 203, '2026-06-06', 24, 'P', 0, NULL, NULL, '', 1, '2026-07-17 13:56:52', NULL),
(4180, 203, '2026-06-07', 24, 'P', 0, NULL, NULL, '', 1, '2026-07-17 13:56:52', NULL),
(4181, 203, '2026-06-09', 24, 'P', 0, NULL, NULL, '', 1, '2026-07-17 13:56:52', NULL),
(4182, 203, '2026-06-10', 24, 'P', 0, NULL, NULL, '', 1, '2026-07-17 13:56:52', NULL),
(4183, 203, '2026-06-11', 24, 'P', 0, NULL, NULL, '', 1, '2026-07-17 13:56:52', NULL),
(4184, 203, '2026-06-12', 24, 'P', 0, NULL, NULL, '', 1, '2026-07-17 13:56:52', NULL),
(4185, 203, '2026-06-13', 24, 'P', 0, NULL, NULL, '', 1, '2026-07-17 13:56:52', NULL),
(4186, 203, '2026-06-14', 24, 'P', 0, NULL, NULL, '', 1, '2026-07-17 13:56:52', NULL),
(4187, 203, '2026-06-16', 24, 'P', 0, NULL, NULL, '', 1, '2026-07-17 13:56:52', NULL),
(4188, 203, '2026-06-17', 24, 'P', 0, NULL, NULL, '', 1, '2026-07-17 13:56:52', NULL),
(4189, 203, '2026-06-18', 24, 'P', 0, NULL, NULL, '', 1, '2026-07-17 13:56:52', NULL),
(4190, 203, '2026-06-19', 24, 'P', 0, NULL, NULL, '', 1, '2026-07-17 13:56:52', NULL),
(4191, 203, '2026-06-20', 24, 'P', 0, NULL, NULL, '', 1, '2026-07-17 13:56:52', NULL),
(4192, 203, '2026-06-21', 24, 'P', 0, NULL, NULL, '', 1, '2026-07-17 13:56:52', NULL),
(4193, 203, '2026-06-23', 24, 'P', 0, NULL, NULL, '', 1, '2026-07-17 13:56:52', NULL),
(4194, 203, '2026-06-24', 24, 'P', 0, NULL, NULL, '', 1, '2026-07-17 13:56:52', NULL),
(4195, 203, '2026-06-25', 24, 'P', 0, NULL, NULL, '', 1, '2026-07-17 13:56:52', NULL),
(4196, 203, '2026-06-26', 24, 'P', 0, NULL, NULL, '', 1, '2026-07-17 13:56:52', NULL),
(4197, 203, '2026-06-27', 24, 'P', 0, NULL, NULL, '', 1, '2026-07-17 13:56:52', NULL),
(4198, 203, '2026-06-28', 24, 'P', 0, NULL, NULL, '', 1, '2026-07-17 13:56:52', NULL),
(4199, 203, '2026-06-30', 24, 'P', 0, NULL, NULL, '', 1, '2026-07-17 13:56:52', NULL),
(4200, 203, '2026-07-01', 24, 'P', 0, NULL, NULL, '', 1, '2026-07-17 13:56:52', NULL),
(4201, 203, '2026-07-02', 24, 'P', 0, NULL, NULL, '', 1, '2026-07-17 13:56:52', NULL),
(4202, 203, '2026-07-03', 24, 'P', 0, NULL, NULL, '', 1, '2026-07-17 13:56:52', NULL),
(4203, 203, '2026-07-04', 24, 'P', 0, NULL, NULL, '', 1, '2026-07-17 13:56:52', NULL),
(4204, 203, '2026-07-05', 24, 'P', 0, NULL, NULL, '', 1, '2026-07-17 13:56:52', NULL),
(4205, 203, '2026-07-07', 24, 'P', 0, NULL, NULL, '', 1, '2026-07-17 13:56:52', NULL),
(4206, 203, '2026-07-08', 24, 'P', 0, NULL, NULL, '', 1, '2026-07-17 13:56:52', NULL),
(4207, 203, '2026-07-09', 24, 'P', 0, NULL, NULL, '', 1, '2026-07-17 13:56:52', NULL),
(4208, 203, '2026-07-10', 24, 'P', 0, NULL, NULL, '', 1, '2026-07-17 13:56:52', NULL),
(4209, 203, '2026-07-11', 24, 'P', 0, NULL, NULL, '', 1, '2026-07-17 13:56:52', NULL),
(4210, 203, '2026-07-12', 24, 'P', 0, NULL, NULL, '', 1, '2026-07-17 13:56:52', NULL),
(4211, 203, '2026-07-14', 24, 'P', 0, NULL, NULL, '', 1, '2026-07-17 13:56:52', NULL),
(4212, 203, '2026-07-15', 24, 'P', 0, NULL, NULL, '', 1, '2026-07-17 13:56:52', NULL),
(4213, 203, '2026-07-16', 24, 'P', 0, NULL, NULL, '', 1, '2026-07-17 13:56:52', NULL),
(4214, 204, '2026-05-02', 24, 'P', 0, NULL, NULL, '', 1, '2026-07-17 13:56:52', NULL),
(4215, 204, '2026-05-03', 24, 'P', 0, NULL, NULL, '', 1, '2026-07-17 13:56:52', NULL),
(4216, 204, '2026-05-05', 24, 'P', 0, NULL, NULL, '', 1, '2026-07-17 13:56:52', NULL),
(4217, 204, '2026-05-06', 24, 'P', 0, NULL, NULL, '', 1, '2026-07-17 13:56:52', NULL),
(4218, 204, '2026-05-07', 24, 'P', 0, NULL, NULL, '', 1, '2026-07-17 13:56:52', NULL),
(4219, 204, '2026-05-08', 24, 'P', 0, NULL, NULL, '', 1, '2026-07-17 13:56:52', NULL),
(4220, 204, '2026-05-09', 24, 'P', 0, NULL, NULL, '', 1, '2026-07-17 13:56:52', NULL),
(4221, 204, '2026-05-10', 24, 'P', 0, NULL, NULL, '', 1, '2026-07-17 13:56:52', NULL),
(4222, 204, '2026-05-12', 24, 'P', 0, NULL, NULL, '', 1, '2026-07-17 13:56:52', NULL),
(4223, 204, '2026-05-13', 24, 'P', 0, NULL, NULL, '', 1, '2026-07-17 13:56:52', NULL),
(4224, 204, '2026-05-14', 24, 'P', 0, NULL, NULL, '', 1, '2026-07-17 13:56:52', NULL),
(4225, 204, '2026-05-15', 24, 'P', 0, NULL, NULL, '', 1, '2026-07-17 13:56:52', NULL),
(4226, 204, '2026-05-16', 24, 'P', 0, NULL, NULL, '', 1, '2026-07-17 13:56:52', NULL),
(4227, 204, '2026-05-17', 24, 'P', 0, NULL, NULL, '', 1, '2026-07-17 13:56:52', NULL),
(4228, 204, '2026-05-19', 24, 'P', 0, NULL, NULL, '', 1, '2026-07-17 13:56:52', NULL),
(4229, 204, '2026-05-20', 24, 'P', 0, NULL, NULL, '', 1, '2026-07-17 13:56:52', NULL),
(4230, 204, '2026-05-21', 24, 'P', 0, NULL, NULL, '', 1, '2026-07-17 13:56:52', NULL),
(4231, 204, '2026-05-22', 24, 'P', 0, NULL, NULL, '', 1, '2026-07-17 13:56:52', NULL),
(4232, 204, '2026-05-23', 24, 'P', 0, NULL, NULL, '', 1, '2026-07-17 13:56:52', NULL),
(4233, 204, '2026-05-24', 24, 'P', 0, NULL, NULL, '', 1, '2026-07-17 13:56:52', NULL),
(4234, 204, '2026-05-26', 24, 'P', 0, NULL, NULL, '', 1, '2026-07-17 13:56:52', NULL),
(4235, 204, '2026-05-27', 24, 'P', 0, NULL, NULL, '', 1, '2026-07-17 13:56:52', NULL),
(4236, 204, '2026-05-28', 24, 'P', 0, NULL, NULL, '', 1, '2026-07-17 13:56:52', NULL),
(4237, 204, '2026-05-29', 24, 'P', 0, NULL, NULL, '', 1, '2026-07-17 13:56:52', NULL),
(4238, 204, '2026-05-30', 24, 'P', 0, NULL, NULL, '', 1, '2026-07-17 13:56:52', NULL),
(4239, 204, '2026-05-31', 24, 'P', 0, NULL, NULL, '', 1, '2026-07-17 13:56:52', NULL),
(4240, 204, '2026-06-02', 24, 'P', 0, NULL, NULL, '', 1, '2026-07-17 13:56:52', NULL),
(4241, 204, '2026-06-03', 24, 'P', 0, NULL, NULL, '', 1, '2026-07-17 13:56:52', NULL),
(4242, 204, '2026-06-04', 24, 'P', 0, NULL, NULL, '', 1, '2026-07-17 13:56:52', NULL),
(4243, 204, '2026-06-05', 24, 'P', 0, NULL, NULL, '', 1, '2026-07-17 13:56:52', NULL),
(4244, 204, '2026-06-06', 24, 'P', 0, NULL, NULL, '', 1, '2026-07-17 13:56:52', NULL),
(4245, 204, '2026-06-07', 24, 'P', 0, NULL, NULL, '', 1, '2026-07-17 13:56:52', NULL),
(4246, 204, '2026-06-09', 24, 'P', 0, NULL, NULL, '', 1, '2026-07-17 13:56:52', NULL),
(4247, 204, '2026-06-10', 24, 'P', 0, NULL, NULL, '', 1, '2026-07-17 13:56:52', NULL),
(4248, 204, '2026-06-11', 24, 'P', 0, NULL, NULL, '', 1, '2026-07-17 13:56:52', NULL),
(4249, 204, '2026-06-12', 24, 'P', 0, NULL, NULL, '', 1, '2026-07-17 13:56:52', NULL),
(4250, 204, '2026-06-13', 24, 'P', 0, NULL, NULL, '', 1, '2026-07-17 13:56:52', NULL),
(4251, 204, '2026-06-14', 24, 'P', 0, NULL, NULL, '', 1, '2026-07-17 13:56:52', NULL),
(4252, 204, '2026-06-16', 24, 'P', 0, NULL, NULL, '', 1, '2026-07-17 13:56:52', NULL),
(4253, 204, '2026-06-17', 24, 'P', 0, NULL, NULL, '', 1, '2026-07-17 13:56:52', NULL),
(4254, 204, '2026-06-18', 24, 'P', 0, NULL, NULL, '', 1, '2026-07-17 13:56:52', NULL),
(4255, 204, '2026-06-19', 24, 'P', 0, NULL, NULL, '', 1, '2026-07-17 13:56:52', NULL),
(4256, 204, '2026-06-20', 24, 'P', 0, NULL, NULL, '', 1, '2026-07-17 13:56:52', NULL),
(4257, 204, '2026-06-21', 24, 'P', 0, NULL, NULL, '', 1, '2026-07-17 13:56:52', NULL),
(4258, 204, '2026-06-23', 24, 'P', 0, NULL, NULL, '', 1, '2026-07-17 13:56:52', NULL),
(4259, 204, '2026-06-24', 24, 'P', 0, NULL, NULL, '', 1, '2026-07-17 13:56:52', NULL),
(4260, 204, '2026-06-25', 24, 'P', 0, NULL, NULL, '', 1, '2026-07-17 13:56:52', NULL),
(4261, 204, '2026-06-26', 24, 'P', 0, NULL, NULL, '', 1, '2026-07-17 13:56:52', NULL),
(4262, 204, '2026-06-27', 24, 'P', 0, NULL, NULL, '', 1, '2026-07-17 13:56:52', NULL),
(4263, 204, '2026-06-28', 24, 'P', 0, NULL, NULL, '', 1, '2026-07-17 13:56:52', NULL),
(4264, 204, '2026-06-30', 24, 'P', 0, NULL, NULL, '', 1, '2026-07-17 13:56:52', NULL),
(4265, 204, '2026-07-01', 24, 'P', 0, NULL, NULL, '', 1, '2026-07-17 13:56:52', NULL),
(4266, 204, '2026-07-02', 24, 'P', 0, NULL, NULL, '', 1, '2026-07-17 13:56:52', NULL),
(4267, 204, '2026-07-03', 24, 'P', 0, NULL, NULL, '', 1, '2026-07-17 13:56:52', NULL),
(4268, 204, '2026-07-04', 24, 'P', 0, NULL, NULL, '', 1, '2026-07-17 13:56:52', NULL),
(4269, 204, '2026-07-05', 24, 'P', 0, NULL, NULL, '', 1, '2026-07-17 13:56:52', NULL),
(4270, 204, '2026-07-07', 24, 'P', 0, NULL, NULL, '', 1, '2026-07-17 13:56:52', NULL),
(4271, 204, '2026-07-08', 24, 'P', 0, NULL, NULL, '', 1, '2026-07-17 13:56:52', NULL),
(4272, 204, '2026-07-09', 24, 'P', 0, NULL, NULL, '', 1, '2026-07-17 13:56:52', NULL),
(4273, 204, '2026-07-10', 24, 'P', 0, NULL, NULL, '', 1, '2026-07-17 13:56:52', NULL),
(4274, 204, '2026-07-11', 24, 'P', 0, NULL, NULL, '', 1, '2026-07-17 13:56:52', NULL),
(4275, 204, '2026-07-12', 24, 'P', 0, NULL, NULL, '', 1, '2026-07-17 13:56:52', NULL),
(4276, 204, '2026-07-14', 24, 'P', 0, NULL, NULL, '', 1, '2026-07-17 13:56:52', NULL),
(4277, 204, '2026-07-15', 24, 'P', 0, NULL, NULL, '', 1, '2026-07-17 13:56:52', NULL),
(4278, 204, '2026-07-16', 24, 'P', 0, NULL, NULL, '', 1, '2026-07-17 13:56:52', NULL),
(4279, 205, '2026-05-02', 24, 'P', 0, NULL, NULL, '', 1, '2026-07-17 13:56:52', NULL),
(4280, 205, '2026-05-03', 24, 'P', 0, NULL, NULL, '', 1, '2026-07-17 13:56:52', NULL),
(4281, 205, '2026-05-05', 24, 'P', 0, NULL, NULL, '', 1, '2026-07-17 13:56:52', NULL),
(4282, 205, '2026-05-06', 24, 'P', 0, NULL, NULL, '', 1, '2026-07-17 13:56:52', NULL),
(4283, 205, '2026-05-07', 24, 'P', 0, NULL, NULL, '', 1, '2026-07-17 13:56:52', NULL),
(4284, 205, '2026-05-08', 24, 'P', 0, NULL, NULL, '', 1, '2026-07-17 13:56:52', NULL),
(4285, 205, '2026-05-09', 24, 'P', 0, NULL, NULL, '', 1, '2026-07-17 13:56:52', NULL),
(4286, 205, '2026-05-10', 24, 'P', 0, NULL, NULL, '', 1, '2026-07-17 13:56:52', NULL),
(4287, 205, '2026-05-12', 24, 'P', 0, NULL, NULL, '', 1, '2026-07-17 13:56:52', NULL),
(4288, 205, '2026-05-13', 24, 'P', 0, NULL, NULL, '', 1, '2026-07-17 13:56:52', NULL),
(4289, 205, '2026-05-14', 24, 'P', 0, NULL, NULL, '', 1, '2026-07-17 13:56:52', NULL),
(4290, 205, '2026-05-15', 24, 'P', 0, NULL, NULL, '', 1, '2026-07-17 13:56:52', NULL),
(4291, 205, '2026-05-16', 24, 'P', 0, NULL, NULL, '', 1, '2026-07-17 13:56:52', NULL),
(4292, 205, '2026-05-17', 24, 'P', 0, NULL, NULL, '', 1, '2026-07-17 13:56:52', NULL),
(4293, 205, '2026-05-19', 24, 'P', 0, NULL, NULL, '', 1, '2026-07-17 13:56:52', NULL),
(4294, 205, '2026-05-20', 24, 'P', 0, NULL, NULL, '', 1, '2026-07-17 13:56:52', NULL),
(4295, 205, '2026-05-21', 24, 'P', 0, NULL, NULL, '', 1, '2026-07-17 13:56:52', NULL),
(4296, 205, '2026-05-22', 24, 'P', 0, NULL, NULL, '', 1, '2026-07-17 13:56:52', NULL),
(4297, 205, '2026-05-23', 24, 'P', 0, NULL, NULL, '', 1, '2026-07-17 13:56:52', NULL),
(4298, 205, '2026-05-24', 24, 'P', 0, NULL, NULL, '', 1, '2026-07-17 13:56:52', NULL),
(4299, 205, '2026-05-26', 24, 'P', 0, NULL, NULL, '', 1, '2026-07-17 13:56:52', NULL),
(4300, 205, '2026-05-27', 24, 'P', 0, NULL, NULL, '', 1, '2026-07-17 13:56:52', NULL),
(4301, 205, '2026-05-28', 24, 'P', 0, NULL, NULL, '', 1, '2026-07-17 13:56:52', NULL),
(4302, 205, '2026-05-29', 24, 'P', 0, NULL, NULL, '', 1, '2026-07-17 13:56:52', NULL),
(4303, 205, '2026-05-30', 24, 'P', 0, NULL, NULL, '', 1, '2026-07-17 13:56:52', NULL),
(4304, 205, '2026-05-31', 24, 'P', 0, NULL, NULL, '', 1, '2026-07-17 13:56:52', NULL),
(4305, 205, '2026-06-02', 24, 'P', 0, NULL, NULL, '', 1, '2026-07-17 13:56:52', NULL),
(4306, 205, '2026-06-03', 24, 'P', 0, NULL, NULL, '', 1, '2026-07-17 13:56:52', NULL),
(4307, 205, '2026-06-04', 24, 'P', 0, NULL, NULL, '', 1, '2026-07-17 13:56:52', NULL),
(4308, 205, '2026-06-05', 24, 'P', 0, NULL, NULL, '', 1, '2026-07-17 13:56:52', NULL),
(4309, 205, '2026-06-06', 24, 'P', 0, NULL, NULL, '', 1, '2026-07-17 13:56:52', NULL),
(4310, 205, '2026-06-07', 24, 'P', 0, NULL, NULL, '', 1, '2026-07-17 13:56:52', NULL),
(4311, 205, '2026-06-09', 24, 'P', 0, NULL, NULL, '', 1, '2026-07-17 13:56:52', NULL),
(4312, 205, '2026-06-10', 24, 'P', 0, NULL, NULL, '', 1, '2026-07-17 13:56:52', NULL),
(4313, 205, '2026-06-11', 24, 'P', 0, NULL, NULL, '', 1, '2026-07-17 13:56:52', NULL),
(4314, 205, '2026-06-12', 24, 'P', 0, NULL, NULL, '', 1, '2026-07-17 13:56:52', NULL),
(4315, 205, '2026-06-13', 24, 'P', 0, NULL, NULL, '', 1, '2026-07-17 13:56:52', NULL),
(4316, 205, '2026-06-14', 24, 'P', 0, NULL, NULL, '', 1, '2026-07-17 13:56:52', NULL),
(4317, 205, '2026-06-16', 24, 'P', 0, NULL, NULL, '', 1, '2026-07-17 13:56:52', NULL),
(4318, 205, '2026-06-17', 24, 'P', 0, NULL, NULL, '', 1, '2026-07-17 13:56:52', NULL),
(4319, 205, '2026-06-18', 24, 'P', 0, NULL, NULL, '', 1, '2026-07-17 13:56:52', NULL),
(4320, 205, '2026-06-19', 24, 'P', 0, NULL, NULL, '', 1, '2026-07-17 13:56:52', NULL),
(4321, 205, '2026-06-20', 24, 'P', 0, NULL, NULL, '', 1, '2026-07-17 13:56:52', NULL),
(4322, 205, '2026-06-21', 24, 'P', 0, NULL, NULL, '', 1, '2026-07-17 13:56:52', NULL),
(4323, 205, '2026-06-23', 24, 'P', 0, NULL, NULL, '', 1, '2026-07-17 13:56:52', NULL),
(4324, 205, '2026-06-24', 24, 'P', 0, NULL, NULL, '', 1, '2026-07-17 13:56:52', NULL),
(4325, 205, '2026-06-25', 24, 'P', 0, NULL, NULL, '', 1, '2026-07-17 13:56:52', NULL),
(4326, 205, '2026-06-26', 24, 'P', 0, NULL, NULL, '', 1, '2026-07-17 13:56:52', NULL),
(4327, 205, '2026-06-27', 24, 'P', 0, NULL, NULL, '', 1, '2026-07-17 13:56:52', NULL),
(4328, 205, '2026-06-28', 24, 'P', 0, NULL, NULL, '', 1, '2026-07-17 13:56:52', NULL),
(4329, 205, '2026-06-30', 24, 'P', 0, NULL, NULL, '', 1, '2026-07-17 13:56:52', NULL),
(4330, 205, '2026-07-01', 24, 'P', 0, NULL, NULL, '', 1, '2026-07-17 13:56:52', NULL),
(4331, 205, '2026-07-02', 24, 'P', 0, NULL, NULL, '', 1, '2026-07-17 13:56:52', NULL),
(4332, 205, '2026-07-03', 24, 'P', 0, NULL, NULL, '', 1, '2026-07-17 13:56:52', NULL),
(4333, 205, '2026-07-04', 24, 'P', 0, NULL, NULL, '', 1, '2026-07-17 13:56:52', NULL),
(4334, 205, '2026-07-05', 24, 'P', 0, NULL, NULL, '', 1, '2026-07-17 13:56:52', NULL),
(4335, 205, '2026-07-07', 24, 'P', 0, NULL, NULL, '', 1, '2026-07-17 13:56:52', NULL),
(4336, 205, '2026-07-08', 24, 'P', 0, NULL, NULL, '', 1, '2026-07-17 13:56:52', NULL),
(4337, 205, '2026-07-09', 24, 'P', 0, NULL, NULL, '', 1, '2026-07-17 13:56:52', NULL),
(4338, 205, '2026-07-10', 24, 'P', 0, NULL, NULL, '', 1, '2026-07-17 13:56:52', NULL),
(4339, 205, '2026-07-11', 24, 'P', 0, NULL, NULL, '', 1, '2026-07-17 13:56:52', NULL),
(4340, 205, '2026-07-12', 24, 'P', 0, NULL, NULL, '', 1, '2026-07-17 13:56:52', NULL),
(4341, 205, '2026-07-14', 24, 'P', 0, NULL, NULL, '', 1, '2026-07-17 13:56:52', NULL),
(4342, 205, '2026-07-15', 24, 'P', 0, NULL, NULL, '', 1, '2026-07-17 13:56:52', NULL),
(4343, 205, '2026-07-16', 24, 'P', 0, NULL, NULL, '', 1, '2026-07-17 13:56:52', NULL),
(4344, 206, '2026-05-02', 24, 'P', 0, NULL, NULL, '', 1, '2026-07-17 13:56:52', NULL),
(4345, 206, '2026-05-03', 24, 'P', 0, NULL, NULL, '', 1, '2026-07-17 13:56:52', NULL),
(4346, 206, '2026-05-05', 24, 'P', 0, NULL, NULL, '', 1, '2026-07-17 13:56:52', NULL),
(4347, 206, '2026-05-06', 24, 'P', 0, NULL, NULL, '', 1, '2026-07-17 13:56:52', NULL),
(4348, 206, '2026-05-07', 24, 'P', 0, NULL, NULL, '', 1, '2026-07-17 13:56:52', NULL),
(4349, 206, '2026-05-08', 24, 'P', 0, NULL, NULL, '', 1, '2026-07-17 13:56:52', NULL),
(4350, 206, '2026-05-09', 24, 'P', 0, NULL, NULL, '', 1, '2026-07-17 13:56:52', NULL),
(4351, 206, '2026-05-10', 24, 'P', 0, NULL, NULL, '', 1, '2026-07-17 13:56:52', NULL),
(4352, 206, '2026-05-12', 24, 'P', 0, NULL, NULL, '', 1, '2026-07-17 13:56:52', NULL),
(4353, 206, '2026-05-13', 24, 'P', 0, NULL, NULL, '', 1, '2026-07-17 13:56:52', NULL),
(4354, 206, '2026-05-14', 24, 'P', 0, NULL, NULL, '', 1, '2026-07-17 13:56:52', NULL),
(4355, 206, '2026-05-15', 24, 'P', 0, NULL, NULL, '', 1, '2026-07-17 13:56:52', NULL),
(4356, 206, '2026-05-16', 24, 'P', 0, NULL, NULL, '', 1, '2026-07-17 13:56:52', NULL),
(4357, 206, '2026-05-17', 24, 'P', 0, NULL, NULL, '', 1, '2026-07-17 13:56:52', NULL),
(4358, 206, '2026-05-19', 24, 'P', 0, NULL, NULL, '', 1, '2026-07-17 13:56:52', NULL),
(4359, 206, '2026-05-20', 24, 'P', 0, NULL, NULL, '', 1, '2026-07-17 13:56:52', NULL),
(4360, 206, '2026-05-21', 24, 'P', 0, NULL, NULL, '', 1, '2026-07-17 13:56:52', NULL),
(4361, 206, '2026-05-22', 24, 'P', 0, NULL, NULL, '', 1, '2026-07-17 13:56:52', NULL),
(4362, 206, '2026-05-23', 24, 'P', 0, NULL, NULL, '', 1, '2026-07-17 13:56:52', NULL),
(4363, 206, '2026-05-24', 24, 'P', 0, NULL, NULL, '', 1, '2026-07-17 13:56:52', NULL),
(4364, 206, '2026-05-26', 24, 'P', 0, NULL, NULL, '', 1, '2026-07-17 13:56:52', NULL),
(4365, 206, '2026-05-27', 24, 'P', 0, NULL, NULL, '', 1, '2026-07-17 13:56:52', NULL),
(4366, 206, '2026-05-28', 24, 'P', 0, NULL, NULL, '', 1, '2026-07-17 13:56:52', NULL),
(4367, 206, '2026-05-29', 24, 'P', 0, NULL, NULL, '', 1, '2026-07-17 13:56:52', NULL),
(4368, 206, '2026-05-30', 24, 'P', 0, NULL, NULL, '', 1, '2026-07-17 13:56:52', NULL),
(4369, 206, '2026-05-31', 24, 'P', 0, NULL, NULL, '', 1, '2026-07-17 13:56:52', NULL),
(4370, 206, '2026-06-02', 24, 'P', 0, NULL, NULL, '', 1, '2026-07-17 13:56:52', NULL),
(4371, 206, '2026-06-03', 24, 'P', 0, NULL, NULL, '', 1, '2026-07-17 13:56:52', NULL),
(4372, 206, '2026-06-04', 24, 'P', 0, NULL, NULL, '', 1, '2026-07-17 13:56:52', NULL),
(4373, 206, '2026-06-05', 24, 'P', 0, NULL, NULL, '', 1, '2026-07-17 13:56:52', NULL),
(4374, 206, '2026-06-06', 24, 'P', 0, NULL, NULL, '', 1, '2026-07-17 13:56:52', NULL),
(4375, 206, '2026-06-07', 24, 'P', 0, NULL, NULL, '', 1, '2026-07-17 13:56:52', NULL),
(4376, 206, '2026-06-09', 24, 'P', 0, NULL, NULL, '', 1, '2026-07-17 13:56:52', NULL),
(4377, 206, '2026-06-10', 24, 'P', 0, NULL, NULL, '', 1, '2026-07-17 13:56:52', NULL),
(4378, 206, '2026-06-11', 24, 'P', 0, NULL, NULL, '', 1, '2026-07-17 13:56:52', NULL),
(4379, 206, '2026-06-12', 24, 'P', 0, NULL, NULL, '', 1, '2026-07-17 13:56:52', NULL),
(4380, 206, '2026-06-13', 24, 'P', 0, NULL, NULL, '', 1, '2026-07-17 13:56:52', NULL),
(4381, 206, '2026-06-14', 24, 'P', 0, NULL, NULL, '', 1, '2026-07-17 13:56:52', NULL),
(4382, 206, '2026-06-16', 24, 'P', 0, NULL, NULL, '', 1, '2026-07-17 13:56:52', NULL),
(4383, 206, '2026-06-17', 24, 'P', 0, NULL, NULL, '', 1, '2026-07-17 13:56:52', NULL),
(4384, 206, '2026-06-18', 24, 'P', 0, NULL, NULL, '', 1, '2026-07-17 13:56:52', NULL),
(4385, 206, '2026-06-19', 24, 'P', 0, NULL, NULL, '', 1, '2026-07-17 13:56:52', NULL),
(4386, 206, '2026-06-20', 24, 'P', 0, NULL, NULL, '', 1, '2026-07-17 13:56:52', NULL),
(4387, 206, '2026-06-21', 24, 'P', 0, NULL, NULL, '', 1, '2026-07-17 13:56:52', NULL),
(4388, 206, '2026-06-23', 24, 'P', 0, NULL, NULL, '', 1, '2026-07-17 13:56:52', NULL),
(4389, 206, '2026-06-24', 24, 'P', 0, NULL, NULL, '', 1, '2026-07-17 13:56:52', NULL),
(4390, 206, '2026-06-25', 24, 'P', 0, NULL, NULL, '', 1, '2026-07-17 13:56:52', NULL),
(4391, 206, '2026-06-26', 24, 'P', 0, NULL, NULL, '', 1, '2026-07-17 13:56:52', NULL),
(4392, 206, '2026-06-27', 24, 'P', 0, NULL, NULL, '', 1, '2026-07-17 13:56:52', NULL),
(4393, 206, '2026-06-28', 24, 'P', 0, NULL, NULL, '', 1, '2026-07-17 13:56:52', NULL),
(4394, 206, '2026-06-30', 24, 'P', 0, NULL, NULL, '', 1, '2026-07-17 13:56:52', NULL),
(4395, 206, '2026-07-01', 24, 'P', 0, NULL, NULL, '', 1, '2026-07-17 13:56:52', NULL),
(4396, 206, '2026-07-02', 24, 'P', 0, NULL, NULL, '', 1, '2026-07-17 13:56:52', NULL),
(4397, 206, '2026-07-03', 24, 'P', 0, NULL, NULL, '', 1, '2026-07-17 13:56:52', NULL),
(4398, 206, '2026-07-04', 24, 'P', 0, NULL, NULL, '', 1, '2026-07-17 13:56:52', NULL),
(4399, 206, '2026-07-05', 24, 'P', 0, NULL, NULL, '', 1, '2026-07-17 13:56:52', NULL),
(4400, 206, '2026-07-07', 24, 'P', 0, NULL, NULL, '', 1, '2026-07-17 13:56:52', NULL),
(4401, 206, '2026-07-08', 24, 'P', 0, NULL, NULL, '', 1, '2026-07-17 13:56:52', NULL),
(4402, 206, '2026-07-09', 24, 'P', 0, NULL, NULL, '', 1, '2026-07-17 13:56:52', NULL),
(4403, 206, '2026-07-10', 24, 'P', 0, NULL, NULL, '', 1, '2026-07-17 13:56:52', NULL),
(4404, 206, '2026-07-11', 24, 'P', 0, NULL, NULL, '', 1, '2026-07-17 13:56:52', NULL),
(4405, 206, '2026-07-12', 24, 'P', 0, NULL, NULL, '', 1, '2026-07-17 13:56:52', NULL),
(4406, 206, '2026-07-14', 24, 'P', 0, NULL, NULL, '', 1, '2026-07-17 13:56:52', NULL),
(4407, 206, '2026-07-15', 24, 'P', 0, NULL, NULL, '', 1, '2026-07-17 13:56:52', NULL),
(4408, 206, '2026-07-16', 24, 'P', 0, NULL, NULL, '', 1, '2026-07-17 13:56:52', NULL),
(4409, 207, '2026-05-02', 24, 'P', 0, NULL, NULL, '', 1, '2026-07-17 13:56:52', NULL),
(4410, 207, '2026-05-03', 24, 'P', 0, NULL, NULL, '', 1, '2026-07-17 13:56:52', NULL),
(4411, 207, '2026-05-05', 24, 'P', 0, NULL, NULL, '', 1, '2026-07-17 13:56:52', NULL),
(4412, 207, '2026-05-06', 24, 'P', 0, NULL, NULL, '', 1, '2026-07-17 13:56:52', NULL),
(4413, 207, '2026-05-07', 24, 'P', 0, NULL, NULL, '', 1, '2026-07-17 13:56:52', NULL),
(4414, 207, '2026-05-08', 24, 'P', 0, NULL, NULL, '', 1, '2026-07-17 13:56:52', NULL),
(4415, 207, '2026-05-09', 24, 'P', 0, NULL, NULL, '', 1, '2026-07-17 13:56:52', NULL),
(4416, 207, '2026-05-10', 24, 'P', 0, NULL, NULL, '', 1, '2026-07-17 13:56:52', NULL),
(4417, 207, '2026-05-12', 24, 'P', 0, NULL, NULL, '', 1, '2026-07-17 13:56:52', NULL),
(4418, 207, '2026-05-13', 24, 'P', 0, NULL, NULL, '', 1, '2026-07-17 13:56:52', NULL),
(4419, 207, '2026-05-14', 24, 'P', 0, NULL, NULL, '', 1, '2026-07-17 13:56:52', NULL),
(4420, 207, '2026-05-15', 24, 'P', 0, NULL, NULL, '', 1, '2026-07-17 13:56:52', NULL),
(4421, 207, '2026-05-16', 24, 'P', 0, NULL, NULL, '', 1, '2026-07-17 13:56:52', NULL),
(4422, 207, '2026-05-17', 24, 'P', 0, NULL, NULL, '', 1, '2026-07-17 13:56:53', NULL),
(4423, 207, '2026-05-19', 24, 'P', 0, NULL, NULL, '', 1, '2026-07-17 13:56:53', NULL),
(4424, 207, '2026-05-20', 24, 'P', 0, NULL, NULL, '', 1, '2026-07-17 13:56:53', NULL),
(4425, 207, '2026-05-21', 24, 'P', 0, NULL, NULL, '', 1, '2026-07-17 13:56:53', NULL),
(4426, 207, '2026-05-22', 24, 'P', 0, NULL, NULL, '', 1, '2026-07-17 13:56:53', NULL),
(4427, 207, '2026-05-23', 24, 'P', 0, NULL, NULL, '', 1, '2026-07-17 13:56:53', NULL),
(4428, 207, '2026-05-24', 24, 'P', 0, NULL, NULL, '', 1, '2026-07-17 13:56:53', NULL),
(4429, 207, '2026-05-26', 24, 'P', 0, NULL, NULL, '', 1, '2026-07-17 13:56:53', NULL),
(4430, 207, '2026-05-27', 24, 'P', 0, NULL, NULL, '', 1, '2026-07-17 13:56:53', NULL),
(4431, 207, '2026-05-28', 24, 'P', 0, NULL, NULL, '', 1, '2026-07-17 13:56:53', NULL),
(4432, 207, '2026-05-29', 24, 'P', 0, NULL, NULL, '', 1, '2026-07-17 13:56:53', NULL),
(4433, 207, '2026-05-30', 24, 'P', 0, NULL, NULL, '', 1, '2026-07-17 13:56:53', NULL),
(4434, 207, '2026-05-31', 24, 'P', 0, NULL, NULL, '', 1, '2026-07-17 13:56:53', NULL),
(4435, 207, '2026-06-02', 24, 'P', 0, NULL, NULL, '', 1, '2026-07-17 13:56:53', NULL),
(4436, 207, '2026-06-03', 24, 'P', 0, NULL, NULL, '', 1, '2026-07-17 13:56:53', NULL),
(4437, 207, '2026-06-04', 24, 'P', 0, NULL, NULL, '', 1, '2026-07-17 13:56:53', NULL),
(4438, 207, '2026-06-05', 24, 'P', 0, NULL, NULL, '', 1, '2026-07-17 13:56:53', NULL),
(4439, 207, '2026-06-06', 24, 'P', 0, NULL, NULL, '', 1, '2026-07-17 13:56:53', NULL),
(4440, 207, '2026-06-07', 24, 'P', 0, NULL, NULL, '', 1, '2026-07-17 13:56:53', NULL),
(4441, 207, '2026-06-09', 24, 'P', 0, NULL, NULL, '', 1, '2026-07-17 13:56:53', NULL),
(4442, 207, '2026-06-10', 24, 'P', 0, NULL, NULL, '', 1, '2026-07-17 13:56:53', NULL),
(4443, 207, '2026-06-11', 24, 'P', 0, NULL, NULL, '', 1, '2026-07-17 13:56:53', NULL),
(4444, 207, '2026-06-12', 24, 'P', 0, NULL, NULL, '', 1, '2026-07-17 13:56:53', NULL),
(4445, 207, '2026-06-13', 24, 'P', 0, NULL, NULL, '', 1, '2026-07-17 13:56:53', NULL),
(4446, 207, '2026-06-14', 24, 'P', 0, NULL, NULL, '', 1, '2026-07-17 13:56:53', NULL),
(4447, 207, '2026-06-16', 24, 'P', 0, NULL, NULL, '', 1, '2026-07-17 13:56:53', NULL),
(4448, 207, '2026-06-17', 24, 'P', 0, NULL, NULL, '', 1, '2026-07-17 13:56:53', NULL),
(4449, 207, '2026-06-18', 24, 'P', 0, NULL, NULL, '', 1, '2026-07-17 13:56:53', NULL),
(4450, 207, '2026-06-19', 24, 'P', 0, NULL, NULL, '', 1, '2026-07-17 13:56:53', NULL),
(4451, 207, '2026-06-20', 24, 'P', 0, NULL, NULL, '', 1, '2026-07-17 13:56:53', NULL),
(4452, 207, '2026-06-21', 24, 'P', 0, NULL, NULL, '', 1, '2026-07-17 13:56:53', NULL),
(4453, 207, '2026-06-23', 24, 'P', 0, NULL, NULL, '', 1, '2026-07-17 13:56:53', NULL),
(4454, 207, '2026-06-24', 24, 'P', 0, NULL, NULL, '', 1, '2026-07-17 13:56:53', NULL),
(4455, 207, '2026-06-25', 24, 'P', 0, NULL, NULL, '', 1, '2026-07-17 13:56:53', NULL),
(4456, 207, '2026-06-26', 24, 'P', 0, NULL, NULL, '', 1, '2026-07-17 13:56:53', NULL),
(4457, 207, '2026-06-27', 24, 'P', 0, NULL, NULL, '', 1, '2026-07-17 13:56:53', NULL),
(4458, 207, '2026-06-28', 24, 'P', 0, NULL, NULL, '', 1, '2026-07-17 13:56:53', NULL),
(4459, 207, '2026-06-30', 24, 'P', 0, NULL, NULL, '', 1, '2026-07-17 13:56:53', NULL),
(4460, 207, '2026-07-01', 24, 'P', 0, NULL, NULL, '', 1, '2026-07-17 13:56:53', NULL),
(4461, 207, '2026-07-02', 24, 'P', 0, NULL, NULL, '', 1, '2026-07-17 13:56:53', NULL),
(4462, 207, '2026-07-03', 24, 'P', 0, NULL, NULL, '', 1, '2026-07-17 13:56:53', NULL),
(4463, 207, '2026-07-04', 24, 'P', 0, NULL, NULL, '', 1, '2026-07-17 13:56:53', NULL),
(4464, 207, '2026-07-05', 24, 'P', 0, NULL, NULL, '', 1, '2026-07-17 13:56:53', NULL),
(4465, 207, '2026-07-07', 24, 'P', 0, NULL, NULL, '', 1, '2026-07-17 13:56:53', NULL),
(4466, 207, '2026-07-08', 24, 'P', 0, NULL, NULL, '', 1, '2026-07-17 13:56:53', NULL),
(4467, 207, '2026-07-09', 24, 'P', 0, NULL, NULL, '', 1, '2026-07-17 13:56:53', NULL),
(4468, 207, '2026-07-10', 24, 'P', 0, NULL, NULL, '', 1, '2026-07-17 13:56:53', NULL),
(4469, 207, '2026-07-11', 24, 'P', 0, NULL, NULL, '', 1, '2026-07-17 13:56:53', NULL),
(4470, 207, '2026-07-12', 24, 'P', 0, NULL, NULL, '', 1, '2026-07-17 13:56:53', NULL),
(4471, 207, '2026-07-14', 24, 'P', 0, NULL, NULL, '', 1, '2026-07-17 13:56:53', NULL),
(4472, 207, '2026-07-15', 24, 'P', 0, NULL, NULL, '', 1, '2026-07-17 13:56:53', NULL),
(4473, 207, '2026-07-16', 24, 'P', 0, NULL, NULL, '', 1, '2026-07-17 13:56:53', NULL),
(4474, 208, '2026-05-02', 24, 'P', 0, NULL, NULL, '', 1, '2026-07-17 13:56:53', NULL),
(4475, 208, '2026-05-03', 24, 'P', 0, NULL, NULL, '', 1, '2026-07-17 13:56:53', NULL),
(4476, 208, '2026-05-05', 24, 'P', 0, NULL, NULL, '', 1, '2026-07-17 13:56:53', NULL),
(4477, 208, '2026-05-06', 24, 'P', 0, NULL, NULL, '', 1, '2026-07-17 13:56:53', NULL),
(4478, 208, '2026-05-07', 24, 'P', 0, NULL, NULL, '', 1, '2026-07-17 13:56:53', NULL),
(4479, 208, '2026-05-08', 24, 'P', 0, NULL, NULL, '', 1, '2026-07-17 13:56:53', NULL),
(4480, 208, '2026-05-09', 24, 'P', 0, NULL, NULL, '', 1, '2026-07-17 13:56:53', NULL),
(4481, 208, '2026-05-10', 24, 'P', 0, NULL, NULL, '', 1, '2026-07-17 13:56:53', NULL),
(4482, 208, '2026-05-12', 24, 'P', 0, NULL, NULL, '', 1, '2026-07-17 13:56:53', NULL),
(4483, 208, '2026-05-13', 24, 'P', 0, NULL, NULL, '', 1, '2026-07-17 13:56:53', NULL),
(4484, 208, '2026-05-14', 24, 'P', 0, NULL, NULL, '', 1, '2026-07-17 13:56:53', NULL),
(4485, 208, '2026-05-15', 24, 'P', 0, NULL, NULL, '', 1, '2026-07-17 13:56:53', NULL),
(4486, 208, '2026-05-16', 24, 'P', 0, NULL, NULL, '', 1, '2026-07-17 13:56:53', NULL),
(4487, 208, '2026-05-17', 24, 'P', 0, NULL, NULL, '', 1, '2026-07-17 13:56:53', NULL),
(4488, 208, '2026-05-19', 24, 'P', 0, NULL, NULL, '', 1, '2026-07-17 13:56:53', NULL),
(4489, 208, '2026-05-20', 24, 'P', 0, NULL, NULL, '', 1, '2026-07-17 13:56:53', NULL),
(4490, 208, '2026-05-21', 24, 'P', 0, NULL, NULL, '', 1, '2026-07-17 13:56:53', NULL),
(4491, 208, '2026-05-22', 24, 'P', 0, NULL, NULL, '', 1, '2026-07-17 13:56:53', NULL),
(4492, 208, '2026-05-23', 24, 'P', 0, NULL, NULL, '', 1, '2026-07-17 13:56:53', NULL),
(4493, 208, '2026-05-24', 24, 'P', 0, NULL, NULL, '', 1, '2026-07-17 13:56:53', NULL),
(4494, 208, '2026-05-26', 24, 'P', 0, NULL, NULL, '', 1, '2026-07-17 13:56:53', NULL),
(4495, 208, '2026-05-27', 24, 'P', 0, NULL, NULL, '', 1, '2026-07-17 13:56:53', NULL),
(4496, 208, '2026-05-28', 24, 'P', 0, NULL, NULL, '', 1, '2026-07-17 13:56:53', NULL),
(4497, 208, '2026-05-29', 24, 'P', 0, NULL, NULL, '', 1, '2026-07-17 13:56:53', NULL),
(4498, 208, '2026-05-30', 24, 'P', 0, NULL, NULL, '', 1, '2026-07-17 13:56:53', NULL),
(4499, 208, '2026-05-31', 24, 'P', 0, NULL, NULL, '', 1, '2026-07-17 13:56:53', NULL),
(4500, 208, '2026-06-02', 24, 'P', 0, NULL, NULL, '', 1, '2026-07-17 13:56:53', NULL),
(4501, 208, '2026-06-03', 24, 'P', 0, NULL, NULL, '', 1, '2026-07-17 13:56:53', NULL),
(4502, 208, '2026-06-04', 24, 'P', 0, NULL, NULL, '', 1, '2026-07-17 13:56:53', NULL),
(4503, 208, '2026-06-05', 24, 'P', 0, NULL, NULL, '', 1, '2026-07-17 13:56:53', NULL),
(4504, 208, '2026-06-06', 24, 'P', 0, NULL, NULL, '', 1, '2026-07-17 13:56:53', NULL),
(4505, 208, '2026-06-07', 24, 'P', 0, NULL, NULL, '', 1, '2026-07-17 13:56:53', NULL),
(4506, 208, '2026-06-09', 24, 'P', 0, NULL, NULL, '', 1, '2026-07-17 13:56:53', NULL),
(4507, 208, '2026-06-10', 24, 'P', 0, NULL, NULL, '', 1, '2026-07-17 13:56:53', NULL),
(4508, 208, '2026-06-11', 24, 'P', 0, NULL, NULL, '', 1, '2026-07-17 13:56:53', NULL),
(4509, 208, '2026-06-12', 24, 'P', 0, NULL, NULL, '', 1, '2026-07-17 13:56:53', NULL),
(4510, 208, '2026-06-13', 24, 'P', 0, NULL, NULL, '', 1, '2026-07-17 13:56:53', NULL),
(4511, 208, '2026-06-14', 24, 'P', 0, NULL, NULL, '', 1, '2026-07-17 13:56:53', NULL),
(4512, 208, '2026-06-16', 24, 'P', 0, NULL, NULL, '', 1, '2026-07-17 13:56:53', NULL),
(4513, 208, '2026-06-17', 24, 'P', 0, NULL, NULL, '', 1, '2026-07-17 13:56:53', NULL),
(4514, 208, '2026-06-18', 24, 'P', 0, NULL, NULL, '', 1, '2026-07-17 13:56:53', NULL),
(4515, 208, '2026-06-19', 24, 'P', 0, NULL, NULL, '', 1, '2026-07-17 13:56:53', NULL),
(4516, 208, '2026-06-20', 24, 'P', 0, NULL, NULL, '', 1, '2026-07-17 13:56:53', NULL),
(4517, 208, '2026-06-21', 24, 'P', 0, NULL, NULL, '', 1, '2026-07-17 13:56:53', NULL),
(4518, 208, '2026-06-23', 24, 'P', 0, NULL, NULL, '', 1, '2026-07-17 13:56:53', NULL),
(4519, 208, '2026-06-24', 24, 'P', 0, NULL, NULL, '', 1, '2026-07-17 13:56:53', NULL),
(4520, 208, '2026-06-25', 24, 'P', 0, NULL, NULL, '', 1, '2026-07-17 13:56:53', NULL),
(4521, 208, '2026-06-26', 24, 'P', 0, NULL, NULL, '', 1, '2026-07-17 13:56:53', NULL),
(4522, 208, '2026-06-27', 24, 'P', 0, NULL, NULL, '', 1, '2026-07-17 13:56:53', NULL),
(4523, 208, '2026-06-28', 24, 'P', 0, NULL, NULL, '', 1, '2026-07-17 13:56:53', NULL),
(4524, 208, '2026-06-30', 24, 'P', 0, NULL, NULL, '', 1, '2026-07-17 13:56:53', NULL),
(4525, 208, '2026-07-01', 24, 'P', 0, NULL, NULL, '', 1, '2026-07-17 13:56:53', NULL),
(4526, 208, '2026-07-02', 24, 'P', 0, NULL, NULL, '', 1, '2026-07-17 13:56:53', NULL),
(4527, 208, '2026-07-03', 24, 'P', 0, NULL, NULL, '', 1, '2026-07-17 13:56:53', NULL),
(4528, 208, '2026-07-04', 24, 'P', 0, NULL, NULL, '', 1, '2026-07-17 13:56:53', NULL),
(4529, 208, '2026-07-05', 24, 'P', 0, NULL, NULL, '', 1, '2026-07-17 13:56:53', NULL),
(4530, 208, '2026-07-07', 24, 'P', 0, NULL, NULL, '', 1, '2026-07-17 13:56:53', NULL),
(4531, 208, '2026-07-08', 24, 'P', 0, NULL, NULL, '', 1, '2026-07-17 13:56:53', NULL),
(4532, 208, '2026-07-09', 24, 'P', 0, NULL, NULL, '', 1, '2026-07-17 13:56:53', NULL),
(4533, 208, '2026-07-10', 24, 'P', 0, NULL, NULL, '', 1, '2026-07-17 13:56:53', NULL),
(4534, 208, '2026-07-11', 24, 'P', 0, NULL, NULL, '', 1, '2026-07-17 13:56:53', NULL),
(4535, 208, '2026-07-12', 24, 'P', 0, NULL, NULL, '', 1, '2026-07-17 13:56:53', NULL),
(4536, 208, '2026-07-14', 24, 'P', 0, NULL, NULL, '', 1, '2026-07-17 13:56:53', NULL),
(4537, 208, '2026-07-15', 24, 'P', 0, NULL, NULL, '', 1, '2026-07-17 13:56:53', NULL),
(4538, 208, '2026-07-16', 24, 'P', 0, NULL, NULL, '', 1, '2026-07-17 13:56:53', NULL),
(4539, 210, '2026-05-02', 24, 'P', 0, NULL, NULL, '', 1, '2026-07-17 13:56:53', NULL),
(4540, 210, '2026-05-03', 24, 'P', 0, NULL, NULL, '', 1, '2026-07-17 13:56:53', NULL),
(4541, 210, '2026-05-05', 24, 'P', 0, NULL, NULL, '', 1, '2026-07-17 13:56:53', NULL),
(4542, 210, '2026-05-06', 24, 'P', 0, NULL, NULL, '', 1, '2026-07-17 13:56:53', NULL),
(4543, 210, '2026-05-07', 24, 'P', 0, NULL, NULL, '', 1, '2026-07-17 13:56:53', NULL),
(4544, 210, '2026-05-08', 24, 'P', 0, NULL, NULL, '', 1, '2026-07-17 13:56:53', NULL),
(4545, 210, '2026-05-09', 24, 'P', 0, NULL, NULL, '', 1, '2026-07-17 13:56:53', NULL),
(4546, 210, '2026-05-10', 24, 'P', 0, NULL, NULL, '', 1, '2026-07-17 13:56:53', NULL),
(4547, 210, '2026-05-12', 24, 'P', 0, NULL, NULL, '', 1, '2026-07-17 13:56:53', NULL),
(4548, 210, '2026-05-13', 24, 'P', 0, NULL, NULL, '', 1, '2026-07-17 13:56:53', NULL),
(4549, 210, '2026-05-14', 24, 'P', 0, NULL, NULL, '', 1, '2026-07-17 13:56:53', NULL),
(4550, 210, '2026-05-15', 24, 'P', 0, NULL, NULL, '', 1, '2026-07-17 13:56:53', NULL),
(4551, 210, '2026-05-16', 24, 'P', 0, NULL, NULL, '', 1, '2026-07-17 13:56:53', NULL),
(4552, 210, '2026-05-17', 24, 'P', 0, NULL, NULL, '', 1, '2026-07-17 13:56:53', NULL),
(4553, 210, '2026-05-19', 24, 'P', 0, NULL, NULL, '', 1, '2026-07-17 13:56:53', NULL),
(4554, 210, '2026-05-20', 24, 'P', 0, NULL, NULL, '', 1, '2026-07-17 13:56:53', NULL),
(4555, 210, '2026-05-21', 24, 'P', 0, NULL, NULL, '', 1, '2026-07-17 13:56:53', NULL),
(4556, 210, '2026-05-22', 24, 'P', 0, NULL, NULL, '', 1, '2026-07-17 13:56:53', NULL),
(4557, 210, '2026-05-23', 24, 'P', 0, NULL, NULL, '', 1, '2026-07-17 13:56:53', NULL),
(4558, 210, '2026-05-24', 24, 'P', 0, NULL, NULL, '', 1, '2026-07-17 13:56:53', NULL),
(4559, 210, '2026-05-26', 24, 'P', 0, NULL, NULL, '', 1, '2026-07-17 13:56:53', NULL),
(4560, 210, '2026-05-27', 24, 'P', 0, NULL, NULL, '', 1, '2026-07-17 13:56:53', NULL),
(4561, 210, '2026-05-28', 24, 'P', 0, NULL, NULL, '', 1, '2026-07-17 13:56:53', NULL),
(4562, 210, '2026-05-29', 24, 'P', 0, NULL, NULL, '', 1, '2026-07-17 13:56:53', NULL),
(4563, 210, '2026-05-30', 24, 'P', 0, NULL, NULL, '', 1, '2026-07-17 13:56:53', NULL),
(4564, 210, '2026-05-31', 24, 'P', 0, NULL, NULL, '', 1, '2026-07-17 13:56:53', NULL),
(4565, 210, '2026-06-02', 24, 'P', 0, NULL, NULL, '', 1, '2026-07-17 13:56:53', NULL),
(4566, 210, '2026-06-03', 24, 'P', 0, NULL, NULL, '', 1, '2026-07-17 13:56:53', NULL),
(4567, 210, '2026-06-04', 24, 'P', 0, NULL, NULL, '', 1, '2026-07-17 13:56:53', NULL),
(4568, 210, '2026-06-05', 24, 'P', 0, NULL, NULL, '', 1, '2026-07-17 13:56:53', NULL),
(4569, 210, '2026-06-06', 24, 'P', 0, NULL, NULL, '', 1, '2026-07-17 13:56:53', NULL),
(4570, 210, '2026-06-07', 24, 'P', 0, NULL, NULL, '', 1, '2026-07-17 13:56:53', NULL),
(4571, 210, '2026-06-09', 24, 'P', 0, NULL, NULL, '', 1, '2026-07-17 13:56:53', NULL),
(4572, 210, '2026-06-10', 24, 'P', 0, NULL, NULL, '', 1, '2026-07-17 13:56:53', NULL),
(4573, 210, '2026-06-11', 24, 'P', 0, NULL, NULL, '', 1, '2026-07-17 13:56:53', NULL),
(4574, 210, '2026-06-12', 24, 'P', 0, NULL, NULL, '', 1, '2026-07-17 13:56:53', NULL),
(4575, 210, '2026-06-13', 24, 'P', 0, NULL, NULL, '', 1, '2026-07-17 13:56:53', NULL),
(4576, 210, '2026-06-14', 24, 'P', 0, NULL, NULL, '', 1, '2026-07-17 13:56:53', NULL),
(4577, 210, '2026-06-16', 24, 'P', 0, NULL, NULL, '', 1, '2026-07-17 13:56:53', NULL),
(4578, 210, '2026-06-17', 24, 'P', 0, NULL, NULL, '', 1, '2026-07-17 13:56:53', NULL),
(4579, 210, '2026-06-18', 24, 'P', 0, NULL, NULL, '', 1, '2026-07-17 13:56:53', NULL),
(4580, 210, '2026-06-19', 24, 'P', 0, NULL, NULL, '', 1, '2026-07-17 13:56:53', NULL),
(4581, 210, '2026-06-20', 24, 'P', 0, NULL, NULL, '', 1, '2026-07-17 13:56:53', NULL),
(4582, 210, '2026-06-21', 24, 'P', 0, NULL, NULL, '', 1, '2026-07-17 13:56:53', NULL),
(4583, 210, '2026-06-23', 24, 'P', 0, NULL, NULL, '', 1, '2026-07-17 13:56:53', NULL),
(4584, 210, '2026-06-24', 24, 'P', 0, NULL, NULL, '', 1, '2026-07-17 13:56:53', NULL),
(4585, 210, '2026-06-25', 24, 'P', 0, NULL, NULL, '', 1, '2026-07-17 13:56:53', NULL),
(4586, 210, '2026-06-26', 24, 'P', 0, NULL, NULL, '', 1, '2026-07-17 13:56:53', NULL),
(4587, 210, '2026-06-27', 24, 'P', 0, NULL, NULL, '', 1, '2026-07-17 13:56:53', NULL),
(4588, 210, '2026-06-28', 24, 'P', 0, NULL, NULL, '', 1, '2026-07-17 13:56:53', NULL),
(4589, 210, '2026-06-30', 24, 'P', 0, NULL, NULL, '', 1, '2026-07-17 13:56:53', NULL),
(4590, 210, '2026-07-01', 24, 'P', 0, NULL, NULL, '', 1, '2026-07-17 13:56:53', NULL),
(4591, 210, '2026-07-02', 24, 'P', 0, NULL, NULL, '', 1, '2026-07-17 13:56:53', NULL),
(4592, 210, '2026-07-03', 24, 'P', 0, NULL, NULL, '', 1, '2026-07-17 13:56:53', NULL),
(4593, 210, '2026-07-04', 24, 'P', 0, NULL, NULL, '', 1, '2026-07-17 13:56:53', NULL),
(4594, 210, '2026-07-05', 24, 'P', 0, NULL, NULL, '', 1, '2026-07-17 13:56:53', NULL),
(4595, 210, '2026-07-07', 24, 'P', 0, NULL, NULL, '', 1, '2026-07-17 13:56:53', NULL),
(4596, 210, '2026-07-08', 24, 'P', 0, NULL, NULL, '', 1, '2026-07-17 13:56:53', NULL),
(4597, 210, '2026-07-09', 24, 'P', 0, NULL, NULL, '', 1, '2026-07-17 13:56:53', NULL),
(4598, 210, '2026-07-10', 24, 'P', 0, NULL, NULL, '', 1, '2026-07-17 13:56:53', NULL),
(4599, 210, '2026-07-11', 24, 'P', 0, NULL, NULL, '', 1, '2026-07-17 13:56:53', NULL),
(4600, 210, '2026-07-12', 24, 'P', 0, NULL, NULL, '', 1, '2026-07-17 13:56:53', NULL),
(4601, 210, '2026-07-14', 24, 'P', 0, NULL, NULL, '', 1, '2026-07-17 13:56:53', NULL),
(4602, 210, '2026-07-15', 24, 'P', 0, NULL, NULL, '', 1, '2026-07-17 13:56:53', NULL),
(4603, 210, '2026-07-16', 24, 'P', 0, NULL, NULL, '', 1, '2026-07-17 13:56:53', NULL),
(4604, 211, '2026-05-02', 24, 'P', 0, NULL, NULL, '', 1, '2026-07-17 13:56:53', NULL),
(4605, 211, '2026-05-03', 24, 'P', 0, NULL, NULL, '', 1, '2026-07-17 13:56:53', NULL),
(4606, 211, '2026-05-05', 24, 'P', 0, NULL, NULL, '', 1, '2026-07-17 13:56:53', NULL),
(4607, 211, '2026-05-06', 24, 'P', 0, NULL, NULL, '', 1, '2026-07-17 13:56:53', NULL),
(4608, 211, '2026-05-07', 24, 'P', 0, NULL, NULL, '', 1, '2026-07-17 13:56:53', NULL),
(4609, 211, '2026-05-08', 24, 'P', 0, NULL, NULL, '', 1, '2026-07-17 13:56:53', NULL),
(4610, 211, '2026-05-09', 24, 'P', 0, NULL, NULL, '', 1, '2026-07-17 13:56:53', NULL),
(4611, 211, '2026-05-10', 24, 'P', 0, NULL, NULL, '', 1, '2026-07-17 13:56:53', NULL),
(4612, 211, '2026-05-12', 24, 'P', 0, NULL, NULL, '', 1, '2026-07-17 13:56:53', NULL),
(4613, 211, '2026-05-13', 24, 'P', 0, NULL, NULL, '', 1, '2026-07-17 13:56:53', NULL),
(4614, 211, '2026-05-14', 24, 'P', 0, NULL, NULL, '', 1, '2026-07-17 13:56:53', NULL),
(4615, 211, '2026-05-15', 24, 'P', 0, NULL, NULL, '', 1, '2026-07-17 13:56:53', NULL),
(4616, 211, '2026-05-16', 24, 'P', 0, NULL, NULL, '', 1, '2026-07-17 13:56:53', NULL),
(4617, 211, '2026-05-17', 24, 'P', 0, NULL, NULL, '', 1, '2026-07-17 13:56:53', NULL),
(4618, 211, '2026-05-19', 24, 'P', 0, NULL, NULL, '', 1, '2026-07-17 13:56:53', NULL),
(4619, 211, '2026-05-20', 24, 'P', 0, NULL, NULL, '', 1, '2026-07-17 13:56:53', NULL),
(4620, 211, '2026-05-21', 24, 'P', 0, NULL, NULL, '', 1, '2026-07-17 13:56:53', NULL),
(4621, 211, '2026-05-22', 24, 'P', 0, NULL, NULL, '', 1, '2026-07-17 13:56:53', NULL),
(4622, 211, '2026-05-23', 24, 'P', 0, NULL, NULL, '', 1, '2026-07-17 13:56:53', NULL),
(4623, 211, '2026-05-24', 24, 'P', 0, NULL, NULL, '', 1, '2026-07-17 13:56:53', NULL),
(4624, 211, '2026-05-26', 24, 'P', 0, NULL, NULL, '', 1, '2026-07-17 13:56:53', NULL),
(4625, 211, '2026-05-27', 24, 'P', 0, NULL, NULL, '', 1, '2026-07-17 13:56:53', NULL),
(4626, 211, '2026-05-28', 24, 'P', 0, NULL, NULL, '', 1, '2026-07-17 13:56:53', NULL),
(4627, 211, '2026-05-29', 24, 'P', 0, NULL, NULL, '', 1, '2026-07-17 13:56:53', NULL),
(4628, 211, '2026-05-30', 24, 'P', 0, NULL, NULL, '', 1, '2026-07-17 13:56:53', NULL),
(4629, 211, '2026-05-31', 24, 'P', 0, NULL, NULL, '', 1, '2026-07-17 13:56:53', NULL),
(4630, 211, '2026-06-02', 24, 'P', 0, NULL, NULL, '', 1, '2026-07-17 13:56:53', NULL),
(4631, 211, '2026-06-03', 24, 'P', 0, NULL, NULL, '', 1, '2026-07-17 13:56:53', NULL),
(4632, 211, '2026-06-04', 24, 'P', 0, NULL, NULL, '', 1, '2026-07-17 13:56:53', NULL),
(4633, 211, '2026-06-05', 24, 'P', 0, NULL, NULL, '', 1, '2026-07-17 13:56:53', NULL),
(4634, 211, '2026-06-06', 24, 'P', 0, NULL, NULL, '', 1, '2026-07-17 13:56:53', NULL),
(4635, 211, '2026-06-07', 24, 'P', 0, NULL, NULL, '', 1, '2026-07-17 13:56:53', NULL),
(4636, 211, '2026-06-09', 24, 'P', 0, NULL, NULL, '', 1, '2026-07-17 13:56:53', NULL),
(4637, 211, '2026-06-10', 24, 'P', 0, NULL, NULL, '', 1, '2026-07-17 13:56:53', NULL),
(4638, 211, '2026-06-11', 24, 'P', 0, NULL, NULL, '', 1, '2026-07-17 13:56:53', NULL),
(4639, 211, '2026-06-12', 24, 'P', 0, NULL, NULL, '', 1, '2026-07-17 13:56:53', NULL),
(4640, 211, '2026-06-13', 24, 'P', 0, NULL, NULL, '', 1, '2026-07-17 13:56:53', NULL),
(4641, 211, '2026-06-14', 24, 'P', 0, NULL, NULL, '', 1, '2026-07-17 13:56:53', NULL),
(4642, 211, '2026-06-16', 24, 'P', 0, NULL, NULL, '', 1, '2026-07-17 13:56:53', NULL),
(4643, 211, '2026-06-17', 24, 'P', 0, NULL, NULL, '', 1, '2026-07-17 13:56:53', NULL),
(4644, 211, '2026-06-18', 24, 'P', 0, NULL, NULL, '', 1, '2026-07-17 13:56:53', NULL),
(4645, 211, '2026-06-19', 24, 'P', 0, NULL, NULL, '', 1, '2026-07-17 13:56:53', NULL),
(4646, 211, '2026-06-20', 24, 'P', 0, NULL, NULL, '', 1, '2026-07-17 13:56:53', NULL),
(4647, 211, '2026-06-21', 24, 'P', 0, NULL, NULL, '', 1, '2026-07-17 13:56:53', NULL),
(4648, 211, '2026-06-23', 24, 'P', 0, NULL, NULL, '', 1, '2026-07-17 13:56:53', NULL),
(4649, 211, '2026-06-24', 24, 'P', 0, NULL, NULL, '', 1, '2026-07-17 13:56:53', NULL),
(4650, 211, '2026-06-25', 24, 'P', 0, NULL, NULL, '', 1, '2026-07-17 13:56:53', NULL),
(4651, 211, '2026-06-26', 24, 'P', 0, NULL, NULL, '', 1, '2026-07-17 13:56:53', NULL),
(4652, 211, '2026-06-27', 24, 'P', 0, NULL, NULL, '', 1, '2026-07-17 13:56:53', NULL),
(4653, 211, '2026-06-28', 24, 'P', 0, NULL, NULL, '', 1, '2026-07-17 13:56:53', NULL),
(4654, 211, '2026-06-30', 24, 'P', 0, NULL, NULL, '', 1, '2026-07-17 13:56:53', NULL),
(4655, 211, '2026-07-01', 24, 'P', 0, NULL, NULL, '', 1, '2026-07-17 13:56:53', NULL),
(4656, 211, '2026-07-02', 24, 'P', 0, NULL, NULL, '', 1, '2026-07-17 13:56:53', NULL),
(4657, 211, '2026-07-03', 24, 'P', 0, NULL, NULL, '', 1, '2026-07-17 13:56:53', NULL),
(4658, 211, '2026-07-04', 24, 'P', 0, NULL, NULL, '', 1, '2026-07-17 13:56:53', NULL),
(4659, 211, '2026-07-05', 24, 'P', 0, NULL, NULL, '', 1, '2026-07-17 13:56:53', NULL),
(4660, 211, '2026-07-07', 24, 'P', 0, NULL, NULL, '', 1, '2026-07-17 13:56:53', NULL),
(4661, 211, '2026-07-08', 24, 'P', 0, NULL, NULL, '', 1, '2026-07-17 13:56:53', NULL),
(4662, 211, '2026-07-09', 24, 'P', 0, NULL, NULL, '', 1, '2026-07-17 13:56:53', NULL),
(4663, 211, '2026-07-10', 24, 'P', 0, NULL, NULL, '', 1, '2026-07-17 13:56:53', NULL),
(4664, 211, '2026-07-11', 24, 'P', 0, NULL, NULL, '', 1, '2026-07-17 13:56:53', NULL),
(4665, 211, '2026-07-12', 24, 'P', 0, NULL, NULL, '', 1, '2026-07-17 13:56:53', NULL),
(4666, 211, '2026-07-14', 24, 'P', 0, NULL, NULL, '', 1, '2026-07-17 13:56:53', NULL),
(4667, 211, '2026-07-15', 24, 'P', 0, NULL, NULL, '', 1, '2026-07-17 13:56:53', NULL),
(4668, 211, '2026-07-16', 24, 'P', 0, NULL, NULL, '', 1, '2026-07-17 13:56:53', NULL),
(4669, 212, '2026-05-02', 24, 'P', 0, NULL, NULL, '', 1, '2026-07-17 13:56:53', NULL),
(4670, 212, '2026-05-03', 24, 'P', 0, NULL, NULL, '', 1, '2026-07-17 13:56:53', NULL),
(4671, 212, '2026-05-05', 24, 'P', 0, NULL, NULL, '', 1, '2026-07-17 13:56:53', NULL),
(4672, 212, '2026-05-06', 24, 'P', 0, NULL, NULL, '', 1, '2026-07-17 13:56:53', NULL),
(4673, 212, '2026-05-07', 24, 'P', 0, NULL, NULL, '', 1, '2026-07-17 13:56:54', NULL),
(4674, 212, '2026-05-08', 24, 'P', 0, NULL, NULL, '', 1, '2026-07-17 13:56:54', NULL),
(4675, 212, '2026-05-09', 24, 'P', 0, NULL, NULL, '', 1, '2026-07-17 13:56:54', NULL),
(4676, 212, '2026-05-10', 24, 'P', 0, NULL, NULL, '', 1, '2026-07-17 13:56:54', NULL),
(4677, 212, '2026-05-12', 24, 'P', 0, NULL, NULL, '', 1, '2026-07-17 13:56:54', NULL),
(4678, 212, '2026-05-13', 24, 'P', 0, NULL, NULL, '', 1, '2026-07-17 13:56:54', NULL),
(4679, 212, '2026-05-14', 24, 'P', 0, NULL, NULL, '', 1, '2026-07-17 13:56:54', NULL),
(4680, 212, '2026-05-15', 24, 'P', 0, NULL, NULL, '', 1, '2026-07-17 13:56:54', NULL),
(4681, 212, '2026-05-16', 24, 'P', 0, NULL, NULL, '', 1, '2026-07-17 13:56:54', NULL),
(4682, 212, '2026-05-17', 24, 'P', 0, NULL, NULL, '', 1, '2026-07-17 13:56:54', NULL),
(4683, 212, '2026-05-19', 24, 'P', 0, NULL, NULL, '', 1, '2026-07-17 13:56:54', NULL),
(4684, 212, '2026-05-20', 24, 'P', 0, NULL, NULL, '', 1, '2026-07-17 13:56:54', NULL),
(4685, 212, '2026-05-21', 24, 'P', 0, NULL, NULL, '', 1, '2026-07-17 13:56:54', NULL),
(4686, 212, '2026-05-22', 24, 'P', 0, NULL, NULL, '', 1, '2026-07-17 13:56:54', NULL),
(4687, 212, '2026-05-23', 24, 'P', 0, NULL, NULL, '', 1, '2026-07-17 13:56:54', NULL),
(4688, 212, '2026-05-24', 24, 'P', 0, NULL, NULL, '', 1, '2026-07-17 13:56:54', NULL),
(4689, 212, '2026-05-26', 24, 'P', 0, NULL, NULL, '', 1, '2026-07-17 13:56:54', NULL),
(4690, 212, '2026-05-27', 24, 'P', 0, NULL, NULL, '', 1, '2026-07-17 13:56:54', NULL),
(4691, 212, '2026-05-28', 24, 'P', 0, NULL, NULL, '', 1, '2026-07-17 13:56:54', NULL),
(4692, 212, '2026-05-29', 24, 'P', 0, NULL, NULL, '', 1, '2026-07-17 13:56:54', NULL),
(4693, 212, '2026-05-30', 24, 'P', 0, NULL, NULL, '', 1, '2026-07-17 13:56:54', NULL),
(4694, 212, '2026-05-31', 24, 'P', 0, NULL, NULL, '', 1, '2026-07-17 13:56:54', NULL),
(4695, 212, '2026-06-02', 24, 'P', 0, NULL, NULL, '', 1, '2026-07-17 13:56:54', NULL),
(4696, 212, '2026-06-03', 24, 'P', 0, NULL, NULL, '', 1, '2026-07-17 13:56:54', NULL),
(4697, 212, '2026-06-04', 24, 'P', 0, NULL, NULL, '', 1, '2026-07-17 13:56:54', NULL),
(4698, 212, '2026-06-05', 24, 'P', 0, NULL, NULL, '', 1, '2026-07-17 13:56:54', NULL),
(4699, 212, '2026-06-06', 24, 'P', 0, NULL, NULL, '', 1, '2026-07-17 13:56:54', NULL),
(4700, 212, '2026-06-07', 24, 'P', 0, NULL, NULL, '', 1, '2026-07-17 13:56:54', NULL),
(4701, 212, '2026-06-09', 24, 'P', 0, NULL, NULL, '', 1, '2026-07-17 13:56:54', NULL),
(4702, 212, '2026-06-10', 24, 'P', 0, NULL, NULL, '', 1, '2026-07-17 13:56:54', NULL),
(4703, 212, '2026-06-11', 24, 'P', 0, NULL, NULL, '', 1, '2026-07-17 13:56:54', NULL),
(4704, 212, '2026-06-12', 24, 'P', 0, NULL, NULL, '', 1, '2026-07-17 13:56:54', NULL),
(4705, 212, '2026-06-13', 24, 'P', 0, NULL, NULL, '', 1, '2026-07-17 13:56:54', NULL),
(4706, 212, '2026-06-14', 24, 'P', 0, NULL, NULL, '', 1, '2026-07-17 13:56:54', NULL),
(4707, 212, '2026-06-16', 24, 'P', 0, NULL, NULL, '', 1, '2026-07-17 13:56:54', NULL),
(4708, 212, '2026-06-17', 24, 'P', 0, NULL, NULL, '', 1, '2026-07-17 13:56:54', NULL),
(4709, 212, '2026-06-18', 24, 'P', 0, NULL, NULL, '', 1, '2026-07-17 13:56:54', NULL),
(4710, 212, '2026-06-19', 24, 'P', 0, NULL, NULL, '', 1, '2026-07-17 13:56:54', NULL),
(4711, 212, '2026-06-20', 24, 'P', 0, NULL, NULL, '', 1, '2026-07-17 13:56:54', NULL),
(4712, 212, '2026-06-21', 24, 'P', 0, NULL, NULL, '', 1, '2026-07-17 13:56:54', NULL),
(4713, 212, '2026-06-23', 24, 'P', 0, NULL, NULL, '', 1, '2026-07-17 13:56:54', NULL),
(4714, 212, '2026-06-24', 24, 'P', 0, NULL, NULL, '', 1, '2026-07-17 13:56:54', NULL),
(4715, 212, '2026-06-25', 24, 'P', 0, NULL, NULL, '', 1, '2026-07-17 13:56:54', NULL),
(4716, 212, '2026-06-26', 24, 'P', 0, NULL, NULL, '', 1, '2026-07-17 13:56:54', NULL),
(4717, 212, '2026-06-27', 24, 'P', 0, NULL, NULL, '', 1, '2026-07-17 13:56:54', NULL),
(4718, 212, '2026-06-28', 24, 'P', 0, NULL, NULL, '', 1, '2026-07-17 13:56:54', NULL),
(4719, 212, '2026-06-30', 24, 'P', 0, NULL, NULL, '', 1, '2026-07-17 13:56:54', NULL),
(4720, 212, '2026-07-01', 24, 'P', 0, NULL, NULL, '', 1, '2026-07-17 13:56:54', NULL),
(4721, 212, '2026-07-02', 24, 'P', 0, NULL, NULL, '', 1, '2026-07-17 13:56:54', NULL),
(4722, 212, '2026-07-03', 24, 'P', 0, NULL, NULL, '', 1, '2026-07-17 13:56:54', NULL),
(4723, 212, '2026-07-04', 24, 'P', 0, NULL, NULL, '', 1, '2026-07-17 13:56:54', NULL),
(4724, 212, '2026-07-05', 24, 'P', 0, NULL, NULL, '', 1, '2026-07-17 13:56:54', NULL),
(4725, 212, '2026-07-07', 24, 'P', 0, NULL, NULL, '', 1, '2026-07-17 13:56:54', NULL),
(4726, 212, '2026-07-08', 24, 'P', 0, NULL, NULL, '', 1, '2026-07-17 13:56:54', NULL),
(4727, 212, '2026-07-09', 24, 'P', 0, NULL, NULL, '', 1, '2026-07-17 13:56:54', NULL),
(4728, 212, '2026-07-10', 24, 'P', 0, NULL, NULL, '', 1, '2026-07-17 13:56:54', NULL),
(4729, 212, '2026-07-11', 24, 'P', 0, NULL, NULL, '', 1, '2026-07-17 13:56:54', NULL),
(4730, 212, '2026-07-12', 24, 'P', 0, NULL, NULL, '', 1, '2026-07-17 13:56:54', NULL),
(4731, 212, '2026-07-14', 24, 'P', 0, NULL, NULL, '', 1, '2026-07-17 13:56:54', NULL),
(4732, 212, '2026-07-15', 24, 'P', 0, NULL, NULL, '', 1, '2026-07-17 13:56:54', NULL),
(4733, 212, '2026-07-16', 24, 'P', 0, NULL, NULL, '', 1, '2026-07-17 13:56:54', NULL),
(4734, 213, '2026-05-02', 24, 'P', 0, NULL, NULL, '', 1, '2026-07-17 13:56:54', NULL),
(4735, 213, '2026-05-03', 24, 'P', 0, NULL, NULL, '', 1, '2026-07-17 13:56:54', NULL),
(4736, 213, '2026-05-05', 24, 'P', 0, NULL, NULL, '', 1, '2026-07-17 13:56:54', NULL),
(4737, 213, '2026-05-06', 24, 'P', 0, NULL, NULL, '', 1, '2026-07-17 13:56:54', NULL),
(4738, 213, '2026-05-07', 24, 'P', 0, NULL, NULL, '', 1, '2026-07-17 13:56:54', NULL),
(4739, 213, '2026-05-08', 24, 'P', 0, NULL, NULL, '', 1, '2026-07-17 13:56:54', NULL),
(4740, 213, '2026-05-09', 24, 'P', 0, NULL, NULL, '', 1, '2026-07-17 13:56:54', NULL),
(4741, 213, '2026-05-10', 24, 'P', 0, NULL, NULL, '', 1, '2026-07-17 13:56:54', NULL),
(4742, 213, '2026-05-12', 24, 'P', 0, NULL, NULL, '', 1, '2026-07-17 13:56:54', NULL),
(4743, 213, '2026-05-13', 24, 'P', 0, NULL, NULL, '', 1, '2026-07-17 13:56:54', NULL),
(4744, 213, '2026-05-14', 24, 'P', 0, NULL, NULL, '', 1, '2026-07-17 13:56:54', NULL);
INSERT INTO `student_attendance` (`id`, `enroll_id`, `date`, `term_id`, `status`, `qr_code`, `in_time`, `out_time`, `remark`, `branch_id`, `created_at`, `updated_at`) VALUES
(4745, 213, '2026-05-15', 24, 'P', 0, NULL, NULL, '', 1, '2026-07-17 13:56:54', NULL),
(4746, 213, '2026-05-16', 24, 'P', 0, NULL, NULL, '', 1, '2026-07-17 13:56:54', NULL),
(4747, 213, '2026-05-17', 24, 'P', 0, NULL, NULL, '', 1, '2026-07-17 13:56:54', NULL),
(4748, 213, '2026-05-19', 24, 'P', 0, NULL, NULL, '', 1, '2026-07-17 13:56:54', NULL),
(4749, 213, '2026-05-20', 24, 'P', 0, NULL, NULL, '', 1, '2026-07-17 13:56:54', NULL),
(4750, 213, '2026-05-21', 24, 'P', 0, NULL, NULL, '', 1, '2026-07-17 13:56:54', NULL),
(4751, 213, '2026-05-22', 24, 'P', 0, NULL, NULL, '', 1, '2026-07-17 13:56:54', NULL),
(4752, 213, '2026-05-23', 24, 'P', 0, NULL, NULL, '', 1, '2026-07-17 13:56:54', NULL),
(4753, 213, '2026-05-24', 24, 'P', 0, NULL, NULL, '', 1, '2026-07-17 13:56:54', NULL),
(4754, 213, '2026-05-26', 24, 'P', 0, NULL, NULL, '', 1, '2026-07-17 13:56:54', NULL),
(4755, 213, '2026-05-27', 24, 'P', 0, NULL, NULL, '', 1, '2026-07-17 13:56:54', NULL),
(4756, 213, '2026-05-28', 24, 'P', 0, NULL, NULL, '', 1, '2026-07-17 13:56:54', NULL),
(4757, 213, '2026-05-29', 24, 'P', 0, NULL, NULL, '', 1, '2026-07-17 13:56:54', NULL),
(4758, 213, '2026-05-30', 24, 'P', 0, NULL, NULL, '', 1, '2026-07-17 13:56:54', NULL),
(4759, 213, '2026-05-31', 24, 'P', 0, NULL, NULL, '', 1, '2026-07-17 13:56:54', NULL),
(4760, 213, '2026-06-02', 24, 'P', 0, NULL, NULL, '', 1, '2026-07-17 13:56:54', NULL),
(4761, 213, '2026-06-03', 24, 'P', 0, NULL, NULL, '', 1, '2026-07-17 13:56:54', NULL),
(4762, 213, '2026-06-04', 24, 'P', 0, NULL, NULL, '', 1, '2026-07-17 13:56:54', NULL),
(4763, 213, '2026-06-05', 24, 'P', 0, NULL, NULL, '', 1, '2026-07-17 13:56:54', NULL),
(4764, 213, '2026-06-06', 24, 'P', 0, NULL, NULL, '', 1, '2026-07-17 13:56:54', NULL),
(4765, 213, '2026-06-07', 24, 'P', 0, NULL, NULL, '', 1, '2026-07-17 13:56:54', NULL),
(4766, 213, '2026-06-09', 24, 'P', 0, NULL, NULL, '', 1, '2026-07-17 13:56:54', NULL),
(4767, 213, '2026-06-10', 24, 'P', 0, NULL, NULL, '', 1, '2026-07-17 13:56:54', NULL),
(4768, 213, '2026-06-11', 24, 'P', 0, NULL, NULL, '', 1, '2026-07-17 13:56:54', NULL),
(4769, 213, '2026-06-12', 24, 'P', 0, NULL, NULL, '', 1, '2026-07-17 13:56:54', NULL),
(4770, 213, '2026-06-13', 24, 'P', 0, NULL, NULL, '', 1, '2026-07-17 13:56:54', NULL),
(4771, 213, '2026-06-14', 24, 'P', 0, NULL, NULL, '', 1, '2026-07-17 13:56:54', NULL),
(4772, 213, '2026-06-16', 24, 'P', 0, NULL, NULL, '', 1, '2026-07-17 13:56:54', NULL),
(4773, 213, '2026-06-17', 24, 'P', 0, NULL, NULL, '', 1, '2026-07-17 13:56:54', NULL),
(4774, 213, '2026-06-18', 24, 'P', 0, NULL, NULL, '', 1, '2026-07-17 13:56:54', NULL),
(4775, 213, '2026-06-19', 24, 'P', 0, NULL, NULL, '', 1, '2026-07-17 13:56:54', NULL),
(4776, 213, '2026-06-20', 24, 'P', 0, NULL, NULL, '', 1, '2026-07-17 13:56:54', NULL),
(4777, 213, '2026-06-21', 24, 'P', 0, NULL, NULL, '', 1, '2026-07-17 13:56:54', NULL),
(4778, 213, '2026-06-23', 24, 'P', 0, NULL, NULL, '', 1, '2026-07-17 13:56:54', NULL),
(4779, 213, '2026-06-24', 24, 'P', 0, NULL, NULL, '', 1, '2026-07-17 13:56:54', NULL),
(4780, 213, '2026-06-25', 24, 'P', 0, NULL, NULL, '', 1, '2026-07-17 13:56:54', NULL),
(4781, 213, '2026-06-26', 24, 'P', 0, NULL, NULL, '', 1, '2026-07-17 13:56:54', NULL),
(4782, 213, '2026-06-27', 24, 'P', 0, NULL, NULL, '', 1, '2026-07-17 13:56:54', NULL),
(4783, 213, '2026-06-28', 24, 'P', 0, NULL, NULL, '', 1, '2026-07-17 13:56:54', NULL),
(4784, 213, '2026-06-30', 24, 'P', 0, NULL, NULL, '', 1, '2026-07-17 13:56:54', NULL),
(4785, 213, '2026-07-01', 24, 'P', 0, NULL, NULL, '', 1, '2026-07-17 13:56:54', NULL),
(4786, 213, '2026-07-02', 24, 'P', 0, NULL, NULL, '', 1, '2026-07-17 13:56:54', NULL),
(4787, 213, '2026-07-03', 24, 'P', 0, NULL, NULL, '', 1, '2026-07-17 13:56:54', NULL),
(4788, 213, '2026-07-04', 24, 'P', 0, NULL, NULL, '', 1, '2026-07-17 13:56:54', NULL),
(4789, 213, '2026-07-05', 24, 'P', 0, NULL, NULL, '', 1, '2026-07-17 13:56:54', NULL),
(4790, 213, '2026-07-07', 24, 'P', 0, NULL, NULL, '', 1, '2026-07-17 13:56:54', NULL),
(4791, 213, '2026-07-08', 24, 'P', 0, NULL, NULL, '', 1, '2026-07-17 13:56:54', NULL),
(4792, 213, '2026-07-09', 24, 'P', 0, NULL, NULL, '', 1, '2026-07-17 13:56:54', NULL),
(4793, 213, '2026-07-10', 24, 'P', 0, NULL, NULL, '', 1, '2026-07-17 13:56:54', NULL),
(4794, 213, '2026-07-11', 24, 'P', 0, NULL, NULL, '', 1, '2026-07-17 13:56:54', NULL),
(4795, 213, '2026-07-12', 24, 'P', 0, NULL, NULL, '', 1, '2026-07-17 13:56:54', NULL),
(4796, 213, '2026-07-14', 24, 'P', 0, NULL, NULL, '', 1, '2026-07-17 13:56:54', NULL),
(4797, 213, '2026-07-15', 24, 'P', 0, NULL, NULL, '', 1, '2026-07-17 13:56:54', NULL),
(4798, 213, '2026-07-16', 24, 'P', 0, NULL, NULL, '', 1, '2026-07-17 13:56:54', NULL),
(4799, 214, '2026-05-02', 24, 'P', 0, NULL, NULL, '', 1, '2026-07-17 13:56:54', NULL),
(4800, 214, '2026-05-03', 24, 'P', 0, NULL, NULL, '', 1, '2026-07-17 13:56:54', NULL),
(4801, 214, '2026-05-05', 24, 'P', 0, NULL, NULL, '', 1, '2026-07-17 13:56:54', NULL),
(4802, 214, '2026-05-06', 24, 'P', 0, NULL, NULL, '', 1, '2026-07-17 13:56:54', NULL),
(4803, 214, '2026-05-07', 24, 'P', 0, NULL, NULL, '', 1, '2026-07-17 13:56:54', NULL),
(4804, 214, '2026-05-08', 24, 'P', 0, NULL, NULL, '', 1, '2026-07-17 13:56:54', NULL),
(4805, 214, '2026-05-09', 24, 'P', 0, NULL, NULL, '', 1, '2026-07-17 13:56:54', NULL),
(4806, 214, '2026-05-10', 24, 'P', 0, NULL, NULL, '', 1, '2026-07-17 13:56:54', NULL),
(4807, 214, '2026-05-12', 24, 'P', 0, NULL, NULL, '', 1, '2026-07-17 13:56:54', NULL),
(4808, 214, '2026-05-13', 24, 'P', 0, NULL, NULL, '', 1, '2026-07-17 13:56:54', NULL),
(4809, 214, '2026-05-14', 24, 'P', 0, NULL, NULL, '', 1, '2026-07-17 13:56:54', NULL),
(4810, 214, '2026-05-15', 24, 'P', 0, NULL, NULL, '', 1, '2026-07-17 13:56:54', NULL),
(4811, 214, '2026-05-16', 24, 'P', 0, NULL, NULL, '', 1, '2026-07-17 13:56:54', NULL),
(4812, 214, '2026-05-17', 24, 'P', 0, NULL, NULL, '', 1, '2026-07-17 13:56:54', NULL),
(4813, 214, '2026-05-19', 24, 'P', 0, NULL, NULL, '', 1, '2026-07-17 13:56:54', NULL),
(4814, 214, '2026-05-20', 24, 'P', 0, NULL, NULL, '', 1, '2026-07-17 13:56:54', NULL),
(4815, 214, '2026-05-21', 24, 'P', 0, NULL, NULL, '', 1, '2026-07-17 13:56:54', NULL),
(4816, 214, '2026-05-22', 24, 'P', 0, NULL, NULL, '', 1, '2026-07-17 13:56:54', NULL),
(4817, 214, '2026-05-23', 24, 'P', 0, NULL, NULL, '', 1, '2026-07-17 13:56:54', NULL),
(4818, 214, '2026-05-24', 24, 'P', 0, NULL, NULL, '', 1, '2026-07-17 13:56:54', NULL),
(4819, 214, '2026-05-26', 24, 'P', 0, NULL, NULL, '', 1, '2026-07-17 13:56:54', NULL),
(4820, 214, '2026-05-27', 24, 'P', 0, NULL, NULL, '', 1, '2026-07-17 13:56:54', NULL),
(4821, 214, '2026-05-28', 24, 'P', 0, NULL, NULL, '', 1, '2026-07-17 13:56:54', NULL),
(4822, 214, '2026-05-29', 24, 'P', 0, NULL, NULL, '', 1, '2026-07-17 13:56:54', NULL),
(4823, 214, '2026-05-30', 24, 'P', 0, NULL, NULL, '', 1, '2026-07-17 13:56:54', NULL),
(4824, 214, '2026-05-31', 24, 'P', 0, NULL, NULL, '', 1, '2026-07-17 13:56:54', NULL),
(4825, 214, '2026-06-02', 24, 'P', 0, NULL, NULL, '', 1, '2026-07-17 13:56:54', NULL),
(4826, 214, '2026-06-03', 24, 'P', 0, NULL, NULL, '', 1, '2026-07-17 13:56:54', NULL),
(4827, 214, '2026-06-04', 24, 'P', 0, NULL, NULL, '', 1, '2026-07-17 13:56:54', NULL),
(4828, 214, '2026-06-05', 24, 'P', 0, NULL, NULL, '', 1, '2026-07-17 13:56:54', NULL),
(4829, 214, '2026-06-06', 24, 'P', 0, NULL, NULL, '', 1, '2026-07-17 13:56:54', NULL),
(4830, 214, '2026-06-07', 24, 'P', 0, NULL, NULL, '', 1, '2026-07-17 13:56:54', NULL),
(4831, 214, '2026-06-09', 24, 'P', 0, NULL, NULL, '', 1, '2026-07-17 13:56:54', NULL),
(4832, 214, '2026-06-10', 24, 'P', 0, NULL, NULL, '', 1, '2026-07-17 13:56:54', NULL),
(4833, 214, '2026-06-11', 24, 'P', 0, NULL, NULL, '', 1, '2026-07-17 13:56:54', NULL),
(4834, 214, '2026-06-12', 24, 'P', 0, NULL, NULL, '', 1, '2026-07-17 13:56:54', NULL),
(4835, 214, '2026-06-13', 24, 'P', 0, NULL, NULL, '', 1, '2026-07-17 13:56:54', NULL),
(4836, 214, '2026-06-14', 24, 'P', 0, NULL, NULL, '', 1, '2026-07-17 13:56:54', NULL),
(4837, 214, '2026-06-16', 24, 'P', 0, NULL, NULL, '', 1, '2026-07-17 13:56:54', NULL),
(4838, 214, '2026-06-17', 24, 'P', 0, NULL, NULL, '', 1, '2026-07-17 13:56:54', NULL),
(4839, 214, '2026-06-18', 24, 'P', 0, NULL, NULL, '', 1, '2026-07-17 13:56:54', NULL),
(4840, 214, '2026-06-19', 24, 'P', 0, NULL, NULL, '', 1, '2026-07-17 13:56:54', NULL),
(4841, 214, '2026-06-20', 24, 'P', 0, NULL, NULL, '', 1, '2026-07-17 13:56:54', NULL),
(4842, 214, '2026-06-21', 24, 'P', 0, NULL, NULL, '', 1, '2026-07-17 13:56:54', NULL),
(4843, 214, '2026-06-23', 24, 'P', 0, NULL, NULL, '', 1, '2026-07-17 13:56:54', NULL),
(4844, 214, '2026-06-24', 24, 'P', 0, NULL, NULL, '', 1, '2026-07-17 13:56:54', NULL),
(4845, 214, '2026-06-25', 24, 'P', 0, NULL, NULL, '', 1, '2026-07-17 13:56:54', NULL),
(4846, 214, '2026-06-26', 24, 'P', 0, NULL, NULL, '', 1, '2026-07-17 13:56:54', NULL),
(4847, 214, '2026-06-27', 24, 'P', 0, NULL, NULL, '', 1, '2026-07-17 13:56:54', NULL),
(4848, 214, '2026-06-28', 24, 'P', 0, NULL, NULL, '', 1, '2026-07-17 13:56:54', NULL),
(4849, 214, '2026-06-30', 24, 'P', 0, NULL, NULL, '', 1, '2026-07-17 13:56:54', NULL),
(4850, 214, '2026-07-01', 24, 'P', 0, NULL, NULL, '', 1, '2026-07-17 13:56:54', NULL),
(4851, 214, '2026-07-02', 24, 'P', 0, NULL, NULL, '', 1, '2026-07-17 13:56:54', NULL),
(4852, 214, '2026-07-03', 24, 'P', 0, NULL, NULL, '', 1, '2026-07-17 13:56:54', NULL),
(4853, 214, '2026-07-04', 24, 'P', 0, NULL, NULL, '', 1, '2026-07-17 13:56:54', NULL),
(4854, 214, '2026-07-05', 24, 'P', 0, NULL, NULL, '', 1, '2026-07-17 13:56:54', NULL),
(4855, 214, '2026-07-07', 24, 'P', 0, NULL, NULL, '', 1, '2026-07-17 13:56:54', NULL),
(4856, 214, '2026-07-08', 24, 'P', 0, NULL, NULL, '', 1, '2026-07-17 13:56:54', NULL),
(4857, 214, '2026-07-09', 24, 'P', 0, NULL, NULL, '', 1, '2026-07-17 13:56:54', NULL),
(4858, 214, '2026-07-10', 24, 'P', 0, NULL, NULL, '', 1, '2026-07-17 13:56:54', NULL),
(4859, 214, '2026-07-11', 24, 'P', 0, NULL, NULL, '', 1, '2026-07-17 13:56:54', NULL),
(4860, 214, '2026-07-12', 24, 'P', 0, NULL, NULL, '', 1, '2026-07-17 13:56:54', NULL),
(4861, 214, '2026-07-14', 24, 'P', 0, NULL, NULL, '', 1, '2026-07-17 13:56:54', NULL),
(4862, 214, '2026-07-15', 24, 'P', 0, NULL, NULL, '', 1, '2026-07-17 13:56:54', NULL),
(4863, 214, '2026-07-16', 24, 'P', 0, NULL, NULL, '', 1, '2026-07-17 13:56:54', NULL),
(4864, 216, '2026-05-02', 24, 'P', 0, NULL, NULL, '', 1, '2026-07-17 13:56:54', NULL),
(4865, 216, '2026-05-03', 24, 'P', 0, NULL, NULL, '', 1, '2026-07-17 13:56:54', NULL),
(4866, 216, '2026-05-05', 24, 'P', 0, NULL, NULL, '', 1, '2026-07-17 13:56:54', NULL),
(4867, 216, '2026-05-06', 24, 'P', 0, NULL, NULL, '', 1, '2026-07-17 13:56:54', NULL),
(4868, 216, '2026-05-07', 24, 'P', 0, NULL, NULL, '', 1, '2026-07-17 13:56:54', NULL),
(4869, 216, '2026-05-08', 24, 'P', 0, NULL, NULL, '', 1, '2026-07-17 13:56:54', NULL),
(4870, 216, '2026-05-09', 24, 'P', 0, NULL, NULL, '', 1, '2026-07-17 13:56:54', NULL),
(4871, 216, '2026-05-10', 24, 'P', 0, NULL, NULL, '', 1, '2026-07-17 13:56:54', NULL),
(4872, 216, '2026-05-12', 24, 'P', 0, NULL, NULL, '', 1, '2026-07-17 13:56:54', NULL),
(4873, 216, '2026-05-13', 24, 'P', 0, NULL, NULL, '', 1, '2026-07-17 13:56:54', NULL),
(4874, 216, '2026-05-14', 24, 'P', 0, NULL, NULL, '', 1, '2026-07-17 13:56:54', NULL),
(4875, 216, '2026-05-15', 24, 'P', 0, NULL, NULL, '', 1, '2026-07-17 13:56:54', NULL),
(4876, 216, '2026-05-16', 24, 'P', 0, NULL, NULL, '', 1, '2026-07-17 13:56:54', NULL),
(4877, 216, '2026-05-17', 24, 'P', 0, NULL, NULL, '', 1, '2026-07-17 13:56:54', NULL),
(4878, 216, '2026-05-19', 24, 'P', 0, NULL, NULL, '', 1, '2026-07-17 13:56:54', NULL),
(4879, 216, '2026-05-20', 24, 'P', 0, NULL, NULL, '', 1, '2026-07-17 13:56:54', NULL),
(4880, 216, '2026-05-21', 24, 'P', 0, NULL, NULL, '', 1, '2026-07-17 13:56:54', NULL),
(4881, 216, '2026-05-22', 24, 'P', 0, NULL, NULL, '', 1, '2026-07-17 13:56:54', NULL),
(4882, 216, '2026-05-23', 24, 'P', 0, NULL, NULL, '', 1, '2026-07-17 13:56:54', NULL),
(4883, 216, '2026-05-24', 24, 'P', 0, NULL, NULL, '', 1, '2026-07-17 13:56:54', NULL),
(4884, 216, '2026-05-26', 24, 'P', 0, NULL, NULL, '', 1, '2026-07-17 13:56:54', NULL),
(4885, 216, '2026-05-27', 24, 'P', 0, NULL, NULL, '', 1, '2026-07-17 13:56:54', NULL),
(4886, 216, '2026-05-28', 24, 'P', 0, NULL, NULL, '', 1, '2026-07-17 13:56:54', NULL),
(4887, 216, '2026-05-29', 24, 'P', 0, NULL, NULL, '', 1, '2026-07-17 13:56:54', NULL),
(4888, 216, '2026-05-30', 24, 'P', 0, NULL, NULL, '', 1, '2026-07-17 13:56:54', NULL),
(4889, 216, '2026-05-31', 24, 'P', 0, NULL, NULL, '', 1, '2026-07-17 13:56:54', NULL),
(4890, 216, '2026-06-02', 24, 'P', 0, NULL, NULL, '', 1, '2026-07-17 13:56:54', NULL),
(4891, 216, '2026-06-03', 24, 'P', 0, NULL, NULL, '', 1, '2026-07-17 13:56:54', NULL),
(4892, 216, '2026-06-04', 24, 'P', 0, NULL, NULL, '', 1, '2026-07-17 13:56:54', NULL),
(4893, 216, '2026-06-05', 24, 'P', 0, NULL, NULL, '', 1, '2026-07-17 13:56:54', NULL),
(4894, 216, '2026-06-06', 24, 'P', 0, NULL, NULL, '', 1, '2026-07-17 13:56:54', NULL),
(4895, 216, '2026-06-07', 24, 'P', 0, NULL, NULL, '', 1, '2026-07-17 13:56:54', NULL),
(4896, 216, '2026-06-09', 24, 'P', 0, NULL, NULL, '', 1, '2026-07-17 13:56:54', NULL),
(4897, 216, '2026-06-10', 24, 'P', 0, NULL, NULL, '', 1, '2026-07-17 13:56:54', NULL),
(4898, 216, '2026-06-11', 24, 'P', 0, NULL, NULL, '', 1, '2026-07-17 13:56:54', NULL),
(4899, 216, '2026-06-12', 24, 'P', 0, NULL, NULL, '', 1, '2026-07-17 13:56:54', NULL),
(4900, 216, '2026-06-13', 24, 'P', 0, NULL, NULL, '', 1, '2026-07-17 13:56:54', NULL),
(4901, 216, '2026-06-14', 24, 'P', 0, NULL, NULL, '', 1, '2026-07-17 13:56:54', NULL),
(4902, 216, '2026-06-16', 24, 'P', 0, NULL, NULL, '', 1, '2026-07-17 13:56:54', NULL),
(4903, 216, '2026-06-17', 24, 'P', 0, NULL, NULL, '', 1, '2026-07-17 13:56:54', NULL),
(4904, 216, '2026-06-18', 24, 'P', 0, NULL, NULL, '', 1, '2026-07-17 13:56:54', NULL),
(4905, 216, '2026-06-19', 24, 'P', 0, NULL, NULL, '', 1, '2026-07-17 13:56:54', NULL),
(4906, 216, '2026-06-20', 24, 'P', 0, NULL, NULL, '', 1, '2026-07-17 13:56:54', NULL),
(4907, 216, '2026-06-21', 24, 'P', 0, NULL, NULL, '', 1, '2026-07-17 13:56:54', NULL),
(4908, 216, '2026-06-23', 24, 'P', 0, NULL, NULL, '', 1, '2026-07-17 13:56:54', NULL),
(4909, 216, '2026-06-24', 24, 'P', 0, NULL, NULL, '', 1, '2026-07-17 13:56:54', NULL),
(4910, 216, '2026-06-25', 24, 'P', 0, NULL, NULL, '', 1, '2026-07-17 13:56:54', NULL),
(4911, 216, '2026-06-26', 24, 'P', 0, NULL, NULL, '', 1, '2026-07-17 13:56:54', NULL),
(4912, 216, '2026-06-27', 24, 'P', 0, NULL, NULL, '', 1, '2026-07-17 13:56:54', NULL),
(4913, 216, '2026-06-28', 24, 'P', 0, NULL, NULL, '', 1, '2026-07-17 13:56:54', NULL),
(4914, 216, '2026-06-30', 24, 'P', 0, NULL, NULL, '', 1, '2026-07-17 13:56:54', NULL),
(4915, 216, '2026-07-01', 24, 'P', 0, NULL, NULL, '', 1, '2026-07-17 13:56:54', NULL),
(4916, 216, '2026-07-02', 24, 'P', 0, NULL, NULL, '', 1, '2026-07-17 13:56:54', NULL),
(4917, 216, '2026-07-03', 24, 'P', 0, NULL, NULL, '', 1, '2026-07-17 13:56:54', NULL),
(4918, 216, '2026-07-04', 24, 'P', 0, NULL, NULL, '', 1, '2026-07-17 13:56:54', NULL),
(4919, 216, '2026-07-05', 24, 'P', 0, NULL, NULL, '', 1, '2026-07-17 13:56:54', NULL),
(4920, 216, '2026-07-07', 24, 'P', 0, NULL, NULL, '', 1, '2026-07-17 13:56:55', NULL),
(4921, 216, '2026-07-08', 24, 'P', 0, NULL, NULL, '', 1, '2026-07-17 13:56:55', NULL),
(4922, 216, '2026-07-09', 24, 'P', 0, NULL, NULL, '', 1, '2026-07-17 13:56:55', NULL),
(4923, 216, '2026-07-10', 24, 'P', 0, NULL, NULL, '', 1, '2026-07-17 13:56:55', NULL),
(4924, 216, '2026-07-11', 24, 'P', 0, NULL, NULL, '', 1, '2026-07-17 13:56:55', NULL),
(4925, 216, '2026-07-12', 24, 'P', 0, NULL, NULL, '', 1, '2026-07-17 13:56:55', NULL),
(4926, 216, '2026-07-14', 24, 'P', 0, NULL, NULL, '', 1, '2026-07-17 13:56:55', NULL),
(4927, 216, '2026-07-15', 24, 'P', 0, NULL, NULL, '', 1, '2026-07-17 13:56:55', NULL),
(4928, 216, '2026-07-16', 24, 'P', 0, NULL, NULL, '', 1, '2026-07-17 13:56:55', NULL),
(4929, 217, '2026-05-02', 24, 'P', 0, NULL, NULL, '', 1, '2026-07-17 13:56:55', NULL),
(4930, 217, '2026-05-03', 24, 'P', 0, NULL, NULL, '', 1, '2026-07-17 13:56:55', NULL),
(4931, 217, '2026-05-05', 24, 'P', 0, NULL, NULL, '', 1, '2026-07-17 13:56:55', NULL),
(4932, 217, '2026-05-06', 24, 'P', 0, NULL, NULL, '', 1, '2026-07-17 13:56:55', NULL),
(4933, 217, '2026-05-07', 24, 'P', 0, NULL, NULL, '', 1, '2026-07-17 13:56:55', NULL),
(4934, 217, '2026-05-08', 24, 'P', 0, NULL, NULL, '', 1, '2026-07-17 13:56:55', NULL),
(4935, 217, '2026-05-09', 24, 'P', 0, NULL, NULL, '', 1, '2026-07-17 13:56:55', NULL),
(4936, 217, '2026-05-10', 24, 'P', 0, NULL, NULL, '', 1, '2026-07-17 13:56:55', NULL),
(4937, 217, '2026-05-12', 24, 'P', 0, NULL, NULL, '', 1, '2026-07-17 13:56:55', NULL),
(4938, 217, '2026-05-13', 24, 'P', 0, NULL, NULL, '', 1, '2026-07-17 13:56:55', NULL),
(4939, 217, '2026-05-14', 24, 'P', 0, NULL, NULL, '', 1, '2026-07-17 13:56:55', NULL),
(4940, 217, '2026-05-15', 24, 'P', 0, NULL, NULL, '', 1, '2026-07-17 13:56:55', NULL),
(4941, 217, '2026-05-16', 24, 'P', 0, NULL, NULL, '', 1, '2026-07-17 13:56:55', NULL),
(4942, 217, '2026-05-17', 24, 'P', 0, NULL, NULL, '', 1, '2026-07-17 13:56:55', NULL),
(4943, 217, '2026-05-19', 24, 'P', 0, NULL, NULL, '', 1, '2026-07-17 13:56:55', NULL),
(4944, 217, '2026-05-20', 24, 'P', 0, NULL, NULL, '', 1, '2026-07-17 13:56:55', NULL),
(4945, 217, '2026-05-21', 24, 'P', 0, NULL, NULL, '', 1, '2026-07-17 13:56:55', NULL),
(4946, 217, '2026-05-22', 24, 'P', 0, NULL, NULL, '', 1, '2026-07-17 13:56:55', NULL),
(4947, 217, '2026-05-23', 24, 'P', 0, NULL, NULL, '', 1, '2026-07-17 13:56:55', NULL),
(4948, 217, '2026-05-24', 24, 'P', 0, NULL, NULL, '', 1, '2026-07-17 13:56:55', NULL),
(4949, 217, '2026-05-26', 24, 'P', 0, NULL, NULL, '', 1, '2026-07-17 13:56:55', NULL),
(4950, 217, '2026-05-27', 24, 'P', 0, NULL, NULL, '', 1, '2026-07-17 13:56:55', NULL),
(4951, 217, '2026-05-28', 24, 'P', 0, NULL, NULL, '', 1, '2026-07-17 13:56:55', NULL),
(4952, 217, '2026-05-29', 24, 'P', 0, NULL, NULL, '', 1, '2026-07-17 13:56:55', NULL),
(4953, 217, '2026-05-30', 24, 'P', 0, NULL, NULL, '', 1, '2026-07-17 13:56:55', NULL),
(4954, 217, '2026-05-31', 24, 'P', 0, NULL, NULL, '', 1, '2026-07-17 13:56:55', NULL),
(4955, 217, '2026-06-02', 24, 'P', 0, NULL, NULL, '', 1, '2026-07-17 13:56:55', NULL),
(4956, 217, '2026-06-03', 24, 'P', 0, NULL, NULL, '', 1, '2026-07-17 13:56:55', NULL),
(4957, 217, '2026-06-04', 24, 'P', 0, NULL, NULL, '', 1, '2026-07-17 13:56:55', NULL),
(4958, 217, '2026-06-05', 24, 'P', 0, NULL, NULL, '', 1, '2026-07-17 13:56:55', NULL),
(4959, 217, '2026-06-06', 24, 'P', 0, NULL, NULL, '', 1, '2026-07-17 13:56:55', NULL),
(4960, 217, '2026-06-07', 24, 'P', 0, NULL, NULL, '', 1, '2026-07-17 13:56:55', NULL),
(4961, 217, '2026-06-09', 24, 'P', 0, NULL, NULL, '', 1, '2026-07-17 13:56:55', NULL),
(4962, 217, '2026-06-10', 24, 'P', 0, NULL, NULL, '', 1, '2026-07-17 13:56:55', NULL),
(4963, 217, '2026-06-11', 24, 'P', 0, NULL, NULL, '', 1, '2026-07-17 13:56:55', NULL),
(4964, 217, '2026-06-12', 24, 'P', 0, NULL, NULL, '', 1, '2026-07-17 13:56:55', NULL),
(4965, 217, '2026-06-13', 24, 'P', 0, NULL, NULL, '', 1, '2026-07-17 13:56:55', NULL),
(4966, 217, '2026-06-14', 24, 'P', 0, NULL, NULL, '', 1, '2026-07-17 13:56:55', NULL),
(4967, 217, '2026-06-16', 24, 'P', 0, NULL, NULL, '', 1, '2026-07-17 13:56:55', NULL),
(4968, 217, '2026-06-17', 24, 'P', 0, NULL, NULL, '', 1, '2026-07-17 13:56:55', NULL),
(4969, 217, '2026-06-18', 24, 'P', 0, NULL, NULL, '', 1, '2026-07-17 13:56:55', NULL),
(4970, 217, '2026-06-19', 24, 'P', 0, NULL, NULL, '', 1, '2026-07-17 13:56:55', NULL),
(4971, 217, '2026-06-20', 24, 'P', 0, NULL, NULL, '', 1, '2026-07-17 13:56:55', NULL),
(4972, 217, '2026-06-21', 24, 'P', 0, NULL, NULL, '', 1, '2026-07-17 13:56:55', NULL),
(4973, 217, '2026-06-23', 24, 'P', 0, NULL, NULL, '', 1, '2026-07-17 13:56:55', NULL),
(4974, 217, '2026-06-24', 24, 'P', 0, NULL, NULL, '', 1, '2026-07-17 13:56:55', NULL),
(4975, 217, '2026-06-25', 24, 'P', 0, NULL, NULL, '', 1, '2026-07-17 13:56:55', NULL),
(4976, 217, '2026-06-26', 24, 'P', 0, NULL, NULL, '', 1, '2026-07-17 13:56:55', NULL),
(4977, 217, '2026-06-27', 24, 'P', 0, NULL, NULL, '', 1, '2026-07-17 13:56:55', NULL),
(4978, 217, '2026-06-28', 24, 'P', 0, NULL, NULL, '', 1, '2026-07-17 13:56:55', NULL),
(4979, 217, '2026-06-30', 24, 'P', 0, NULL, NULL, '', 1, '2026-07-17 13:56:55', NULL),
(4980, 217, '2026-07-01', 24, 'P', 0, NULL, NULL, '', 1, '2026-07-17 13:56:55', NULL),
(4981, 217, '2026-07-02', 24, 'P', 0, NULL, NULL, '', 1, '2026-07-17 13:56:55', NULL),
(4982, 217, '2026-07-03', 24, 'P', 0, NULL, NULL, '', 1, '2026-07-17 13:56:55', NULL),
(4983, 217, '2026-07-04', 24, 'P', 0, NULL, NULL, '', 1, '2026-07-17 13:56:55', NULL),
(4984, 217, '2026-07-05', 24, 'P', 0, NULL, NULL, '', 1, '2026-07-17 13:56:55', NULL),
(4985, 217, '2026-07-07', 24, 'P', 0, NULL, NULL, '', 1, '2026-07-17 13:56:55', NULL),
(4986, 217, '2026-07-08', 24, 'P', 0, NULL, NULL, '', 1, '2026-07-17 13:56:55', NULL),
(4987, 217, '2026-07-09', 24, 'P', 0, NULL, NULL, '', 1, '2026-07-17 13:56:55', NULL),
(4988, 217, '2026-07-10', 24, 'P', 0, NULL, NULL, '', 1, '2026-07-17 13:56:55', NULL),
(4989, 217, '2026-07-11', 24, 'P', 0, NULL, NULL, '', 1, '2026-07-17 13:56:55', NULL),
(4990, 217, '2026-07-12', 24, 'P', 0, NULL, NULL, '', 1, '2026-07-17 13:56:55', NULL),
(4991, 217, '2026-07-14', 24, 'P', 0, NULL, NULL, '', 1, '2026-07-17 13:56:55', NULL),
(4992, 217, '2026-07-15', 24, 'P', 0, NULL, NULL, '', 1, '2026-07-17 13:56:55', NULL),
(4993, 217, '2026-07-16', 24, 'P', 0, NULL, NULL, '', 1, '2026-07-17 13:56:55', NULL),
(4994, 218, '2026-05-02', 24, 'P', 0, NULL, NULL, '', 1, '2026-07-17 13:56:55', NULL),
(4995, 218, '2026-05-03', 24, 'P', 0, NULL, NULL, '', 1, '2026-07-17 13:56:55', NULL),
(4996, 218, '2026-05-05', 24, 'P', 0, NULL, NULL, '', 1, '2026-07-17 13:56:55', NULL),
(4997, 218, '2026-05-06', 24, 'P', 0, NULL, NULL, '', 1, '2026-07-17 13:56:55', NULL),
(4998, 218, '2026-05-07', 24, 'P', 0, NULL, NULL, '', 1, '2026-07-17 13:56:55', NULL),
(4999, 218, '2026-05-08', 24, 'P', 0, NULL, NULL, '', 1, '2026-07-17 13:56:55', NULL),
(5000, 218, '2026-05-09', 24, 'P', 0, NULL, NULL, '', 1, '2026-07-17 13:56:55', NULL),
(5001, 218, '2026-05-10', 24, 'P', 0, NULL, NULL, '', 1, '2026-07-17 13:56:55', NULL),
(5002, 218, '2026-05-12', 24, 'P', 0, NULL, NULL, '', 1, '2026-07-17 13:56:55', NULL),
(5003, 218, '2026-05-13', 24, 'P', 0, NULL, NULL, '', 1, '2026-07-17 13:56:55', NULL),
(5004, 218, '2026-05-14', 24, 'P', 0, NULL, NULL, '', 1, '2026-07-17 13:56:55', NULL),
(5005, 218, '2026-05-15', 24, 'P', 0, NULL, NULL, '', 1, '2026-07-17 13:56:55', NULL),
(5006, 218, '2026-05-16', 24, 'P', 0, NULL, NULL, '', 1, '2026-07-17 13:56:55', NULL),
(5007, 218, '2026-05-17', 24, 'P', 0, NULL, NULL, '', 1, '2026-07-17 13:56:55', NULL),
(5008, 218, '2026-05-19', 24, 'P', 0, NULL, NULL, '', 1, '2026-07-17 13:56:55', NULL),
(5009, 218, '2026-05-20', 24, 'P', 0, NULL, NULL, '', 1, '2026-07-17 13:56:55', NULL),
(5010, 218, '2026-05-21', 24, 'P', 0, NULL, NULL, '', 1, '2026-07-17 13:56:55', NULL),
(5011, 218, '2026-05-22', 24, 'P', 0, NULL, NULL, '', 1, '2026-07-17 13:56:55', NULL),
(5012, 218, '2026-05-23', 24, 'P', 0, NULL, NULL, '', 1, '2026-07-17 13:56:55', NULL),
(5013, 218, '2026-05-24', 24, 'P', 0, NULL, NULL, '', 1, '2026-07-17 13:56:55', NULL),
(5014, 218, '2026-05-26', 24, 'P', 0, NULL, NULL, '', 1, '2026-07-17 13:56:55', NULL),
(5015, 218, '2026-05-27', 24, 'P', 0, NULL, NULL, '', 1, '2026-07-17 13:56:55', NULL),
(5016, 218, '2026-05-28', 24, 'P', 0, NULL, NULL, '', 1, '2026-07-17 13:56:55', NULL),
(5017, 218, '2026-05-29', 24, 'P', 0, NULL, NULL, '', 1, '2026-07-17 13:56:55', NULL),
(5018, 218, '2026-05-30', 24, 'P', 0, NULL, NULL, '', 1, '2026-07-17 13:56:55', NULL),
(5019, 218, '2026-05-31', 24, 'P', 0, NULL, NULL, '', 1, '2026-07-17 13:56:55', NULL),
(5020, 218, '2026-06-02', 24, 'P', 0, NULL, NULL, '', 1, '2026-07-17 13:56:55', NULL),
(5021, 218, '2026-06-03', 24, 'P', 0, NULL, NULL, '', 1, '2026-07-17 13:56:55', NULL),
(5022, 218, '2026-06-04', 24, 'P', 0, NULL, NULL, '', 1, '2026-07-17 13:56:55', NULL),
(5023, 218, '2026-06-05', 24, 'P', 0, NULL, NULL, '', 1, '2026-07-17 13:56:55', NULL),
(5024, 218, '2026-06-06', 24, 'P', 0, NULL, NULL, '', 1, '2026-07-17 13:56:55', NULL),
(5025, 218, '2026-06-07', 24, 'P', 0, NULL, NULL, '', 1, '2026-07-17 13:56:55', NULL),
(5026, 218, '2026-06-09', 24, 'P', 0, NULL, NULL, '', 1, '2026-07-17 13:56:55', NULL),
(5027, 218, '2026-06-10', 24, 'P', 0, NULL, NULL, '', 1, '2026-07-17 13:56:55', NULL),
(5028, 218, '2026-06-11', 24, 'P', 0, NULL, NULL, '', 1, '2026-07-17 13:56:55', NULL),
(5029, 218, '2026-06-12', 24, 'P', 0, NULL, NULL, '', 1, '2026-07-17 13:56:55', NULL),
(5030, 218, '2026-06-13', 24, 'P', 0, NULL, NULL, '', 1, '2026-07-17 13:56:55', NULL),
(5031, 218, '2026-06-14', 24, 'P', 0, NULL, NULL, '', 1, '2026-07-17 13:56:55', NULL),
(5032, 218, '2026-06-16', 24, 'P', 0, NULL, NULL, '', 1, '2026-07-17 13:56:55', NULL),
(5033, 218, '2026-06-17', 24, 'P', 0, NULL, NULL, '', 1, '2026-07-17 13:56:55', NULL),
(5034, 218, '2026-06-18', 24, 'P', 0, NULL, NULL, '', 1, '2026-07-17 13:56:55', NULL),
(5035, 218, '2026-06-19', 24, 'P', 0, NULL, NULL, '', 1, '2026-07-17 13:56:55', NULL),
(5036, 218, '2026-06-20', 24, 'P', 0, NULL, NULL, '', 1, '2026-07-17 13:56:55', NULL),
(5037, 218, '2026-06-21', 24, 'P', 0, NULL, NULL, '', 1, '2026-07-17 13:56:55', NULL),
(5038, 218, '2026-06-23', 24, 'P', 0, NULL, NULL, '', 1, '2026-07-17 13:56:55', NULL),
(5039, 218, '2026-06-24', 24, 'P', 0, NULL, NULL, '', 1, '2026-07-17 13:56:55', NULL),
(5040, 218, '2026-06-25', 24, 'P', 0, NULL, NULL, '', 1, '2026-07-17 13:56:55', NULL),
(5041, 218, '2026-06-26', 24, 'P', 0, NULL, NULL, '', 1, '2026-07-17 13:56:55', NULL),
(5042, 218, '2026-06-27', 24, 'P', 0, NULL, NULL, '', 1, '2026-07-17 13:56:55', NULL),
(5043, 218, '2026-06-28', 24, 'P', 0, NULL, NULL, '', 1, '2026-07-17 13:56:55', NULL),
(5044, 218, '2026-06-30', 24, 'P', 0, NULL, NULL, '', 1, '2026-07-17 13:56:55', NULL),
(5045, 218, '2026-07-01', 24, 'P', 0, NULL, NULL, '', 1, '2026-07-17 13:56:55', NULL),
(5046, 218, '2026-07-02', 24, 'P', 0, NULL, NULL, '', 1, '2026-07-17 13:56:55', NULL),
(5047, 218, '2026-07-03', 24, 'P', 0, NULL, NULL, '', 1, '2026-07-17 13:56:55', NULL),
(5048, 218, '2026-07-04', 24, 'P', 0, NULL, NULL, '', 1, '2026-07-17 13:56:55', NULL),
(5049, 218, '2026-07-05', 24, 'P', 0, NULL, NULL, '', 1, '2026-07-17 13:56:55', NULL),
(5050, 218, '2026-07-07', 24, 'P', 0, NULL, NULL, '', 1, '2026-07-17 13:56:55', NULL),
(5051, 218, '2026-07-08', 24, 'P', 0, NULL, NULL, '', 1, '2026-07-17 13:56:55', NULL),
(5052, 218, '2026-07-09', 24, 'P', 0, NULL, NULL, '', 1, '2026-07-17 13:56:55', NULL),
(5053, 218, '2026-07-10', 24, 'P', 0, NULL, NULL, '', 1, '2026-07-17 13:56:55', NULL),
(5054, 218, '2026-07-11', 24, 'P', 0, NULL, NULL, '', 1, '2026-07-17 13:56:55', NULL),
(5055, 218, '2026-07-12', 24, 'P', 0, NULL, NULL, '', 1, '2026-07-17 13:56:55', NULL),
(5056, 218, '2026-07-14', 24, 'P', 0, NULL, NULL, '', 1, '2026-07-17 13:56:55', NULL),
(5057, 218, '2026-07-15', 24, 'P', 0, NULL, NULL, '', 1, '2026-07-17 13:56:55', NULL),
(5058, 218, '2026-07-16', 24, 'P', 0, NULL, NULL, '', 1, '2026-07-17 13:56:55', NULL),
(5059, 219, '2026-05-02', 24, 'P', 0, NULL, NULL, '', 1, '2026-07-17 13:56:55', NULL),
(5060, 219, '2026-05-03', 24, 'P', 0, NULL, NULL, '', 1, '2026-07-17 13:56:55', NULL),
(5061, 219, '2026-05-05', 24, 'P', 0, NULL, NULL, '', 1, '2026-07-17 13:56:55', NULL),
(5062, 219, '2026-05-06', 24, 'P', 0, NULL, NULL, '', 1, '2026-07-17 13:56:55', NULL),
(5063, 219, '2026-05-07', 24, 'P', 0, NULL, NULL, '', 1, '2026-07-17 13:56:55', NULL),
(5064, 219, '2026-05-08', 24, 'P', 0, NULL, NULL, '', 1, '2026-07-17 13:56:55', NULL),
(5065, 219, '2026-05-09', 24, 'P', 0, NULL, NULL, '', 1, '2026-07-17 13:56:55', NULL),
(5066, 219, '2026-05-10', 24, 'P', 0, NULL, NULL, '', 1, '2026-07-17 13:56:55', NULL),
(5067, 219, '2026-05-12', 24, 'P', 0, NULL, NULL, '', 1, '2026-07-17 13:56:55', NULL),
(5068, 219, '2026-05-13', 24, 'P', 0, NULL, NULL, '', 1, '2026-07-17 13:56:55', NULL),
(5069, 219, '2026-05-14', 24, 'P', 0, NULL, NULL, '', 1, '2026-07-17 13:56:55', NULL),
(5070, 219, '2026-05-15', 24, 'P', 0, NULL, NULL, '', 1, '2026-07-17 13:56:55', NULL),
(5071, 219, '2026-05-16', 24, 'P', 0, NULL, NULL, '', 1, '2026-07-17 13:56:55', NULL),
(5072, 219, '2026-05-17', 24, 'P', 0, NULL, NULL, '', 1, '2026-07-17 13:56:55', NULL),
(5073, 219, '2026-05-19', 24, 'P', 0, NULL, NULL, '', 1, '2026-07-17 13:56:55', NULL),
(5074, 219, '2026-05-20', 24, 'P', 0, NULL, NULL, '', 1, '2026-07-17 13:56:55', NULL),
(5075, 219, '2026-05-21', 24, 'P', 0, NULL, NULL, '', 1, '2026-07-17 13:56:55', NULL),
(5076, 219, '2026-05-22', 24, 'P', 0, NULL, NULL, '', 1, '2026-07-17 13:56:55', NULL),
(5077, 219, '2026-05-23', 24, 'P', 0, NULL, NULL, '', 1, '2026-07-17 13:56:55', NULL),
(5078, 219, '2026-05-24', 24, 'P', 0, NULL, NULL, '', 1, '2026-07-17 13:56:55', NULL),
(5079, 219, '2026-05-26', 24, 'P', 0, NULL, NULL, '', 1, '2026-07-17 13:56:55', NULL),
(5080, 219, '2026-05-27', 24, 'P', 0, NULL, NULL, '', 1, '2026-07-17 13:56:55', NULL),
(5081, 219, '2026-05-28', 24, 'P', 0, NULL, NULL, '', 1, '2026-07-17 13:56:55', NULL),
(5082, 219, '2026-05-29', 24, 'P', 0, NULL, NULL, '', 1, '2026-07-17 13:56:55', NULL),
(5083, 219, '2026-05-30', 24, 'P', 0, NULL, NULL, '', 1, '2026-07-17 13:56:55', NULL),
(5084, 219, '2026-05-31', 24, 'P', 0, NULL, NULL, '', 1, '2026-07-17 13:56:55', NULL),
(5085, 219, '2026-06-02', 24, 'P', 0, NULL, NULL, '', 1, '2026-07-17 13:56:55', NULL),
(5086, 219, '2026-06-03', 24, 'P', 0, NULL, NULL, '', 1, '2026-07-17 13:56:55', NULL),
(5087, 219, '2026-06-04', 24, 'P', 0, NULL, NULL, '', 1, '2026-07-17 13:56:55', NULL),
(5088, 219, '2026-06-05', 24, 'P', 0, NULL, NULL, '', 1, '2026-07-17 13:56:55', NULL),
(5089, 219, '2026-06-06', 24, 'P', 0, NULL, NULL, '', 1, '2026-07-17 13:56:55', NULL),
(5090, 219, '2026-06-07', 24, 'P', 0, NULL, NULL, '', 1, '2026-07-17 13:56:55', NULL),
(5091, 219, '2026-06-09', 24, 'P', 0, NULL, NULL, '', 1, '2026-07-17 13:56:55', NULL),
(5092, 219, '2026-06-10', 24, 'P', 0, NULL, NULL, '', 1, '2026-07-17 13:56:55', NULL),
(5093, 219, '2026-06-11', 24, 'P', 0, NULL, NULL, '', 1, '2026-07-17 13:56:55', NULL),
(5094, 219, '2026-06-12', 24, 'P', 0, NULL, NULL, '', 1, '2026-07-17 13:56:55', NULL),
(5095, 219, '2026-06-13', 24, 'P', 0, NULL, NULL, '', 1, '2026-07-17 13:56:55', NULL),
(5096, 219, '2026-06-14', 24, 'P', 0, NULL, NULL, '', 1, '2026-07-17 13:56:55', NULL),
(5097, 219, '2026-06-16', 24, 'P', 0, NULL, NULL, '', 1, '2026-07-17 13:56:55', NULL),
(5098, 219, '2026-06-17', 24, 'P', 0, NULL, NULL, '', 1, '2026-07-17 13:56:55', NULL),
(5099, 219, '2026-06-18', 24, 'P', 0, NULL, NULL, '', 1, '2026-07-17 13:56:55', NULL),
(5100, 219, '2026-06-19', 24, 'P', 0, NULL, NULL, '', 1, '2026-07-17 13:56:55', NULL),
(5101, 219, '2026-06-20', 24, 'P', 0, NULL, NULL, '', 1, '2026-07-17 13:56:55', NULL),
(5102, 219, '2026-06-21', 24, 'P', 0, NULL, NULL, '', 1, '2026-07-17 13:56:55', NULL),
(5103, 219, '2026-06-23', 24, 'P', 0, NULL, NULL, '', 1, '2026-07-17 13:56:55', NULL),
(5104, 219, '2026-06-24', 24, 'P', 0, NULL, NULL, '', 1, '2026-07-17 13:56:55', NULL),
(5105, 219, '2026-06-25', 24, 'P', 0, NULL, NULL, '', 1, '2026-07-17 13:56:55', NULL),
(5106, 219, '2026-06-26', 24, 'P', 0, NULL, NULL, '', 1, '2026-07-17 13:56:55', NULL),
(5107, 219, '2026-06-27', 24, 'P', 0, NULL, NULL, '', 1, '2026-07-17 13:56:55', NULL),
(5108, 219, '2026-06-28', 24, 'P', 0, NULL, NULL, '', 1, '2026-07-17 13:56:55', NULL),
(5109, 219, '2026-06-30', 24, 'P', 0, NULL, NULL, '', 1, '2026-07-17 13:56:55', NULL),
(5110, 219, '2026-07-01', 24, 'P', 0, NULL, NULL, '', 1, '2026-07-17 13:56:55', NULL),
(5111, 219, '2026-07-02', 24, 'P', 0, NULL, NULL, '', 1, '2026-07-17 13:56:55', NULL),
(5112, 219, '2026-07-03', 24, 'P', 0, NULL, NULL, '', 1, '2026-07-17 13:56:55', NULL),
(5113, 219, '2026-07-04', 24, 'P', 0, NULL, NULL, '', 1, '2026-07-17 13:56:55', NULL),
(5114, 219, '2026-07-05', 24, 'P', 0, NULL, NULL, '', 1, '2026-07-17 13:56:55', NULL),
(5115, 219, '2026-07-07', 24, 'P', 0, NULL, NULL, '', 1, '2026-07-17 13:56:55', NULL),
(5116, 219, '2026-07-08', 24, 'P', 0, NULL, NULL, '', 1, '2026-07-17 13:56:55', NULL),
(5117, 219, '2026-07-09', 24, 'P', 0, NULL, NULL, '', 1, '2026-07-17 13:56:55', NULL),
(5118, 219, '2026-07-10', 24, 'P', 0, NULL, NULL, '', 1, '2026-07-17 13:56:55', NULL),
(5119, 219, '2026-07-11', 24, 'P', 0, NULL, NULL, '', 1, '2026-07-17 13:56:55', NULL),
(5120, 219, '2026-07-12', 24, 'P', 0, NULL, NULL, '', 1, '2026-07-17 13:56:55', NULL),
(5121, 219, '2026-07-14', 24, 'P', 0, NULL, NULL, '', 1, '2026-07-17 13:56:55', NULL),
(5122, 219, '2026-07-15', 24, 'P', 0, NULL, NULL, '', 1, '2026-07-17 13:56:55', NULL),
(5123, 219, '2026-07-16', 24, 'P', 0, NULL, NULL, '', 1, '2026-07-17 13:56:55', NULL),
(5124, 220, '2026-05-02', 24, 'P', 0, NULL, NULL, '', 1, '2026-07-17 13:56:55', NULL),
(5125, 220, '2026-05-03', 24, 'P', 0, NULL, NULL, '', 1, '2026-07-17 13:56:55', NULL),
(5126, 220, '2026-05-05', 24, 'P', 0, NULL, NULL, '', 1, '2026-07-17 13:56:55', NULL),
(5127, 220, '2026-05-06', 24, 'P', 0, NULL, NULL, '', 1, '2026-07-17 13:56:55', NULL),
(5128, 220, '2026-05-07', 24, 'P', 0, NULL, NULL, '', 1, '2026-07-17 13:56:55', NULL),
(5129, 220, '2026-05-08', 24, 'P', 0, NULL, NULL, '', 1, '2026-07-17 13:56:55', NULL),
(5130, 220, '2026-05-09', 24, 'P', 0, NULL, NULL, '', 1, '2026-07-17 13:56:55', NULL),
(5131, 220, '2026-05-10', 24, 'P', 0, NULL, NULL, '', 1, '2026-07-17 13:56:55', NULL),
(5132, 220, '2026-05-12', 24, 'P', 0, NULL, NULL, '', 1, '2026-07-17 13:56:55', NULL),
(5133, 220, '2026-05-13', 24, 'P', 0, NULL, NULL, '', 1, '2026-07-17 13:56:55', NULL),
(5134, 220, '2026-05-14', 24, 'P', 0, NULL, NULL, '', 1, '2026-07-17 13:56:55', NULL),
(5135, 220, '2026-05-15', 24, 'P', 0, NULL, NULL, '', 1, '2026-07-17 13:56:55', NULL),
(5136, 220, '2026-05-16', 24, 'P', 0, NULL, NULL, '', 1, '2026-07-17 13:56:55', NULL),
(5137, 220, '2026-05-17', 24, 'P', 0, NULL, NULL, '', 1, '2026-07-17 13:56:55', NULL),
(5138, 220, '2026-05-19', 24, 'P', 0, NULL, NULL, '', 1, '2026-07-17 13:56:55', NULL),
(5139, 220, '2026-05-20', 24, 'P', 0, NULL, NULL, '', 1, '2026-07-17 13:56:55', NULL),
(5140, 220, '2026-05-21', 24, 'P', 0, NULL, NULL, '', 1, '2026-07-17 13:56:55', NULL),
(5141, 220, '2026-05-22', 24, 'P', 0, NULL, NULL, '', 1, '2026-07-17 13:56:55', NULL),
(5142, 220, '2026-05-23', 24, 'P', 0, NULL, NULL, '', 1, '2026-07-17 13:56:55', NULL),
(5143, 220, '2026-05-24', 24, 'P', 0, NULL, NULL, '', 1, '2026-07-17 13:56:55', NULL),
(5144, 220, '2026-05-26', 24, 'P', 0, NULL, NULL, '', 1, '2026-07-17 13:56:55', NULL),
(5145, 220, '2026-05-27', 24, 'P', 0, NULL, NULL, '', 1, '2026-07-17 13:56:55', NULL),
(5146, 220, '2026-05-28', 24, 'P', 0, NULL, NULL, '', 1, '2026-07-17 13:56:55', NULL),
(5147, 220, '2026-05-29', 24, 'P', 0, NULL, NULL, '', 1, '2026-07-17 13:56:55', NULL),
(5148, 220, '2026-05-30', 24, 'P', 0, NULL, NULL, '', 1, '2026-07-17 13:56:55', NULL),
(5149, 220, '2026-05-31', 24, 'P', 0, NULL, NULL, '', 1, '2026-07-17 13:56:55', NULL),
(5150, 220, '2026-06-02', 24, 'P', 0, NULL, NULL, '', 1, '2026-07-17 13:56:55', NULL),
(5151, 220, '2026-06-03', 24, 'P', 0, NULL, NULL, '', 1, '2026-07-17 13:56:55', NULL),
(5152, 220, '2026-06-04', 24, 'P', 0, NULL, NULL, '', 1, '2026-07-17 13:56:55', NULL),
(5153, 220, '2026-06-05', 24, 'P', 0, NULL, NULL, '', 1, '2026-07-17 13:56:55', NULL),
(5154, 220, '2026-06-06', 24, 'P', 0, NULL, NULL, '', 1, '2026-07-17 13:56:55', NULL),
(5155, 220, '2026-06-07', 24, 'P', 0, NULL, NULL, '', 1, '2026-07-17 13:56:55', NULL),
(5156, 220, '2026-06-09', 24, 'P', 0, NULL, NULL, '', 1, '2026-07-17 13:56:55', NULL),
(5157, 220, '2026-06-10', 24, 'P', 0, NULL, NULL, '', 1, '2026-07-17 13:56:55', NULL),
(5158, 220, '2026-06-11', 24, 'P', 0, NULL, NULL, '', 1, '2026-07-17 13:56:55', NULL),
(5159, 220, '2026-06-12', 24, 'P', 0, NULL, NULL, '', 1, '2026-07-17 13:56:55', NULL),
(5160, 220, '2026-06-13', 24, 'P', 0, NULL, NULL, '', 1, '2026-07-17 13:56:55', NULL),
(5161, 220, '2026-06-14', 24, 'P', 0, NULL, NULL, '', 1, '2026-07-17 13:56:55', NULL),
(5162, 220, '2026-06-16', 24, 'P', 0, NULL, NULL, '', 1, '2026-07-17 13:56:55', NULL),
(5163, 220, '2026-06-17', 24, 'P', 0, NULL, NULL, '', 1, '2026-07-17 13:56:55', NULL),
(5164, 220, '2026-06-18', 24, 'P', 0, NULL, NULL, '', 1, '2026-07-17 13:56:55', NULL),
(5165, 220, '2026-06-19', 24, 'P', 0, NULL, NULL, '', 1, '2026-07-17 13:56:55', NULL),
(5166, 220, '2026-06-20', 24, 'P', 0, NULL, NULL, '', 1, '2026-07-17 13:56:55', NULL),
(5167, 220, '2026-06-21', 24, 'P', 0, NULL, NULL, '', 1, '2026-07-17 13:56:55', NULL),
(5168, 220, '2026-06-23', 24, 'P', 0, NULL, NULL, '', 1, '2026-07-17 13:56:55', NULL),
(5169, 220, '2026-06-24', 24, 'P', 0, NULL, NULL, '', 1, '2026-07-17 13:56:55', NULL),
(5170, 220, '2026-06-25', 24, 'P', 0, NULL, NULL, '', 1, '2026-07-17 13:56:55', NULL),
(5171, 220, '2026-06-26', 24, 'P', 0, NULL, NULL, '', 1, '2026-07-17 13:56:55', NULL),
(5172, 220, '2026-06-27', 24, 'P', 0, NULL, NULL, '', 1, '2026-07-17 13:56:55', NULL),
(5173, 220, '2026-06-28', 24, 'P', 0, NULL, NULL, '', 1, '2026-07-17 13:56:55', NULL),
(5174, 220, '2026-06-30', 24, 'P', 0, NULL, NULL, '', 1, '2026-07-17 13:56:55', NULL),
(5175, 220, '2026-07-01', 24, 'P', 0, NULL, NULL, '', 1, '2026-07-17 13:56:55', NULL),
(5176, 220, '2026-07-02', 24, 'P', 0, NULL, NULL, '', 1, '2026-07-17 13:56:55', NULL),
(5177, 220, '2026-07-03', 24, 'P', 0, NULL, NULL, '', 1, '2026-07-17 13:56:55', NULL),
(5178, 220, '2026-07-04', 24, 'P', 0, NULL, NULL, '', 1, '2026-07-17 13:56:55', NULL),
(5179, 220, '2026-07-05', 24, 'P', 0, NULL, NULL, '', 1, '2026-07-17 13:56:55', NULL),
(5180, 220, '2026-07-07', 24, 'P', 0, NULL, NULL, '', 1, '2026-07-17 13:56:56', NULL),
(5181, 220, '2026-07-08', 24, 'P', 0, NULL, NULL, '', 1, '2026-07-17 13:56:56', NULL),
(5182, 220, '2026-07-09', 24, 'P', 0, NULL, NULL, '', 1, '2026-07-17 13:56:56', NULL),
(5183, 220, '2026-07-10', 24, 'P', 0, NULL, NULL, '', 1, '2026-07-17 13:56:56', NULL),
(5184, 220, '2026-07-11', 24, 'P', 0, NULL, NULL, '', 1, '2026-07-17 13:56:56', NULL),
(5185, 220, '2026-07-12', 24, 'P', 0, NULL, NULL, '', 1, '2026-07-17 13:56:56', NULL),
(5186, 220, '2026-07-14', 24, 'P', 0, NULL, NULL, '', 1, '2026-07-17 13:56:56', NULL),
(5187, 220, '2026-07-15', 24, 'P', 0, NULL, NULL, '', 1, '2026-07-17 13:56:56', NULL),
(5188, 220, '2026-07-16', 24, 'P', 0, NULL, NULL, '', 1, '2026-07-17 13:56:56', NULL),
(5189, 221, '2026-05-02', 24, 'P', 0, NULL, NULL, '', 1, '2026-07-17 13:56:56', NULL),
(5190, 221, '2026-05-03', 24, 'P', 0, NULL, NULL, '', 1, '2026-07-17 13:56:56', NULL),
(5191, 221, '2026-05-05', 24, 'P', 0, NULL, NULL, '', 1, '2026-07-17 13:56:56', NULL),
(5192, 221, '2026-05-06', 24, 'P', 0, NULL, NULL, '', 1, '2026-07-17 13:56:56', NULL),
(5193, 221, '2026-05-07', 24, 'P', 0, NULL, NULL, '', 1, '2026-07-17 13:56:56', NULL),
(5194, 221, '2026-05-08', 24, 'P', 0, NULL, NULL, '', 1, '2026-07-17 13:56:56', NULL),
(5195, 221, '2026-05-09', 24, 'P', 0, NULL, NULL, '', 1, '2026-07-17 13:56:56', NULL),
(5196, 221, '2026-05-10', 24, 'P', 0, NULL, NULL, '', 1, '2026-07-17 13:56:56', NULL),
(5197, 221, '2026-05-12', 24, 'P', 0, NULL, NULL, '', 1, '2026-07-17 13:56:56', NULL),
(5198, 221, '2026-05-13', 24, 'P', 0, NULL, NULL, '', 1, '2026-07-17 13:56:56', NULL),
(5199, 221, '2026-05-14', 24, 'P', 0, NULL, NULL, '', 1, '2026-07-17 13:56:56', NULL),
(5200, 221, '2026-05-15', 24, 'P', 0, NULL, NULL, '', 1, '2026-07-17 13:56:56', NULL),
(5201, 221, '2026-05-16', 24, 'P', 0, NULL, NULL, '', 1, '2026-07-17 13:56:56', NULL),
(5202, 221, '2026-05-17', 24, 'P', 0, NULL, NULL, '', 1, '2026-07-17 13:56:56', NULL),
(5203, 221, '2026-05-19', 24, 'P', 0, NULL, NULL, '', 1, '2026-07-17 13:56:56', NULL),
(5204, 221, '2026-05-20', 24, 'P', 0, NULL, NULL, '', 1, '2026-07-17 13:56:56', NULL),
(5205, 221, '2026-05-21', 24, 'P', 0, NULL, NULL, '', 1, '2026-07-17 13:56:56', NULL),
(5206, 221, '2026-05-22', 24, 'P', 0, NULL, NULL, '', 1, '2026-07-17 13:56:56', NULL),
(5207, 221, '2026-05-23', 24, 'P', 0, NULL, NULL, '', 1, '2026-07-17 13:56:56', NULL),
(5208, 221, '2026-05-24', 24, 'P', 0, NULL, NULL, '', 1, '2026-07-17 13:56:56', NULL),
(5209, 221, '2026-05-26', 24, 'P', 0, NULL, NULL, '', 1, '2026-07-17 13:56:56', NULL),
(5210, 221, '2026-05-27', 24, 'P', 0, NULL, NULL, '', 1, '2026-07-17 13:56:56', NULL),
(5211, 221, '2026-05-28', 24, 'P', 0, NULL, NULL, '', 1, '2026-07-17 13:56:56', NULL),
(5212, 221, '2026-05-29', 24, 'P', 0, NULL, NULL, '', 1, '2026-07-17 13:56:56', NULL),
(5213, 221, '2026-05-30', 24, 'P', 0, NULL, NULL, '', 1, '2026-07-17 13:56:56', NULL),
(5214, 221, '2026-05-31', 24, 'P', 0, NULL, NULL, '', 1, '2026-07-17 13:56:56', NULL),
(5215, 221, '2026-06-02', 24, 'P', 0, NULL, NULL, '', 1, '2026-07-17 13:56:56', NULL),
(5216, 221, '2026-06-03', 24, 'P', 0, NULL, NULL, '', 1, '2026-07-17 13:56:56', NULL),
(5217, 221, '2026-06-04', 24, 'P', 0, NULL, NULL, '', 1, '2026-07-17 13:56:56', NULL),
(5218, 221, '2026-06-05', 24, 'P', 0, NULL, NULL, '', 1, '2026-07-17 13:56:56', NULL),
(5219, 221, '2026-06-06', 24, 'P', 0, NULL, NULL, '', 1, '2026-07-17 13:56:56', NULL),
(5220, 221, '2026-06-07', 24, 'P', 0, NULL, NULL, '', 1, '2026-07-17 13:56:56', NULL),
(5221, 221, '2026-06-09', 24, 'P', 0, NULL, NULL, '', 1, '2026-07-17 13:56:56', NULL),
(5222, 221, '2026-06-10', 24, 'P', 0, NULL, NULL, '', 1, '2026-07-17 13:56:56', NULL),
(5223, 221, '2026-06-11', 24, 'P', 0, NULL, NULL, '', 1, '2026-07-17 13:56:56', NULL),
(5224, 221, '2026-06-12', 24, 'P', 0, NULL, NULL, '', 1, '2026-07-17 13:56:56', NULL),
(5225, 221, '2026-06-13', 24, 'P', 0, NULL, NULL, '', 1, '2026-07-17 13:56:56', NULL),
(5226, 221, '2026-06-14', 24, 'P', 0, NULL, NULL, '', 1, '2026-07-17 13:56:56', NULL),
(5227, 221, '2026-06-16', 24, 'P', 0, NULL, NULL, '', 1, '2026-07-17 13:56:56', NULL),
(5228, 221, '2026-06-17', 24, 'P', 0, NULL, NULL, '', 1, '2026-07-17 13:56:56', NULL),
(5229, 221, '2026-06-18', 24, 'P', 0, NULL, NULL, '', 1, '2026-07-17 13:56:56', NULL),
(5230, 221, '2026-06-19', 24, 'P', 0, NULL, NULL, '', 1, '2026-07-17 13:56:56', NULL),
(5231, 221, '2026-06-20', 24, 'P', 0, NULL, NULL, '', 1, '2026-07-17 13:56:56', NULL),
(5232, 221, '2026-06-21', 24, 'P', 0, NULL, NULL, '', 1, '2026-07-17 13:56:56', NULL),
(5233, 221, '2026-06-23', 24, 'P', 0, NULL, NULL, '', 1, '2026-07-17 13:56:56', NULL),
(5234, 221, '2026-06-24', 24, 'P', 0, NULL, NULL, '', 1, '2026-07-17 13:56:56', NULL),
(5235, 221, '2026-06-25', 24, 'P', 0, NULL, NULL, '', 1, '2026-07-17 13:56:56', NULL),
(5236, 221, '2026-06-26', 24, 'P', 0, NULL, NULL, '', 1, '2026-07-17 13:56:56', NULL),
(5237, 221, '2026-06-27', 24, 'P', 0, NULL, NULL, '', 1, '2026-07-17 13:56:56', NULL),
(5238, 221, '2026-06-28', 24, 'P', 0, NULL, NULL, '', 1, '2026-07-17 13:56:56', NULL),
(5239, 221, '2026-06-30', 24, 'P', 0, NULL, NULL, '', 1, '2026-07-17 13:56:56', NULL),
(5240, 221, '2026-07-01', 24, 'P', 0, NULL, NULL, '', 1, '2026-07-17 13:56:56', NULL),
(5241, 221, '2026-07-02', 24, 'P', 0, NULL, NULL, '', 1, '2026-07-17 13:56:56', NULL),
(5242, 221, '2026-07-03', 24, 'P', 0, NULL, NULL, '', 1, '2026-07-17 13:56:56', NULL),
(5243, 221, '2026-07-04', 24, 'P', 0, NULL, NULL, '', 1, '2026-07-17 13:56:56', NULL),
(5244, 221, '2026-07-05', 24, 'P', 0, NULL, NULL, '', 1, '2026-07-17 13:56:56', NULL),
(5245, 221, '2026-07-07', 24, 'P', 0, NULL, NULL, '', 1, '2026-07-17 13:56:56', NULL),
(5246, 221, '2026-07-08', 24, 'P', 0, NULL, NULL, '', 1, '2026-07-17 13:56:56', NULL),
(5247, 221, '2026-07-09', 24, 'P', 0, NULL, NULL, '', 1, '2026-07-17 13:56:56', NULL),
(5248, 221, '2026-07-10', 24, 'P', 0, NULL, NULL, '', 1, '2026-07-17 13:56:56', NULL),
(5249, 221, '2026-07-11', 24, 'P', 0, NULL, NULL, '', 1, '2026-07-17 13:56:56', NULL),
(5250, 221, '2026-07-12', 24, 'P', 0, NULL, NULL, '', 1, '2026-07-17 13:56:56', NULL),
(5251, 221, '2026-07-14', 24, 'P', 0, NULL, NULL, '', 1, '2026-07-17 13:56:56', NULL),
(5252, 221, '2026-07-15', 24, 'P', 0, NULL, NULL, '', 1, '2026-07-17 13:56:56', NULL),
(5253, 221, '2026-07-16', 24, 'P', 0, NULL, NULL, '', 1, '2026-07-17 13:56:56', NULL),
(5254, 222, '2026-05-02', 24, 'P', 0, NULL, NULL, '', 1, '2026-07-17 13:56:56', NULL),
(5255, 222, '2026-05-03', 24, 'P', 0, NULL, NULL, '', 1, '2026-07-17 13:56:56', NULL),
(5256, 222, '2026-05-05', 24, 'P', 0, NULL, NULL, '', 1, '2026-07-17 13:56:56', NULL),
(5257, 222, '2026-05-06', 24, 'P', 0, NULL, NULL, '', 1, '2026-07-17 13:56:56', NULL),
(5258, 222, '2026-05-07', 24, 'P', 0, NULL, NULL, '', 1, '2026-07-17 13:56:56', NULL),
(5259, 222, '2026-05-08', 24, 'P', 0, NULL, NULL, '', 1, '2026-07-17 13:56:56', NULL),
(5260, 222, '2026-05-09', 24, 'P', 0, NULL, NULL, '', 1, '2026-07-17 13:56:56', NULL),
(5261, 222, '2026-05-10', 24, 'P', 0, NULL, NULL, '', 1, '2026-07-17 13:56:56', NULL),
(5262, 222, '2026-05-12', 24, 'P', 0, NULL, NULL, '', 1, '2026-07-17 13:56:56', NULL),
(5263, 222, '2026-05-13', 24, 'P', 0, NULL, NULL, '', 1, '2026-07-17 13:56:56', NULL),
(5264, 222, '2026-05-14', 24, 'P', 0, NULL, NULL, '', 1, '2026-07-17 13:56:56', NULL),
(5265, 222, '2026-05-15', 24, 'P', 0, NULL, NULL, '', 1, '2026-07-17 13:56:56', NULL),
(5266, 222, '2026-05-16', 24, 'P', 0, NULL, NULL, '', 1, '2026-07-17 13:56:56', NULL),
(5267, 222, '2026-05-17', 24, 'P', 0, NULL, NULL, '', 1, '2026-07-17 13:56:56', NULL),
(5268, 222, '2026-05-19', 24, 'P', 0, NULL, NULL, '', 1, '2026-07-17 13:56:56', NULL),
(5269, 222, '2026-05-20', 24, 'P', 0, NULL, NULL, '', 1, '2026-07-17 13:56:56', NULL),
(5270, 222, '2026-05-21', 24, 'P', 0, NULL, NULL, '', 1, '2026-07-17 13:56:56', NULL),
(5271, 222, '2026-05-22', 24, 'P', 0, NULL, NULL, '', 1, '2026-07-17 13:56:56', NULL),
(5272, 222, '2026-05-23', 24, 'P', 0, NULL, NULL, '', 1, '2026-07-17 13:56:56', NULL),
(5273, 222, '2026-05-24', 24, 'P', 0, NULL, NULL, '', 1, '2026-07-17 13:56:56', NULL),
(5274, 222, '2026-05-26', 24, 'P', 0, NULL, NULL, '', 1, '2026-07-17 13:56:56', NULL),
(5275, 222, '2026-05-27', 24, 'P', 0, NULL, NULL, '', 1, '2026-07-17 13:56:56', NULL),
(5276, 222, '2026-05-28', 24, 'P', 0, NULL, NULL, '', 1, '2026-07-17 13:56:56', NULL),
(5277, 222, '2026-05-29', 24, 'P', 0, NULL, NULL, '', 1, '2026-07-17 13:56:56', NULL),
(5278, 222, '2026-05-30', 24, 'P', 0, NULL, NULL, '', 1, '2026-07-17 13:56:56', NULL),
(5279, 222, '2026-05-31', 24, 'P', 0, NULL, NULL, '', 1, '2026-07-17 13:56:56', NULL),
(5280, 222, '2026-06-02', 24, 'P', 0, NULL, NULL, '', 1, '2026-07-17 13:56:56', NULL),
(5281, 222, '2026-06-03', 24, 'P', 0, NULL, NULL, '', 1, '2026-07-17 13:56:56', NULL),
(5282, 222, '2026-06-04', 24, 'P', 0, NULL, NULL, '', 1, '2026-07-17 13:56:56', NULL),
(5283, 222, '2026-06-05', 24, 'P', 0, NULL, NULL, '', 1, '2026-07-17 13:56:56', NULL),
(5284, 222, '2026-06-06', 24, 'P', 0, NULL, NULL, '', 1, '2026-07-17 13:56:56', NULL),
(5285, 222, '2026-06-07', 24, 'P', 0, NULL, NULL, '', 1, '2026-07-17 13:56:56', NULL),
(5286, 222, '2026-06-09', 24, 'P', 0, NULL, NULL, '', 1, '2026-07-17 13:56:56', NULL),
(5287, 222, '2026-06-10', 24, 'P', 0, NULL, NULL, '', 1, '2026-07-17 13:56:56', NULL),
(5288, 222, '2026-06-11', 24, 'P', 0, NULL, NULL, '', 1, '2026-07-17 13:56:56', NULL),
(5289, 222, '2026-06-12', 24, 'P', 0, NULL, NULL, '', 1, '2026-07-17 13:56:56', NULL),
(5290, 222, '2026-06-13', 24, 'P', 0, NULL, NULL, '', 1, '2026-07-17 13:56:56', NULL),
(5291, 222, '2026-06-14', 24, 'P', 0, NULL, NULL, '', 1, '2026-07-17 13:56:56', NULL),
(5292, 222, '2026-06-16', 24, 'P', 0, NULL, NULL, '', 1, '2026-07-17 13:56:56', NULL),
(5293, 222, '2026-06-17', 24, 'P', 0, NULL, NULL, '', 1, '2026-07-17 13:56:56', NULL),
(5294, 222, '2026-06-18', 24, 'P', 0, NULL, NULL, '', 1, '2026-07-17 13:56:56', NULL),
(5295, 222, '2026-06-19', 24, 'P', 0, NULL, NULL, '', 1, '2026-07-17 13:56:56', NULL),
(5296, 222, '2026-06-20', 24, 'P', 0, NULL, NULL, '', 1, '2026-07-17 13:56:56', NULL),
(5297, 222, '2026-06-21', 24, 'P', 0, NULL, NULL, '', 1, '2026-07-17 13:56:56', NULL),
(5298, 222, '2026-06-23', 24, 'P', 0, NULL, NULL, '', 1, '2026-07-17 13:56:56', NULL),
(5299, 222, '2026-06-24', 24, 'P', 0, NULL, NULL, '', 1, '2026-07-17 13:56:56', NULL),
(5300, 222, '2026-06-25', 24, 'P', 0, NULL, NULL, '', 1, '2026-07-17 13:56:56', NULL),
(5301, 222, '2026-06-26', 24, 'P', 0, NULL, NULL, '', 1, '2026-07-17 13:56:56', NULL),
(5302, 222, '2026-06-27', 24, 'P', 0, NULL, NULL, '', 1, '2026-07-17 13:56:56', NULL),
(5303, 222, '2026-06-28', 24, 'P', 0, NULL, NULL, '', 1, '2026-07-17 13:56:56', NULL),
(5304, 222, '2026-06-30', 24, 'P', 0, NULL, NULL, '', 1, '2026-07-17 13:56:56', NULL),
(5305, 222, '2026-07-01', 24, 'P', 0, NULL, NULL, '', 1, '2026-07-17 13:56:56', NULL),
(5306, 222, '2026-07-02', 24, 'P', 0, NULL, NULL, '', 1, '2026-07-17 13:56:56', NULL),
(5307, 222, '2026-07-03', 24, 'P', 0, NULL, NULL, '', 1, '2026-07-17 13:56:56', NULL),
(5308, 222, '2026-07-04', 24, 'P', 0, NULL, NULL, '', 1, '2026-07-17 13:56:56', NULL),
(5309, 222, '2026-07-05', 24, 'P', 0, NULL, NULL, '', 1, '2026-07-17 13:56:56', NULL),
(5310, 222, '2026-07-07', 24, 'P', 0, NULL, NULL, '', 1, '2026-07-17 13:56:56', NULL),
(5311, 222, '2026-07-08', 24, 'P', 0, NULL, NULL, '', 1, '2026-07-17 13:56:56', NULL),
(5312, 222, '2026-07-09', 24, 'P', 0, NULL, NULL, '', 1, '2026-07-17 13:56:56', NULL),
(5313, 222, '2026-07-10', 24, 'P', 0, NULL, NULL, '', 1, '2026-07-17 13:56:56', NULL),
(5314, 222, '2026-07-11', 24, 'P', 0, NULL, NULL, '', 1, '2026-07-17 13:56:56', NULL),
(5315, 222, '2026-07-12', 24, 'P', 0, NULL, NULL, '', 1, '2026-07-17 13:56:56', NULL),
(5316, 222, '2026-07-14', 24, 'P', 0, NULL, NULL, '', 1, '2026-07-17 13:56:56', NULL),
(5317, 222, '2026-07-15', 24, 'P', 0, NULL, NULL, '', 1, '2026-07-17 13:56:56', NULL),
(5318, 222, '2026-07-16', 24, 'P', 0, NULL, NULL, '', 1, '2026-07-17 13:56:56', NULL),
(5319, 390, '2026-05-02', 24, 'P', 0, NULL, NULL, '', 1, '2026-07-17 13:56:56', NULL),
(5320, 390, '2026-05-03', 24, 'P', 0, NULL, NULL, '', 1, '2026-07-17 13:56:56', NULL),
(5321, 390, '2026-05-05', 24, 'P', 0, NULL, NULL, '', 1, '2026-07-17 13:56:56', NULL),
(5322, 390, '2026-05-06', 24, 'P', 0, NULL, NULL, '', 1, '2026-07-17 13:56:56', NULL),
(5323, 390, '2026-05-07', 24, 'P', 0, NULL, NULL, '', 1, '2026-07-17 13:56:56', NULL),
(5324, 390, '2026-05-08', 24, 'P', 0, NULL, NULL, '', 1, '2026-07-17 13:56:56', NULL),
(5325, 390, '2026-05-09', 24, 'P', 0, NULL, NULL, '', 1, '2026-07-17 13:56:56', NULL),
(5326, 390, '2026-05-10', 24, 'P', 0, NULL, NULL, '', 1, '2026-07-17 13:56:56', NULL),
(5327, 390, '2026-05-12', 24, 'P', 0, NULL, NULL, '', 1, '2026-07-17 13:56:56', NULL),
(5328, 390, '2026-05-13', 24, 'P', 0, NULL, NULL, '', 1, '2026-07-17 13:56:56', NULL),
(5329, 390, '2026-05-14', 24, 'P', 0, NULL, NULL, '', 1, '2026-07-17 13:56:56', NULL),
(5330, 390, '2026-05-15', 24, 'P', 0, NULL, NULL, '', 1, '2026-07-17 13:56:56', NULL);
INSERT INTO `student_attendance` (`id`, `enroll_id`, `date`, `term_id`, `status`, `qr_code`, `in_time`, `out_time`, `remark`, `branch_id`, `created_at`, `updated_at`) VALUES
(5331, 390, '2026-05-16', 24, 'P', 0, NULL, NULL, '', 1, '2026-07-17 13:56:56', NULL),
(5332, 390, '2026-05-17', 24, 'P', 0, NULL, NULL, '', 1, '2026-07-17 13:56:56', NULL),
(5333, 390, '2026-05-19', 24, 'P', 0, NULL, NULL, '', 1, '2026-07-17 13:56:56', NULL),
(5334, 390, '2026-05-20', 24, 'P', 0, NULL, NULL, '', 1, '2026-07-17 13:56:56', NULL),
(5335, 390, '2026-05-21', 24, 'P', 0, NULL, NULL, '', 1, '2026-07-17 13:56:56', NULL),
(5336, 390, '2026-05-22', 24, 'P', 0, NULL, NULL, '', 1, '2026-07-17 13:56:56', NULL),
(5337, 390, '2026-05-23', 24, 'P', 0, NULL, NULL, '', 1, '2026-07-17 13:56:56', NULL),
(5338, 390, '2026-05-24', 24, 'P', 0, NULL, NULL, '', 1, '2026-07-17 13:56:56', NULL),
(5339, 390, '2026-05-26', 24, 'P', 0, NULL, NULL, '', 1, '2026-07-17 13:56:56', NULL),
(5340, 390, '2026-05-27', 24, 'P', 0, NULL, NULL, '', 1, '2026-07-17 13:56:56', NULL),
(5341, 390, '2026-05-28', 24, 'P', 0, NULL, NULL, '', 1, '2026-07-17 13:56:56', NULL),
(5342, 390, '2026-05-29', 24, 'P', 0, NULL, NULL, '', 1, '2026-07-17 13:56:56', NULL),
(5343, 390, '2026-05-30', 24, 'P', 0, NULL, NULL, '', 1, '2026-07-17 13:56:56', NULL),
(5344, 390, '2026-05-31', 24, 'P', 0, NULL, NULL, '', 1, '2026-07-17 13:56:56', NULL),
(5345, 390, '2026-06-02', 24, 'P', 0, NULL, NULL, '', 1, '2026-07-17 13:56:56', NULL),
(5346, 390, '2026-06-03', 24, 'P', 0, NULL, NULL, '', 1, '2026-07-17 13:56:56', NULL),
(5347, 390, '2026-06-04', 24, 'P', 0, NULL, NULL, '', 1, '2026-07-17 13:56:56', NULL),
(5348, 390, '2026-06-05', 24, 'P', 0, NULL, NULL, '', 1, '2026-07-17 13:56:56', NULL),
(5349, 390, '2026-06-06', 24, 'P', 0, NULL, NULL, '', 1, '2026-07-17 13:56:56', NULL),
(5350, 390, '2026-06-07', 24, 'P', 0, NULL, NULL, '', 1, '2026-07-17 13:56:56', NULL),
(5351, 390, '2026-06-09', 24, 'P', 0, NULL, NULL, '', 1, '2026-07-17 13:56:56', NULL),
(5352, 390, '2026-06-10', 24, 'P', 0, NULL, NULL, '', 1, '2026-07-17 13:56:56', NULL),
(5353, 390, '2026-06-11', 24, 'P', 0, NULL, NULL, '', 1, '2026-07-17 13:56:56', NULL),
(5354, 390, '2026-06-12', 24, 'P', 0, NULL, NULL, '', 1, '2026-07-17 13:56:56', NULL),
(5355, 390, '2026-06-13', 24, 'P', 0, NULL, NULL, '', 1, '2026-07-17 13:56:56', NULL),
(5356, 390, '2026-06-14', 24, 'P', 0, NULL, NULL, '', 1, '2026-07-17 13:56:56', NULL),
(5357, 390, '2026-06-16', 24, 'P', 0, NULL, NULL, '', 1, '2026-07-17 13:56:56', NULL),
(5358, 390, '2026-06-17', 24, 'P', 0, NULL, NULL, '', 1, '2026-07-17 13:56:56', NULL),
(5359, 390, '2026-06-18', 24, 'P', 0, NULL, NULL, '', 1, '2026-07-17 13:56:56', NULL),
(5360, 390, '2026-06-19', 24, 'P', 0, NULL, NULL, '', 1, '2026-07-17 13:56:56', NULL),
(5361, 390, '2026-06-20', 24, 'P', 0, NULL, NULL, '', 1, '2026-07-17 13:56:56', NULL),
(5362, 390, '2026-06-21', 24, 'P', 0, NULL, NULL, '', 1, '2026-07-17 13:56:56', NULL),
(5363, 390, '2026-06-23', 24, 'P', 0, NULL, NULL, '', 1, '2026-07-17 13:56:56', NULL),
(5364, 390, '2026-06-24', 24, 'P', 0, NULL, NULL, '', 1, '2026-07-17 13:56:56', NULL),
(5365, 390, '2026-06-25', 24, 'P', 0, NULL, NULL, '', 1, '2026-07-17 13:56:56', NULL),
(5366, 390, '2026-06-26', 24, 'P', 0, NULL, NULL, '', 1, '2026-07-17 13:56:56', NULL),
(5367, 390, '2026-06-27', 24, 'P', 0, NULL, NULL, '', 1, '2026-07-17 13:56:56', NULL),
(5368, 390, '2026-06-28', 24, 'P', 0, NULL, NULL, '', 1, '2026-07-17 13:56:56', NULL),
(5369, 390, '2026-06-30', 24, 'P', 0, NULL, NULL, '', 1, '2026-07-17 13:56:56', NULL),
(5370, 390, '2026-07-01', 24, 'P', 0, NULL, NULL, '', 1, '2026-07-17 13:56:56', NULL),
(5371, 390, '2026-07-02', 24, 'P', 0, NULL, NULL, '', 1, '2026-07-17 13:56:56', NULL),
(5372, 390, '2026-07-03', 24, 'P', 0, NULL, NULL, '', 1, '2026-07-17 13:56:56', NULL),
(5373, 390, '2026-07-04', 24, 'P', 0, NULL, NULL, '', 1, '2026-07-17 13:56:56', NULL),
(5374, 390, '2026-07-05', 24, 'P', 0, NULL, NULL, '', 1, '2026-07-17 13:56:56', NULL),
(5375, 390, '2026-07-07', 24, 'P', 0, NULL, NULL, '', 1, '2026-07-17 13:56:56', NULL),
(5376, 390, '2026-07-08', 24, 'P', 0, NULL, NULL, '', 1, '2026-07-17 13:56:56', NULL),
(5377, 390, '2026-07-09', 24, 'P', 0, NULL, NULL, '', 1, '2026-07-17 13:56:56', NULL),
(5378, 390, '2026-07-10', 24, 'P', 0, NULL, NULL, '', 1, '2026-07-17 13:56:56', NULL),
(5379, 390, '2026-07-11', 24, 'P', 0, NULL, NULL, '', 1, '2026-07-17 13:56:56', NULL),
(5380, 390, '2026-07-12', 24, 'P', 0, NULL, NULL, '', 1, '2026-07-17 13:56:56', NULL),
(5381, 390, '2026-07-14', 24, 'P', 0, NULL, NULL, '', 1, '2026-07-17 13:56:56', NULL),
(5382, 390, '2026-07-15', 24, 'P', 0, NULL, NULL, '', 1, '2026-07-17 13:56:56', NULL),
(5383, 390, '2026-07-16', 24, 'P', 0, NULL, NULL, '', 1, '2026-07-17 13:56:56', NULL),
(5384, 391, '2026-05-02', 24, 'P', 0, NULL, NULL, '', 1, '2026-07-17 13:56:56', NULL),
(5385, 391, '2026-05-03', 24, 'P', 0, NULL, NULL, '', 1, '2026-07-17 13:56:56', NULL),
(5386, 391, '2026-05-05', 24, 'P', 0, NULL, NULL, '', 1, '2026-07-17 13:56:56', NULL),
(5387, 391, '2026-05-06', 24, 'P', 0, NULL, NULL, '', 1, '2026-07-17 13:56:56', NULL),
(5388, 391, '2026-05-07', 24, 'P', 0, NULL, NULL, '', 1, '2026-07-17 13:56:56', NULL),
(5389, 391, '2026-05-08', 24, 'P', 0, NULL, NULL, '', 1, '2026-07-17 13:56:56', NULL),
(5390, 391, '2026-05-09', 24, 'P', 0, NULL, NULL, '', 1, '2026-07-17 13:56:56', NULL),
(5391, 391, '2026-05-10', 24, 'P', 0, NULL, NULL, '', 1, '2026-07-17 13:56:56', NULL),
(5392, 391, '2026-05-12', 24, 'P', 0, NULL, NULL, '', 1, '2026-07-17 13:56:56', NULL),
(5393, 391, '2026-05-13', 24, 'P', 0, NULL, NULL, '', 1, '2026-07-17 13:56:56', NULL),
(5394, 391, '2026-05-14', 24, 'P', 0, NULL, NULL, '', 1, '2026-07-17 13:56:56', NULL),
(5395, 391, '2026-05-15', 24, 'P', 0, NULL, NULL, '', 1, '2026-07-17 13:56:56', NULL),
(5396, 391, '2026-05-16', 24, 'P', 0, NULL, NULL, '', 1, '2026-07-17 13:56:56', NULL),
(5397, 391, '2026-05-17', 24, 'P', 0, NULL, NULL, '', 1, '2026-07-17 13:56:56', NULL),
(5398, 391, '2026-05-19', 24, 'P', 0, NULL, NULL, '', 1, '2026-07-17 13:56:56', NULL),
(5399, 391, '2026-05-20', 24, 'P', 0, NULL, NULL, '', 1, '2026-07-17 13:56:56', NULL),
(5400, 391, '2026-05-21', 24, 'P', 0, NULL, NULL, '', 1, '2026-07-17 13:56:56', NULL),
(5401, 391, '2026-05-22', 24, 'P', 0, NULL, NULL, '', 1, '2026-07-17 13:56:56', NULL),
(5402, 391, '2026-05-23', 24, 'P', 0, NULL, NULL, '', 1, '2026-07-17 13:56:56', NULL),
(5403, 391, '2026-05-24', 24, 'P', 0, NULL, NULL, '', 1, '2026-07-17 13:56:56', NULL),
(5404, 391, '2026-05-26', 24, 'P', 0, NULL, NULL, '', 1, '2026-07-17 13:56:56', NULL),
(5405, 391, '2026-05-27', 24, 'P', 0, NULL, NULL, '', 1, '2026-07-17 13:56:56', NULL),
(5406, 391, '2026-05-28', 24, 'P', 0, NULL, NULL, '', 1, '2026-07-17 13:56:56', NULL),
(5407, 391, '2026-05-29', 24, 'P', 0, NULL, NULL, '', 1, '2026-07-17 13:56:56', NULL),
(5408, 391, '2026-05-30', 24, 'P', 0, NULL, NULL, '', 1, '2026-07-17 13:56:56', NULL),
(5409, 391, '2026-05-31', 24, 'P', 0, NULL, NULL, '', 1, '2026-07-17 13:56:56', NULL),
(5410, 391, '2026-06-02', 24, 'P', 0, NULL, NULL, '', 1, '2026-07-17 13:56:56', NULL),
(5411, 391, '2026-06-03', 24, 'P', 0, NULL, NULL, '', 1, '2026-07-17 13:56:56', NULL),
(5412, 391, '2026-06-04', 24, 'P', 0, NULL, NULL, '', 1, '2026-07-17 13:56:56', NULL),
(5413, 391, '2026-06-05', 24, 'P', 0, NULL, NULL, '', 1, '2026-07-17 13:56:56', NULL),
(5414, 391, '2026-06-06', 24, 'P', 0, NULL, NULL, '', 1, '2026-07-17 13:56:56', NULL),
(5415, 391, '2026-06-07', 24, 'P', 0, NULL, NULL, '', 1, '2026-07-17 13:56:56', NULL),
(5416, 391, '2026-06-09', 24, 'P', 0, NULL, NULL, '', 1, '2026-07-17 13:56:56', NULL),
(5417, 391, '2026-06-10', 24, 'P', 0, NULL, NULL, '', 1, '2026-07-17 13:56:56', NULL),
(5418, 391, '2026-06-11', 24, 'P', 0, NULL, NULL, '', 1, '2026-07-17 13:56:56', NULL),
(5419, 391, '2026-06-12', 24, 'P', 0, NULL, NULL, '', 1, '2026-07-17 13:56:56', NULL),
(5420, 391, '2026-06-13', 24, 'P', 0, NULL, NULL, '', 1, '2026-07-17 13:56:56', NULL),
(5421, 391, '2026-06-14', 24, 'P', 0, NULL, NULL, '', 1, '2026-07-17 13:56:56', NULL),
(5422, 391, '2026-06-16', 24, 'P', 0, NULL, NULL, '', 1, '2026-07-17 13:56:56', NULL),
(5423, 391, '2026-06-17', 24, 'P', 0, NULL, NULL, '', 1, '2026-07-17 13:56:56', NULL),
(5424, 391, '2026-06-18', 24, 'P', 0, NULL, NULL, '', 1, '2026-07-17 13:56:56', NULL),
(5425, 391, '2026-06-19', 24, 'P', 0, NULL, NULL, '', 1, '2026-07-17 13:56:56', NULL),
(5426, 391, '2026-06-20', 24, 'P', 0, NULL, NULL, '', 1, '2026-07-17 13:56:56', NULL),
(5427, 391, '2026-06-21', 24, 'P', 0, NULL, NULL, '', 1, '2026-07-17 13:56:56', NULL),
(5428, 391, '2026-06-23', 24, 'P', 0, NULL, NULL, '', 1, '2026-07-17 13:56:56', NULL),
(5429, 391, '2026-06-24', 24, 'P', 0, NULL, NULL, '', 1, '2026-07-17 13:56:56', NULL),
(5430, 391, '2026-06-25', 24, 'P', 0, NULL, NULL, '', 1, '2026-07-17 13:56:56', NULL),
(5431, 391, '2026-06-26', 24, 'P', 0, NULL, NULL, '', 1, '2026-07-17 13:56:56', NULL),
(5432, 391, '2026-06-27', 24, 'P', 0, NULL, NULL, '', 1, '2026-07-17 13:56:56', NULL),
(5433, 391, '2026-06-28', 24, 'P', 0, NULL, NULL, '', 1, '2026-07-17 13:56:56', NULL),
(5434, 391, '2026-06-30', 24, 'P', 0, NULL, NULL, '', 1, '2026-07-17 13:56:56', NULL),
(5435, 391, '2026-07-01', 24, 'P', 0, NULL, NULL, '', 1, '2026-07-17 13:56:56', NULL),
(5436, 391, '2026-07-02', 24, 'P', 0, NULL, NULL, '', 1, '2026-07-17 13:56:56', NULL),
(5437, 391, '2026-07-03', 24, 'P', 0, NULL, NULL, '', 1, '2026-07-17 13:56:56', NULL),
(5438, 391, '2026-07-04', 24, 'P', 0, NULL, NULL, '', 1, '2026-07-17 13:56:56', NULL),
(5439, 391, '2026-07-05', 24, 'P', 0, NULL, NULL, '', 1, '2026-07-17 13:56:56', NULL),
(5440, 391, '2026-07-07', 24, 'P', 0, NULL, NULL, '', 1, '2026-07-17 13:56:56', NULL),
(5441, 391, '2026-07-08', 24, 'P', 0, NULL, NULL, '', 1, '2026-07-17 13:56:56', NULL),
(5442, 391, '2026-07-09', 24, 'P', 0, NULL, NULL, '', 1, '2026-07-17 13:56:57', NULL),
(5443, 391, '2026-07-10', 24, 'P', 0, NULL, NULL, '', 1, '2026-07-17 13:56:57', NULL),
(5444, 391, '2026-07-11', 24, 'P', 0, NULL, NULL, '', 1, '2026-07-17 13:56:57', NULL),
(5445, 391, '2026-07-12', 24, 'P', 0, NULL, NULL, '', 1, '2026-07-17 13:56:57', NULL),
(5446, 391, '2026-07-14', 24, 'P', 0, NULL, NULL, '', 1, '2026-07-17 13:56:57', NULL),
(5447, 391, '2026-07-15', 24, 'P', 0, NULL, NULL, '', 1, '2026-07-17 13:56:57', NULL),
(5448, 391, '2026-07-16', 24, 'P', 0, NULL, NULL, '', 1, '2026-07-17 13:56:57', NULL),
(5449, 396, '2026-05-02', 24, 'P', 0, NULL, NULL, '', 1, '2026-07-17 13:56:57', NULL),
(5450, 396, '2026-05-03', 24, 'P', 0, NULL, NULL, '', 1, '2026-07-17 13:56:57', NULL),
(5451, 396, '2026-05-05', 24, 'P', 0, NULL, NULL, '', 1, '2026-07-17 13:56:57', NULL),
(5452, 396, '2026-05-06', 24, 'P', 0, NULL, NULL, '', 1, '2026-07-17 13:56:57', NULL),
(5453, 396, '2026-05-07', 24, 'P', 0, NULL, NULL, '', 1, '2026-07-17 13:56:57', NULL),
(5454, 396, '2026-05-08', 24, 'P', 0, NULL, NULL, '', 1, '2026-07-17 13:56:57', NULL),
(5455, 396, '2026-05-09', 24, 'P', 0, NULL, NULL, '', 1, '2026-07-17 13:56:57', NULL),
(5456, 396, '2026-05-10', 24, 'P', 0, NULL, NULL, '', 1, '2026-07-17 13:56:57', NULL),
(5457, 396, '2026-05-12', 24, 'P', 0, NULL, NULL, '', 1, '2026-07-17 13:56:57', NULL),
(5458, 396, '2026-05-13', 24, 'P', 0, NULL, NULL, '', 1, '2026-07-17 13:56:57', NULL),
(5459, 396, '2026-05-14', 24, 'P', 0, NULL, NULL, '', 1, '2026-07-17 13:56:57', NULL),
(5460, 396, '2026-05-15', 24, 'P', 0, NULL, NULL, '', 1, '2026-07-17 13:56:57', NULL),
(5461, 396, '2026-05-16', 24, 'P', 0, NULL, NULL, '', 1, '2026-07-17 13:56:57', NULL),
(5462, 396, '2026-05-17', 24, 'P', 0, NULL, NULL, '', 1, '2026-07-17 13:56:57', NULL),
(5463, 396, '2026-05-19', 24, 'P', 0, NULL, NULL, '', 1, '2026-07-17 13:56:57', NULL),
(5464, 396, '2026-05-20', 24, 'P', 0, NULL, NULL, '', 1, '2026-07-17 13:56:57', NULL),
(5465, 396, '2026-05-21', 24, 'P', 0, NULL, NULL, '', 1, '2026-07-17 13:56:57', NULL),
(5466, 396, '2026-05-22', 24, 'P', 0, NULL, NULL, '', 1, '2026-07-17 13:56:57', NULL),
(5467, 396, '2026-05-23', 24, 'P', 0, NULL, NULL, '', 1, '2026-07-17 13:56:57', NULL),
(5468, 396, '2026-05-24', 24, 'P', 0, NULL, NULL, '', 1, '2026-07-17 13:56:57', NULL),
(5469, 396, '2026-05-26', 24, 'P', 0, NULL, NULL, '', 1, '2026-07-17 13:56:57', NULL),
(5470, 396, '2026-05-27', 24, 'P', 0, NULL, NULL, '', 1, '2026-07-17 13:56:57', NULL),
(5471, 396, '2026-05-28', 24, 'P', 0, NULL, NULL, '', 1, '2026-07-17 13:56:57', NULL),
(5472, 396, '2026-05-29', 24, 'P', 0, NULL, NULL, '', 1, '2026-07-17 13:56:57', NULL),
(5473, 396, '2026-05-30', 24, 'P', 0, NULL, NULL, '', 1, '2026-07-17 13:56:57', NULL),
(5474, 396, '2026-05-31', 24, 'P', 0, NULL, NULL, '', 1, '2026-07-17 13:56:57', NULL),
(5475, 396, '2026-06-02', 24, 'P', 0, NULL, NULL, '', 1, '2026-07-17 13:56:57', NULL),
(5476, 396, '2026-06-03', 24, 'P', 0, NULL, NULL, '', 1, '2026-07-17 13:56:57', NULL),
(5477, 396, '2026-06-04', 24, 'P', 0, NULL, NULL, '', 1, '2026-07-17 13:56:57', NULL),
(5478, 396, '2026-06-05', 24, 'P', 0, NULL, NULL, '', 1, '2026-07-17 13:56:57', NULL),
(5479, 396, '2026-06-06', 24, 'P', 0, NULL, NULL, '', 1, '2026-07-17 13:56:57', NULL),
(5480, 396, '2026-06-07', 24, 'P', 0, NULL, NULL, '', 1, '2026-07-17 13:56:57', NULL),
(5481, 396, '2026-06-09', 24, 'P', 0, NULL, NULL, '', 1, '2026-07-17 13:56:57', NULL),
(5482, 396, '2026-06-10', 24, 'P', 0, NULL, NULL, '', 1, '2026-07-17 13:56:57', NULL),
(5483, 396, '2026-06-11', 24, 'P', 0, NULL, NULL, '', 1, '2026-07-17 13:56:57', NULL),
(5484, 396, '2026-06-12', 24, 'P', 0, NULL, NULL, '', 1, '2026-07-17 13:56:57', NULL),
(5485, 396, '2026-06-13', 24, 'P', 0, NULL, NULL, '', 1, '2026-07-17 13:56:57', NULL),
(5486, 396, '2026-06-14', 24, 'P', 0, NULL, NULL, '', 1, '2026-07-17 13:56:57', NULL),
(5487, 396, '2026-06-16', 24, 'P', 0, NULL, NULL, '', 1, '2026-07-17 13:56:57', NULL),
(5488, 396, '2026-06-17', 24, 'P', 0, NULL, NULL, '', 1, '2026-07-17 13:56:57', NULL),
(5489, 396, '2026-06-18', 24, 'P', 0, NULL, NULL, '', 1, '2026-07-17 13:56:57', NULL),
(5490, 396, '2026-06-19', 24, 'P', 0, NULL, NULL, '', 1, '2026-07-17 13:56:57', NULL),
(5491, 396, '2026-06-20', 24, 'P', 0, NULL, NULL, '', 1, '2026-07-17 13:56:57', NULL),
(5492, 396, '2026-06-21', 24, 'P', 0, NULL, NULL, '', 1, '2026-07-17 13:56:57', NULL),
(5493, 396, '2026-06-23', 24, 'P', 0, NULL, NULL, '', 1, '2026-07-17 13:56:57', NULL),
(5494, 396, '2026-06-24', 24, 'P', 0, NULL, NULL, '', 1, '2026-07-17 13:56:57', NULL),
(5495, 396, '2026-06-25', 24, 'P', 0, NULL, NULL, '', 1, '2026-07-17 13:56:57', NULL),
(5496, 396, '2026-06-26', 24, 'P', 0, NULL, NULL, '', 1, '2026-07-17 13:56:57', NULL),
(5497, 396, '2026-06-27', 24, 'P', 0, NULL, NULL, '', 1, '2026-07-17 13:56:57', NULL),
(5498, 396, '2026-06-28', 24, 'P', 0, NULL, NULL, '', 1, '2026-07-17 13:56:57', NULL),
(5499, 396, '2026-06-30', 24, 'P', 0, NULL, NULL, '', 1, '2026-07-17 13:56:57', NULL),
(5500, 396, '2026-07-01', 24, 'P', 0, NULL, NULL, '', 1, '2026-07-17 13:56:57', NULL),
(5501, 396, '2026-07-02', 24, 'P', 0, NULL, NULL, '', 1, '2026-07-17 13:56:57', NULL),
(5502, 396, '2026-07-03', 24, 'P', 0, NULL, NULL, '', 1, '2026-07-17 13:56:57', NULL),
(5503, 396, '2026-07-04', 24, 'P', 0, NULL, NULL, '', 1, '2026-07-17 13:56:57', NULL),
(5504, 396, '2026-07-05', 24, 'P', 0, NULL, NULL, '', 1, '2026-07-17 13:56:57', NULL),
(5505, 396, '2026-07-07', 24, 'P', 0, NULL, NULL, '', 1, '2026-07-17 13:56:57', NULL),
(5506, 396, '2026-07-08', 24, 'P', 0, NULL, NULL, '', 1, '2026-07-17 13:56:57', NULL),
(5507, 396, '2026-07-09', 24, 'P', 0, NULL, NULL, '', 1, '2026-07-17 13:56:57', NULL),
(5508, 396, '2026-07-10', 24, 'P', 0, NULL, NULL, '', 1, '2026-07-17 13:56:57', NULL),
(5509, 396, '2026-07-11', 24, 'P', 0, NULL, NULL, '', 1, '2026-07-17 13:56:57', NULL),
(5510, 396, '2026-07-12', 24, 'P', 0, NULL, NULL, '', 1, '2026-07-17 13:56:57', NULL),
(5511, 396, '2026-07-14', 24, 'P', 0, NULL, NULL, '', 1, '2026-07-17 13:56:57', NULL),
(5512, 396, '2026-07-15', 24, 'P', 0, NULL, NULL, '', 1, '2026-07-17 13:56:57', NULL),
(5513, 396, '2026-07-16', 24, 'P', 0, NULL, NULL, '', 1, '2026-07-17 13:56:57', NULL),
(5514, 397, '2026-05-02', 24, 'P', 0, NULL, NULL, '', 1, '2026-07-17 13:56:57', NULL),
(5515, 397, '2026-05-03', 24, 'P', 0, NULL, NULL, '', 1, '2026-07-17 13:56:57', NULL),
(5516, 397, '2026-05-05', 24, 'P', 0, NULL, NULL, '', 1, '2026-07-17 13:56:57', NULL),
(5517, 397, '2026-05-06', 24, 'P', 0, NULL, NULL, '', 1, '2026-07-17 13:56:57', NULL),
(5518, 397, '2026-05-07', 24, 'P', 0, NULL, NULL, '', 1, '2026-07-17 13:56:57', NULL),
(5519, 397, '2026-05-08', 24, 'P', 0, NULL, NULL, '', 1, '2026-07-17 13:56:57', NULL),
(5520, 397, '2026-05-09', 24, 'P', 0, NULL, NULL, '', 1, '2026-07-17 13:56:57', NULL),
(5521, 397, '2026-05-10', 24, 'P', 0, NULL, NULL, '', 1, '2026-07-17 13:56:57', NULL),
(5522, 397, '2026-05-12', 24, 'P', 0, NULL, NULL, '', 1, '2026-07-17 13:56:57', NULL),
(5523, 397, '2026-05-13', 24, 'P', 0, NULL, NULL, '', 1, '2026-07-17 13:56:57', NULL),
(5524, 397, '2026-05-14', 24, 'P', 0, NULL, NULL, '', 1, '2026-07-17 13:56:57', NULL),
(5525, 397, '2026-05-15', 24, 'P', 0, NULL, NULL, '', 1, '2026-07-17 13:56:57', NULL),
(5526, 397, '2026-05-16', 24, 'P', 0, NULL, NULL, '', 1, '2026-07-17 13:56:57', NULL),
(5527, 397, '2026-05-17', 24, 'P', 0, NULL, NULL, '', 1, '2026-07-17 13:56:57', NULL),
(5528, 397, '2026-05-19', 24, 'P', 0, NULL, NULL, '', 1, '2026-07-17 13:56:57', NULL),
(5529, 397, '2026-05-20', 24, 'P', 0, NULL, NULL, '', 1, '2026-07-17 13:56:57', NULL),
(5530, 397, '2026-05-21', 24, 'P', 0, NULL, NULL, '', 1, '2026-07-17 13:56:57', NULL),
(5531, 397, '2026-05-22', 24, 'P', 0, NULL, NULL, '', 1, '2026-07-17 13:56:57', NULL),
(5532, 397, '2026-05-23', 24, 'P', 0, NULL, NULL, '', 1, '2026-07-17 13:56:57', NULL),
(5533, 397, '2026-05-24', 24, 'P', 0, NULL, NULL, '', 1, '2026-07-17 13:56:57', NULL),
(5534, 397, '2026-05-26', 24, 'P', 0, NULL, NULL, '', 1, '2026-07-17 13:56:57', NULL),
(5535, 397, '2026-05-27', 24, 'P', 0, NULL, NULL, '', 1, '2026-07-17 13:56:57', NULL),
(5536, 397, '2026-05-28', 24, 'P', 0, NULL, NULL, '', 1, '2026-07-17 13:56:57', NULL),
(5537, 397, '2026-05-29', 24, 'P', 0, NULL, NULL, '', 1, '2026-07-17 13:56:57', NULL),
(5538, 397, '2026-05-30', 24, 'P', 0, NULL, NULL, '', 1, '2026-07-17 13:56:57', NULL),
(5539, 397, '2026-05-31', 24, 'P', 0, NULL, NULL, '', 1, '2026-07-17 13:56:57', NULL),
(5540, 397, '2026-06-02', 24, 'P', 0, NULL, NULL, '', 1, '2026-07-17 13:56:57', NULL),
(5541, 397, '2026-06-03', 24, 'P', 0, NULL, NULL, '', 1, '2026-07-17 13:56:57', NULL),
(5542, 397, '2026-06-04', 24, 'P', 0, NULL, NULL, '', 1, '2026-07-17 13:56:57', NULL),
(5543, 397, '2026-06-05', 24, 'P', 0, NULL, NULL, '', 1, '2026-07-17 13:56:57', NULL),
(5544, 397, '2026-06-06', 24, 'P', 0, NULL, NULL, '', 1, '2026-07-17 13:56:57', NULL),
(5545, 397, '2026-06-07', 24, 'P', 0, NULL, NULL, '', 1, '2026-07-17 13:56:57', NULL),
(5546, 397, '2026-06-09', 24, 'P', 0, NULL, NULL, '', 1, '2026-07-17 13:56:57', NULL),
(5547, 397, '2026-06-10', 24, 'P', 0, NULL, NULL, '', 1, '2026-07-17 13:56:57', NULL),
(5548, 397, '2026-06-11', 24, 'P', 0, NULL, NULL, '', 1, '2026-07-17 13:56:57', NULL),
(5549, 397, '2026-06-12', 24, 'P', 0, NULL, NULL, '', 1, '2026-07-17 13:56:57', NULL),
(5550, 397, '2026-06-13', 24, 'P', 0, NULL, NULL, '', 1, '2026-07-17 13:56:57', NULL),
(5551, 397, '2026-06-14', 24, 'P', 0, NULL, NULL, '', 1, '2026-07-17 13:56:57', NULL),
(5552, 397, '2026-06-16', 24, 'P', 0, NULL, NULL, '', 1, '2026-07-17 13:56:57', NULL),
(5553, 397, '2026-06-17', 24, 'P', 0, NULL, NULL, '', 1, '2026-07-17 13:56:57', NULL),
(5554, 397, '2026-06-18', 24, 'P', 0, NULL, NULL, '', 1, '2026-07-17 13:56:57', NULL),
(5555, 397, '2026-06-19', 24, 'P', 0, NULL, NULL, '', 1, '2026-07-17 13:56:57', NULL),
(5556, 397, '2026-06-20', 24, 'P', 0, NULL, NULL, '', 1, '2026-07-17 13:56:57', NULL),
(5557, 397, '2026-06-21', 24, 'P', 0, NULL, NULL, '', 1, '2026-07-17 13:56:57', NULL),
(5558, 397, '2026-06-23', 24, 'P', 0, NULL, NULL, '', 1, '2026-07-17 13:56:57', NULL),
(5559, 397, '2026-06-24', 24, 'P', 0, NULL, NULL, '', 1, '2026-07-17 13:56:57', NULL),
(5560, 397, '2026-06-25', 24, 'P', 0, NULL, NULL, '', 1, '2026-07-17 13:56:57', NULL),
(5561, 397, '2026-06-26', 24, 'P', 0, NULL, NULL, '', 1, '2026-07-17 13:56:57', NULL),
(5562, 397, '2026-06-27', 24, 'P', 0, NULL, NULL, '', 1, '2026-07-17 13:56:57', NULL),
(5563, 397, '2026-06-28', 24, 'P', 0, NULL, NULL, '', 1, '2026-07-17 13:56:57', NULL),
(5564, 397, '2026-06-30', 24, 'P', 0, NULL, NULL, '', 1, '2026-07-17 13:56:57', NULL),
(5565, 397, '2026-07-01', 24, 'P', 0, NULL, NULL, '', 1, '2026-07-17 13:56:57', NULL),
(5566, 397, '2026-07-02', 24, 'P', 0, NULL, NULL, '', 1, '2026-07-17 13:56:57', NULL),
(5567, 397, '2026-07-03', 24, 'P', 0, NULL, NULL, '', 1, '2026-07-17 13:56:57', NULL),
(5568, 397, '2026-07-04', 24, 'P', 0, NULL, NULL, '', 1, '2026-07-17 13:56:57', NULL),
(5569, 397, '2026-07-05', 24, 'P', 0, NULL, NULL, '', 1, '2026-07-17 13:56:57', NULL),
(5570, 397, '2026-07-07', 24, 'P', 0, NULL, NULL, '', 1, '2026-07-17 13:56:57', NULL),
(5571, 397, '2026-07-08', 24, 'P', 0, NULL, NULL, '', 1, '2026-07-17 13:56:57', NULL),
(5572, 397, '2026-07-09', 24, 'P', 0, NULL, NULL, '', 1, '2026-07-17 13:56:57', NULL),
(5573, 397, '2026-07-10', 24, 'P', 0, NULL, NULL, '', 1, '2026-07-17 13:56:57', NULL),
(5574, 397, '2026-07-11', 24, 'P', 0, NULL, NULL, '', 1, '2026-07-17 13:56:57', NULL),
(5575, 397, '2026-07-12', 24, 'P', 0, NULL, NULL, '', 1, '2026-07-17 13:56:57', NULL),
(5576, 397, '2026-07-14', 24, 'P', 0, NULL, NULL, '', 1, '2026-07-17 13:56:57', NULL),
(5577, 397, '2026-07-15', 24, 'P', 0, NULL, NULL, '', 1, '2026-07-17 13:56:57', NULL),
(5578, 397, '2026-07-16', 24, 'P', 0, NULL, NULL, '', 1, '2026-07-17 13:56:57', NULL),
(5579, 422, '2026-05-02', 24, 'P', 0, NULL, NULL, '', 1, '2026-07-17 13:56:57', NULL),
(5580, 422, '2026-05-03', 24, 'P', 0, NULL, NULL, '', 1, '2026-07-17 13:56:57', NULL),
(5581, 422, '2026-05-05', 24, 'P', 0, NULL, NULL, '', 1, '2026-07-17 13:56:57', NULL),
(5582, 422, '2026-05-06', 24, 'P', 0, NULL, NULL, '', 1, '2026-07-17 13:56:57', NULL),
(5583, 422, '2026-05-07', 24, 'P', 0, NULL, NULL, '', 1, '2026-07-17 13:56:57', NULL),
(5584, 422, '2026-05-08', 24, 'P', 0, NULL, NULL, '', 1, '2026-07-17 13:56:57', NULL),
(5585, 422, '2026-05-09', 24, 'P', 0, NULL, NULL, '', 1, '2026-07-17 13:56:57', NULL),
(5586, 422, '2026-05-10', 24, 'P', 0, NULL, NULL, '', 1, '2026-07-17 13:56:57', NULL),
(5587, 422, '2026-05-12', 24, 'P', 0, NULL, NULL, '', 1, '2026-07-17 13:56:57', NULL),
(5588, 422, '2026-05-13', 24, 'P', 0, NULL, NULL, '', 1, '2026-07-17 13:56:57', NULL),
(5589, 422, '2026-05-14', 24, 'P', 0, NULL, NULL, '', 1, '2026-07-17 13:56:57', NULL),
(5590, 422, '2026-05-15', 24, 'P', 0, NULL, NULL, '', 1, '2026-07-17 13:56:57', NULL),
(5591, 422, '2026-05-16', 24, 'P', 0, NULL, NULL, '', 1, '2026-07-17 13:56:57', NULL),
(5592, 422, '2026-05-17', 24, 'P', 0, NULL, NULL, '', 1, '2026-07-17 13:56:57', NULL),
(5593, 422, '2026-05-19', 24, 'P', 0, NULL, NULL, '', 1, '2026-07-17 13:56:57', NULL),
(5594, 422, '2026-05-20', 24, 'P', 0, NULL, NULL, '', 1, '2026-07-17 13:56:57', NULL),
(5595, 422, '2026-05-21', 24, 'P', 0, NULL, NULL, '', 1, '2026-07-17 13:56:57', NULL),
(5596, 422, '2026-05-22', 24, 'P', 0, NULL, NULL, '', 1, '2026-07-17 13:56:57', NULL),
(5597, 422, '2026-05-23', 24, 'P', 0, NULL, NULL, '', 1, '2026-07-17 13:56:57', NULL),
(5598, 422, '2026-05-24', 24, 'P', 0, NULL, NULL, '', 1, '2026-07-17 13:56:57', NULL),
(5599, 422, '2026-05-26', 24, 'P', 0, NULL, NULL, '', 1, '2026-07-17 13:56:57', NULL),
(5600, 422, '2026-05-27', 24, 'P', 0, NULL, NULL, '', 1, '2026-07-17 13:56:57', NULL),
(5601, 422, '2026-05-28', 24, 'P', 0, NULL, NULL, '', 1, '2026-07-17 13:56:57', NULL),
(5602, 422, '2026-05-29', 24, 'P', 0, NULL, NULL, '', 1, '2026-07-17 13:56:57', NULL),
(5603, 422, '2026-05-30', 24, 'P', 0, NULL, NULL, '', 1, '2026-07-17 13:56:57', NULL),
(5604, 422, '2026-05-31', 24, 'P', 0, NULL, NULL, '', 1, '2026-07-17 13:56:57', NULL),
(5605, 422, '2026-06-02', 24, 'P', 0, NULL, NULL, '', 1, '2026-07-17 13:56:57', NULL),
(5606, 422, '2026-06-03', 24, 'P', 0, NULL, NULL, '', 1, '2026-07-17 13:56:57', NULL),
(5607, 422, '2026-06-04', 24, 'P', 0, NULL, NULL, '', 1, '2026-07-17 13:56:57', NULL),
(5608, 422, '2026-06-05', 24, 'P', 0, NULL, NULL, '', 1, '2026-07-17 13:56:57', NULL),
(5609, 422, '2026-06-06', 24, 'P', 0, NULL, NULL, '', 1, '2026-07-17 13:56:57', NULL),
(5610, 422, '2026-06-07', 24, 'P', 0, NULL, NULL, '', 1, '2026-07-17 13:56:57', NULL),
(5611, 422, '2026-06-09', 24, 'P', 0, NULL, NULL, '', 1, '2026-07-17 13:56:57', NULL),
(5612, 422, '2026-06-10', 24, 'P', 0, NULL, NULL, '', 1, '2026-07-17 13:56:57', NULL),
(5613, 422, '2026-06-11', 24, 'P', 0, NULL, NULL, '', 1, '2026-07-17 13:56:57', NULL),
(5614, 422, '2026-06-12', 24, 'P', 0, NULL, NULL, '', 1, '2026-07-17 13:56:57', NULL),
(5615, 422, '2026-06-13', 24, 'P', 0, NULL, NULL, '', 1, '2026-07-17 13:56:57', NULL),
(5616, 422, '2026-06-14', 24, 'P', 0, NULL, NULL, '', 1, '2026-07-17 13:56:57', NULL),
(5617, 422, '2026-06-16', 24, 'P', 0, NULL, NULL, '', 1, '2026-07-17 13:56:57', NULL),
(5618, 422, '2026-06-17', 24, 'P', 0, NULL, NULL, '', 1, '2026-07-17 13:56:57', NULL),
(5619, 422, '2026-06-18', 24, 'P', 0, NULL, NULL, '', 1, '2026-07-17 13:56:57', NULL),
(5620, 422, '2026-06-19', 24, 'P', 0, NULL, NULL, '', 1, '2026-07-17 13:56:57', NULL),
(5621, 422, '2026-06-20', 24, 'P', 0, NULL, NULL, '', 1, '2026-07-17 13:56:57', NULL),
(5622, 422, '2026-06-21', 24, 'P', 0, NULL, NULL, '', 1, '2026-07-17 13:56:57', NULL),
(5623, 422, '2026-06-23', 24, 'P', 0, NULL, NULL, '', 1, '2026-07-17 13:56:57', NULL),
(5624, 422, '2026-06-24', 24, 'P', 0, NULL, NULL, '', 1, '2026-07-17 13:56:57', NULL),
(5625, 422, '2026-06-25', 24, 'P', 0, NULL, NULL, '', 1, '2026-07-17 13:56:57', NULL),
(5626, 422, '2026-06-26', 24, 'P', 0, NULL, NULL, '', 1, '2026-07-17 13:56:57', NULL),
(5627, 422, '2026-06-27', 24, 'P', 0, NULL, NULL, '', 1, '2026-07-17 13:56:57', NULL),
(5628, 422, '2026-06-28', 24, 'P', 0, NULL, NULL, '', 1, '2026-07-17 13:56:57', NULL),
(5629, 422, '2026-06-30', 24, 'P', 0, NULL, NULL, '', 1, '2026-07-17 13:56:57', NULL),
(5630, 422, '2026-07-01', 24, 'P', 0, NULL, NULL, '', 1, '2026-07-17 13:56:57', NULL),
(5631, 422, '2026-07-02', 24, 'P', 0, NULL, NULL, '', 1, '2026-07-17 13:56:57', NULL),
(5632, 422, '2026-07-03', 24, 'P', 0, NULL, NULL, '', 1, '2026-07-17 13:56:57', NULL),
(5633, 422, '2026-07-04', 24, 'P', 0, NULL, NULL, '', 1, '2026-07-17 13:56:57', NULL),
(5634, 422, '2026-07-05', 24, 'P', 0, NULL, NULL, '', 1, '2026-07-17 13:56:57', NULL),
(5635, 422, '2026-07-07', 24, 'P', 0, NULL, NULL, '', 1, '2026-07-17 13:56:57', NULL),
(5636, 422, '2026-07-08', 24, 'P', 0, NULL, NULL, '', 1, '2026-07-17 13:56:57', NULL),
(5637, 422, '2026-07-09', 24, 'P', 0, NULL, NULL, '', 1, '2026-07-17 13:56:57', NULL),
(5638, 422, '2026-07-10', 24, 'P', 0, NULL, NULL, '', 1, '2026-07-17 13:56:57', NULL),
(5639, 422, '2026-07-11', 24, 'P', 0, NULL, NULL, '', 1, '2026-07-17 13:56:57', NULL),
(5640, 422, '2026-07-12', 24, 'P', 0, NULL, NULL, '', 1, '2026-07-17 13:56:57', NULL),
(5641, 422, '2026-07-14', 24, 'P', 0, NULL, NULL, '', 1, '2026-07-17 13:56:57', NULL),
(5642, 422, '2026-07-15', 24, 'P', 0, NULL, NULL, '', 1, '2026-07-17 13:56:57', NULL),
(5643, 422, '2026-07-16', 24, 'P', 0, NULL, NULL, '', 1, '2026-07-17 13:56:57', NULL);

-- --------------------------------------------------------

--
-- Table structure for table `student_category`
--

CREATE TABLE IF NOT EXISTS `student_category` (
  `id` int NOT NULL AUTO_INCREMENT,
  `branch_id` int NOT NULL DEFAULT '0',
  `name` varchar(255) NOT NULL,
  PRIMARY KEY (`id`)
) ENGINE=InnoDB AUTO_INCREMENT=7 DEFAULT CHARSET=utf8mb3;

--
-- Dumping data for table `student_category`
--

INSERT INTO `student_category` (`id`, `branch_id`, `name`) VALUES
(1, 1, 'Nursery Session'),
(2, 1, 'Primary Session'),
(3, 2, 'Nursery Session'),
(4, 2, 'Primary Session'),
(5, 3, 'Primary Session'),
(6, 4, 'Junior Secondary');

-- --------------------------------------------------------

--
-- Table structure for table `student_documents`
--

CREATE TABLE IF NOT EXISTS `student_documents` (
  `id` int NOT NULL AUTO_INCREMENT,
  `student_id` int NOT NULL,
  `title` varchar(255) NOT NULL,
  `type` varchar(100) NOT NULL,
  `remarks` text NOT NULL,
  `file_name` varchar(255) NOT NULL,
  `enc_name` varchar(255) NOT NULL,
  `created_at` timestamp NOT NULL DEFAULT CURRENT_TIMESTAMP,
  `updated_at` datetime DEFAULT NULL,
  PRIMARY KEY (`id`)
) ENGINE=InnoDB DEFAULT CHARSET=utf8mb3;

-- --------------------------------------------------------

--
-- Table structure for table `student_fields`
--

CREATE TABLE IF NOT EXISTS `student_fields` (
  `id` int NOT NULL AUTO_INCREMENT,
  `prefix` varchar(255) NOT NULL,
  `default_status` tinyint(1) NOT NULL DEFAULT '1',
  `default_required` tinyint NOT NULL DEFAULT '1',
  `created_at` datetime NOT NULL DEFAULT CURRENT_TIMESTAMP,
  PRIMARY KEY (`id`)
) ENGINE=InnoDB AUTO_INCREMENT=35 DEFAULT CHARSET=utf8mb3;

--
-- Dumping data for table `student_fields`
--

INSERT INTO `student_fields` (`id`, `prefix`, `default_status`, `default_required`, `created_at`) VALUES
(1, 'roll', 1, 0, '2022-04-25 20:27:04'),
(2, 'last_name', 1, 1, '2022-04-25 20:27:04'),
(3, 'gender', 1, 0, '2022-04-25 20:27:04'),
(4, 'birthday', 1, 0, '2022-04-25 20:27:04'),
(5, 'admission_date', 1, 1, '2022-04-25 20:27:04'),
(6, 'category', 1, 1, '2022-04-25 20:27:04'),
(7, 'section', 1, 1, '2022-04-25 20:27:04'),
(8, 'religion', 1, 0, '2022-04-25 20:27:04'),
(9, 'tribe', 1, 0, '2022-04-25 20:27:04'),
(10, 'blood_group', 1, 0, '2022-04-25 20:27:04'),
(11, 'mother_tongue', 1, 0, '2022-04-25 20:27:04'),
(12, 'present_address', 1, 0, '2022-04-25 20:27:04'),
(13, 'permanent_address', 1, 0, '2022-04-25 20:27:04'),
(14, 'city', 1, 0, '2022-04-25 20:27:04'),
(15, 'state', 1, 0, '2022-04-25 20:27:04'),
(16, 'student_email', 1, 0, '2022-04-25 20:27:04'),
(17, 'student_mobile_no', 1, 0, '2022-04-25 20:27:04'),
(18, 'student_photo', 1, 0, '2022-04-25 20:27:04'),
(19, 'previous_school_details', 1, 0, '2022-04-25 20:27:04'),
(20, 'guardian_name', 1, 1, '2022-04-25 20:27:04'),
(21, 'guardian_relation', 1, 1, '2022-04-25 20:27:04'),
(22, 'father_name', 1, 0, '2022-04-25 20:27:04'),
(23, 'mother_name', 1, 0, '2022-04-25 20:27:04'),
(24, 'guardian_occupation', 1, 1, '2022-04-25 20:27:04'),
(25, 'guardian_income', 1, 1, '2022-04-25 20:27:04'),
(26, 'guardian_education', 1, 1, '2022-04-25 20:27:04'),
(27, 'guardian_email', 1, 1, '2022-04-25 20:27:04'),
(28, 'guardian_mobile_no', 1, 1, '2022-04-25 20:27:04'),
(29, 'guardian_address', 1, 1, '2022-04-25 20:27:04'),
(30, 'guardian_photo', 1, 0, '2022-04-25 20:27:04'),
(31, 'upload_documents', 1, 1, '2022-04-25 20:27:04'),
(32, 'guardian_city', 1, 0, '2022-04-25 20:27:04'),
(33, 'guardian_state', 1, 0, '2022-04-25 20:27:04'),
(34, 'first_name', 1, 1, '2022-04-25 20:27:04');

-- --------------------------------------------------------

--
-- Table structure for table `student_profile_fields`
--

CREATE TABLE IF NOT EXISTS `student_profile_fields` (
  `id` int NOT NULL AUTO_INCREMENT,
  `fields_id` int NOT NULL,
  `status` tinyint NOT NULL DEFAULT '1',
  `required` tinyint NOT NULL DEFAULT '0',
  `branch_id` int NOT NULL,
  PRIMARY KEY (`id`)
) ENGINE=InnoDB AUTO_INCREMENT=37 DEFAULT CHARSET=utf8mb3;

--
-- Dumping data for table `student_profile_fields`
--

INSERT INTO `student_profile_fields` (`id`, `fields_id`, `status`, `required`, `branch_id`) VALUES
(1, 2, 1, 1, 1),
(2, 3, 1, 1, 1),
(3, 4, 1, 1, 1),
(4, 5, 0, 0, 1),
(5, 6, 1, 1, 1),
(6, 8, 1, 0, 1),
(7, 9, 0, 0, 1),
(8, 10, 0, 0, 1),
(9, 11, 0, 0, 1),
(10, 12, 1, 0, 1),
(11, 13, 0, 0, 1),
(12, 14, 1, 0, 1),
(13, 15, 1, 0, 1),
(14, 16, 0, 0, 1),
(15, 17, 0, 0, 1),
(16, 18, 1, 0, 1),
(17, 19, 0, 0, 1),
(18, 34, 1, 1, 1),
(19, 2, 1, 1, 4),
(20, 3, 1, 0, 4),
(21, 4, 0, 0, 4),
(22, 5, 1, 1, 4),
(23, 6, 1, 1, 4),
(24, 8, 0, 0, 4),
(25, 9, 0, 0, 4),
(26, 10, 0, 0, 4),
(27, 11, 0, 0, 4),
(28, 12, 0, 0, 4),
(29, 13, 0, 0, 4),
(30, 14, 0, 0, 4),
(31, 15, 0, 0, 4),
(32, 16, 0, 0, 4),
(33, 17, 0, 0, 4),
(34, 18, 1, 1, 4),
(35, 19, 0, 0, 4),
(36, 34, 1, 1, 4);

-- --------------------------------------------------------

--
-- Table structure for table `student_subject_attendance`
--

CREATE TABLE IF NOT EXISTS `student_subject_attendance` (
  `id` int NOT NULL AUTO_INCREMENT,
  `enroll_id` int DEFAULT NULL,
  `subject_timetable_id` int DEFAULT NULL,
  `status` varchar(255) DEFAULT NULL,
  `date` date DEFAULT NULL,
  `remark` text,
  `branch_id` int NOT NULL,
  `created_at` timestamp NOT NULL DEFAULT CURRENT_TIMESTAMP ON UPDATE CURRENT_TIMESTAMP,
  PRIMARY KEY (`id`),
  KEY `attendence_type_id` (`status`),
  KEY `student_session_id` (`enroll_id`),
  KEY `subject_timetable_id` (`subject_timetable_id`),
  KEY `student_subject_attendance_rms_1` (`branch_id`)
) ENGINE=InnoDB DEFAULT CHARSET=utf8mb3;

-- --------------------------------------------------------

--
-- Table structure for table `subject`
--

CREATE TABLE IF NOT EXISTS `subject` (
  `id` int NOT NULL AUTO_INCREMENT,
  `name` varchar(255) NOT NULL,
  `subject_code` varchar(200) NOT NULL,
  `subject_type` varchar(255) CHARACTER SET utf32 COLLATE utf32_unicode_ci NOT NULL,
  `subject_author` varchar(255) NOT NULL,
  `branch_id` int DEFAULT NULL,
  PRIMARY KEY (`id`)
) ENGINE=InnoDB AUTO_INCREMENT=50 DEFAULT CHARSET=utf8mb3;

--
-- Dumping data for table `subject`
--

INSERT INTO `subject` (`id`, `name`, `subject_code`, `subject_type`, `subject_author`, `branch_id`) VALUES
(1, 'ENGLISH STUDIES', 'ENG', 'Mandatory', '', 1),
(2, 'MATHEMATICS', 'MTH', 'Mandatory', '', 1),
(3, 'BASIC SCIENCE', 'BCS', 'Mandatory', '', 1),
(4, 'PHYSICAL & HEALTH EDUCATION', 'PHE', 'Mandatory', '', 1),
(5, 'NIGERIA HISTORY', 'HIS', 'Mandatory', '', 1),
(6, 'SOCIAL & CITIZEN STUDIES', 'SCS', 'Mandatory', '', 1),
(7, 'CULTURAL & CREATIVE ART', 'CCA', 'Mandatory', '', 1),
(8, 'PRE-VOCATIONAL STUDIES', 'PVS', 'Mandatory', '', 1),
(9, 'FRENCH', 'FRC', 'Optional', '', 1),
(10, 'NIGERIA LANGUAGE', 'NGL', 'Mandatory', '', 1),
(11, 'BASIC DIGITAL  LITERACY', 'BGL', 'Mandatory', '', 1),
(12, 'HAND WRITING PS', 'HDW', 'Mandatory', '', 1),
(13, 'CHRISTAIN RELIGIOUS STUDIES', 'CRS', 'Optional', '', 1),
(14, 'ISLAMIC STUDIES', 'KRS', 'Optional', '', 1),
(15, 'LITERACY', 'LIT', 'Mandatory', '', 1),
(16, 'NUMERACY', 'NUM', 'Mandatory', '', 1),
(17, 'HAND WRITING', 'HDW', 'Mandatory', '', 1),
(18, 'RHYME', 'RHY', 'Mandatory', '', 1),
(19, 'SOCIAL HABITS', 'SOH', 'Mandatory', '', 1),
(20, 'HEALTH HABITS', 'HEB', 'Mandatory', '', 1),
(21, 'QUATITATIVE REASONING', 'QR', 'Optional', '', 1),
(22, 'VERBAL REASONING', 'VR', 'Optional', '', 1),
(23, 'LITERATURE', 'LIT', 'Mandatory', '', 1),
(24, 'English', 'ENG', 'Mandatory', '', 3),
(25, 'Mathematics', 'MTH', 'Theory', '', 3),
(26, 'English', 'Eng', 'Mandatory', '', 2),
(27, 'Mathematics', 'Mth', 'Mandatory', '', 2),
(28, 'Basic Science', 'Bsc', 'Mandatory', '', 2),
(29, 'Physical & Health Education', 'Phe', 'Mandatory', '', 2),
(30, 'Social & Citizen Studies', 'Soc', 'Practical', '', 2),
(31, 'Cultural & Creative Art', 'Cca', 'Mandatory', '', 2),
(32, 'Quatitative Reasoning', 'QR', 'Mandatory', '', 2),
(33, 'Nigeria History', 'His', 'Mandatory', '', 2),
(34, 'Music', 'msc', 'Mandatory', '', 2),
(35, 'Verbal Reasoning', 'VR', 'Theory', '', 2),
(36, 'Literacy', 'Lit', 'Mandatory', '', 2),
(37, 'Numeracy', 'Num', 'Mandatory', '', 2),
(38, 'Hand Writing', 'Haw', 'Mandatory', '', 2),
(39, 'Rhymes', 'Rym', 'Mandatory', '', 2),
(40, 'Pre-Vocational Studies', 'Pvs', 'Mandatory', '', 2),
(41, 'Nigeria Language', 'Nil', 'Mandatory', '', 2),
(42, 'Computer Studies', 'Ict', 'Mandatory', '', 2),
(43, 'Social Habit', 'Soh', 'Mandatory', '', 2),
(44, 'Health Habits', 'Hab', 'Mandatory', '', 2),
(45, 'Civils Studies', 'cst', 'Mandatory', '', 2),
(46, 'Christian Religion Study', 'Crs', 'Mandatory', '', 2),
(47, 'Yorùbá Language', 'Yor', 'Theory', '', 2),
(48, 'Agricultural Science', 'Ags', 'Mandatory', '', 2),
(49, 'English language', '104', 'Theory', '', 4);

-- --------------------------------------------------------

--
-- Table structure for table `teacher_note`
--

CREATE TABLE IF NOT EXISTS `teacher_note` (
  `id` int NOT NULL AUTO_INCREMENT,
  `title` longtext NOT NULL,
  `description` longtext NOT NULL,
  `file_name` longtext NOT NULL,
  `enc_name` longtext NOT NULL,
  `type_id` int NOT NULL,
  `class_id` longtext NOT NULL,
  `teacher_id` int NOT NULL,
  `branch_id` int NOT NULL,
  `created_at` timestamp NOT NULL DEFAULT CURRENT_TIMESTAMP,
  `updated_at` datetime DEFAULT NULL,
  PRIMARY KEY (`id`)
) ENGINE=InnoDB DEFAULT CHARSET=utf8mb3;

-- --------------------------------------------------------

--
-- Table structure for table `theme_settings`
--

CREATE TABLE IF NOT EXISTS `theme_settings` (
  `id` int NOT NULL AUTO_INCREMENT,
  `border_mode` varchar(200) NOT NULL,
  `dark_skin` varchar(200) NOT NULL,
  `created_at` timestamp NOT NULL DEFAULT CURRENT_TIMESTAMP,
  `updated_at` datetime DEFAULT NULL,
  PRIMARY KEY (`id`)
) ENGINE=InnoDB AUTO_INCREMENT=2 DEFAULT CHARSET=utf8mb3;

--
-- Dumping data for table `theme_settings`
--

INSERT INTO `theme_settings` (`id`, `border_mode`, `dark_skin`, `created_at`, `updated_at`) VALUES
(1, 'true', 'false', '2018-10-23 16:59:38', '2020-05-10 14:08:47');

-- --------------------------------------------------------

--
-- Table structure for table `transactions`
--

CREATE TABLE IF NOT EXISTS `transactions` (
  `id` int NOT NULL AUTO_INCREMENT,
  `account_id` varchar(20) NOT NULL,
  `voucher_head_id` int NOT NULL,
  `type` varchar(100) NOT NULL,
  `category` varchar(20) NOT NULL,
  `ref` varchar(255) NOT NULL,
  `amount` decimal(18,2) NOT NULL DEFAULT '0.00',
  `dr` decimal(18,2) NOT NULL DEFAULT '0.00',
  `cr` decimal(18,2) NOT NULL DEFAULT '0.00',
  `bal` decimal(18,2) NOT NULL DEFAULT '0.00',
  `date` date NOT NULL,
  `pay_via` varchar(20) NOT NULL,
  `description` text NOT NULL,
  `attachments` varchar(255) NOT NULL,
  `branch_id` int NOT NULL,
  `system` tinyint(1) NOT NULL DEFAULT '0',
  `created_at` timestamp NOT NULL DEFAULT CURRENT_TIMESTAMP,
  `updated_at` datetime DEFAULT NULL,
  PRIMARY KEY (`id`),
  KEY `transactions_rms_1` (`branch_id`)
) ENGINE=InnoDB DEFAULT CHARSET=utf8mb3;

-- --------------------------------------------------------

--
-- Table structure for table `transactions_links`
--

CREATE TABLE IF NOT EXISTS `transactions_links` (
  `id` int NOT NULL AUTO_INCREMENT,
  `status` tinyint DEFAULT NULL,
  `deposit` tinyint DEFAULT NULL,
  `expense` tinyint DEFAULT NULL,
  `branch_id` int DEFAULT NULL,
  PRIMARY KEY (`id`),
  KEY `transactions_links_rms_1` (`branch_id`)
) ENGINE=InnoDB DEFAULT CHARSET=utf8mb3;

-- --------------------------------------------------------

--
-- Table structure for table `transactions_links_details`
--

CREATE TABLE IF NOT EXISTS `transactions_links_details` (
  `id` int NOT NULL AUTO_INCREMENT,
  `payment_id` int NOT NULL,
  `transactions_id` int NOT NULL,
  PRIMARY KEY (`id`)
) ENGINE=InnoDB DEFAULT CHARSET=utf8mb3;

-- --------------------------------------------------------

--
-- Table structure for table `transport_assign`
--

CREATE TABLE IF NOT EXISTS `transport_assign` (
  `id` int NOT NULL AUTO_INCREMENT,
  `route_id` int NOT NULL,
  `vehicle_id` int NOT NULL,
  `branch_id` int NOT NULL,
  `created_at` timestamp NOT NULL DEFAULT CURRENT_TIMESTAMP,
  PRIMARY KEY (`id`),
  KEY `transport_assign_rms_1` (`branch_id`)
) ENGINE=InnoDB DEFAULT CHARSET=utf8mb3;

-- --------------------------------------------------------

--
-- Table structure for table `transport_fee_details`
--

CREATE TABLE IF NOT EXISTS `transport_fee_details` (
  `id` int NOT NULL AUTO_INCREMENT,
  `month` varchar(2) DEFAULT NULL,
  `transport_fee_fine_id` int DEFAULT NULL,
  `enroll_id` int NOT NULL,
  `stoppage_point_id` int NOT NULL,
  PRIMARY KEY (`id`),
  KEY `transport_fee_details_rms_1` (`stoppage_point_id`),
  KEY `transport_fee_details_rms_2` (`enroll_id`)
) ENGINE=InnoDB DEFAULT CHARSET=utf8mb3;

-- --------------------------------------------------------

--
-- Table structure for table `transport_fee_fine`
--

CREATE TABLE IF NOT EXISTS `transport_fee_fine` (
  `id` int NOT NULL AUTO_INCREMENT,
  `month` varchar(2) NOT NULL,
  `due_date` date NOT NULL,
  `fine_value` varchar(20) DEFAULT NULL,
  `fine_type` varchar(20) DEFAULT NULL,
  `fee_frequency` varchar(20) DEFAULT NULL,
  `branch_id` int NOT NULL,
  `session_id` int NOT NULL,
  PRIMARY KEY (`id`),
  KEY `fee_fine_rms_2` (`month`),
  KEY `fee_fine_rms_3` (`session_id`),
  KEY `fee_fine_rms_4` (`branch_id`)
) ENGINE=InnoDB DEFAULT CHARSET=utf8mb3;

-- --------------------------------------------------------

--
-- Table structure for table `transport_route`
--

CREATE TABLE IF NOT EXISTS `transport_route` (
  `id` int NOT NULL AUTO_INCREMENT,
  `name` longtext NOT NULL,
  `start_place` longtext NOT NULL,
  `remarks` longtext NOT NULL,
  `stop_place` longtext NOT NULL,
  `branch_id` int DEFAULT NULL,
  PRIMARY KEY (`id`),
  KEY `transport_route_rms_1` (`branch_id`)
) ENGINE=InnoDB DEFAULT CHARSET=utf8mb3;

-- --------------------------------------------------------

--
-- Table structure for table `transport_stoppage`
--

CREATE TABLE IF NOT EXISTS `transport_stoppage` (
  `id` int NOT NULL AUTO_INCREMENT,
  `stop_position` varchar(255) NOT NULL,
  `stop_time` time NOT NULL,
  `route_fare` decimal(18,2) NOT NULL,
  `branch_id` int NOT NULL,
  `created_at` timestamp NOT NULL DEFAULT CURRENT_TIMESTAMP,
  PRIMARY KEY (`id`),
  KEY `transport_stoppage_rms_1` (`branch_id`)
) ENGINE=InnoDB DEFAULT CHARSET=utf8mb3;

-- --------------------------------------------------------

--
-- Table structure for table `transport_stoppage_point`
--

CREATE TABLE IF NOT EXISTS `transport_stoppage_point` (
  `id` int NOT NULL AUTO_INCREMENT,
  `route_id` int NOT NULL,
  `stoppage_id` int NOT NULL,
  `route_fare` decimal(18,2) DEFAULT NULL,
  `stop_time` time DEFAULT NULL,
  `order_no` int NOT NULL,
  `branch_id` int NOT NULL,
  `session_id` int NOT NULL,
  `created_at` datetime NOT NULL DEFAULT CURRENT_TIMESTAMP,
  PRIMARY KEY (`id`),
  KEY `transport_assign_rms_1` (`branch_id`),
  KEY `transport_stoppage_point_rms_1` (`route_id`),
  KEY `transport_stoppage_point_rms_3` (`session_id`)
) ENGINE=InnoDB DEFAULT CHARSET=utf8mb3;

-- --------------------------------------------------------

--
-- Table structure for table `transport_vehicle`
--

CREATE TABLE IF NOT EXISTS `transport_vehicle` (
  `id` int NOT NULL AUTO_INCREMENT,
  `vehicle_no` longtext NOT NULL,
  `capacity` longtext NOT NULL,
  `insurance_renewal` longtext NOT NULL,
  `driver_name` longtext NOT NULL,
  `driver_phone` longtext NOT NULL,
  `driver_license` longtext NOT NULL,
  `branch_id` int DEFAULT NULL,
  `created_at` timestamp NOT NULL DEFAULT CURRENT_TIMESTAMP,
  `updated_at` datetime DEFAULT NULL,
  PRIMARY KEY (`id`),
  KEY `transport_vehicle_rms_1` (`branch_id`)
) ENGINE=InnoDB DEFAULT CHARSET=utf8mb3;

-- --------------------------------------------------------

--
-- Table structure for table `visitor_log`
--

CREATE TABLE IF NOT EXISTS `visitor_log` (
  `id` int NOT NULL AUTO_INCREMENT,
  `name` varchar(255) DEFAULT NULL,
  `number` varchar(255) DEFAULT NULL,
  `purpose_id` int DEFAULT NULL,
  `date` date NOT NULL,
  `entry_time` time DEFAULT NULL,
  `exit_time` time DEFAULT NULL,
  `number_of_visitor` float DEFAULT NULL,
  `id_number` varchar(255) DEFAULT NULL,
  `token_pass` varchar(255) DEFAULT NULL,
  `note` text CHARACTER SET utf8mb3 COLLATE utf8mb3_unicode_ci NOT NULL,
  `branch_id` int NOT NULL,
  `created_by` int NOT NULL,
  `created_at` datetime NOT NULL,
  `updated_at` datetime DEFAULT NULL,
  PRIMARY KEY (`id`),
  KEY `visitor_log_rms_1` (`branch_id`)
) ENGINE=InnoDB DEFAULT CHARSET=utf8mb3;

-- --------------------------------------------------------

--
-- Table structure for table `visitor_purpose`
--

CREATE TABLE IF NOT EXISTS `visitor_purpose` (
  `id` int NOT NULL AUTO_INCREMENT,
  `name` varchar(255) NOT NULL,
  `branch_id` int NOT NULL,
  PRIMARY KEY (`id`),
  KEY `visitor_purpose_rms_1` (`branch_id`)
) ENGINE=InnoDB DEFAULT CHARSET=utf8mb3;

-- --------------------------------------------------------

--
-- Table structure for table `voucher_head`
--

CREATE TABLE IF NOT EXISTS `voucher_head` (
  `id` int NOT NULL AUTO_INCREMENT,
  `name` varchar(255) NOT NULL,
  `type` varchar(20) NOT NULL,
  `system` tinyint(1) DEFAULT '0',
  `branch_id` int NOT NULL,
  PRIMARY KEY (`id`),
  KEY `voucher_head_rms_1` (`branch_id`)
) ENGINE=InnoDB DEFAULT CHARSET=utf8mb3;

-- --------------------------------------------------------

--
-- Table structure for table `whatsapp_agent`
--

CREATE TABLE IF NOT EXISTS `whatsapp_agent` (
  `id` int NOT NULL AUTO_INCREMENT,
  `agent_name` varchar(255) NOT NULL,
  `agent_image` varchar(255) NOT NULL,
  `agent_designation` varchar(255) NOT NULL,
  `whataspp_number` varchar(255) NOT NULL,
  `start_time` time NOT NULL,
  `end_time` time NOT NULL,
  `weekend` varchar(20) DEFAULT NULL,
  `enable` tinyint(1) NOT NULL DEFAULT '1',
  `branch_id` int NOT NULL,
  `created_at` datetime NOT NULL DEFAULT CURRENT_TIMESTAMP,
  PRIMARY KEY (`id`)
) ENGINE=InnoDB AUTO_INCREMENT=3 DEFAULT CHARSET=utf8mb3;

--
-- Dumping data for table `whatsapp_agent`
--

INSERT INTO `whatsapp_agent` (`id`, `agent_name`, `agent_image`, `agent_designation`, `whataspp_number`, `start_time`, `end_time`, `weekend`, `enable`, `branch_id`, `created_at`) VALUES
(1, 'Mrs Adeloye', 'ae459f02d3ae1928a67a52e1b0538520.png', 'Admin', '2348034291067', '10:30:00', '10:30:00', '0', 1, 1, '2025-09-16 12:27:33'),
(2, 'Mrs Abosede', '8b48dece912434a34a3602fe3f512d27.png', 'HM', '2348062629714', '09:15:00', '21:15:00', 'sunday', 1, 2, '2025-10-04 23:14:30');

-- --------------------------------------------------------

--
-- Table structure for table `whatsapp_chat`
--

CREATE TABLE IF NOT EXISTS `whatsapp_chat` (
  `id` int NOT NULL AUTO_INCREMENT,
  `header_title` varchar(255) NOT NULL,
  `subtitle` varchar(355) DEFAULT NULL,
  `footer_text` varchar(255) DEFAULT NULL,
  `popup_message` varchar(255) DEFAULT NULL,
  `frontend_enable_chat` tinyint(1) NOT NULL DEFAULT '0',
  `backend_enable_chat` tinyint(1) NOT NULL DEFAULT '0',
  `branch_id` int NOT NULL,
  `created_at` datetime NOT NULL DEFAULT CURRENT_TIMESTAMP,
  PRIMARY KEY (`id`)
) ENGINE=InnoDB AUTO_INCREMENT=3 DEFAULT CHARSET=utf8mb3;

--
-- Dumping data for table `whatsapp_chat`
--

INSERT INTO `whatsapp_chat` (`id`, `header_title`, `subtitle`, `footer_text`, `popup_message`, `frontend_enable_chat`, `backend_enable_chat`, `branch_id`, `created_at`) VALUES
(1, 'Start a Conversation', 'Make Enquiries about our School.', 'Use this feature to chat with our agent.', NULL, 1, 1, 1, '2022-02-16 13:49:13'),
(2, 'Conversation', 'Hi! Click one of our members below to chat on WhatsApp ;)', 'Use this feature to chat with our agent.', NULL, 1, 1, 2, '2022-02-16 13:49:13');

-- --------------------------------------------------------

--
-- Table structure for table `zoom_own_api`
--

CREATE TABLE IF NOT EXISTS `zoom_own_api` (
  `id` int NOT NULL AUTO_INCREMENT,
  `user_type` tinyint(1) NOT NULL,
  `user_id` int NOT NULL,
  `zoom_api_key` varchar(255) NOT NULL,
  `zoom_api_secret` varchar(255) NOT NULL,
  PRIMARY KEY (`id`)
) ENGINE=InnoDB DEFAULT CHARSET=utf8mb3;

--
-- Constraints for dumped tables
--

--
-- Constraints for table `accounts`
--
ALTER TABLE `accounts`
  ADD CONSTRAINT `accounts_rms_1` FOREIGN KEY (`branch_id`) REFERENCES `branch` (`id`) ON DELETE CASCADE;

--
-- Constraints for table `advance_salary`
--
ALTER TABLE `advance_salary`
  ADD CONSTRAINT `advance_salary_rms_1` FOREIGN KEY (`branch_id`) REFERENCES `branch` (`id`) ON DELETE CASCADE,
  ADD CONSTRAINT `advance_salary_rms_2` FOREIGN KEY (`staff_id`) REFERENCES `staff` (`id`) ON DELETE CASCADE;

--
-- Constraints for table `alumni_events`
--
ALTER TABLE `alumni_events`
  ADD CONSTRAINT `alumni_events_rms_1` FOREIGN KEY (`branch_id`) REFERENCES `branch` (`id`) ON DELETE CASCADE;

--
-- Constraints for table `alumni_students`
--
ALTER TABLE `alumni_students`
  ADD CONSTRAINT `alumni_students_rms_1` FOREIGN KEY (`enroll_id`) REFERENCES `enroll` (`id`) ON DELETE CASCADE;

--
-- Constraints for table `attachments`
--
ALTER TABLE `attachments`
  ADD CONSTRAINT `attachments_rms_1` FOREIGN KEY (`session_id`) REFERENCES `schoolyear` (`id`) ON DELETE CASCADE,
  ADD CONSTRAINT `attachments_rms_2` FOREIGN KEY (`branch_id`) REFERENCES `branch` (`id`) ON DELETE CASCADE;

--
-- Constraints for table `attachments_type`
--
ALTER TABLE `attachments_type`
  ADD CONSTRAINT `attachments_type_rms_1` FOREIGN KEY (`branch_id`) REFERENCES `branch` (`id`) ON DELETE CASCADE;

--
-- Constraints for table `award`
--
ALTER TABLE `award`
  ADD CONSTRAINT `award_rms_1` FOREIGN KEY (`branch_id`) REFERENCES `branch` (`id`) ON DELETE CASCADE,
  ADD CONSTRAINT `award_rms_2` FOREIGN KEY (`session_id`) REFERENCES `schoolyear` (`id`) ON DELETE CASCADE;

--
-- Constraints for table `book`
--
ALTER TABLE `book`
  ADD CONSTRAINT `book_rms_1` FOREIGN KEY (`branch_id`) REFERENCES `branch` (`id`) ON DELETE CASCADE;

--
-- Constraints for table `book_category`
--
ALTER TABLE `book_category`
  ADD CONSTRAINT `book_category_rms_1` FOREIGN KEY (`branch_id`) REFERENCES `branch` (`id`) ON DELETE CASCADE;

--
-- Constraints for table `book_issues`
--
ALTER TABLE `book_issues`
  ADD CONSTRAINT `book_issues_rms1` FOREIGN KEY (`branch_id`) REFERENCES `branch` (`id`) ON DELETE CASCADE,
  ADD CONSTRAINT `book_issues_rms2` FOREIGN KEY (`book_id`) REFERENCES `book` (`id`) ON DELETE CASCADE,
  ADD CONSTRAINT `book_issues_rms3` FOREIGN KEY (`session_id`) REFERENCES `schoolyear` (`id`) ON DELETE CASCADE;

--
-- Constraints for table `bulk_msg_category`
--
ALTER TABLE `bulk_msg_category`
  ADD CONSTRAINT `bulk_msg_category_rms_1` FOREIGN KEY (`branch_id`) REFERENCES `branch` (`id`) ON DELETE CASCADE;

--
-- Constraints for table `bulk_sms_email`
--
ALTER TABLE `bulk_sms_email`
  ADD CONSTRAINT `bulk_sms_email_rms_1` FOREIGN KEY (`branch_id`) REFERENCES `branch` (`id`) ON DELETE CASCADE;

--
-- Constraints for table `call_log`
--
ALTER TABLE `call_log`
  ADD CONSTRAINT `call_log_rms_1` FOREIGN KEY (`branch_id`) REFERENCES `branch` (`id`) ON DELETE CASCADE;

--
-- Constraints for table `call_purpose`
--
ALTER TABLE `call_purpose`
  ADD CONSTRAINT `call_purpose_rms_1` FOREIGN KEY (`branch_id`) REFERENCES `branch` (`id`) ON DELETE CASCADE;

--
-- Constraints for table `card_templete`
--
ALTER TABLE `card_templete`
  ADD CONSTRAINT `card_templete_rms_1` FOREIGN KEY (`branch_id`) REFERENCES `branch` (`id`) ON DELETE CASCADE;

--
-- Constraints for table `certificates_templete`
--
ALTER TABLE `certificates_templete`
  ADD CONSTRAINT `certificates_templete_rms_1` FOREIGN KEY (`branch_id`) REFERENCES `branch` (`id`) ON DELETE CASCADE;

--
-- Constraints for table `class`
--
ALTER TABLE `class`
  ADD CONSTRAINT `class_rms_1` FOREIGN KEY (`branch_id`) REFERENCES `branch` (`id`) ON DELETE CASCADE;

--
-- Constraints for table `complaint`
--
ALTER TABLE `complaint`
  ADD CONSTRAINT `complaint_rms_1` FOREIGN KEY (`branch_id`) REFERENCES `branch` (`id`) ON DELETE CASCADE;

--
-- Constraints for table `complaint_type`
--
ALTER TABLE `complaint_type`
  ADD CONSTRAINT `complaint_type_rms_1` FOREIGN KEY (`branch_id`) REFERENCES `branch` (`id`) ON DELETE CASCADE;

--
-- Constraints for table `disable_reason`
--
ALTER TABLE `disable_reason`
  ADD CONSTRAINT `disable_reason_rms_1` FOREIGN KEY (`branch_id`) REFERENCES `branch` (`id`) ON DELETE CASCADE;

--
-- Constraints for table `enquiry`
--
ALTER TABLE `enquiry`
  ADD CONSTRAINT `enquiry_rms_1` FOREIGN KEY (`branch_id`) REFERENCES `branch` (`id`) ON DELETE CASCADE;

--
-- Constraints for table `enquiry_follow_up`
--
ALTER TABLE `enquiry_follow_up`
  ADD CONSTRAINT `enquiry_follow_up_rms_1` FOREIGN KEY (`enquiry_id`) REFERENCES `enquiry` (`id`) ON DELETE CASCADE;

--
-- Constraints for table `enquiry_reference`
--
ALTER TABLE `enquiry_reference`
  ADD CONSTRAINT `enquiry_reference_rms_1` FOREIGN KEY (`branch_id`) REFERENCES `branch` (`id`) ON DELETE CASCADE;

--
-- Constraints for table `enquiry_response`
--
ALTER TABLE `enquiry_response`
  ADD CONSTRAINT `enquiry_response_rms_1` FOREIGN KEY (`branch_id`) REFERENCES `branch` (`id`) ON DELETE CASCADE;

--
-- Constraints for table `event`
--
ALTER TABLE `event`
  ADD CONSTRAINT `event_rms_1` FOREIGN KEY (`branch_id`) REFERENCES `branch` (`id`) ON DELETE CASCADE,
  ADD CONSTRAINT `event_rms_2` FOREIGN KEY (`session_id`) REFERENCES `schoolyear` (`id`) ON DELETE CASCADE;

--
-- Constraints for table `event_types`
--
ALTER TABLE `event_types`
  ADD CONSTRAINT `event_types_rms_1` FOREIGN KEY (`branch_id`) REFERENCES `branch` (`id`) ON DELETE CASCADE;

--
-- Constraints for table `exam_attendance`
--
ALTER TABLE `exam_attendance`
  ADD CONSTRAINT `exam_attendance_rms_1` FOREIGN KEY (`branch_id`) REFERENCES `branch` (`id`) ON DELETE CASCADE,
  ADD CONSTRAINT `exam_attendance_rms_2` FOREIGN KEY (`exam_id`) REFERENCES `exam` (`id`) ON DELETE CASCADE,
  ADD CONSTRAINT `exam_attendance_rms_3` FOREIGN KEY (`student_id`) REFERENCES `student` (`id`) ON DELETE CASCADE;

--
-- Constraints for table `exam_hall`
--
ALTER TABLE `exam_hall`
  ADD CONSTRAINT `exam_hall_rms_1` FOREIGN KEY (`branch_id`) REFERENCES `branch` (`id`) ON DELETE CASCADE;

--
-- Constraints for table `exam_mark_distribution`
--
ALTER TABLE `exam_mark_distribution`
  ADD CONSTRAINT `exam_mark_distribution_rms_1` FOREIGN KEY (`branch_id`) REFERENCES `branch` (`id`) ON DELETE CASCADE;

--
-- Constraints for table `exam_rank`
--
ALTER TABLE `exam_rank`
  ADD CONSTRAINT `exam_rank_rms_1` FOREIGN KEY (`enroll_id`) REFERENCES `enroll` (`id`) ON DELETE CASCADE,
  ADD CONSTRAINT `exam_rank_rms_2` FOREIGN KEY (`exam_id`) REFERENCES `exam` (`id`) ON DELETE CASCADE;

--
-- Constraints for table `fees_reminder`
--
ALTER TABLE `fees_reminder`
  ADD CONSTRAINT `fees_reminder_rms_1` FOREIGN KEY (`branch_id`) REFERENCES `branch` (`id`) ON DELETE CASCADE;

--
-- Constraints for table `fee_allocation`
--
ALTER TABLE `fee_allocation`
  ADD CONSTRAINT `fee_allocation_rsm_1` FOREIGN KEY (`student_id`) REFERENCES `enroll` (`id`) ON DELETE CASCADE,
  ADD CONSTRAINT `fee_allocation_rsm_2` FOREIGN KEY (`branch_id`) REFERENCES `branch` (`id`) ON DELETE CASCADE,
  ADD CONSTRAINT `fee_allocation_rsm_3` FOREIGN KEY (`session_id`) REFERENCES `schoolyear` (`id`) ON DELETE CASCADE;

--
-- Constraints for table `fee_fine`
--
ALTER TABLE `fee_fine`
  ADD CONSTRAINT `fee_fine_rms_1` FOREIGN KEY (`branch_id`) REFERENCES `branch` (`id`) ON DELETE CASCADE,
  ADD CONSTRAINT `fee_fine_rms_2` FOREIGN KEY (`group_id`) REFERENCES `fee_groups` (`id`) ON DELETE CASCADE,
  ADD CONSTRAINT `fee_fine_rms_3` FOREIGN KEY (`session_id`) REFERENCES `schoolyear` (`id`) ON DELETE CASCADE,
  ADD CONSTRAINT `fee_fine_rms_4` FOREIGN KEY (`branch_id`) REFERENCES `branch` (`id`) ON DELETE CASCADE;

--
-- Constraints for table `fee_groups_details`
--
ALTER TABLE `fee_groups_details`
  ADD CONSTRAINT `fee_groups_details_rms_1` FOREIGN KEY (`fee_groups_id`) REFERENCES `fee_groups` (`id`) ON DELETE CASCADE,
  ADD CONSTRAINT `fee_groups_details_rms_2` FOREIGN KEY (`fee_type_id`) REFERENCES `fees_type` (`id`) ON DELETE CASCADE;

--
-- Constraints for table `fee_payment_history`
--
ALTER TABLE `fee_payment_history`
  ADD CONSTRAINT `fee_payment_history_rms_1` FOREIGN KEY (`allocation_id`) REFERENCES `fee_allocation` (`id`) ON DELETE CASCADE,
  ADD CONSTRAINT `fee_payment_history_rms_2` FOREIGN KEY (`type_id`) REFERENCES `fees_type` (`id`) ON DELETE CASCADE;

--
-- Constraints for table `front_cms_news_list`
--
ALTER TABLE `front_cms_news_list`
  ADD CONSTRAINT `front_cms_news_list_rms_1` FOREIGN KEY (`branch_id`) REFERENCES `branch` (`id`) ON DELETE CASCADE;

--
-- Constraints for table `grade`
--
ALTER TABLE `grade`
  ADD CONSTRAINT `grade_rms_1` FOREIGN KEY (`branch_id`) REFERENCES `branch` (`id`) ON DELETE CASCADE;

--
-- Constraints for table `homework`
--
ALTER TABLE `homework`
  ADD CONSTRAINT `homework_rms_1` FOREIGN KEY (`branch_id`) REFERENCES `branch` (`id`) ON DELETE CASCADE,
  ADD CONSTRAINT `homework_rms_2` FOREIGN KEY (`class_id`) REFERENCES `class` (`id`) ON DELETE CASCADE,
  ADD CONSTRAINT `homework_rms_3` FOREIGN KEY (`section_id`) REFERENCES `section` (`id`) ON DELETE CASCADE,
  ADD CONSTRAINT `homework_rms_4` FOREIGN KEY (`session_id`) REFERENCES `schoolyear` (`id`) ON DELETE CASCADE,
  ADD CONSTRAINT `homework_rms_5` FOREIGN KEY (`subject_id`) REFERENCES `subject` (`id`) ON DELETE CASCADE;

--
-- Constraints for table `homework_evaluation`
--
ALTER TABLE `homework_evaluation`
  ADD CONSTRAINT `homework_evaluation_rms_1` FOREIGN KEY (`homework_id`) REFERENCES `homework` (`id`) ON DELETE CASCADE;

--
-- Constraints for table `homework_submit`
--
ALTER TABLE `homework_submit`
  ADD CONSTRAINT `homework_submit_rms_1` FOREIGN KEY (`homework_id`) REFERENCES `homework` (`id`) ON DELETE CASCADE,
  ADD CONSTRAINT `homework_submit_rms_2` FOREIGN KEY (`student_id`) REFERENCES `student` (`id`) ON DELETE CASCADE;

--
-- Constraints for table `hostel`
--
ALTER TABLE `hostel`
  ADD CONSTRAINT `hostel_rms_1` FOREIGN KEY (`branch_id`) REFERENCES `branch` (`id`) ON DELETE CASCADE;

--
-- Constraints for table `login_log`
--
ALTER TABLE `login_log`
  ADD CONSTRAINT `login_log_rms_1` FOREIGN KEY (`branch_id`) REFERENCES `branch` (`id`) ON DELETE CASCADE;

--
-- Constraints for table `marksheet_template`
--
ALTER TABLE `marksheet_template`
  ADD CONSTRAINT `marksheet_template_rms_1` FOREIGN KEY (`branch_id`) REFERENCES `branch` (`id`) ON DELETE CASCADE;

--
-- Constraints for table `online_admission`
--
ALTER TABLE `online_admission`
  ADD CONSTRAINT `online_admission_rms_1` FOREIGN KEY (`branch_id`) REFERENCES `branch` (`id`) ON DELETE CASCADE;

--
-- Constraints for table `product`
--
ALTER TABLE `product`
  ADD CONSTRAINT `product_rms_1` FOREIGN KEY (`branch_id`) REFERENCES `branch` (`id`) ON DELETE CASCADE;

--
-- Constraints for table `product_category`
--
ALTER TABLE `product_category`
  ADD CONSTRAINT `product_category_rms_1` FOREIGN KEY (`branch_id`) REFERENCES `branch` (`id`) ON DELETE CASCADE;

--
-- Constraints for table `product_issues`
--
ALTER TABLE `product_issues`
  ADD CONSTRAINT `product_issues_rms_1` FOREIGN KEY (`branch_id`) REFERENCES `branch` (`id`) ON DELETE CASCADE;

--
-- Constraints for table `product_issues_details`
--
ALTER TABLE `product_issues_details`
  ADD CONSTRAINT `product_issues_details_rms_1` FOREIGN KEY (`product_id`) REFERENCES `product` (`id`) ON DELETE CASCADE;

--
-- Constraints for table `product_supplier`
--
ALTER TABLE `product_supplier`
  ADD CONSTRAINT `product_supplier_rms_1` FOREIGN KEY (`branch_id`) REFERENCES `branch` (`id`) ON DELETE CASCADE;

--
-- Constraints for table `promotion_history`
--
ALTER TABLE `promotion_history`
  ADD CONSTRAINT `promotion_history_rms_1` FOREIGN KEY (`student_id`) REFERENCES `student` (`id`) ON DELETE CASCADE;

--
-- Constraints for table `purchase_bill`
--
ALTER TABLE `purchase_bill`
  ADD CONSTRAINT `purchase_bill_rms_1` FOREIGN KEY (`branch_id`) REFERENCES `branch` (`id`) ON DELETE CASCADE;

--
-- Constraints for table `purchase_bill_details`
--
ALTER TABLE `purchase_bill_details`
  ADD CONSTRAINT `purchase_bill_details_rms_1` FOREIGN KEY (`product_id`) REFERENCES `product` (`id`) ON DELETE CASCADE;

--
-- Constraints for table `sales_bill`
--
ALTER TABLE `sales_bill`
  ADD CONSTRAINT `sales_bill_rms_1` FOREIGN KEY (`branch_id`) REFERENCES `branch` (`id`) ON DELETE CASCADE;

--
-- Constraints for table `sales_bill_details`
--
ALTER TABLE `sales_bill_details`
  ADD CONSTRAINT `sales_bill_details_rms_1` FOREIGN KEY (`product_id`) REFERENCES `product` (`id`) ON DELETE CASCADE;

--
-- Constraints for table `sections_allocation`
--
ALTER TABLE `sections_allocation`
  ADD CONSTRAINT `sections_allocation_rms_1` FOREIGN KEY (`class_id`) REFERENCES `class` (`id`) ON DELETE CASCADE,
  ADD CONSTRAINT `sections_allocation_rms_2` FOREIGN KEY (`section_id`) REFERENCES `section` (`id`) ON DELETE CASCADE;

--
-- Constraints for table `section_marksheet_template`
--
ALTER TABLE `section_marksheet_template`
  ADD CONSTRAINT `section_marksheet_template_branch_fk` FOREIGN KEY (`branch_id`) REFERENCES `branch` (`id`) ON DELETE CASCADE ON UPDATE RESTRICT,
  ADD CONSTRAINT `section_marksheet_template_section_fk` FOREIGN KEY (`section_id`) REFERENCES `section` (`id`) ON DELETE CASCADE ON UPDATE RESTRICT,
  ADD CONSTRAINT `section_marksheet_template_template_fk` FOREIGN KEY (`template_id`) REFERENCES `marksheet_template` (`id`) ON DELETE CASCADE ON UPDATE RESTRICT;

--
-- Constraints for table `skills_items`
--
ALTER TABLE `skills_items`
  ADD CONSTRAINT `skills_items_ibfk_1` FOREIGN KEY (`category_id`) REFERENCES `skills_categories` (`id`) ON DELETE CASCADE;

--
-- Constraints for table `staff_attendance`
--
ALTER TABLE `staff_attendance`
  ADD CONSTRAINT `staff_attendance_rms_1` FOREIGN KEY (`branch_id`) REFERENCES `branch` (`id`) ON DELETE CASCADE,
  ADD CONSTRAINT `staff_attendance_rms_2` FOREIGN KEY (`staff_id`) REFERENCES `staff` (`id`) ON DELETE CASCADE;

--
-- Constraints for table `student_attendance`
--
ALTER TABLE `student_attendance`
  ADD CONSTRAINT `student_attendance_rms_1` FOREIGN KEY (`branch_id`) REFERENCES `branch` (`id`) ON DELETE CASCADE,
  ADD CONSTRAINT `student_attendance_rms_2` FOREIGN KEY (`enroll_id`) REFERENCES `enroll` (`id`) ON DELETE CASCADE;

--
-- Constraints for table `student_subject_attendance`
--
ALTER TABLE `student_subject_attendance`
  ADD CONSTRAINT `student_subject_attendance_rms_1` FOREIGN KEY (`branch_id`) REFERENCES `branch` (`id`) ON DELETE CASCADE,
  ADD CONSTRAINT `student_subject_attendance_rms_2` FOREIGN KEY (`enroll_id`) REFERENCES `enroll` (`id`) ON DELETE CASCADE;

--
-- Constraints for table `transactions`
--
ALTER TABLE `transactions`
  ADD CONSTRAINT `transactions_rms_1` FOREIGN KEY (`branch_id`) REFERENCES `branch` (`id`) ON DELETE CASCADE;

--
-- Constraints for table `transactions_links`
--
ALTER TABLE `transactions_links`
  ADD CONSTRAINT `transactions_links_rms_1` FOREIGN KEY (`branch_id`) REFERENCES `branch` (`id`) ON DELETE CASCADE;

--
-- Constraints for table `transport_assign`
--
ALTER TABLE `transport_assign`
  ADD CONSTRAINT `transport_assign_rms_1` FOREIGN KEY (`branch_id`) REFERENCES `branch` (`id`) ON DELETE CASCADE;

--
-- Constraints for table `transport_fee_details`
--
ALTER TABLE `transport_fee_details`
  ADD CONSTRAINT `transport_fee_details_rms_2` FOREIGN KEY (`enroll_id`) REFERENCES `enroll` (`id`) ON DELETE CASCADE;

--
-- Constraints for table `transport_route`
--
ALTER TABLE `transport_route`
  ADD CONSTRAINT `transport_route_rms_1` FOREIGN KEY (`branch_id`) REFERENCES `branch` (`id`) ON DELETE CASCADE;

--
-- Constraints for table `transport_stoppage`
--
ALTER TABLE `transport_stoppage`
  ADD CONSTRAINT `transport_stoppage_rms_1` FOREIGN KEY (`branch_id`) REFERENCES `branch` (`id`) ON DELETE CASCADE;

--
-- Constraints for table `transport_stoppage_point`
--
ALTER TABLE `transport_stoppage_point`
  ADD CONSTRAINT `transport_stoppage_point_rms_1` FOREIGN KEY (`route_id`) REFERENCES `transport_route` (`id`) ON DELETE CASCADE,
  ADD CONSTRAINT `transport_stoppage_point_rms_2` FOREIGN KEY (`branch_id`) REFERENCES `branch` (`id`) ON DELETE CASCADE,
  ADD CONSTRAINT `transport_stoppage_point_rms_3` FOREIGN KEY (`session_id`) REFERENCES `schoolyear` (`id`) ON DELETE CASCADE;

--
-- Constraints for table `transport_vehicle`
--
ALTER TABLE `transport_vehicle`
  ADD CONSTRAINT `transport_vehicle_rms_1` FOREIGN KEY (`branch_id`) REFERENCES `branch` (`id`) ON DELETE CASCADE;

--
-- Constraints for table `visitor_log`
--
ALTER TABLE `visitor_log`
  ADD CONSTRAINT `visitor_log_rms_1` FOREIGN KEY (`branch_id`) REFERENCES `branch` (`id`) ON DELETE CASCADE;

--
-- Constraints for table `visitor_purpose`
--
ALTER TABLE `visitor_purpose`
  ADD CONSTRAINT `visitor_purpose_rms_1` FOREIGN KEY (`branch_id`) REFERENCES `branch` (`id`) ON DELETE CASCADE;

--
-- Constraints for table `voucher_head`
--
ALTER TABLE `voucher_head`
  ADD CONSTRAINT `voucher_head_rms_1` FOREIGN KEY (`branch_id`) REFERENCES `branch` (`id`) ON DELETE CASCADE;
COMMIT;

