INSERT INTO `rm_sessions` (`id`, `ip_address`, `timestamp`, `data`) VALUES
('fabbf6600702aada766865ab1ed9bc2d8e7ca1db', '2a06:98c0:3600::103', 1759022507, 0x5f5f63695f6c6173745f726567656e65726174657c693a313735393032323530373b),
('fabd795da3fc47051a8cace28e8d2c72de36f219', '51.75.236.136', 1771093899, 0x5f5f63695f6c6173745f726567656e65726174657c693a313737313039333839393b),
('fac082021cb71c7abd987a0236f581937d4f1a79', '74.7.227.190', 1763077288, 0x5f5f63695f6c6173745f726567656e65726174657c693a313736333037373238383b),
('fac0ba9964b501cc06c038c0b43c2d7fbaea8a75', '85.203.23.212', 1772996335, 0x5f5f63695f6c6173745f726567656e65726174657c693a313737323939363333353b),
('fac13fefb8c243673a067b91fff47addd0e347e5', '198.244.168.33', 1761741768, 0x5f5f63695f6c6173745f726567656e65726174657c693a313736313734313736383b),
('fac358951a01cc30c8fbd520f50b01a03aa09763', '74.125.210.161', 1769193957, 0x5f5f63695f6c6173745f726567656e65726174657c693a313736393139333935373b),
('fac40c65432043f998c99ab11c9a9eb75cf49fab', '2a06:98c0:3600::103', 1758122512, 0x5f5f63695f6c6173745f726567656e65726174657c693a313735383132323531323b),
('fac4146e1d7b800ee983b20b2c4297dcc4f8a2a4', '93.158.90.71', 1760672165, 0x5f5f63695f6c6173745f726567656e65726174657c693a313736303637323136353b),
('fac4cddd5f182ae89eb8c2449b4fba60113c762f', '43.153.74.75', 1760583561, 0x5f5f63695f6c6173745f726567656e65726174657c693a313736303538333536313b),
('fac6b41f01f8b69a2cd04b414316834468c77306', '105.113.62.247', 1760035882, 0x5f5f63695f6c6173745f726567656e65726174657c693a313736303033353838323b72656469726563745f75726c7c733a34363a2268747470733a2f2f6564756d61632e636c6f75642f66726f6e74656e642f73657276696365732f656469742f3132223b6e616d657c733a363a224564754d6163223b6c6f676765725f70686f746f7c733a33363a2266343235336265366533663362643863346137666665386136303863616634642e706e67223b6c6f67676564696e5f6272616e63687c4e3b6c6f67676564696e5f656d61696c7c733a32333a226d6163616e616c797469636e6740676d61696c2e636f6d223b6c6f67676564696e5f69647c733a313a2231223b6c6f67676564696e5f7573657269647c733a313a2231223b6c6f67676564696e5f726f6c655f69647c733a313a2231223b6c6f67676564696e5f747970657c733a353a227374616666223b7365745f6c616e677c733a373a22656e676c697368223b69735f72746c7c623a303b7365745f73657373696f6e5f69647c733a313a2234223b6c6f67676564696e7c623a313b616c6572742d6d6573736167652d737563636573737c733a33393a22496e666f726d6174696f6e20486173204265656e205361766564205375636365737366756c6c79223b5f5f63695f766172737c613a313a7b733a32313a22616c6572742d6d6573736167652d73756363657373223b733a333a226f6c64223b7d),
('fac6c42a0031e1fa27d03411c39fafc0d165f749', '93.158.91.237', 1767933428, 0x5f5f63695f6c6173745f726567656e65726174657c693a313736373933333432383b),
('fac89dd29b81e5a0ceeb6d98c8e8984be9d9f880', '20.78.169.245', 1769591435, 0x5f5f63695f6c6173745f726567656e65726174657c693a313736393539313433353b),
('facabdba4dcb8e603350c494e1ede3cf66216f52', '185.247.137.98', 1763718718, 0x5f5f63695f6c6173745f726567656e65726174657c693a313736333731383731383b),
('facb21f9151177dbba49850b3d383f753b408f42', '89.251.0.187', 1769779577, 0x5f5f63695f6c6173745f726567656e65726174657c693a313736393737393537373b),
('facbb72b7d94754142402cb17f7269eb73fff112', '167.94.138.177', 1769149514, 0x5f5f63695f6c6173745f726567656e65726174657c693a313736393134393531343b),
('facbfad304fc08313bfa76c887ad0d44e1a6634d', '185.64.78.13', 1770814677, 0x5f5f63695f6c6173745f726567656e65726174657c693a313737303831343637373b),
('facc2e241b12c7be8d9f6dba6b1cf26716326deb', '52.230.35.34', 1769662608, 0x5f5f63695f6c6173745f726567656e65726174657c693a313736393636323630383b),
('facd93d628a314b118c9f9ec43b0f61b77b71cae', '87.236.176.131', 1763831948, 0x5f5f63695f6c6173745f726567656e65726174657c693a313736333833313934383b),
('facf25d6b5c117b142b3c5f8e0f40f15f7332080', '87.236.176.193', 1763038304, 0x5f5f63695f6c6173745f726567656e65726174657c693a313736333033383330343b),
('fad1e91377fea70ce28fb8309d010d2c5b0af91f', '104.131.161.7', 1763648505, 0x5f5f63695f6c6173745f726567656e65726174657c693a313736333634383530353b),
('fad262cd4897614cd103bbd3ac4a2ba39e23554b', '3.127.148.155', 1764229238, 0x5f5f63695f6c6173745f726567656e65726174657c693a313736343232393233383b),
('fad348da268d3e7f500bd390810b00aad53aa3e8', '176.31.139.21', 1771534523, 0x5f5f63695f6c6173745f726567656e65726174657c693a313737313533343532333b),
('fad360d912aca3be2c5447d761d4bbcc625cba05', '68.218.64.243', 1768895074, 0x5f5f63695f6c6173745f726567656e65726174657c693a313736383839353037343b),
('fad4df66c6d98748c58f5b0627c16425e1f057bd', '2a06:98c0:3600::103', 1758058136, 0x5f5f63695f6c6173745f726567656e65726174657c693a313735383035383133363b),
('fadbd837b2d36a14374cac54bdb14e8a9a719293', '148.113.128.91', 1770349532, 0x5f5f63695f6c6173745f726567656e65726174657c693a313737303334393533323b),
('fadbdce6c619b0e1051cc9302d2f9a525e502334', '139.59.182.19', 1771000563, 0x5f5f63695f6c6173745f726567656e65726174657c693a313737313030303536333b),
('fadfe16a2aa6a78a921a4e7109bc6be803402749', '194.5.52.21', 1772152930, 0x5f5f63695f6c6173745f726567656e65726174657c693a313737323135323933303b),
('fae027e1bf12ab246a2de945527d52f7e5b43664', '43.157.170.13', 1768265978, 0x5f5f63695f6c6173745f726567656e65726174657c693a313736383236353937383b),
('fae1060c5729119bb296d7b441c2cdc1672fd986', '51.75.236.135', 1768655610, 0x5f5f63695f6c6173745f726567656e65726174657c693a313736383635353631303b),
('fae10bd5dc1f09521f5ba45788d4d1f6802ca18a', '85.203.23.203', 1772996392, 0x5f5f63695f6c6173745f726567656e65726174657c693a313737323939363339323b),
('fae1bcdbbca84ee2750c6196344f22f8d51df212', '185.191.171.18', 1771064843, 0x5f5f63695f6c6173745f726567656e65726174657c693a313737313036343834333b),
('fae252798f44d647002965bbe118f1bd53ea8f5a', '43.157.170.126', 1772240451, 0x5f5f63695f6c6173745f726567656e65726174657c693a313737323234303435313b),
('fae6a3c4201ad6f61f565d6fe266e2dd1caa3553', '4.217.221.80', 1761828742, 0x5f5f63695f6c6173745f726567656e65726174657c693a313736313832383638323b),
('fae95f8d1a7317c4e8e20a2e9744249392e2fa83', '20.78.154.48', 1769482026, 0x5f5f63695f6c6173745f726567656e65726174657c693a313736393438323032363b),
('fae97ce0b0b461c7104170ea480cf7bc40d2abf8', '80.248.227.19', 1766282784, 0x5f5f63695f6c6173745f726567656e65726174657c693a313736363238323738343b),
('faee4e5ccf7bcabee3918ea58391931e610eab74', '198.235.24.166', 1762587063, 0x5f5f63695f6c6173745f726567656e65726174657c693a313736323538373036333b),
('faf0277b647dcdb921aac57fc00ae5d7323a3808', '194.5.52.21', 1772152806, 0x5f5f63695f6c6173745f726567656e65726174657c693a313737323135323830363b),
('faf0c4ae563da8ef2c8f6aaa6456a1df25ffe02f', '205.169.39.45', 1758547175, 0x5f5f63695f6c6173745f726567656e65726174657c693a313735383534373137353b),
('faf256fb91c74aa14f83b41f6adba64203d2f6b2', '195.178.110.54', 1765175842, 0x5f5f63695f6c6173745f726567656e65726174657c693a313736353137353834323b),
('faf467a1cad241a71b1bb7bd5c8f9d71f9d6963a', '54.39.6.83', 1761003441, 0x5f5f63695f6c6173745f726567656e65726174657c693a313736313030333434313b),
('faf4f4637da0f6c0f04406715b248d9181a1d2f9', '199.45.154.114', 1772313829, 0x5f5f63695f6c6173745f726567656e65726174657c693a313737323331333832393b),
('faf7a850c63d44bbab49a734dd34ffa9bda814f6', '149.50.97.212', 1770793920, 0x5f5f63695f6c6173745f726567656e65726174657c693a313737303739333932303b),
('faf80af02addbfac818d73682379ab66203bd61e', '82.197.79.6', 1766518657, 0x5f5f63695f6c6173745f726567656e65726174657c693a313736363531383534393b6e616d657c733a393a224d7273204179656e69223b6c6f676765725f70686f746f7c733a33363a2236303039383736366363333433383639353234383339333431626637636231662e706e67223b6c6f67676564696e5f6272616e63687c733a313a2231223b6c6f67676564696e5f656d61696c7c733a33313a22666c6f7572697368696e67636564617268696c6c7340676d61696c2e636f6d223b6c6f67676564696e5f69647c733a313a2232223b6c6f67676564696e5f7573657269647c733a313a2232223b6c6f67676564696e5f726f6c655f69647c733a313a2239223b6c6f67676564696e5f747970657c733a353a227374616666223b7365745f6c616e677c733a373a22656e676c697368223b69735f72746c7c623a303b7365745f73657373696f6e5f69647c733a313a2234223b6c6f67676564696e7c623a313b),
('fafb5e489cfc649cea79ba2ede88bef763f5d1fd', '20.205.227.70', 1773593839, 0x5f5f63695f6c6173745f726567656e65726174657c693a313737333539333833393b),
('fafbd8083b4e0348621f0b8b6b52e76384030bb1', '197.210.8.250', 1770149423, 0x5f5f63695f6c6173745f726567656e65726174657c693a313737303134393432333b6e616d657c733a31313a224f726a61206f6b6f6c6965223b6c6f676765725f70686f746f7c4e3b6c6f67676564696e5f6272616e63687c733a313a2234223b6c6f67676564696e5f656d61696c7c733a32373a2265726f6d6f73656c65646176696430323740676d61696c2e636f6d223b6c6f67676564696e5f69647c733a343a2231343131223b6c6f67676564696e5f7573657269647c733a323a223935223b6c6f67676564696e5f726f6c655f69647c733a313a2232223b6c6f67676564696e5f747970657c733a353a227374616666223b7365745f6c616e677c733a373a22656e676c697368223b69735f72746c7c623a303b7365745f73657373696f6e5f69647c733a313a2234223b6c6f67676564696e7c623a313b616c6572742d6d6573736167652d737563636573737c733a33393a22496e666f726d6174696f6e20486173204265656e205361766564205375636365737366756c6c79223b5f5f63695f766172737c613a313a7b733a32313a22616c6572742d6d6573736167652d73756363657373223b733a333a226e6577223b7d),
('fb01cca742cce7bf711c593701baf36dcaa41ca2', '216.81.248.71', 1768871495, 0x5f5f63695f6c6173745f726567656e65726174657c693a313736383837313439353b),
('fb05912085ce4a2919ccb9c3267c38e3bb5ac853', '194.5.52.21', 1772152962, 0x5f5f63695f6c6173745f726567656e65726174657c693a313737323135323936323b),
('fb06eece39edb0e70486910a7c228102f305dff4', '2a06:98c0:3600::103', 1758959168, 0x5f5f63695f6c6173745f726567656e65726174657c693a313735383935393136383b),
('fb08c8b29e4d367e0fe3c473f4cdf22a1c2c7a45', '74.7.228.44', 1764980338, 0x5f5f63695f6c6173745f726567656e65726174657c693a313736343938303333383b),
('fb0cba295dbe634debc7fcbfc825caf22e32120a', '34.1.18.117', 1761290158, 0x5f5f63695f6c6173745f726567656e65726174657c693a313736313239303135383b),
('fb0f220383dadd693e17c2623fb05a41f30b3005', '51.195.244.129', 1772148515, 0x5f5f63695f6c6173745f726567656e65726174657c693a313737323134383531353b),
('fb108ee21ee04ae088390db7cb0a1c6f85170f14', '2a06:98c0:3600::103', 1760953580, 0x5f5f63695f6c6173745f726567656e65726174657c693a313736303935333538303b),
('fb16e231730d40a9192e1a774a690bd864b412b6', '162.142.125.113', 1772552722, 0x5f5f63695f6c6173745f726567656e65726174657c693a313737323535323732323b),
('fb16f6a9047dd35ff82896f6b45ca5fb2f0461ce', '199.45.155.64', 1763005576, 0x5f5f63695f6c6173745f726567656e65726174657c693a313736333030353537363b),
('fb17195a67cdd89f245c945e18487bc9b2aca91a', '104.210.140.140', 1765241686, 0x5f5f63695f6c6173745f726567656e65726174657c693a313736353234313638363b),
('fb185cb4ef3e2df7ffbcf8c260eef7f2fa1fe68b', '91.231.89.122', 1759857643, 0x5f5f63695f6c6173745f726567656e65726174657c693a313735393835373634333b),
('fb18b4a3113ab12f5b537e0b71d89d49ad784f06', '54.70.53.60', 1758023166, 0x5f5f63695f6c6173745f726567656e65726174657c693a313735383032333136363b72656469726563745f75726c7c733a33363a22687474703a2f2f6564756d61632e636c6f75642f66726f6e74656e642f73657474696e67223b),
('fb196f4c5fe75f9c9bf622340437ee6f73053cc5', '74.7.244.8', 1772276650, 0x5f5f63695f6c6173745f726567656e65726174657c693a313737323237363635303b),
('fb1afbd3fcda9881e4f3fb038dec51ff724beb04', '2a06:98c0:3600::103', 1758499862, 0x5f5f63695f6c6173745f726567656e65726174657c693a313735383439393836323b),
('fb1c04141d952decee1bad640da323ad85643173', '104.210.140.131', 1770493725, 0x5f5f63695f6c6173745f726567656e65726174657c693a313737303439333732353b),
('fb1d40d9076164451a7930cd8976c2448999684a', '2a06:98c0:3600::103', 1761846885, 0x5f5f63695f6c6173745f726567656e65726174657c693a313736313834363838353b),
('fb1eb453a1109d56a0935c570bd4acadc401d312', '136.118.153.188', 1765100588, 0x5f5f63695f6c6173745f726567656e65726174657c693a313736353130303538383b),
('fb203bcfe6c92923c5aeb22d3a158bfb3bd95b16', '198.244.183.7', 1770364645, 0x5f5f63695f6c6173745f726567656e65726174657c693a313737303336343634353b),
('fb20bd898958e93f3bd76a7afcd89f1a24e03be8', '40.69.27.251', 1766832232, 0x5f5f63695f6c6173745f726567656e65726174657c693a313736363833323233323b),
('fb2193378f8ccb4d981e68629ae16eacff603109', '104.28.246.115', 1772137777, 0x5f5f63695f6c6173745f726567656e65726174657c693a313737323133373737373b),
('fb22f8af3cbfca81ebb185b4674d6054c809e3bc', '2a06:98c0:3600::103', 1760278457, 0x5f5f63695f6c6173745f726567656e65726174657c693a313736303237383435373b),
('fb230abc4b9116107ec6be4d042f07f1c4722ac9', '43.167.157.80', 1763342498, 0x5f5f63695f6c6173745f726567656e65726174657c693a313736333334323439383b),
('fb2420383607156a09ef47b1ede4bdd60cdbc175', '43.157.191.20', 1759860453, 0x5f5f63695f6c6173745f726567656e65726174657c693a313735393836303435333b),
('fb265fee1332703ed90243dc6dd3b6efe4e02cb8', '162.62.132.25', 1764637312, 0x5f5f63695f6c6173745f726567656e65726174657c693a313736343633373331323b),
('fb276dec5bf79670366ca07edb5f2c71e9226617', '192.71.38.71', 1768211731, 0x5f5f63695f6c6173745f726567656e65726174657c693a313736383231313733313b),
('fb292bc4f7db0d4fd2d14265de19b6f9f12ad070', '194.5.52.21', 1772152820, 0x5f5f63695f6c6173745f726567656e65726174657c693a313737323135323832303b),
('fb29f97b2d1a03de1bddb6005a28c316c159b534', '146.70.15.42', 1771351492, 0x5f5f63695f6c6173745f726567656e65726174657c693a313737313335313439323b),
('fb2a0730a4a1861323883fa6e4d239a1dac69e11', '195.178.110.54', 1765196569, 0x5f5f63695f6c6173745f726567656e65726174657c693a313736353139363536393b),
('fb2b3973342f3b04f82b29338f40ab8632e1a82e', '34.27.62.169', 1768832981, 0x5f5f63695f6c6173745f726567656e65726174657c693a313736383833323938313b),
('fb2cc91df5853118b70a10752dbbb6771c70aa89', '185.64.78.13', 1770814985, 0x5f5f63695f6c6173745f726567656e65726174657c693a313737303831343938353b),
('fb2ceeaf0561702739dcc3c7b8d40324cafac269', '193.37.33.83', 1770933252, 0x5f5f63695f6c6173745f726567656e65726174657c693a313737303933333235323b),
('fb2cf662a9aa8e967d058021e7f7b737e7bf1900', '104.164.126.84', 1765377496, 0x5f5f63695f6c6173745f726567656e65726174657c693a313736353337373439363b),
('fb2f51664f0fdce028c1d7afca8e9eba916bd98d', '195.178.110.223', 1765163724, 0x5f5f63695f6c6173745f726567656e65726174657c693a313736353136333732343b),
('fb3199cc4736a1444745c1d7c61d2ab4a77ec40b', '68.218.64.243', 1768895077, 0x5f5f63695f6c6173745f726567656e65726174657c693a313736383839353037373b),
('fb31ad8e37cd0f547f3328b3a355dd490ab8a546', '216.81.248.83', 1768900609, 0x5f5f63695f6c6173745f726567656e65726174657c693a313736383930303630393b),
('fb3208a6b28ffa9501551ef83a01d8e11f0e0dc8', '103.186.30.230', 1760943674, 0x5f5f63695f6c6173745f726567656e65726174657c693a313736303934333637343b),
('fb32b8411dbbd47340b1b010af8936a244cabda6', '2a06:98c0:3600::103', 1758004768, 0x5f5f63695f6c6173745f726567656e65726174657c693a313735383030343736383b),
('fb35f37bd58c10820dbbc37a5059d6deb4d6faff', '92.222.108.98', 1773323462, 0x5f5f63695f6c6173745f726567656e65726174657c693a313737333332333436323b),
('fb3709d5c8b7ca73f6b76eb2a547af782288c82b', '102.89.76.60', 1765730360, 0x5f5f63695f6c6173745f726567656e65726174657c693a313736353733303336303b6e616d657c733a31373a225065746572204f6b756e666f6c6172696e223b6c6f676765725f70686f746f7c733a31313a2264656675616c742e706e67223b6c6f67676564696e5f6272616e63687c733a313a2231223b6c6f67676564696e5f656d61696c7c733a32343a2261646577616c657065746572333940676d61696c2e636f6d223b6c6f67676564696e5f69647c733a313a2239223b6c6f67676564696e5f7573657269647c733a313a2239223b6c6f67676564696e5f726f6c655f69647c733a313a2233223b6c6f67676564696e5f747970657c733a353a227374616666223b7365745f6c616e677c733a373a22656e676c697368223b69735f72746c7c623a303b7365745f73657373696f6e5f69647c733a313a2234223b6c6f67676564696e7c623a313b),
('fb380d265aa8eda1dbe2c0f420c19924a52057a7', '92.222.104.211', 1771243835, 0x5f5f63695f6c6173745f726567656e65726174657c693a313737313234333833353b),
('fb3bcae9528e57fcdcd83203be04e321b9c2ba8a', '52.167.144.171', 1764171947, 0x5f5f63695f6c6173745f726567656e65726174657c693a313736343137313934373b),
('fb3bfbdbd33e785296e9ba3365862602ca49f0a3', '159.203.6.167', 1765447981, 0x5f5f63695f6c6173745f726567656e65726174657c693a313736353434373938313b),
('fb3d974a5aca6c4a33d236c86a7dd5c575589d47', '91.239.208.120', 1764726370, 0x5f5f63695f6c6173745f726567656e65726174657c693a313736343732363337303b),
('fb3fb89b78fc3a765ec307cd277f5fde3e84ba94', '102.89.76.38', 1765718693, 0x5f5f63695f6c6173745f726567656e65726174657c693a313736353731383639333b72656469726563745f75726c7c733a34363a2268747470733a2f2f66636863732e6564756d61632e636c6f75642f6578616d2f636c6173735f706f736974696f6e223b6e616d657c733a31313a22486f7065204f6b6f73756e223b6c6f676765725f70686f746f7c733a31313a2264656675616c742e706e67223b6c6f67676564696e5f6272616e63687c733a313a2231223b6c6f67676564696e5f656d61696c7c733a32333a2261696e652e656b686179656d6540676d61696c2e636f6d223b6c6f67676564696e5f69647c733a323a223131223b6c6f67676564696e5f7573657269647c733a323a223131223b6c6f67676564696e5f726f6c655f69647c733a313a2233223b6c6f67676564696e5f747970657c733a353a227374616666223b7365745f6c616e677c733a373a22656e676c697368223b69735f72746c7c623a303b7365745f73657373696f6e5f69647c733a313a2234223b6c6f67676564696e7c623a313b),
('fb3fbb9984558a2d892f98d269fd39443536efbc', '2a06:98c0:3600::103', 1761127895, 0x5f5f63695f6c6173745f726567656e65726174657c693a313736313132373839353b),
('fb407d71e3e7f01a82c912eb10f740291a139e11', '66.249.64.37', 1765439705, 0x5f5f63695f6c6173745f726567656e65726174657c693a313736353433393730353b),
('fb41224b5f68d651327417ef3cb33e1ac204469a', '54.37.118.73', 1771541984, 0x5f5f63695f6c6173745f726567656e65726174657c693a313737313534313938343b),
('fb4264644cedba687c1a87f58e600fba1ff0868e', '100.42.181.193', 1771531935, 0x5f5f63695f6c6173745f726567656e65726174657c693a313737313533313933353b),
('fb447602dae989375c5f20c424aaa8f715be0651', '82.197.79.16', 1768915667, 0x5f5f63695f6c6173745f726567656e65726174657c693a313736383931353535353b),
('fb44ca5f0f6b08212ac1d0add2c2c2c6ed4ca536', '194.5.52.21', 1772152875, 0x5f5f63695f6c6173745f726567656e65726174657c693a313737323135323837353b),
('fb47f5adf4c17a06355549d5d8b52b586ffc8e28', '74.7.244.42', 1769577683, 0x5f5f63695f6c6173745f726567656e65726174657c693a313736393537373638333b),
('fb482c7885c9265f44fb3997601252a7f3d7dacd', '51.75.236.157', 1772231289, 0x5f5f63695f6c6173745f726567656e65726174657c693a313737323233313238393b),
('fb4b789bd2bf24196ad91202f905b91e7325a3ac', '74.7.227.146', 1766824910, 0x5f5f63695f6c6173745f726567656e65726174657c693a313736363832343931303b),
('fb4e583504243da2b561c5be21e471b79cc15f21', '102.89.69.20', 1760094076, 0x5f5f63695f6c6173745f726567656e65726174657c693a313736303039343037363b),
('fb4efcd226f8f1bdb2f0434f2ef4b60d57196888', '89.251.0.187', 1769779477, 0x5f5f63695f6c6173745f726567656e65726174657c693a313736393737393437373b),
('fb520e7ea7ce6c95d37d31b897cdb964d93bb94c', '105.113.98.23', 1762235368, 0x5f5f63695f6c6173745f726567656e65726174657c693a313736323233353336383b72656469726563745f75726c7c733a34383a2268747470733a2f2f66636863732e6564756d61632e636c6f75642f6578616d2f746162756c6174696f6e5f7368656574223b6e616d657c733a31353a224d7273204164656c6f796520452e4f223b6c6f676765725f70686f746f7c733a33363a2232613633626464393563383861363130323739626234663532653131663261632e6a7067223b6c6f67676564696e5f6272616e63687c733a313a2231223b6c6f67676564696e5f656d61696c7c733a32313a22666f6c61626f6d6961646540676d61696c2e636f6d223b6c6f67676564696e5f69647c733a333a22363235223b6c6f67676564696e5f7573657269647c733a323a223233223b6c6f67676564696e5f726f6c655f69647c733a313a2232223b6c6f67676564696e5f747970657c733a353a227374616666223b7365745f6c616e677c733a373a22656e676c697368223b69735f72746c7c623a303b7365745f73657373696f6e5f69647c733a313a2234223b6c6f67676564696e7c623a313b),
('fb526a469bc7b73c1bb0f422a026af6435b42174', '198.244.168.247', 1769934196, 0x5f5f63695f6c6173745f726567656e65726174657c693a313736393933343139353b),
('fb56b157fe3d399b94b49836f57d1d5502e3d0c8', '193.37.33.83', 1770933228, 0x5f5f63695f6c6173745f726567656e65726174657c693a313737303933333232383b),
('fb570833d92d622517acec2a170a8d644a6e1cde', '23.27.145.111', 1758641800, 0x5f5f63695f6c6173745f726567656e65726174657c693a313735383634313739393b),
('fb5870e8571009edd4c50cd672f4c8af0606f2bf', '198.244.242.2', 1770240258, 0x5f5f63695f6c6173745f726567656e65726174657c693a313737303234303235383b),
('fb598a8526aaf7b0f2b618eb0dcd1f0801e03278', '178.128.44.68', 1759656625, 0x5f5f63695f6c6173745f726567656e65726174657c693a313735393635363632353b),
('fb59b57b0bcd67e35bff91fc236f5afe899a0584', '20.78.154.48', 1769482020, 0x5f5f63695f6c6173745f726567656e65726174657c693a313736393438323032303b),
('fb5ae39def65f9d95fda09e65e712b217d6f2c54', '157.245.102.107', 1768529128, 0x5f5f63695f6c6173745f726567656e65726174657c693a313736383532393132383b),
('fb5c875353fc6309c6fb3f4727fb90360299cb42', '185.64.78.13', 1770814353, 0x5f5f63695f6c6173745f726567656e65726174657c693a313737303831343335333b),
('fb5d29a283446138624d0a866f51b3a25c374512', '196.251.88.64', 1761357336, 0x5f5f63695f6c6173745f726567656e65726174657c693a313736313335373333363b),
('fb61b601bb08109e2d133d325a8dd06fdd65294a', '52.167.144.24', 1770393523, 0x5f5f63695f6c6173745f726567656e65726174657c693a313737303339333532333b),
('fb629ab9af92cc4f19cf03209b276b8734b481ea', '102.89.85.239', 1763836189, 0x5f5f63695f6c6173745f726567656e65726174657c693a313736333833363138393b6e616d657c733a31373a224564756d61632044656d6f2041646d696e223b6c6f676765725f70686f746f7c733a31313a2264656675616c742e706e67223b6c6f67676564696e5f6272616e63687c733a313a2233223b6c6f67676564696e5f656d61696c7c733a31393a2241646d696e406564756d61632e636f6d2e6e67223b6c6f67676564696e5f69647c733a343a2231313939223b6c6f67676564696e5f7573657269647c733a323a223933223b6c6f67676564696e5f726f6c655f69647c733a313a2232223b6c6f67676564696e5f747970657c733a353a227374616666223b7365745f6c616e677c733a373a22656e676c697368223b69735f72746c7c623a303b7365745f73657373696f6e5f69647c733a313a2234223b6c6f67676564696e7c623a313b),
('fb62c4eb33e266b569416e659d965a284deb4534', '194.5.52.21', 1772152869, 0x5f5f63695f6c6173745f726567656e65726174657c693a313737323135323836393b),
('fb6340b1c81d97bac93fc9798f0f007f9851660d', '104.28.246.115', 1772137776, 0x5f5f63695f6c6173745f726567656e65726174657c693a313737323133373737363b),
('fb637f449cd4079a6e56b1d5f040eecbccee6466', '104.28.246.116', 1768573607, 0x5f5f63695f6c6173745f726567656e65726174657c693a313736383537333630373b),
('fb643665f5d05a968312f6764188f8ff7cf80811', '74.7.175.174', 1772242210, 0x5f5f63695f6c6173745f726567656e65726174657c693a313737323234323231303b),
('fb68ed95b1b964ec83a4b08c1f550440a371c844', '144.76.19.70', 1766632496, 0x5f5f63695f6c6173745f726567656e65726174657c693a313736363633323439363b),
('fb6ab1850c392e01314def2870b879725dba92a6', '185.191.171.11', 1768368334, 0x5f5f63695f6c6173745f726567656e65726174657c693a313736383336383333343b),
('fb6c086a6b6576be813db236fc26c642b0b9091a', '51.195.183.241', 1760033017, 0x5f5f63695f6c6173745f726567656e65726174657c693a313736303033333031373b),
('fb6c1fb304e36e8b6b1b712464baf21da010bfba', '43.165.70.220', 1762948595, 0x5f5f63695f6c6173745f726567656e65726174657c693a313736323934383539353b),
('fb6ef6bec7862fc6f45347ee505ee7003a6580c2', '74.7.244.49', 1764673574, 0x5f5f63695f6c6173745f726567656e65726174657c693a313736343637333537343b),
('fb6fb7f291cc08db41f3de495f2f572f4a44de95', '46.205.197.6', 1764664323, 0x5f5f63695f6c6173745f726567656e65726174657c693a313736343636343332333b72656469726563745f75726c7c733a33363a22687474703a2f2f6564756d61632e636c6f75642f66726f6e74656e642f73657474696e67223b),
('fb74902b20ac22527323e5e98bc0095f79884291', '217.113.194.186', 1772868277, 0x5f5f63695f6c6173745f726567656e65726174657c693a313737323836383237373b),
('fb75a48cff8378f5dcf177e64742e6457f73f88c', '193.37.33.83', 1770933205, 0x5f5f63695f6c6173745f726567656e65726174657c693a313737303933333230353b),
('fb794bb15bf878fda86ba0d2990ac597aa839fda', '143.198.15.239', 1763634200, 0x5f5f63695f6c6173745f726567656e65726174657c693a313736333633343230303b),
('fb7d8eff17a170bb3eefad53262928a402ec9446', '104.28.246.115', 1772137774, 0x5f5f63695f6c6173745f726567656e65726174657c693a313737323133373737343b),
('fb7e707552f4e7826dc621b0ee2c3b1643f91e80', '197.211.52.67', 1768908606, 0x5f5f63695f6c6173745f726567656e65726174657c693a313736383930383630363b),
('fb7f723d1a4212d76370c2bce71ea415b6515aac', '103.186.30.230', 1760943695, 0x5f5f63695f6c6173745f726567656e65726174657c693a313736303934333639343b),
('fb8560684f5f019d32cd3bb29b467e7e2aa19777', '128.90.128.13', 1759610620, 0x5f5f63695f6c6173745f726567656e65726174657c693a313735393631303632303b),
('fb87a8f6474580d24e7f933684a966c98bce489d', '37.214.30.100', 1761899324, 0x5f5f63695f6c6173745f726567656e65726174657c693a313736313839393332343b),
('fb891823a4aa5291983c01598796664b37e18018', '103.197.240.59', 1768883315, 0x5f5f63695f6c6173745f726567656e65726174657c693a313736383838333331353b),
('fb8d3a2552eb42d02b3592fa46c9c651abb1e57e', '69.171.249.114', 1758758222, 0x5f5f63695f6c6173745f726567656e65726174657c693a313735383735383232323b),
('fb8ebb6115f6b7f8ca848b3e619b186b65419ab2', '74.7.175.137', 1766667844, 0x5f5f63695f6c6173745f726567656e65726174657c693a313736363636373834343b),
('fb9163c52b3fb77df900a378e22e41c94b1a9bd6', '85.203.21.14', 1771521481, 0x5f5f63695f6c6173745f726567656e65726174657c693a313737313532313438313b),
('fb924968742a0d1bb2f3ab1c82f851120c739ddf', '162.14.197.180', 1758493251, 0x5f5f63695f6c6173745f726567656e65726174657c693a313735383439333235313b),
('fb932f5b63b528ce53f2e68544707e02a76253b6', '104.28.246.116', 1768573609, 0x5f5f63695f6c6173745f726567656e65726174657c693a313736383537333630393b),
('fb94db5d49cd70d8167670458f732b118f50e4d7', '44.250.52.14', 1763357142, 0x5f5f63695f6c6173745f726567656e65726174657c693a313736333335373134323b),
('fb94eb73bf67f710176b371936558948fe85f79e', '205.210.31.27', 1762155085, 0x5f5f63695f6c6173745f726567656e65726174657c693a313736323135353038353b),
('fb99adfe7ba309f531530330ae2267dd8267549e', '162.142.125.113', 1772552723, 0x5f5f63695f6c6173745f726567656e65726174657c693a313737323535323732333b),
('fb9d699bdd954af97599471d1e3a1abd766bbfd8', '185.191.171.16', 1767622457, 0x5f5f63695f6c6173745f726567656e65726174657c693a313736373632323435373b),
('fb9f22ac3d537db5cc9dd9444edad55262e6eb02', '34.27.62.169', 1768832980, 0x5f5f63695f6c6173745f726567656e65726174657c693a313736383833323938303b),
('fb9fcddf5c3d2a866b6de15ce588fb664baab944', '93.158.127.79', 1762892969, 0x5f5f63695f6c6173745f726567656e65726174657c693a313736323839323936393b),
('fba0283f18eec0c1a5da41201bf8b1df19a2bc00', '3.151.194.164', 1769468510, 0x5f5f63695f6c6173745f726567656e65726174657c693a313736393436383531303b),
('fba0898bec4d802b4c0cc15ff90d500c3f71b331', '217.113.194.185', 1770116371, 0x5f5f63695f6c6173745f726567656e65726174657c693a313737303131363337313b),
('fba138e59f2721cb46e0b2b52f298da73521e5da', '20.77.178.246', 1762441371, 0x5f5f63695f6c6173745f726567656e65726174657c693a313736323434313337313b),
('fba69ee54b452392506b7fc1e24d007961f95425', '118.89.233.234', 1758238559, 0x5f5f63695f6c6173745f726567656e65726174657c693a313735383233383535393b),
('fba98d975ce86fd812d4e44e05faf66227c492d0', '43.157.191.20', 1758593040, 0x5f5f63695f6c6173745f726567656e65726174657c693a313735383539333034303b),
('fbad61818e1b2f8c11f73d01bca8ed69f780df65', '216.244.66.202', 1767891148, 0x5f5f63695f6c6173745f726567656e65726174657c693a313736373839313134383b),
('fbb5bb78f57b473785cc7940c72fd6c6980fda5e', '195.178.110.223', 1759883557, 0x5f5f63695f6c6173745f726567656e65726174657c693a313735393838333535373b),
('fbb64c24a057420ecbefecae6f3353ee7c434ca1', '105.113.113.30', 1768413291, 0x5f5f63695f6c6173745f726567656e65726174657c693a313736383431333239313b),
('fbb7519fc0e312b5010ec854bace7584a9dab958', '185.64.78.13', 1770814561, 0x5f5f63695f6c6173745f726567656e65726174657c693a313737303831343536313b),
('fbb80663345c0b912b9e0bd1529ddde88b93b808', '34.1.28.215', 1761141198, 0x5f5f63695f6c6173745f726567656e65726174657c693a313736313134313139383b),
('fbb839b014977a50c3432bdcbabdd041739451e3', '66.249.70.165', 1767126340, 0x5f5f63695f6c6173745f726567656e65726174657c693a313736373132363334303b),
('fbb85eff513ac31794a44d1fc4919022d4fe071d', '198.244.168.126', 1773448539, 0x5f5f63695f6c6173745f726567656e65726174657c693a313737333434383533393b),
('fbb88aed7b1bce5d7bb4f7dcf3bf5f9f8bb27f3e', '195.178.110.223', 1765164299, 0x5f5f63695f6c6173745f726567656e65726174657c693a313736353136343239393b),
('fbbc1582865fb5cb781f9efca8a4656eec32f786', '20.220.211.108', 1772450982, 0x5f5f63695f6c6173745f726567656e65726174657c693a313737323435303938323b),
('fbbd0c4df27c90a823821abf2e8eec1ca491a2e9', '104.28.246.115', 1772137782, 0x5f5f63695f6c6173745f726567656e65726174657c693a313737323133373738323b),
('fbbdb6e7ae73f3636203d4b67cd32f4cca5c1e73', '34.27.62.169', 1768832981, 0x5f5f63695f6c6173745f726567656e65726174657c693a313736383833323938313b),
('fbbee9f1fbcd66348ea4540b5dc0e6c6e41f2acd', '43.130.26.3', 1765783550, 0x5f5f63695f6c6173745f726567656e65726174657c693a313736353738333535303b),
('fbbf05103cec03b17a2c5e68533e3f9dc3c4f4a8', '8.219.217.49', 1768702416, 0x5f5f63695f6c6173745f726567656e65726174657c693a313736383730323431363b),
('fbc5f5995037d53abe76823d755e0cc68f1ba922', '18.141.225.240', 1761564678, 0x5f5f63695f6c6173745f726567656e65726174657c693a313736313536343637383b),
('fbc70d4be9d6c594cd45b1bbeb3a7f29b7168184', '102.89.82.4', 1759653782, 0x5f5f63695f6c6173745f726567656e65726174657c693a313735393635333738323b6e616d657c733a31313a224d72732041626f73656465223b6c6f676765725f70686f746f7c733a33363a2234633037356336653165643437633334626330346266343434376661656463342e706e67223b6c6f67676564696e5f6272616e63687c733a313a2232223b6c6f67676564696e5f656d61696c7c733a32303a22476b6973696c6569666540676d61696c2e636f6d223b6c6f67676564696e5f69647c733a333a22363236223b6c6f67676564696e5f7573657269647c733a323a223234223b6c6f67676564696e5f726f6c655f69647c733a313a2232223b6c6f67676564696e5f747970657c733a353a227374616666223b7365745f6c616e677c733a373a22656e676c697368223b69735f72746c7c623a303b7365745f73657373696f6e5f69647c733a313a2234223b6c6f67676564696e7c623a313b),
('fbc96caf5e5186120c537b3fae53713bb9d7901b', '2a06:98c0:3600::103', 1758866225, 0x5f5f63695f6c6173745f726567656e65726174657c693a313735383836363232353b),
('fbc9d89e8781cb21b494e474c52dcf890b9fdd8b', '34.27.62.169', 1768832981, 0x5f5f63695f6c6173745f726567656e65726174657c693a313736383833323938313b),
('fbcc6c5d2e35dd4f0083e78771ba64888314f05f', '199.45.155.109', 1771627793, 0x5f5f63695f6c6173745f726567656e65726174657c693a313737313632373739333b),
('fbce6d4d993a7d7c1bb846d8e1a0d4bb7f8e1b8b', '74.7.175.174', 1772207986, 0x5f5f63695f6c6173745f726567656e65726174657c693a313737323230373938363b),
('fbcf65a07ebd72dd1a2af44c960e042ed5055664', '216.81.248.16', 1768776896, 0x5f5f63695f6c6173745f726567656e65726174657c693a313736383737363839363b),
('fbd0ec3e8e00ff7551099272efba37dee00ed7f3', '43.165.70.220', 1768492508, 0x5f5f63695f6c6173745f726567656e65726174657c693a313736383439323530383b),
('fbd1ca70d55f5ea577d9120f6d17d81b77f0887e', '31.13.115.112', 1770747060, 0x5f5f63695f6c6173745f726567656e65726174657c693a313737303734373036303b),
('fbd3f4101772bd16a3397435cc4d59950c0b4f4e', '170.106.11.141', 1767458866, 0x5f5f63695f6c6173745f726567656e65726174657c693a313736373435383836363b),
('fbd5035c54ee3c6c618b85f4fa17cc8da34d5cf0', '198.244.240.114', 1768046042, 0x5f5f63695f6c6173745f726567656e65726174657c693a313736383034363034323b),
('fbd5250815294c31ea6b4446658ce175d6769cbb', '194.187.171.161', 1772283293, 0x5f5f63695f6c6173745f726567656e65726174657c693a313737323238333239333b),
('fbd7485f2bc919f9cd70859149cbf4047f9a37e8', '102.90.96.1', 1765991667, 0x5f5f63695f6c6173745f726567656e65726174657c693a313736353939313636373b6e616d657c733a31373a224162696f64756e20416465666172617469223b6c6f676765725f70686f746f7c733a31313a2264656675616c742e706e67223b6c6f67676564696e5f6272616e63687c733a313a2231223b6c6f67676564696e5f656d61696c7c733a31393a226162696f64756e386b40676d61696c2e636f6d223b6c6f67676564696e5f69647c733a323a223138223b6c6f67676564696e5f7573657269647c733a323a223138223b6c6f67676564696e5f726f6c655f69647c733a313a2233223b6c6f67676564696e5f747970657c733a353a227374616666223b7365745f6c616e677c733a373a22656e676c697368223b69735f72746c7c623a303b7365745f73657373696f6e5f69647c733a313a2234223b6c6f67676564696e7c623a313b),
('fbd8141d13f51d8ef5036e002a55427446751682', '35.219.227.141', 1772374826, 0x5f5f63695f6c6173745f726567656e65726174657c693a313737323337343832363b),
('fbd91f6a05cd516ae899161cbbb7339a5b0808ec', '207.46.13.54', 1765373795, 0x5f5f63695f6c6173745f726567656e65726174657c693a313736353337333738323b),
('fbd9fddf89358fbaf5305f3e7b0ce8d194e7e571', '185.64.78.13', 1770814312, 0x5f5f63695f6c6173745f726567656e65726174657c693a313737303831343331323b),
('fbdc4edb6eb4a1b3fdd4148b0d68e50bdc0bf324', '142.250.32.5', 1770152777, 0x5f5f63695f6c6173745f726567656e65726174657c693a313737303135323737373b72656469726563745f75726c7c733a34323a2268747470733a2f2f7777772e6564756d61632e636c6f75642f75736572726f6c652f686f6d65776f726b223b),
('fbde931cb903984a8eabeff0e9ab29586428cda5', '183.134.59.133', 1768703664, 0x5f5f63695f6c6173745f726567656e65726174657c693a313736383730333636343b),
('fbdf2c78851ffd44fbf522b56d3e67cbfc94491a', '52.253.113.41', 1772384118, 0x5f5f63695f6c6173745f726567656e65726174657c693a313737323338343131383b),
('fbe1f03fc75b1dd95f83d210c9356eb6c7a3e5f8', '43.154.140.188', 1767255350, 0x5f5f63695f6c6173745f726567656e65726174657c693a313736373235353335303b),
('fbe840be266cbd391b2e48fe162ae67fd02d7cee', '102.89.69.103', 1771418572, 0x5f5f63695f6c6173745f726567656e65726174657c693a313737313431383537323b72656469726563745f75726c7c733a34363a2268747470733a2f2f66636863732e6564756d61632e636c6f75642f736b696c6c732f726174696e675f656e747279223b6e616d657c733a31353a224d7273204164656c6f796520452e4f223b6c6f676765725f70686f746f7c733a33363a2232613633626464393563383861363130323739626234663532653131663261632e6a7067223b6c6f67676564696e5f6272616e63687c733a313a2231223b6c6f67676564696e5f656d61696c7c733a32313a22666f6c61626f6d6961646540676d61696c2e636f6d223b6c6f67676564696e5f69647c733a333a22363235223b6c6f67676564696e5f7573657269647c733a323a223233223b6c6f67676564696e5f726f6c655f69647c733a313a2232223b6c6f67676564696e5f747970657c733a353a227374616666223b7365745f6c616e677c733a373a22656e676c697368223b69735f72746c7c623a303b7365745f73657373696f6e5f69647c733a313a2234223b6c6f67676564696e7c623a313b),
('fbe89eb8118572595e7dd490f857696902659368', '158.173.156.224', 1762614639, 0x5f5f63695f6c6173745f726567656e65726174657c693a313736323631343633383b6d73675f737563636573737c733a35353a224d657373616765205375636365737366756c6c792053656e742e2057652077696c6c20636f6e7461637420796f752073686f72746c792e223b5f5f63695f766172737c613a313a7b733a31313a226d73675f73756363657373223b733a333a226e6577223b7d),
('fbe8e674e9496ada47538eb2ae6bd0095a80c480', '2a06:98c0:3600::103', 1758053352, 0x5f5f63695f6c6173745f726567656e65726174657c693a313735383035333335323b),
('fbe9af54ce153974f3e793524bb4dd5ecbd886bf', '104.28.214.117', 1768573608, 0x5f5f63695f6c6173745f726567656e65726174657c693a313736383537333630383b),
('fbe9e67bef4840b29f6b6bf0805bcdc7724604e7', '2a06:98c0:3600::103', 1757973134, 0x5f5f63695f6c6173745f726567656e65726174657c693a313735373937333133343b),
('fbea5bab04804a346ec87a37fc8a0d55bbb90f04', '194.5.52.21', 1772152765, 0x5f5f63695f6c6173745f726567656e65726174657c693a313737323135323736353b),
('fbeb4d06129a78f26e4250ce68e9910279e71970', '66.249.93.33', 1763182199, 0x5f5f63695f6c6173745f726567656e65726174657c693a313736333138323139393b),
('fbed4436524c2980088ea47398a4810ca007cf48', '5.133.192.199', 1773326578, 0x5f5f63695f6c6173745f726567656e65726174657c693a313737333332363537383b),
('fbef390bdcfd65b171b40ffca22637cd6a04cef6', '5.39.1.252', 1767322952, 0x5f5f63695f6c6173745f726567656e65726174657c693a313736373332323935323b),
('fbf174368eeddb46d698814c1bc4153b39444abe', '194.5.52.21', 1772152844, 0x5f5f63695f6c6173745f726567656e65726174657c693a313737323135323834343b),
('fbf3b7243b9115d9be6a1ce47b01382a74ac6a39', '195.178.110.223', 1759467945, 0x5f5f63695f6c6173745f726567656e65726174657c693a313735393436373934353b),
('fbf64777237bf8af2f0c6d35475e4de383052137', '194.5.52.21', 1772152771, 0x5f5f63695f6c6173745f726567656e65726174657c693a313737323135323737313b),
('fbf64b5211a887c74db66402dbc6df8b873fbda1', '216.244.66.202', 1773368443, 0x5f5f63695f6c6173745f726567656e65726174657c693a313737333336383434333b),
('fbf8acbe80217fb883633ecd2084f401e048bbbc', '74.7.228.46', 1763253329, 0x5f5f63695f6c6173745f726567656e65726174657c693a313736333235333332393b),
('fbfb460e16ca82443a6298100ce9b8f5c36f54d5', '45.148.10.80', 1764685133, 0x5f5f63695f6c6173745f726567656e65726174657c693a313736343638353133333b),
('fbfc205e5cd043356e2629b61ca95b7e4292b470', '193.176.86.132', 1758467649, 0x5f5f63695f6c6173745f726567656e65726174657c693a313735383436373634393b),
('fbfd8cc789cd3f9a9e239a2e0789a456ceb1e17d', '34.244.165.74', 1762390067, 0x5f5f63695f6c6173745f726567656e65726174657c693a313736323339303036373b),
('fbff44930fd288f0dbbc222fbc5dd8651e393942', '198.244.226.21', 1770293733, 0x5f5f63695f6c6173745f726567656e65726174657c693a313737303239333733333b),
('fc010d0bde4509b10705646902dbcf16136167a0', '185.177.72.51', 1771282681, 0x5f5f63695f6c6173745f726567656e65726174657c693a313737313238323638313b),
('fc05ae0fd7a850116bf2f4cbc92404d54951d6ab', '141.98.11.115', 1759155336, 0x5f5f63695f6c6173745f726567656e65726174657c693a313735393135353333363b),
('fc065b484e012a5b99d05bd5741e3c385e6c91a4', '102.89.76.60', 1765727312, 0x5f5f63695f6c6173745f726567656e65726174657c693a313736353732373331323b6e616d657c733a31373a225065746572204f6b756e666f6c6172696e223b6c6f676765725f70686f746f7c733a31313a2264656675616c742e706e67223b6c6f67676564696e5f6272616e63687c733a313a2231223b6c6f67676564696e5f656d61696c7c733a32343a2261646577616c657065746572333940676d61696c2e636f6d223b6c6f67676564696e5f69647c733a313a2239223b6c6f67676564696e5f7573657269647c733a313a2239223b6c6f67676564696e5f726f6c655f69647c733a313a2233223b6c6f67676564696e5f747970657c733a353a227374616666223b7365745f6c616e677c733a373a22656e676c697368223b69735f72746c7c623a303b7365745f73657373696f6e5f69647c733a313a2234223b6c6f67676564696e7c623a313b),
('fc071fb82857207088b850b5781b8f58396d4cdd', '5.39.1.240', 1769068377, 0x5f5f63695f6c6173745f726567656e65726174657c693a313736393036383337373b),
('fc072046b57e3218fd9ef9408a70711908fab30c', '43.159.138.217', 1767982268, 0x5f5f63695f6c6173745f726567656e65726174657c693a313736373938323236373b),
('fc0733ea2659686d602a5d7ab613c105f92ddde0', '66.249.70.172', 1772905510, 0x5f5f63695f6c6173745f726567656e65726174657c693a313737323930353531303b),
('fc08c1f4211d614f196a71c81db156a089c810c5', '102.89.69.224', 1769193429, 0x5f5f63695f6c6173745f726567656e65726174657c693a313736393139333432393b),
('fc0903758386bf95fea1439b7a8fbe12b2d42c53', '20.205.227.70', 1773537387, 0x5f5f63695f6c6173745f726567656e65726174657c693a313737333533373338373b),
('fc0af6b89dcc0d1f4ce03afd43267dc71a1a0fd1', '54.39.89.123', 1764184944, 0x5f5f63695f6c6173745f726567656e65726174657c693a313736343138343934343b),
('fc0b1a6f74bae09993e6690ab80f24cbbe82af15', '34.27.62.169', 1768832980, 0x5f5f63695f6c6173745f726567656e65726174657c693a313736383833323938303b),
('fc0c7946207c3d5e42e7aacb5f88051bca7adc2f', '66.102.9.128', 1768545873, 0x5f5f63695f6c6173745f726567656e65726174657c693a313736383534353837333b),
('fc0d380674985641f7f95e0fb2c5a5b8aa1532bd', '34.212.26.252', 1763977903, 0x5f5f63695f6c6173745f726567656e65726174657c693a313736333937373930333b),
('fc0eb0a990b0476ea27580f1e933ad8cbe7fee92', '134.199.151.205', 1773156729, 0x5f5f63695f6c6173745f726567656e65726174657c693a313737333135363732393b),
('fc0f8ff937f313741e58ab2a6fa040779184c843', '89.251.0.187', 1769779563, 0x5f5f63695f6c6173745f726567656e65726174657c693a313736393737393536333b),
('fc10d704c17f43d9d12f5744ce7e6f9e03cac31b', '51.195.183.29', 1773459834, 0x5f5f63695f6c6173745f726567656e65726174657c693a313737333435393833343b),
('fc12bdcfd08e6f56e0d7039204e24efc54cf3e50', '52.167.144.225', 1769783801, 0x5f5f63695f6c6173745f726567656e65726174657c693a313736393738333830313b),
('fc151a3ddadc83e6ca719cb01ee7733d3487c2a1', '45.148.10.80', 1764785579, 0x5f5f63695f6c6173745f726567656e65726174657c693a313736343738353537393b),
('fc15fbe71574f91e654d52836c7758f1b7bcb591', '52.167.144.18', 1769561090, 0x5f5f63695f6c6173745f726567656e65726174657c693a313736393536313039303b),
('fc17551e52e50ef698911b988a2d40cdcb26d32f', '194.5.52.21', 1772152957, 0x5f5f63695f6c6173745f726567656e65726174657c693a313737323135323935373b),
('fc196ffeaa7be11d2a0303542fc793ac83814482', '104.210.140.128', 1770801033, 0x5f5f63695f6c6173745f726567656e65726174657c693a313737303830313033333b),
('fc19f917096019bf0d797853ea29fa684a220be8', '193.37.33.83', 1770933229, 0x5f5f63695f6c6173745f726567656e65726174657c693a313737303933333232393b),
('fc1d15522bee439af067a2045bf2664e382b9923', '68.183.34.24', 1761122319, 0x5f5f63695f6c6173745f726567656e65726174657c693a313736313132323331393b),
('fc1ed9d35baadafddea8c1d88f467077cdd4a28b', '193.142.146.55', 1768812467, 0x5f5f63695f6c6173745f726567656e65726174657c693a313736383831323436373b),
('fc1f7457949ece4d14965502f51c5d9f5f704b86', '198.235.24.159', 1768036265, 0x5f5f63695f6c6173745f726567656e65726174657c693a313736383033363236353b),
('fc219538fa1b11778acbd39d488db68d40a7b822', '52.167.144.201', 1765286816, 0x5f5f63695f6c6173745f726567656e65726174657c693a313736353238363831313b),
('fc253be5b0db6e197c85bdbc88fe8f0baee0af58', '45.55.133.254', 1772093835, 0x5f5f63695f6c6173745f726567656e65726174657c693a313737323039333833353b),
('fc265a04cd49534c66e1550291bc2fc6feb086c6', '34.98.143.44', 1758156895, 0x5f5f63695f6c6173745f726567656e65726174657c693a313735383135363839353b),
('fc27a356750eae767fb4ffc750eee56c481dcee2', '85.208.96.198', 1772861530, 0x5f5f63695f6c6173745f726567656e65726174657c693a313737323836313533303b),
('fc282833e4bca28c89232dc43acaf0feb872cd2c', '124.156.226.179', 1772239341, 0x5f5f63695f6c6173745f726567656e65726174657c693a313737323233393334313b),
('fc291f09b6c94f4cf1a7572f0aa249a795c3d314', '102.89.76.60', 1765729606, 0x5f5f63695f6c6173745f726567656e65726174657c693a313736353732393630363b6e616d657c733a31373a225065746572204f6b756e666f6c6172696e223b6c6f676765725f70686f746f7c733a31313a2264656675616c742e706e67223b6c6f67676564696e5f6272616e63687c733a313a2231223b6c6f67676564696e5f656d61696c7c733a32343a2261646577616c657065746572333940676d61696c2e636f6d223b6c6f67676564696e5f69647c733a313a2239223b6c6f67676564696e5f7573657269647c733a313a2239223b6c6f67676564696e5f726f6c655f69647c733a313a2233223b6c6f67676564696e5f747970657c733a353a227374616666223b7365745f6c616e677c733a373a22656e676c697368223b69735f72746c7c623a303b7365745f73657373696f6e5f69647c733a313a2234223b6c6f67676564696e7c623a313b),
('fc2a61016f26180da51caf96cf1109fc7027ccb5', '185.64.78.13', 1770814391, 0x5f5f63695f6c6173745f726567656e65726174657c693a313737303831343339313b),
('fc2a7e49f44985bc827a7b1c24332c61f850f321', '2a06:98c0:3600::103', 1757982580, 0x5f5f63695f6c6173745f726567656e65726174657c693a313735373938323538303b),
('fc2c032019eb7bd371ed910036676e87acb05da6', '205.210.31.93', 1761908084, 0x5f5f63695f6c6173745f726567656e65726174657c693a313736313930383038343b),
('fc2ceaa8a067fa905affd20bc926087305a04f0f', '128.90.128.13', 1759610622, 0x5f5f63695f6c6173745f726567656e65726174657c693a313735393631303632323b),
('fc2d2ee7702ec6f3deefb0e817301fff24863b67', '185.191.171.19', 1763185746, 0x5f5f63695f6c6173745f726567656e65726174657c693a313736333138353734363b),
('fc30d8ce5c620df994aa7e9369fe4bd8ad2c0a6b', '185.64.78.13', 1770814838, 0x5f5f63695f6c6173745f726567656e65726174657c693a313737303831343833383b),
('fc30f121edc9290aa579bee00243c653548e9950', '193.37.33.83', 1770933211, 0x5f5f63695f6c6173745f726567656e65726174657c693a313737303933333231313b),
('fc3208aba614dfa4f05720ce408b0abcac5c65ea', '74.7.244.58', 1765397390, 0x5f5f63695f6c6173745f726567656e65726174657c693a313736353339373339303b),
('fc3260e1005815031058fa82ab044911d8b85e29', '51.81.46.212', 1760852646, 0x5f5f63695f6c6173745f726567656e65726174657c693a313736303835323634363b),
('fc39254abf9b59218ef2c3c8e869ffa78a2464d6', '66.132.153.114', 1766330254, 0x5f5f63695f6c6173745f726567656e65726174657c693a313736363333303235343b),
('fc3a47068c20f5645e432890233cb3eb32dc9d3e', '2a06:98c0:3600::103', 1762343105, 0x5f5f63695f6c6173745f726567656e65726174657c693a313736323334333130353b),
('fc3b041f3a5226714764ee0ad75c33ac1c32e35a', '197.211.52.67', 1768907173, 0x5f5f63695f6c6173745f726567656e65726174657c693a313736383930373137333b72656469726563745f75726c7c733a34353a2268747470733a2f2f66636863732e6564756d61632e636c6f75642f73747564656e742f6373765f696d706f7274223b6e616d657c733a31353a224d7273204164656c6f796520452e4f223b6c6f676765725f70686f746f7c733a33363a2232613633626464393563383861363130323739626234663532653131663261632e6a7067223b6c6f67676564696e5f6272616e63687c733a313a2231223b6c6f67676564696e5f656d61696c7c733a32313a22666f6c61626f6d6961646540676d61696c2e636f6d223b6c6f67676564696e5f69647c733a333a22363235223b6c6f67676564696e5f7573657269647c733a323a223233223b6c6f67676564696e5f726f6c655f69647c733a313a2232223b6c6f67676564696e5f747970657c733a353a227374616666223b7365745f6c616e677c733a373a22656e676c697368223b69735f72746c7c623a303b7365745f73657373696f6e5f69647c733a313a2234223b6c6f67676564696e7c623a313b616c6572742d6d6573736167652d737563636573737c733a33393a22496e666f726d6174696f6e20486173204265656e205361766564205375636365737366756c6c79223b5f5f63695f766172737c613a313a7b733a32313a22616c6572742d6d6573736167652d73756363657373223b733a333a226f6c64223b7d),
('fc3c94014d375801187d8cd53a7b43a5bc61e5a5', '74.7.227.168', 1765098738, 0x5f5f63695f6c6173745f726567656e65726174657c693a313736353039383733383b),
('fc3d87dde875184b80fb4d7e079e6bc4486ac149', '74.7.227.155', 1765099008, 0x5f5f63695f6c6173745f726567656e65726174657c693a313736353039393030383b),
('fc3e6f8c34db121b7764fe6c48f428829f452465', '34.158.37.27', 1759079860, 0x5f5f63695f6c6173745f726567656e65726174657c693a313735393037393836303b),
('fc3f45ce178afcd6da73b5ce536dbbb9d39c94f1', '102.89.46.198', 1766253562, 0x5f5f63695f6c6173745f726567656e65726174657c693a313736363235323736323b),
('fc3fadaafba56bde416185732bb2fbb95dccae8a', '54.38.147.226', 1771472106, 0x5f5f63695f6c6173745f726567656e65726174657c693a313737313437323130363b),
('fc411bcd9b13c09807b249a0c9ef6d7977d7d5b0', '74.7.175.149', 1768006245, 0x5f5f63695f6c6173745f726567656e65726174657c693a313736383030363234353b),
('fc43f2c151d26ae0ec7778c0201743b79cb1562e', '66.249.93.41', 1770567312, 0x5f5f63695f6c6173745f726567656e65726174657c693a313737303536373331323b),
('fc4429da07c7a282113e66bb609aeb5e02e42ce0', '102.89.82.243', 1769172123, 0x5f5f63695f6c6173745f726567656e65726174657c693a313736393137323132333b),
('fc45184fcdaf5fb8bb23138ad68f654c54a65a79', '74.7.230.9', 1773475587, 0x5f5f63695f6c6173745f726567656e65726174657c693a313737333437353538373b),
('fc45ef8b088e92f103c6f59ec067cc2eae3df4bd', '69.171.231.7', 1773285076, 0x5f5f63695f6c6173745f726567656e65726174657c693a313737333238353037363b),
('fc461de0f6fcd756e4176f98145eb445d23d7250', '74.7.230.59', 1764044917, 0x5f5f63695f6c6173745f726567656e65726174657c693a313736343034343931373b),
('fc47a6c9d6453c94b184f88d3aab6ea5c5cd2f7b', '185.64.78.13', 1770814330, 0x5f5f63695f6c6173745f726567656e65726174657c693a313737303831343333303b),
('fc47cf0b4560f69418707f6c606d51eda5433051', '46.205.196.168', 1761328085, 0x5f5f63695f6c6173745f726567656e65726174657c693a313736313332383038353b),
('fc4a73c4f443a9c9c5306cd18f9d4d4da23a577b', '176.100.243.133', 1759082782, 0x5f5f63695f6c6173745f726567656e65726174657c693a313735393038323738323b72656469726563745f75726c7c733a33333a22687474703a2f2f6564756d61632e636c6f75642f66726f6e74656e642f6d656e75223b),
('fc4f20cf15864ce28c5c52df35e0c9fdd0e60e0c', '3.249.147.157', 1765692311, 0x5f5f63695f6c6173745f726567656e65726174657c693a313736353639323331313b),
('fc4f2a8057b7184cfcc8557230c542d7a860ff32', '43.157.67.70', 1770425658, 0x5f5f63695f6c6173745f726567656e65726174657c693a313737303432353635383b),
('fc4fa24a001488720a0250c9037758c0fa7720f2', '102.89.84.135', 1770650738, 0x5f5f63695f6c6173745f726567656e65726174657c693a313737303635303733383b),
('fc4fbf1164fa5e447b7aef7174fc26b6bfbec4a1', '85.203.23.196', 1772996375, 0x5f5f63695f6c6173745f726567656e65726174657c693a313737323939363337353b),
('fc5429636284daaa46bbe87fa1ab90562d5f9a07', '51.75.236.153', 1772487398, 0x5f5f63695f6c6173745f726567656e65726174657c693a313737323438373339383b),
('fc54882e1c922e2a7acb7c8c1d8d0610204e3a43', '74.7.227.241', 1762733212, 0x5f5f63695f6c6173745f726567656e65726174657c693a313736323733333231323b),
('fc57da62db7a992a011297508c26644d9b6079d5', '193.37.33.83', 1770933206, 0x5f5f63695f6c6173745f726567656e65726174657c693a313737303933333230363b),
('fc585b84f445f0ab8a1adb7beada2e73b11f32e6', '66.249.83.137', 1769583473, 0x5f5f63695f6c6173745f726567656e65726174657c693a313736393538333437333b),
('fc58bd167b5f931bd10de4fe378ecebe61c34f2b', '51.195.183.116', 1769063514, 0x5f5f63695f6c6173745f726567656e65726174657c693a313736393036333531343b),
('fc5933591f6a48b78561763eb8cf37d6177c3263', '66.249.64.67', 1771847340, 0x5f5f63695f6c6173745f726567656e65726174657c693a313737313834373334303b),
('fc5d4b1daac9c8d7dbb5a5a42a370721d7362e98', '216.244.66.202', 1768426289, 0x5f5f63695f6c6173745f726567656e65726174657c693a313736383432363238393b),
('fc5eaff4b05ac930ceba99cd2550a7b80683a177', '74.7.227.184', 1766503542, 0x5f5f63695f6c6173745f726567656e65726174657c693a313736363530333533393b),
('fc5f0f899cd36bac05dc09c3c843ac620a3b2b69', '192.36.119.194', 1767975907, 0x5f5f63695f6c6173745f726567656e65726174657c693a313736373937353930373b),
('fc5fd25180ff1b5a4c5f24e228b2b37b09bfb996', '104.28.246.115', 1772137774, 0x5f5f63695f6c6173745f726567656e65726174657c693a313737323133373737343b),
('fc60e0b59c866a4a02ad55838c2f1e73d907e950', '43.159.143.187', 1765085117, 0x5f5f63695f6c6173745f726567656e65726174657c693a313736353038353131373b),
('fc633ca2d37802d99b82fab33fed10af12ff9e04', '74.7.230.32', 1766820152, 0x5f5f63695f6c6173745f726567656e65726174657c693a313736363832303135323b),
('fc651236a9acaa626c6e72861ebf20d62b20b803', '197.211.58.47', 1769502367, 0x5f5f63695f6c6173745f726567656e65726174657c693a313736393530323336373b),
('fc66b619d605dbca109b8db9661da0bd1fa2680d', '13.60.2.173', 1763295356, 0x5f5f63695f6c6173745f726567656e65726174657c693a313736333239353335363b);
INSERT INTO `rm_sessions` (`id`, `ip_address`, `timestamp`, `data`) VALUES
('fc680272cd318de77a86c40d02553baee1fa2a50', '102.89.76.2', 1761315231, 0x5f5f63695f6c6173745f726567656e65726174657c693a313736313331353233313b6e616d657c733a31353a224d7273204164656c6f796520452e4f223b6c6f676765725f70686f746f7c733a33363a2232613633626464393563383861363130323739626234663532653131663261632e6a7067223b6c6f67676564696e5f6272616e63687c733a313a2231223b6c6f67676564696e5f656d61696c7c733a32313a22666f6c61626f6d6961646540676d61696c2e636f6d223b6c6f67676564696e5f69647c733a333a22363235223b6c6f67676564696e5f7573657269647c733a323a223233223b6c6f67676564696e5f726f6c655f69647c733a313a2232223b6c6f67676564696e5f747970657c733a353a227374616666223b7365745f6c616e677c733a373a22656e676c697368223b69735f72746c7c623a303b7365745f73657373696f6e5f69647c733a313a2234223b6c6f67676564696e7c623a313b),
('fc6c566183b889b1821291f099e4b21522b36951', '107.172.195.190', 1770296764, 0x5f5f63695f6c6173745f726567656e65726174657c693a313737303239363736343b),
('fc6db39d173c7cd3cacc8be5105ac08e72b267ed', '104.28.246.115', 1772137772, 0x5f5f63695f6c6173745f726567656e65726174657c693a313737323133373737323b),
('fc6f9e8ee1082fe076c53f76eb44900217894dc6', '18.201.229.147', 1759781410, 0x5f5f63695f6c6173745f726567656e65726174657c693a313735393738313431303b),
('fc6fa217ed3977112fe193948dc74db197c7a55c', '194.5.52.21', 1772152934, 0x5f5f63695f6c6173745f726567656e65726174657c693a313737323135323933343b),
('fc7189e1f1b5af782276b942bd589c31104a0aa2', '74.7.175.129', 1766453335, 0x5f5f63695f6c6173745f726567656e65726174657c693a313736363435333333353b),
('fc731c301e761ad8e680f4c022c31d3eb6ff0565', '197.240.159.185', 1768545634, 0x5f5f63695f6c6173745f726567656e65726174657c693a313736383534353633343b),
('fc75b6b116943784a41eaa5dc4b0cdb1424ee16d', '3.127.148.155', 1764229237, 0x5f5f63695f6c6173745f726567656e65726174657c693a313736343232393233373b),
('fc76dac466a3a6e60bb1913c750381daf8da786d', '141.98.11.115', 1759108152, 0x5f5f63695f6c6173745f726567656e65726174657c693a313735393130383135323b),
('fc7aae35108c3038e9711389f28d42692d18ecfc', '91.231.89.125', 1759958100, 0x5f5f63695f6c6173745f726567656e65726174657c693a313735393935383130303b),
('fc7bbda3414ceaea813755db81cc013d4bfb6151', '159.65.18.2', 1760416776, 0x5f5f63695f6c6173745f726567656e65726174657c693a313736303431363737363b),
('fc7d7d52df30391fa61ba825e88cafbb4bbbbb80', '144.76.19.70', 1769645884, 0x5f5f63695f6c6173745f726567656e65726174657c693a313736393634353838343b),
('fc7e6de42d8071088a9f53c4504954906ab3ee08', '34.27.62.169', 1768832980, 0x5f5f63695f6c6173745f726567656e65726174657c693a313736383833323938303b),
('fc8057fdebdd381bb06781e683fc7ce7cc426725', '2a06:98c0:3600::103', 1758959144, 0x5f5f63695f6c6173745f726567656e65726174657c693a313735383935393134343b),
('fc82700b5e350bddc7869fbbaf384265a6797b00', '102.89.69.79', 1763621511, 0x5f5f63695f6c6173745f726567656e65726174657c693a313736333632313530333b72656469726563745f75726c7c733a33363a2268747470733a2f2f6564756d61632e636c6f75642f6578616d2f6d61726b5f656e747279223b6e616d657c733a363a224564754d6163223b6c6f676765725f70686f746f7c733a33363a2239326531636566626634346132366337663162343865616530323433376437652e706e67223b6c6f67676564696e5f6272616e63687c4e3b6c6f67676564696e5f656d61696c7c733a32333a224d6163616e616c797469636e6740676d61696c2e636f6d223b6c6f67676564696e5f69647c733a313a2231223b6c6f67676564696e5f7573657269647c733a313a2231223b6c6f67676564696e5f726f6c655f69647c733a313a2231223b6c6f67676564696e5f747970657c733a353a227374616666223b7365745f6c616e677c733a373a22656e676c697368223b69735f72746c7c623a303b7365745f73657373696f6e5f69647c733a313a2234223b6c6f67676564696e7c623a313b),
('fc83d746c40d3223e3019130ad2da5b2fb89a52a', '85.203.23.182', 1772996301, 0x5f5f63695f6c6173745f726567656e65726174657c693a313737323939363330313b),
('fc84bde259b01999cba9e8f1745f0be54014e11c', '194.5.52.21', 1772152796, 0x5f5f63695f6c6173745f726567656e65726174657c693a313737323135323739363b),
('fc8bfe8bb39959f28ce1069f827567557713ead9', '197.211.52.70', 1769193169, 0x5f5f63695f6c6173745f726567656e65726174657c693a313736393139333136393b),
('fc8c081055d810e5fb8b2dfa61f727abe9e40f11', '217.182.64.155', 1770491137, 0x5f5f63695f6c6173745f726567656e65726174657c693a313737303439313133373b),
('fc8eab7962de185385147c68cb3519f887298d45', '74.7.175.174', 1772319661, 0x5f5f63695f6c6173745f726567656e65726174657c693a313737323331393636313b),
('fc907e2468b712233adeecd1db5f1c92b720cfb7', '170.106.11.6', 1772303767, 0x5f5f63695f6c6173745f726567656e65726174657c693a313737323330333736373b),
('fc91da5f56f4b2e808acfb41746113d32532f59b', '74.7.244.28', 1765221939, 0x5f5f63695f6c6173745f726567656e65726174657c693a313736353232313933393b),
('fc95eaed7c3db8949bf41fb5eef040e2f02c461c', '74.125.209.35', 1763093587, 0x5f5f63695f6c6173745f726567656e65726174657c693a313736333039333538373b),
('fc966824ebbc71aa6917e6d880b20c70160d4cbd', '104.28.246.116', 1772813949, 0x5f5f63695f6c6173745f726567656e65726174657c693a313737323831333934393b),
('fc976e0b6145a104817d14087ab55f07736390cf', '205.210.31.174', 1772304975, 0x5f5f63695f6c6173745f726567656e65726174657c693a313737323330343937353b),
('fc992fc0e7ad47bfeb837482ae0c61994b1062c2', '68.218.64.243', 1768895072, 0x5f5f63695f6c6173745f726567656e65726174657c693a313736383839353037323b),
('fc9ada2f039ea7d31354d50d952b598ceb35b726', '194.114.136.69', 1758409261, 0x5f5f63695f6c6173745f726567656e65726174657c693a313735383430393236313b),
('fc9c77658c2f81fcbe1a884f7b79b6901c9d8670', '2a06:98c0:3600::103', 1762026360, 0x5f5f63695f6c6173745f726567656e65726174657c693a313736323032363336303b),
('fc9d433bc6d0072e40263fee10985cd703097374', '94.159.110.103', 1759232221, 0x5f5f63695f6c6173745f726567656e65726174657c693a313735393233323232313b),
('fc9e8de087ae6f861f27747909a103b3956e5d59', '2a06:98c0:3600::103', 1758499729, 0x5f5f63695f6c6173745f726567656e65726174657c693a313735383439393732393b),
('fca2b402adf185c6f156c5e44f196003c0ff6e90', '185.191.171.4', 1770263589, 0x5f5f63695f6c6173745f726567656e65726174657c693a313737303236333538393b),
('fca3f465ed6f7b6ca67f8c05f2c0d1723c20b1e1', '92.222.108.117', 1771083498, 0x5f5f63695f6c6173745f726567656e65726174657c693a313737313038333439383b),
('fca51becdc65ca985bbeef84120004f733ee89ea', '74.7.230.59', 1763953020, 0x5f5f63695f6c6173745f726567656e65726174657c693a313736333935333032303b),
('fca62fd43e406e9512637c5b18486c3f0e2cb22d', '66.102.9.202', 1768450758, 0x5f5f63695f6c6173745f726567656e65726174657c693a313736383435303735383b),
('fca7b0f61a5d32ebef496480603db42f8e7e3d6d', '40.77.167.3', 1770813877, 0x5f5f63695f6c6173745f726567656e65726174657c693a313737303831333837373b),
('fca9b704d6b86a7f5507b14cae9ed25f81965e27', '52.167.144.216', 1771057296, 0x5f5f63695f6c6173745f726567656e65726174657c693a313737313035373239363b),
('fcaafe7aff99abd1f367eaf0bc253cf8dad7e88a', '157.15.40.88', 1771633742, 0x5f5f63695f6c6173745f726567656e65726174657c693a313737313633333734323b),
('fcacd0d628641e48a638d95c38a0134b1cb58e67', '69.63.184.116', 1767039867, 0x5f5f63695f6c6173745f726567656e65726174657c693a313736373033393836373b),
('fcad122582f79ff0eafb4e8e12490c417831437b', '93.158.90.65', 1770467338, 0x5f5f63695f6c6173745f726567656e65726174657c693a313737303436373333383b),
('fcad539cf70665dac0989dee4077343955964fd9', '54.38.147.203', 1769529549, 0x5f5f63695f6c6173745f726567656e65726174657c693a313736393532393534393b),
('fcae55266ebff1374098965f736d52bbeba95fa5', '66.249.70.165', 1771018905, 0x5f5f63695f6c6173745f726567656e65726174657c693a313737313031383930353b),
('fcaeba08012094ad3049b4764e6dc7418033270b', '162.142.125.125', 1766858684, 0x5f5f63695f6c6173745f726567656e65726174657c693a313736363835383638343b),
('fcaf773d11f3d03e9fa468515db94aed6478a201', '113.31.186.146', 1762384656, 0x5f5f63695f6c6173745f726567656e65726174657c693a313736323338343635363b),
('fcb0aff5013da05c537aa8c8395fbba22e9c7d4d', '2a06:98c0:3600::103', 1758368057, 0x5f5f63695f6c6173745f726567656e65726174657c693a313735383336383035373b),
('fcb135235a20a24ed69ffb22003bacbbd2fcb9f8', '51.195.215.172', 1768506016, 0x5f5f63695f6c6173745f726567656e65726174657c693a313736383530363031363b),
('fcb3bd0bee4f7486688e9b37fb2f6e9094b8d1b4', '5.39.1.244', 1766198347, 0x5f5f63695f6c6173745f726567656e65726174657c693a313736363139383334373b),
('fcb4e65b0634eaaecd9e1e7eed2aceab194f8258', '216.81.248.71', 1768871496, 0x5f5f63695f6c6173745f726567656e65726174657c693a313736383837313439363b),
('fcb51dc8058ec1c9e0ca10119c4ff8e1f4dc2f79', '14.1.107.89', 1770980386, 0x5f5f63695f6c6173745f726567656e65726174657c693a313737303938303338363b),
('fcb5b5df56df48d496107fb111ba234bea301583', '35.185.248.172', 1761317065, 0x5f5f63695f6c6173745f726567656e65726174657c693a313736313331373036353b),
('fcb5e8826832d75a36b672435d27883d0e49dff0', '89.251.0.187', 1769779370, 0x5f5f63695f6c6173745f726567656e65726174657c693a313736393737393337303b),
('fcb87c3eaf1858bcaa4978eda02147ce4607e850', '144.76.19.70', 1772546090, 0x5f5f63695f6c6173745f726567656e65726174657c693a313737323534363039303b),
('fcb8d865f26a26f9418e31e9943a85b03b76ed5e', '102.89.82.4', 1759642229, 0x5f5f63695f6c6173745f726567656e65726174657c693a313735393634323232393b72656469726563745f75726c7c733a33383a22687474703a2f2f6564756d61632e636c6f75642f63657274696669636174652f656469742f31223b6e616d657c733a363a224564754d6163223b6c6f676765725f70686f746f7c733a33363a2266343235336265366533663362643863346137666665386136303863616634642e706e67223b6c6f67676564696e5f6272616e63687c4e3b6c6f67676564696e5f656d61696c7c733a32333a226d6163616e616c797469636e6740676d61696c2e636f6d223b6c6f67676564696e5f69647c733a313a2231223b6c6f67676564696e5f7573657269647c733a313a2231223b6c6f67676564696e5f726f6c655f69647c733a313a2231223b6c6f67676564696e5f747970657c733a353a227374616666223b7365745f6c616e677c733a373a22656e676c697368223b69735f72746c7c623a303b7365745f73657373696f6e5f69647c733a313a2234223b6c6f67676564696e7c623a313b616c6572742d6d6573736167652d737563636573737c733a33393a22496e666f726d6174696f6e20486173204265656e205361766564205375636365737366756c6c79223b5f5f63695f766172737c613a313a7b733a32313a22616c6572742d6d6573736167652d73756363657373223b733a333a226f6c64223b7d),
('fcba612afefe7918e74819ec21315302c3bb9e43', '142.250.32.7', 1773721465, 0x5f5f63695f6c6173745f726567656e65726174657c693a313737333732313436353b),
('fcba711ff5ac310fe43e1dc8239ca85b7c9ced27', '3.129.69.36', 1758319942, 0x5f5f63695f6c6173745f726567656e65726174657c693a313735383331393934323b72656469726563745f75726c7c733a34383a22687474703a2f2f6564756d61632e636c6f75642f73747564656e742f6373765f53616d706c65646f776e6c6f61646572223b),
('fcbaf70aedf83cff7a627fa276a6a1be35d1c290', '45.88.222.200', 1758004222, 0x5f5f63695f6c6173745f726567656e65726174657c693a313735383030343232323b72656469726563745f75726c7c733a33383a22687474703a2f2f6564756d61632e636c6f75642f73657474696e67732f756e6976657273616c223b6e616d657c733a363a224564754d6163223b6c6f676765725f70686f746f7c4e3b6c6f67676564696e5f6272616e63687c4e3b6c6f67676564696e5f656d61696c7c733a32333a226d6163616e616c797469636e6740676d61696c2e636f6d223b6c6f67676564696e5f69647c733a313a2231223b6c6f67676564696e5f7573657269647c733a313a2231223b6c6f67676564696e5f726f6c655f69647c733a313a2231223b6c6f67676564696e5f747970657c733a353a227374616666223b7365745f6c616e677c733a373a22656e676c697368223b69735f72746c7c623a303b7365745f73657373696f6e5f69647c733a313a2234223b6c6f67676564696e7c623a313b616c6572742d6d6573736167652d737563636573737c733a33393a22496e666f726d6174696f6e20486173204265656e205361766564205375636365737366756c6c79223b5f5f63695f766172737c613a313a7b733a32313a22616c6572742d6d6573736167652d73756363657373223b733a333a226f6c64223b7d),
('fcbbe972f786759081907a53d3003b8c6f6271fc', '185.64.78.13', 1770814833, 0x5f5f63695f6c6173745f726567656e65726174657c693a313737303831343833323b),
('fcc1f8815a07aac0440cc1bde2b9b953d9a7e24b', '43.135.186.135', 1773009095, 0x5f5f63695f6c6173745f726567656e65726174657c693a313737333030393039353b),
('fcc33de67a4eaff59c86ff305a219bd8b79e610a', '66.249.93.33', 1771686498, 0x5f5f63695f6c6173745f726567656e65726174657c693a313737313638363439383b),
('fcc34b5f07b4e6b7e930803f0a16a8482fd9c6e9', '34.245.185.221', 1766011833, 0x5f5f63695f6c6173745f726567656e65726174657c693a313736363031313833333b),
('fcc35e3cb63c4d4dd4d630440b53c3d8c9222c15', '149.56.150.64', 1768127288, 0x5f5f63695f6c6173745f726567656e65726174657c693a313736383132373238383b),
('fcc3e2be374742819cbfabcbec2799dbb1e587b4', '144.172.104.220', 1764795659, 0x5f5f63695f6c6173745f726567656e65726174657c693a313736343739353635393b),
('fcc47d46164642f160eb22c29b7628f381c607d9', '105.113.94.190', 1761837001, 0x5f5f63695f6c6173745f726567656e65726174657c693a313736313833373030313b6e616d657c733a363a224564754d6163223b6c6f676765725f70686f746f7c733a33363a2239326531636566626634346132366337663162343865616530323433376437652e706e67223b6c6f67676564696e5f6272616e63687c4e3b6c6f67676564696e5f656d61696c7c733a32333a224d6163616e616c797469636e6740676d61696c2e636f6d223b6c6f67676564696e5f69647c733a313a2231223b6c6f67676564696e5f7573657269647c733a313a2231223b6c6f67676564696e5f726f6c655f69647c733a313a2231223b6c6f67676564696e5f747970657c733a353a227374616666223b7365745f6c616e677c733a373a22656e676c697368223b69735f72746c7c623a303b7365745f73657373696f6e5f69647c733a313a2234223b6c6f67676564696e7c623a313b),
('fcc8370b68706196327568a867d3448c2ebfa81e', '43.131.26.226', 1769141308, 0x5f5f63695f6c6173745f726567656e65726174657c693a313736393134313330383b),
('fcc9d74ba6259afc8b51b8e36573efee2cc3c026', '66.102.9.128', 1768367270, 0x5f5f63695f6c6173745f726567656e65726174657c693a313736383336373237303b),
('fcca64fc34d7431ae33d9746dedd828a1dce6a75', '193.37.33.83', 1770933220, 0x5f5f63695f6c6173745f726567656e65726174657c693a313737303933333232303b),
('fccabc805270678d959ecfd14a09d9115ce83932', '51.120.74.232', 1770599743, 0x5f5f63695f6c6173745f726567656e65726174657c693a313737303539393734333b),
('fccc14804d66ae61a15688c7dec9289c9cc76020', '74.7.230.24', 1765896994, 0x5f5f63695f6c6173745f726567656e65726174657c693a313736353839363939343b),
('fccc5b4981738fe3f29b9ce904a6c0f4a32cdaf7', '66.249.93.32', 1763761056, 0x5f5f63695f6c6173745f726567656e65726174657c693a313736333736313035363b),
('fcd1b0e4ca60f2cbfcc74941ea063ca20c8ea2ff', '217.113.194.185', 1773307292, 0x5f5f63695f6c6173745f726567656e65726174657c693a313737333330373239323b),
('fcd6d4f8e95f04c262bb38f113e8ff4d0f1bd3bd', '197.211.52.77', 1769237555, 0x5f5f63695f6c6173745f726567656e65726174657c693a313736393233373535353b),
('fcd7bc2f6fc93a0986ce8537b400bd0ee351483d', '102.89.68.41', 1763584274, 0x5f5f63695f6c6173745f726567656e65726174657c693a313736333538343237343b6e616d657c733a363a224564754d6163223b6c6f676765725f70686f746f7c733a33363a2239326531636566626634346132366337663162343865616530323433376437652e706e67223b6c6f67676564696e5f6272616e63687c4e3b6c6f67676564696e5f656d61696c7c733a32333a224d6163616e616c797469636e6740676d61696c2e636f6d223b6c6f67676564696e5f69647c733a313a2231223b6c6f67676564696e5f7573657269647c733a313a2231223b6c6f67676564696e5f726f6c655f69647c733a313a2231223b6c6f67676564696e5f747970657c733a353a227374616666223b7365745f6c616e677c733a373a22656e676c697368223b69735f72746c7c623a303b7365745f73657373696f6e5f69647c733a313a2234223b6c6f67676564696e7c623a313b616c6572742d6d6573736167652d737563636573737c733a33393a22496e666f726d6174696f6e20486173204265656e205361766564205375636365737366756c6c79223b5f5f63695f766172737c613a313a7b733a32313a22616c6572742d6d6573736167652d73756363657373223b733a333a226e6577223b7d),
('fcd7f99f9b27bcbb5eb1c12293d7f53c8ae7ea38', '66.249.70.166', 1762655149, 0x5f5f63695f6c6173745f726567656e65726174657c693a313736323635353134393b),
('fcd8a742aa6680f1c1c89c4863a411e6549eb682', '194.5.52.21', 1772152916, 0x5f5f63695f6c6173745f726567656e65726174657c693a313737323135323931363b),
('fcd9264bb3b05e0c71bda5c2aef7afd771e78da6', '216.81.248.83', 1768900615, 0x5f5f63695f6c6173745f726567656e65726174657c693a313736383930303631353b),
('fcd9b750e352046a8bff14e7ac01e563c4b5f1f4', '185.177.72.48', 1758388484, 0x5f5f63695f6c6173745f726567656e65726174657c693a313735383338383438343b),
('fcdb7ca169fe2e97b7d5f1f7e6e3ee7c07692c65', '20.15.133.162', 1769233161, 0x5f5f63695f6c6173745f726567656e65726174657c693a313736393233333136313b),
('fcdbfe25d205ef2a0d37acaf937309618d3bb66f', '66.249.93.41', 1761838509, 0x5f5f63695f6c6173745f726567656e65726174657c693a313736313833383530393b),
('fcdc00520b4b3a0348ddcb09d0d7915887217493', '34.1.24.34', 1761113617, 0x5f5f63695f6c6173745f726567656e65726174657c693a313736313131333631373b),
('fcdcad751df8aa567fe8d6455242c7a64368a8ca', '162.142.125.124', 1762090284, 0x5f5f63695f6c6173745f726567656e65726174657c693a313736323039303238343b),
('fcde85901a68055233c11989bb7f6b7646d7f5fb', '51.195.244.253', 1768536336, 0x5f5f63695f6c6173745f726567656e65726174657c693a313736383533363333363b),
('fcdec5ef8fea95698c2c94b57c488471cc6214a3', '2a06:98c0:3600::103', 1758010650, 0x5f5f63695f6c6173745f726567656e65726174657c693a313735383031303635303b),
('fce07f690492ccebb8c12683c2426e700d5fb820', '195.178.110.192', 1768633311, 0x5f5f63695f6c6173745f726567656e65726174657c693a313736383633333331313b),
('fce87ac6a30234022ec84412d841bd5d098312d8', '2a06:98c0:3600::103', 1758069197, 0x5f5f63695f6c6173745f726567656e65726174657c693a313735383036393139373b),
('fcecfadb3e648ce2015813cb014799d51750d593', '51.77.216.212', 1772826014, 0x5f5f63695f6c6173745f726567656e65726174657c693a313737323832363031343b),
('fceebc51f42751875aaee274fe3208a3726809dd', '194.5.52.21', 1772152762, 0x5f5f63695f6c6173745f726567656e65726174657c693a313737323135323736323b),
('fcef7c66c5b57ed6b2553a0a3ae4daf4f5a11244', '188.166.37.140', 1772817072, 0x5f5f63695f6c6173745f726567656e65726174657c693a313737323831373037323b),
('fcf14537a0560df5afabd344a537e0b84564e728', '87.236.176.176', 1770560360, 0x5f5f63695f6c6173745f726567656e65726174657c693a313737303536303336303b),
('fcf4a2531e2c0601d02caad5f7cd10596e6376fc', '91.197.7.11', 1760832012, 0x5f5f63695f6c6173745f726567656e65726174657c693a313736303833323031323b),
('fcf5e1d7003072e0ab239bb2e625072221b92c6e', '194.5.52.21', 1772152872, 0x5f5f63695f6c6173745f726567656e65726174657c693a313737323135323837323b),
('fcf8b7633c1f2fe23a2537fc1b951eaee143f492', '105.113.62.112', 1765448158, 0x5f5f63695f6c6173745f726567656e65726174657c693a313736353434383135383b6e616d657c733a31383a2248616c6c656c756a6168204164656261796f223b6c6f676765725f70686f746f7c733a31313a2264656675616c742e706e67223b6c6f67676564696e5f6272616e63687c733a313a2231223b6c6f67676564696e5f656d61696c7c733a32313a2274656163686572314066636863732e6f72672e6e67223b6c6f67676564696e5f69647c733a323a223231223b6c6f67676564696e5f7573657269647c733a323a223231223b6c6f67676564696e5f726f6c655f69647c733a313a2233223b6c6f67676564696e5f747970657c733a353a227374616666223b7365745f6c616e677c733a373a22656e676c697368223b69735f72746c7c623a303b7365745f73657373696f6e5f69647c733a313a2234223b6c6f67676564696e7c623a313b),
('fcf8e83ec5b89d0f797588387803fa0beb1c8d98', '192.121.146.24', 1766259487, 0x5f5f63695f6c6173745f726567656e65726174657c693a313736363235393438373b),
('fcfb2c9d65543ac7b3748c4441a35dcd1e104d8a', '89.251.0.187', 1769779454, 0x5f5f63695f6c6173745f726567656e65726174657c693a313736393737393435343b),
('fcfc449f5df3a992db6d956d03265230ba359ad3', '84.32.68.156', 1767471701, 0x5f5f63695f6c6173745f726567656e65726174657c693a313736373437313730313b),
('fcfc88389ef2dae5d953b6a2bfc89806c0fb9ff5', '141.98.11.115', 1759229396, 0x5f5f63695f6c6173745f726567656e65726174657c693a313735393232393339363b),
('fcffe3d189eb7c69b3d0b19e4b623b8524359c46', '165.227.173.41', 1770296783, 0x5f5f63695f6c6173745f726567656e65726174657c693a313737303239363738333b),
('fd0294fc6b74f287dd35645451d4becb0a0edd01', '194.5.52.21', 1772152824, 0x5f5f63695f6c6173745f726567656e65726174657c693a313737323135323832343b),
('fd03a8af015692e15c542a31a04991ddd001937c', '216.26.235.102', 1770838174, 0x5f5f63695f6c6173745f726567656e65726174657c693a313737303833383137343b),
('fd061ad2e65b3f29abb1836e3d497e51452d4904', '194.5.52.21', 1772152859, 0x5f5f63695f6c6173745f726567656e65726174657c693a313737323135323835393b),
('fd070d99847125dcec076a79a41455e8a19b5ff1', '167.99.196.220', 1770781248, 0x5f5f63695f6c6173745f726567656e65726174657c693a313737303738313234383b),
('fd08ccea2788c310d055f825034fbfd6f18d92d1', '185.64.78.13', 1770814632, 0x5f5f63695f6c6173745f726567656e65726174657c693a313737303831343633323b),
('fd0dacda5282f656f097b129245c418e3f7419d6', '159.89.90.163', 1762347150, 0x5f5f63695f6c6173745f726567656e65726174657c693a313736323334373135303b),
('fd0e83e8948b42c1fb17e8cbfe72a7ce108b16da', '205.210.31.169', 1764610528, 0x5f5f63695f6c6173745f726567656e65726174657c693a313736343631303532383b),
('fd0ee6fe513661aba16e3852239e28b3cccd14a5', '129.226.174.80', 1765371532, 0x5f5f63695f6c6173745f726567656e65726174657c693a313736353337313533323b),
('fd11f1841befbeb93abd8ccd5d0b6948d49059ad', '170.106.192.3', 1768633787, 0x5f5f63695f6c6173745f726567656e65726174657c693a313736383633333738373b),
('fd128af047edd142f82b4889f22bf5692c60ef24', '102.89.76.117', 1765699403, 0x5f5f63695f6c6173745f726567656e65726174657c693a313736353639393430333b),
('fd12b8ad8976191f17f0d16581c04ba72e8e3738', '43.157.153.236', 1763571528, 0x5f5f63695f6c6173745f726567656e65726174657c693a313736333537313532383b),
('fd159a677eaef9adb38584f8e5058792d72f5cbc', '167.94.146.48', 1773468788, 0x5f5f63695f6c6173745f726567656e65726174657c693a313737333436383738383b),
('fd167e86142f8bf0b351d371b791fa8822d2c5f5', '143.198.15.239', 1763634175, 0x5f5f63695f6c6173745f726567656e65726174657c693a313736333633343137353b),
('fd19e2d7882e59b6f35570a37e2f507a79b35421', '66.249.70.165', 1761975130, 0x5f5f63695f6c6173745f726567656e65726174657c693a313736313937353133303b),
('fd19fb668e5fd36ca71426c0801392d967a06544', '185.64.78.13', 1770814411, 0x5f5f63695f6c6173745f726567656e65726174657c693a313737303831343431313b),
('fd1b28a433c39c8be1969c21cbb311081a847e53', '52.167.144.215', 1765398029, 0x5f5f63695f6c6173745f726567656e65726174657c693a313736353339383032393b),
('fd1c9950087560f5157f44d85006006c1c4a4a2e', '102.89.82.89', 1765542332, 0x5f5f63695f6c6173745f726567656e65726174657c693a313736353534323333323b),
('fd1d1f8c44437c572f941f5cabd88482a34b05c3', '49.51.233.46', 1769632224, 0x5f5f63695f6c6173745f726567656e65726174657c693a313736393633323232343b),
('fd1de046ec29ef3c12cbee1cb2a8949b222bee00', '66.102.9.203', 1769400224, 0x5f5f63695f6c6173745f726567656e65726174657c693a313736393430303232343b),
('fd1ea574f051253c92ea159ec2f49e45651bb8f8', '85.208.96.208', 1758606534, 0x5f5f63695f6c6173745f726567656e65726174657c693a313735383630363533343b),
('fd1f4b301294afea081f5946b3adb86e1dc7a317', '216.81.248.71', 1768871496, 0x5f5f63695f6c6173745f726567656e65726174657c693a313736383837313439363b),
('fd2012753ef1644ea8d99c4e72b25e05c1ddaf9a', '89.169.48.0', 1761264272, 0x5f5f63695f6c6173745f726567656e65726174657c693a313736313236343237323b),
('fd21171fa486835d9412f39d36202ab7f090832d', '220.167.233.43', 1768702405, 0x5f5f63695f6c6173745f726567656e65726174657c693a313736383730323430353b),
('fd216d6d0b2383dca450c7ce344416fb593241d2', '17.22.245.215', 1768723487, 0x5f5f63695f6c6173745f726567656e65726174657c693a313736383732333438373b),
('fd21cc1a4355d7b60790150ec1ee2aab7c60846c', '102.90.99.144', 1765455727, 0x5f5f63695f6c6173745f726567656e65726174657c693a313736353435353732373b6e616d657c733a363a224564754d6163223b6c6f676765725f70686f746f7c733a33363a2239326531636566626634346132366337663162343865616530323433376437652e706e67223b6c6f67676564696e5f6272616e63687c4e3b6c6f67676564696e5f656d61696c7c733a32333a224d6163616e616c797469636e6740676d61696c2e636f6d223b6c6f67676564696e5f69647c733a313a2231223b6c6f67676564696e5f7573657269647c733a313a2231223b6c6f67676564696e5f726f6c655f69647c733a313a2231223b6c6f67676564696e5f747970657c733a353a227374616666223b7365745f6c616e677c733a373a22656e676c697368223b69735f72746c7c623a303b7365745f73657373696f6e5f69647c733a313a2234223b6c6f67676564696e7c623a313b616c6572742d6d6573736167652d737563636573737c733a34313a22496e666f726d6174696f6e20486173204265656e2055706461746564205375636365737366756c6c79223b5f5f63695f766172737c613a313a7b733a32313a22616c6572742d6d6573736167652d73756363657373223b733a333a226f6c64223b7d),
('fd2461e04cdb39eadf9de254816cf9d3a95f2f71', '185.191.171.12', 1771053170, 0x5f5f63695f6c6173745f726567656e65726174657c693a313737313035333137303b),
('fd2658c8e84d302870b195dea970596f2d557b3e', '178.156.216.86', 1772962982, 0x5f5f63695f6c6173745f726567656e65726174657c693a313737323936323938323b),
('fd28cdaae105b10d4a6b3bf39446633eecbf7740', '102.89.68.118', 1767773598, 0x5f5f63695f6c6173745f726567656e65726174657c693a313736373737333539373b),
('fd2aa0d5298e16343607c1f1be213d863fe69d27', '36.111.67.189', 1763781842, 0x5f5f63695f6c6173745f726567656e65726174657c693a313736333738313834323b),
('fd2f2dbd64ef5bf49d53cd9d1bffc5ce2c3d6ebd', '89.251.0.187', 1769779450, 0x5f5f63695f6c6173745f726567656e65726174657c693a313736393737393435303b),
('fd2f2ec61e9124bd798d901e6968b90e8fc82072', '197.211.63.23', 1760680500, 0x5f5f63695f6c6173745f726567656e65726174657c693a313736303638303530303b6e616d657c733a31313a224d72732041626f73656465223b6c6f676765725f70686f746f7c733a33363a2234633037356336653165643437633334626330346266343434376661656463342e706e67223b6c6f67676564696e5f6272616e63687c733a313a2232223b6c6f67676564696e5f656d61696c7c733a32303a22476b6973696c6569666540676d61696c2e636f6d223b6c6f67676564696e5f69647c733a333a22363236223b6c6f67676564696e5f7573657269647c733a323a223234223b6c6f67676564696e5f726f6c655f69647c733a313a2232223b6c6f67676564696e5f747970657c733a353a227374616666223b7365745f6c616e677c733a373a22656e676c697368223b69735f72746c7c623a303b7365745f73657373696f6e5f69647c733a313a2234223b6c6f67676564696e7c623a313b),
('fd2f52f159cde2725aabe1cb2011146504a8f3e3', '194.5.52.21', 1772152877, 0x5f5f63695f6c6173745f726567656e65726174657c693a313737323135323837373b),
('fd318925ba55673b5d5690d5f4e65ec17dac3302', '3.137.156.36', 1765848707, 0x5f5f63695f6c6173745f726567656e65726174657c693a313736353834383730373b),
('fd32ecb340255939a2b9a72a6bea6d22dc631b5e', '43.157.95.239', 1766913005, 0x5f5f63695f6c6173745f726567656e65726174657c693a313736363931333030353b),
('fd338e3c5ba0bee1fe7e3fdf134ab03e763ea8fe', '109.237.101.237', 1761630800, 0x5f5f63695f6c6173745f726567656e65726174657c693a313736313633303830303b),
('fd36a229ee02bc72787633fedca20ed11610f22d', '89.251.0.187', 1769779597, 0x5f5f63695f6c6173745f726567656e65726174657c693a313736393737393539373b),
('fd3793db300743970ee18829c40862bd9f8f8bbf', '104.28.246.115', 1772137778, 0x5f5f63695f6c6173745f726567656e65726174657c693a313737323133373737383b),
('fd3904835291251e79dbcbd985f7cb94a430b64e', '18.89.139.175', 1763459680, 0x5f5f63695f6c6173745f726567656e65726174657c693a313736333435393637343b6d73675f737563636573737c733a35353a224d657373616765205375636365737366756c6c792053656e742e2057652077696c6c20636f6e7461637420796f752073686f72746c792e223b5f5f63695f766172737c613a313a7b733a31313a226d73675f73756363657373223b733a333a226e6577223b7d),
('fd3931ea0fce3780335ef9df89aea1c030ef3238', '74.7.175.183', 1763614034, 0x5f5f63695f6c6173745f726567656e65726174657c693a313736333631343033343b),
('fd3bfd2733544d9fa1677b984af4e91feeae362e', '194.5.52.21', 1772152754, 0x5f5f63695f6c6173745f726567656e65726174657c693a313737323135323735343b),
('fd3c50c40218aad1d9d5082e72e4d954866bd8d9', '4.232.89.175', 1771304207, 0x5f5f63695f6c6173745f726567656e65726174657c693a313737313330343139363b),
('fd4014874b122e05cbdd2236caa70f7f950bb31d', '207.46.13.17', 1769274685, 0x5f5f63695f6c6173745f726567656e65726174657c693a313736393237343638353b),
('fd4057d69bdde5f691da66e6ad02bb615f3de793', '45.148.10.79', 1771475112, 0x5f5f63695f6c6173745f726567656e65726174657c693a313737313437353131323b),
('fd415af6ca5ab3435559347375e03492e3409347', '2a06:98c0:3600::103', 1759818280, 0x5f5f63695f6c6173745f726567656e65726174657c693a313735393831383238303b),
('fd417836c21b6e274eeba4d1749bec8d316bdb4b', '194.5.52.21', 1772152954, 0x5f5f63695f6c6173745f726567656e65726174657c693a313737323135323935343b),
('fd41b17c3731a572bb29d4ae39032abe9f6aae24', '2a06:98c0:3600::103', 1762164814, 0x5f5f63695f6c6173745f726567656e65726174657c693a313736323136343831343b),
('fd420f895cc62fce42d5cb3dc4827b50d035557a', '102.91.5.97', 1769267198, 0x5f5f63695f6c6173745f726567656e65726174657c693a313736393236373139383b),
('fd4266472088dad7242a27b58146760bbd3cea5d', '35.86.238.130', 1761788382, 0x5f5f63695f6c6173745f726567656e65726174657c693a313736313738383338323b),
('fd4a8c6e1e7e2f1a1890c1485a0162ac5f341101', '102.89.69.97', 1760433081, 0x5f5f63695f6c6173745f726567656e65726174657c693a313736303433323934353b6e616d657c733a31313a224d7273204164656c6f7965223b6c6f676765725f70686f746f7c733a33363a2236303039383736366363333433383639353234383339333431626637636231662e706e67223b6c6f67676564696e5f6272616e63687c733a313a2231223b6c6f67676564696e5f656d61696c7c733a33313a22666c6f7572697368696e67636564617268696c6c7340676d61696c2e636f6d223b6c6f67676564696e5f69647c733a313a2232223b6c6f67676564696e5f7573657269647c733a313a2232223b6c6f67676564696e5f726f6c655f69647c733a313a2239223b6c6f67676564696e5f747970657c733a353a227374616666223b7365745f6c616e677c733a373a22656e676c697368223b69735f72746c7c623a303b7365745f73657373696f6e5f69647c733a313a2234223b6c6f67676564696e7c623a313b),
('fd4bec4bd18dba7ec8c01dcf2c5346011f2ed2c0', '147.135.213.153', 1765909696, 0x5f5f63695f6c6173745f726567656e65726174657c693a313736353930393639363b),
('fd4c39acad764456456927948733a30c7c795636', '18.89.140.40', 1758749249, 0x5f5f63695f6c6173745f726567656e65726174657c693a313735383734393234393b),
('fd4cca1c8dd66313d48af502b324b741c31cf6ad', '51.68.247.214', 1766985522, 0x5f5f63695f6c6173745f726567656e65726174657c693a313736363938353532313b),
('fd4d06f60520c0de4b98ffbe1d8b1f56fa4a89d4', '2a06:98c0:3600::103', 1760676316, 0x5f5f63695f6c6173745f726567656e65726174657c693a313736303637363331363b),
('fd4fd466ecce8a44aeebc2d1de7cf8675037cf22', '2a06:98c0:3600::103', 1757989437, 0x5f5f63695f6c6173745f726567656e65726174657c693a313735373938393433373b),
('fd4fdad190e3148c020430688ffc325d4e1a3ce1', '163.172.117.48', 1758307851, 0x5f5f63695f6c6173745f726567656e65726174657c693a313735383330373835313b72656469726563745f75726c7c733a33363a22687474703a2f2f6564756d61632e636c6f75642f66726f6e74656e642f73657474696e67223b),
('fd50e0c8fe2223e625c1a932372f9884f403e721', '135.237.130.152', 1766793009, 0x5f5f63695f6c6173745f726567656e65726174657c693a313736363739333030393b),
('fd56623e1af724cfb3c8aee15d9aaf28e63975de', '173.252.87.35', 1772055057, 0x5f5f63695f6c6173745f726567656e65726174657c693a313737323035353035373b),
('fd59c823544ec8ee02e957beb845cc0c5137a1d0', '85.208.96.196', 1773300453, 0x5f5f63695f6c6173745f726567656e65726174657c693a313737333330303435333b),
('fd5d72d795bf7b8030294bd0713bb0f0e3b8b86e', '66.249.70.165', 1761708682, 0x5f5f63695f6c6173745f726567656e65726174657c693a313736313730383638323b),
('fd5e0c5498ebe83008df85e702f4fb21cfb8a82e', '17.241.75.17', 1764012068, 0x5f5f63695f6c6173745f726567656e65726174657c693a313736343031323036383b),
('fd5eed9a024c81fd48d628ca15fc5e4eb43ec1b7', '66.249.93.33', 1773421111, 0x5f5f63695f6c6173745f726567656e65726174657c693a313737333432313131313b),
('fd62dad3171f496925fce1888b8d729a6386f936', '51.195.215.14', 1767689627, 0x5f5f63695f6c6173745f726567656e65726174657c693a313736373638393632373b),
('fd62dbc2aea5f4f45e7cff2506a44232b06e230f', '85.203.23.169', 1772996355, 0x5f5f63695f6c6173745f726567656e65726174657c693a313737323939363335353b),
('fd62f5068fcbdec12e3ace8b039f7a01b8fad12f', '44.250.52.14', 1763357142, 0x5f5f63695f6c6173745f726567656e65726174657c693a313736333335373134323b),
('fd62f99aa97e4a26c93fe3a17dd978bbc62d6327', '51.107.69.151', 1771812342, 0x5f5f63695f6c6173745f726567656e65726174657c693a313737313831323334313b),
('fd6384e579c64a12f9bd27dbf8379bb28249d91f', '142.250.33.65', 1773001256, 0x5f5f63695f6c6173745f726567656e65726174657c693a313737333030313235363b),
('fd63a3ff944bf452a8fa38c4d33905cc2b0012f4', '167.71.229.210', 1765350543, 0x5f5f63695f6c6173745f726567656e65726174657c693a313736353335303534333b),
('fd6892785247887dbbfce775d442f0354c1fdb74', '18.246.71.245', 1763112166, 0x5f5f63695f6c6173745f726567656e65726174657c693a313736333131323136363b),
('fd6c9c5ef23126ceb331d93179f7093a0df6cc3e', '43.155.195.141', 1765069630, 0x5f5f63695f6c6173745f726567656e65726174657c693a313736353036393633303b),
('fd6d5c562e508c909a9445fe3962c90b566c1f81', '192.36.173.21', 1764677836, 0x5f5f63695f6c6173745f726567656e65726174657c693a313736343637373833363b),
('fd6e9fdabb496551498f894a36040731790a0bdf', '105.113.61.218', 1765977675, 0x5f5f63695f6c6173745f726567656e65726174657c693a313736353937373637353b72656469726563745f75726c7c733a34353a2268747470733a2f2f66636863732e6564756d61632e636c6f75642f73747564656e742f6373765f696d706f7274223b6e616d657c733a31353a224d7273204164656c6f796520452e4f223b6c6f676765725f70686f746f7c733a33363a2232613633626464393563383861363130323739626234663532653131663261632e6a7067223b6c6f67676564696e5f6272616e63687c733a313a2231223b6c6f67676564696e5f656d61696c7c733a32313a22666f6c61626f6d6961646540676d61696c2e636f6d223b6c6f67676564696e5f69647c733a333a22363235223b6c6f67676564696e5f7573657269647c733a323a223233223b6c6f67676564696e5f726f6c655f69647c733a313a2232223b6c6f67676564696e5f747970657c733a353a227374616666223b7365745f6c616e677c733a373a22656e676c697368223b69735f72746c7c623a303b7365745f73657373696f6e5f69647c733a313a2234223b6c6f67676564696e7c623a313b),
('fd6f9fe28a655dc532e3bc3c88d12fe2ab61f407', '91.231.89.120', 1758372781, 0x5f5f63695f6c6173745f726567656e65726174657c693a313735383337323738313b),
('fd6fae7c8614ac1d9e363e0be9f2a250bdbaeaa6', '176.65.132.217', 1771756804, 0x5f5f63695f6c6173745f726567656e65726174657c693a313737313735363830333b),
('fd7112b2fc5d250c6f635413bc78c720a8c34ffd', '57.141.20.10', 1773679823, 0x5f5f63695f6c6173745f726567656e65726174657c693a313737333637393832333b),
('fd71f4267c7a5fa0025d6db5a0cfec75d3399e42', '34.1.31.239', 1761187538, 0x5f5f63695f6c6173745f726567656e65726174657c693a313736313138373533383b),
('fd766ac5d61d46d3b8a5571bd63fe5ea6de0ce6d', '185.177.72.51', 1771282682, 0x5f5f63695f6c6173745f726567656e65726174657c693a313737313238323638323b),
('fd76cdb61840842156a5b5309c3f7d2cae929d46', '3.96.158.131', 1764360718, 0x5f5f63695f6c6173745f726567656e65726174657c693a313736343336303731383b),
('fd8074c3abb3cf1d94208e0c449baa092f3040de', '17.246.19.246', 1765409806, 0x5f5f63695f6c6173745f726567656e65726174657c693a313736353430393830363b),
('fd8077ee4cc00387c043d8b815a70f3c36718ba7', '173.252.82.19', 1773059110, 0x5f5f63695f6c6173745f726567656e65726174657c693a313737333035393130393b),
('fd80be5324488a6b57403d232e2b4ccafaf3a4e5', '182.10.129.91', 1768323545, 0x5f5f63695f6c6173745f726567656e65726174657c693a313736383332333534353b),
('fd831e8e770896cb46f7f33b81faea09ba5da4f8', '150.109.119.38', 1764179619, 0x5f5f63695f6c6173745f726567656e65726174657c693a313736343137393631393b),
('fd8471f7cb7c040ee86d3e6e4aa8fce96b45deb1', '2a06:98c0:3600::103', 1758064521, 0x5f5f63695f6c6173745f726567656e65726174657c693a313735383036343532313b),
('fd891fd69b9f30d9e5770584369a8ae14e3b0ed6', '74.7.175.163', 1766370299, 0x5f5f63695f6c6173745f726567656e65726174657c693a313736363337303239393b),
('fd8a24ce2e36e078025c8b1c0e9d5309c790780a', '92.222.108.103', 1773313734, 0x5f5f63695f6c6173745f726567656e65726174657c693a313737333331333733343b),
('fd8b524d129663939ad60c0286a6e79b07d50e86', '85.208.96.202', 1771702244, 0x5f5f63695f6c6173745f726567656e65726174657c693a313737313730323234343b),
('fd8bc678719aa5024bcbf627e29087038fc0edde', '105.113.73.228', 1765879638, 0x5f5f63695f6c6173745f726567656e65726174657c693a313736353837393633383b6e616d657c733a31373a22436f726e656c6975732042616e6b6f6c61223b6c6f676765725f70686f746f7c733a31313a2264656675616c742e706e67223b6c6f67676564696e5f6272616e63687c733a313a2231223b6c6f67676564696e5f656d61696c7c733a32313a2274656163686572324066636863732e6f72672e6e67223b6c6f67676564696e5f69647c733a343a2231313936223b6c6f67676564696e5f7573657269647c733a323a223930223b6c6f67676564696e5f726f6c655f69647c733a313a2233223b6c6f67676564696e5f747970657c733a353a227374616666223b7365745f6c616e677c733a373a22656e676c697368223b69735f72746c7c623a303b7365745f73657373696f6e5f69647c733a313a2234223b6c6f67676564696e7c623a313b),
('fd8ccfd8e695e4a0d67ea9b6ab306d47fe4e5322', '45.126.185.209', 1772143020, 0x5f5f63695f6c6173745f726567656e65726174657c693a313737323134333032303b),
('fd8f2fa98a87ea2c60224b5ed3be1f63cd081d10', '45.126.185.209', 1772142998, 0x5f5f63695f6c6173745f726567656e65726174657c693a313737323134323939383b),
('fd932d39c3df1ff6d0801582014a08a8f3a0d858', '74.7.228.37', 1764894417, 0x5f5f63695f6c6173745f726567656e65726174657c693a313736343839343431373b),
('fd9404f96b6a9f0606ce87dfa18c45f3b692d944', '104.210.140.137', 1772856815, 0x5f5f63695f6c6173745f726567656e65726174657c693a313737323835363831353b),
('fd940abf51f6db8edfa4f77e74247c192d078604', '20.205.227.70', 1773593837, 0x5f5f63695f6c6173745f726567656e65726174657c693a313737333539333833373b),
('fd97833f2a9bf94df9a26adcc6c0949231226b7f', '45.126.185.209', 1772138363, 0x5f5f63695f6c6173745f726567656e65726174657c693a313737323133383336333b),
('fd97be6d87386a9d62a8485aa4042bf1e9df463c', '104.28.214.117', 1768573614, 0x5f5f63695f6c6173745f726567656e65726174657c693a313736383537333631343b),
('fd97f15b8eb816c677fac1be221c1baa7feaf96b', '149.57.180.148', 1760208049, 0x5f5f63695f6c6173745f726567656e65726174657c693a313736303230383034393b),
('fd9a2555a2b889eeea07d296567406464918058d', '44.250.52.14', 1763357153, 0x5f5f63695f6c6173745f726567656e65726174657c693a313736333335373135333b),
('fda19bd91ec412329ab58b900d5dddccac9bf77a', '85.203.23.218', 1772996340, 0x5f5f63695f6c6173745f726567656e65726174657c693a313737323939363334303b),
('fda602a1cf54df59d5e263f9068c93c3089ef3a9', '43.163.123.43', 1758473343, 0x5f5f63695f6c6173745f726567656e65726174657c693a313735383437333334333b),
('fda719ed5f6ea5fee0da160c0e07d931c42ca753', '40.77.167.254', 1763153907, 0x5f5f63695f6c6173745f726567656e65726174657c693a313736333135333930373b),
('fda82ba9ecc90d2bf1db041b9bd8e0b9884ed5be', '207.102.138.19', 1759606582, 0x5f5f63695f6c6173745f726567656e65726174657c693a313735393630363538323b72656469726563745f75726c7c733a34323a22687474703a2f2f6564756d61632e636c6f75642f66726f6e74656e642f73656374696f6e2f696e646578223b),
('fda9e9982f51d52299a3d29eae6db3d364b54d17', '198.244.242.33', 1767214792, 0x5f5f63695f6c6173745f726567656e65726174657c693a313736373231343739323b),
('fdad60a2ce55f18c74016c2d3ebe8ccfa3d96d6f', '104.210.140.140', 1762906838, 0x5f5f63695f6c6173745f726567656e65726174657c693a313736323930363833383b),
('fdb33f66b592a322a4694ee1570039925de40bf3', '2a06:98c0:3600::103', 1760308481, 0x5f5f63695f6c6173745f726567656e65726174657c693a313736303330383438313b),
('fdb3d7729aa6437b08b632e1826c4839e0547d1f', '102.89.69.141', 1769616008, 0x5f5f63695f6c6173745f726567656e65726174657c693a313736393631353738353b),
('fdb6e0d3d19d203c929ca75ccf9b185995ed4ee4', '205.169.39.55', 1759758348, 0x5f5f63695f6c6173745f726567656e65726174657c693a313735393735383334363b),
('fdb82c0c1cc4d5eef76fe1ebd9f65ae6c48588a7', '87.236.176.61', 1769809757, 0x5f5f63695f6c6173745f726567656e65726174657c693a313736393830393735373b),
('fdc19cbf4078eecfb95fc39c06d5867753d90063', '196.251.88.64', 1761402765, 0x5f5f63695f6c6173745f726567656e65726174657c693a313736313430323736353b),
('fdc21d2be6fc1eec8b55f4cee8ff79f45f662c9d', '195.178.110.223', 1765163722, 0x5f5f63695f6c6173745f726567656e65726174657c693a313736353136333732323b),
('fdc2556828345d3efc56e89c58850d07a993a864', '185.64.78.13', 1770814804, 0x5f5f63695f6c6173745f726567656e65726174657c693a313737303831343830343b),
('fdc2fd182792cab41b51ebd94dd53549fe47a5bb', '185.177.72.51', 1771282677, 0x5f5f63695f6c6173745f726567656e65726174657c693a313737313238323637373b),
('fdc4ebc8d5b8f6db0a44f27e93344403e20aa9ea', '3.151.194.164', 1772762665, 0x5f5f63695f6c6173745f726567656e65726174657c693a313737323736323636353b),
('fdc5582a12a5e0eee477c4c6af6e296590aeaa46', '74.7.228.15', 1763487757, 0x5f5f63695f6c6173745f726567656e65726174657c693a313736333438373735373b),
('fdc783e266ccd3be35a80ba394073fc24ed1c878', '194.5.52.21', 1772152845, 0x5f5f63695f6c6173745f726567656e65726174657c693a313737323135323834353b),
('fdc96d6549e6da44a064bf51184a692e929dc950', '5.39.1.234', 1773335205, 0x5f5f63695f6c6173745f726567656e65726174657c693a313737333333353230353b),
('fdc984345c670988252bf625c13a02e1edb3e528', '89.251.0.187', 1769779472, 0x5f5f63695f6c6173745f726567656e65726174657c693a313736393737393437323b),
('fdcb09116c382314a83f6bf7125cb4b94f08f3f4', '66.249.93.41', 1763138979, 0x5f5f63695f6c6173745f726567656e65726174657c693a313736333133383937393b),
('fdcb6b2643fdf1ec942eb45ed4e470d0743a95f9', '216.81.248.71', 1768871495, 0x5f5f63695f6c6173745f726567656e65726174657c693a313736383837313439353b),
('fdcbc431e8e160a9c19a49866958a4b2efb90a22', '66.102.9.4', 1773265667, 0x5f5f63695f6c6173745f726567656e65726174657c693a313737333236353636373b),
('fdcd5adcfdfc1f438a2ca5b1b0f1732c92515887', '52.167.144.225', 1772782882, 0x5f5f63695f6c6173745f726567656e65726174657c693a313737323738323838323b),
('fdcf1a7e391f4a7c3121c6a59d5fd69d107eda50', '185.191.171.17', 1761639425, 0x5f5f63695f6c6173745f726567656e65726174657c693a313736313633393432353b),
('fdd05666fb423faf83f4a3aa2a2ac204ff75dcc0', '89.251.0.187', 1769779492, 0x5f5f63695f6c6173745f726567656e65726174657c693a313736393737393439323b),
('fdd21f707d413050dd60422052d52fc63330eaa1', '74.7.244.5', 1770911503, 0x5f5f63695f6c6173745f726567656e65726174657c693a313737303931313530333b),
('fdd3e8030144513d4939d3279040cc4ee2138773', '206.168.34.46', 1765559422, 0x5f5f63695f6c6173745f726567656e65726174657c693a313736353535393432323b),
('fdd7a0684e08ab31d815b388bd3c961859991d83', '20.163.6.177', 1767483605, 0x5f5f63695f6c6173745f726567656e65726174657c693a313736373438333630353b),
('fdd813f3d74c629fe6f892236d2f0a5cdac27565', '18.201.229.147', 1759781410, 0x5f5f63695f6c6173745f726567656e65726174657c693a313735393738313431303b),
('fdd9185e856275985c924aac0a847322ca46bb9f', '135.232.201.54', 1759873075, 0x5f5f63695f6c6173745f726567656e65726174657c693a313735393837333037353b),
('fde12d773658816ea986ec67c1ac8c59e7716d93', '74.7.241.151', 1773490005, 0x5f5f63695f6c6173745f726567656e65726174657c693a313737333439303030353b),
('fde3f9d6a2acbeb490fba36534bdac8ecd660b39', '74.7.241.186', 1772618263, 0x5f5f63695f6c6173745f726567656e65726174657c693a313737323631383236333b),
('fde86d2cd3207694ac52b318de52d1e98312b4d3', '104.28.246.116', 1768573608, 0x5f5f63695f6c6173745f726567656e65726174657c693a313736383537333630383b),
('fde8e4ebf082957c14d92d860f54c280228cca3e', '141.98.11.115', 1759229573, 0x5f5f63695f6c6173745f726567656e65726174657c693a313735393232393537333b),
('fde9c3aa18282eee859b5590822e04f6ce392f46', '144.76.19.70', 1766319779, 0x5f5f63695f6c6173745f726567656e65726174657c693a313736363331393737393b),
('fdec43b2418f721ad80e0909a46d76e5ccc257c3', '87.236.176.168', 1769246926, 0x5f5f63695f6c6173745f726567656e65726174657c693a313736393234363932363b),
('fdecd351de13c94d579c69505c4b5d7e5019ce83', '194.5.52.21', 1772152897, 0x5f5f63695f6c6173745f726567656e65726174657c693a313737323135323839373b),
('fdf1329747a88c43e89d3e7ed1ff9fed4c162838', '105.113.64.148', 1760966131, 0x5f5f63695f6c6173745f726567656e65726174657c693a313736303936363133313b),
('fdf48054c7719e7a116b3318ef6654c1028a81e1', '223.244.35.77', 1765994845, 0x5f5f63695f6c6173745f726567656e65726174657c693a313736353939343834353b),
('fdf721661367c0b4ef08af6c771884534b5155d8', '141.98.11.115', 1759155122, 0x5f5f63695f6c6173745f726567656e65726174657c693a313735393135353132323b),
('fdf760754b3c46903fb3b58627bf3b8f50d28a68', '141.98.11.115', 1759108188, 0x5f5f63695f6c6173745f726567656e65726174657c693a313735393130383138383b),
('fdf7edd5840ce05515dc5ad6069d53d8bd1be4b7', '182.42.104.32', 1769812484, 0x5f5f63695f6c6173745f726567656e65726174657c693a313736393831323438343b),
('fdf9a52592afafc2db7725c8adba52e444d35fc4', '2a06:98c0:3600::103', 1758045850, 0x5f5f63695f6c6173745f726567656e65726174657c693a313735383034353835303b),
('fdfb9ee8ba49dba25e02a71570dc4de18c936ea0', '104.28.246.115', 1772137775, 0x5f5f63695f6c6173745f726567656e65726174657c693a313737323133373737353b),
('fdfc7c8cc860f75507d97f364f069a0aa43f4eaa', '4.227.36.2', 1760835602, 0x5f5f63695f6c6173745f726567656e65726174657c693a313736303833353630323b),
('fdfdb20f67ab51c4f0e70947e6757b490024afb8', '49.51.141.76', 1771115455, 0x5f5f63695f6c6173745f726567656e65726174657c693a313737313131353435353b),
('fe00b81a8e02c70c4cf36ce876b7cbda57a4ab8e', '193.37.33.83', 1770933211, 0x5f5f63695f6c6173745f726567656e65726174657c693a313737303933333231313b),
('fe081554850dc9e1b151fa8d6d4a3c35a20802b0', '17.22.237.74', 1769174691, 0x5f5f63695f6c6173745f726567656e65726174657c693a313736393137343639313b),
('fe0944eb350cef51470bc327b19ed78c7cf684ea', '52.231.68.175', 1769817804, 0x5f5f63695f6c6173745f726567656e65726174657c693a313736393831373830343b),
('fe0956dd20e7fb16acf441a42bf16bce11df530b', '13.60.2.173', 1763295372, 0x5f5f63695f6c6173745f726567656e65726174657c693a313736333239353337323b),
('fe0b1724749bd0b6ae2c1e1038b6ab2abdd30180', '195.178.110.223', 1765236200, 0x5f5f63695f6c6173745f726567656e65726174657c693a313736353233363230303b),
('fe0be98a49df9b04af303cac7418bf358821a973', '144.76.19.70', 1766319778, 0x5f5f63695f6c6173745f726567656e65726174657c693a313736363331393737383b),
('fe0de9535297f0a81f44aee06449ef6d715dac8e', '199.45.155.85', 1770878321, 0x5f5f63695f6c6173745f726567656e65726174657c693a313737303837383332313b),
('fe0dec1474c147a84479618e167a828d62bad830', '105.113.94.116', 1760545583, 0x5f5f63695f6c6173745f726567656e65726174657c693a313736303534353538333b72656469726563745f75726c7c733a33333a2268747470733a2f2f6564756d61632e636c6f75642f656d706c6f7965652f616464223b6e616d657c733a31353a224d7273204164656c6f796520452e4f223b6c6f676765725f70686f746f7c733a33363a2232613633626464393563383861363130323739626234663532653131663261632e6a7067223b6c6f67676564696e5f6272616e63687c733a313a2231223b6c6f67676564696e5f656d61696c7c733a32313a22666f6c61626f6d6961646540676d61696c2e636f6d223b6c6f67676564696e5f69647c733a333a22363235223b6c6f67676564696e5f7573657269647c733a323a223233223b6c6f67676564696e5f726f6c655f69647c733a313a2232223b6c6f67676564696e5f747970657c733a353a227374616666223b7365745f6c616e677c733a373a22656e676c697368223b69735f72746c7c623a303b7365745f73657373696f6e5f69647c733a313a2234223b6c6f67676564696e7c623a313b),
('fe0e282381982ad6df55a66131411e4e985daa43', '89.251.0.187', 1769779411, 0x5f5f63695f6c6173745f726567656e65726174657c693a313736393737393431313b),
('fe0f22e69ac698bbf2a392ac5171470b7742c7e3', '198.244.242.86', 1766065937, 0x5f5f63695f6c6173745f726567656e65726174657c693a313736363036353933373b),
('fe0f8edaf89b18beac0b733d213f83d7a7f6956b', '216.151.165.248', 1767337162, 0x5f5f63695f6c6173745f726567656e65726174657c693a313736373333373136323b),
('fe1014dce8a8eb68d4d6b1477c8385cf420fb2b3', '89.251.0.187', 1769779526, 0x5f5f63695f6c6173745f726567656e65726174657c693a313736393737393532363b),
('fe124f4e057b5cbb4e8a1590705ddc7e2645a1be', '167.94.145.105', 1759674769, 0x5f5f63695f6c6173745f726567656e65726174657c693a313735393637343736393b),
('fe14bca55b81390dd82ad5a4019de6f7c48ef0ec', '82.197.79.48', 1767681456, 0x5f5f63695f6c6173745f726567656e65726174657c693a313736373638313435363b6e616d657c733a31353a224d7273204164656c6f796520452e4f223b6c6f676765725f70686f746f7c733a33363a2232613633626464393563383861363130323739626234663532653131663261632e6a7067223b6c6f67676564696e5f6272616e63687c733a313a2231223b6c6f67676564696e5f656d61696c7c733a32313a22666f6c61626f6d6961646540676d61696c2e636f6d223b6c6f67676564696e5f69647c733a333a22363235223b6c6f67676564696e5f7573657269647c733a323a223233223b6c6f67676564696e5f726f6c655f69647c733a313a2232223b6c6f67676564696e5f747970657c733a353a227374616666223b7365745f6c616e677c733a373a22656e676c697368223b69735f72746c7c623a303b7365745f73657373696f6e5f69647c733a313a2234223b6c6f67676564696e7c623a313b616c6572742d6d6573736167652d737563636573737c733a34313a22496e666f726d6174696f6e20486173204265656e2055706461746564205375636365737366756c6c79223b5f5f63695f766172737c613a313a7b733a32313a22616c6572742d6d6573736167652d73756363657373223b733a333a226f6c64223b7d),
('fe1765d0ee3d1f270a40b7c37bdd809223618a41', '52.23.208.132', 1763138950, 0x5f5f63695f6c6173745f726567656e65726174657c693a313736333133383935303b),
('fe18f066c3e10ccacdf2d228aa60ed706e6f3a9a', '216.81.248.83', 1768900609, 0x5f5f63695f6c6173745f726567656e65726174657c693a313736383930303630393b),
('fe1a03a347b555785ba7bb4a9871efd685c4d521', '74.7.230.52', 1772042849, 0x5f5f63695f6c6173745f726567656e65726174657c693a313737323034323834393b),
('fe1a797ea41b232aed544130f99aecc35eb5f261', '117.33.163.216', 1770636267, 0x5f5f63695f6c6173745f726567656e65726174657c693a313737303633363236373b),
('fe1bbc646f6b9534feee3538985f6a682e2baeb2', '66.249.93.40', 1767598929, 0x5f5f63695f6c6173745f726567656e65726174657c693a313736373539383932393b72656469726563745f75726c7c733a34333a2268747470733a2f2f66636863732e6564756d61632e636c6f75642f75736572726f6c652f696e766f696365223b),
('fe1c28d85c0425c79873ba00eff76e9baeadb801', '176.125.228.25', 1758454970, 0x5f5f63695f6c6173745f726567656e65726174657c693a313735383435343937303b616c6572742d6d6573736167652d6572726f727c733a31333a224163636573732044656e696564223b5f5f63695f766172737c613a313a7b733a31393a22616c6572742d6d6573736167652d6572726f72223b733a333a226e6577223b7d),
('fe1c6ee734dfd3a4f8250e7646ff25e078e86a85', '141.98.11.115', 1759229396, 0x5f5f63695f6c6173745f726567656e65726174657c693a313735393232393339363b),
('fe1cf51cb07ef0cde309366f746453ff02b51021', '35.84.144.232', 1773199325, 0x5f5f63695f6c6173745f726567656e65726174657c693a313737333139393332353b),
('fe1ef41971de82822a7fc6c9a573041ab06fa71c', '173.239.224.58', 1773068805, 0x5f5f63695f6c6173745f726567656e65726174657c693a313737333036383830353b),
('fe1ff3fe95c5d2d88d123089ce1507c5ea35c2ce', '104.28.246.115', 1772137773, 0x5f5f63695f6c6173745f726567656e65726174657c693a313737323133373737333b),
('fe20cb0169db2385e48b1d2369c7c77810cba660', '102.89.82.252', 1771341516, 0x5f5f63695f6c6173745f726567656e65726174657c693a313737313334313531343b),
('fe2158a091e54144d5b5ccfb38fd20ef7d4343c8', '54.86.115.253', 1773334195, 0x5f5f63695f6c6173745f726567656e65726174657c693a313737333333343139353b),
('fe21afe50cce928256a6b18e77a478f4cfc60fc8', '149.50.97.212', 1770794367, 0x5f5f63695f6c6173745f726567656e65726174657c693a313737303739343336373b),
('fe23264381de6c3b42a1f727ebe1e91df78b4e95', '104.210.140.135', 1769433895, 0x5f5f63695f6c6173745f726567656e65726174657c693a313736393433333839353b),
('fe234477917a4fd76ddfa879f9a1b91d32e78126', '144.76.19.70', 1766632524, 0x5f5f63695f6c6173745f726567656e65726174657c693a313736363633323532343b);
INSERT INTO `rm_sessions` (`id`, `ip_address`, `timestamp`, `data`) VALUES
('fe253ebc464ad0458add980bd2ab31ac3bf86783', '185.64.78.13', 1770814822, 0x5f5f63695f6c6173745f726567656e65726174657c693a313737303831343832323b),
('fe26f45eb37027f16dd5b56a7acbf31c97b83fc6', '43.135.148.92', 1766188057, 0x5f5f63695f6c6173745f726567656e65726174657c693a313736363138383035373b),
('fe278b6707283ea99d2d967d4dfb60a1ce29d40b', '81.17.20.98', 1758757364, 0x5f5f63695f6c6173745f726567656e65726174657c693a313735383735373336343b),
('fe28dc8b1d04b7e543ecb56b36d7b35b72ef64b1', '64.225.75.246', 1758129782, 0x5f5f63695f6c6173745f726567656e65726174657c693a313735383132393738323b),
('fe2d4818ec3e77b2be563ea5a950214c565fa6e1', '94.23.188.209', 1769431205, 0x5f5f63695f6c6173745f726567656e65726174657c693a313736393433313230353b),
('fe2d598c7e9a70cbe926c87ba2dd784a41d31c46', '105.113.61.218', 1765976229, 0x5f5f63695f6c6173745f726567656e65726174657c693a313736353937363232393b),
('fe2f425421197cb5bb63cc4ba3b8654788bacb48', '213.209.157.216', 1759557302, 0x5f5f63695f6c6173745f726567656e65726174657c693a313735393535373330323b),
('fe30055263ad8cff4fd4e5f20fe5c7531f74c9be', '192.36.166.94', 1770431606, 0x5f5f63695f6c6173745f726567656e65726174657c693a313737303433313630363b),
('fe31c83d4b01d8127d28d8c8db3ad39c19d39c05', '198.244.168.74', 1768453890, 0x5f5f63695f6c6173745f726567656e65726174657c693a313736383435333839303b),
('fe31e2a6f28f34a163480e098ed73933cea70b9a', '216.81.248.71', 1768871494, 0x5f5f63695f6c6173745f726567656e65726174657c693a313736383837313439343b),
('fe3c5d4a3d10ad93def9dd580853808ff7cb9df1', '43.153.113.127', 1766784086, 0x5f5f63695f6c6173745f726567656e65726174657c693a313736363738343038363b),
('fe4241eb5496d150c80e32d4ea661a1de5068248', '216.81.248.83', 1768900609, 0x5f5f63695f6c6173745f726567656e65726174657c693a313736383930303630393b),
('fe457f5952102916d5f56e9e78777ca3ed887a87', '105.113.99.98', 1761894689, 0x72656469726563745f75726c7c733a33363a2268747470733a2f2f66636863732e6564756d61632e636c6f75642f64617368626f617264223b5f5f63695f6c6173745f726567656e65726174657c693a313736313839343638393b6e616d657c733a31353a224d7273204164656c6f796520452e4f223b6c6f676765725f70686f746f7c733a33363a2232613633626464393563383861363130323739626234663532653131663261632e6a7067223b6c6f67676564696e5f6272616e63687c733a313a2231223b6c6f67676564696e5f656d61696c7c733a32313a22666f6c61626f6d6961646540676d61696c2e636f6d223b6c6f67676564696e5f69647c733a333a22363235223b6c6f67676564696e5f7573657269647c733a323a223233223b6c6f67676564696e5f726f6c655f69647c733a313a2232223b6c6f67676564696e5f747970657c733a353a227374616666223b7365745f6c616e677c733a373a22656e676c697368223b69735f72746c7c623a303b7365745f73657373696f6e5f69647c733a313a2234223b6c6f67676564696e7c623a313b),
('fe471da4e60c3519937ac0d304b546c3d84fdff7', '105.113.79.158', 1765984710, 0x5f5f63695f6c6173745f726567656e65726174657c693a313736353938343731303b6e616d657c733a31323a224b656d69204f796564656a69223b6c6f676765725f70686f746f7c733a31313a2264656675616c742e706e67223b6c6f67676564696e5f6272616e63687c733a313a2231223b6c6f67676564696e5f656d61696c7c733a32303a226b6f796564656a69373940676d61696c2e636f6d223b6c6f67676564696e5f69647c733a313a2237223b6c6f67676564696e5f7573657269647c733a313a2237223b6c6f67676564696e5f726f6c655f69647c733a313a2233223b6c6f67676564696e5f747970657c733a353a227374616666223b7365745f6c616e677c733a373a22656e676c697368223b69735f72746c7c623a303b7365745f73657373696f6e5f69647c733a313a2234223b6c6f67676564696e7c623a313b),
('fe4cf0080e5c3a66b26d21f2af4fd9b86edcf04a', '173.252.95.114', 1766550832, 0x5f5f63695f6c6173745f726567656e65726174657c693a313736363535303833323b),
('fe4d4de530820cb12bcce063f94b0b7907368e43', '40.77.167.230', 1769829672, 0x5f5f63695f6c6173745f726567656e65726174657c693a313736393832393637313b),
('fe4d8bc078f8d4fd249ed5dea054831d354cb34c', '64.236.143.36', 1764290132, 0x5f5f63695f6c6173745f726567656e65726174657c693a313736343239303133323b),
('fe4e683f88ee0eb56935ad3b09a5dcc547f322f0', '93.123.109.225', 1758268177, 0x5f5f63695f6c6173745f726567656e65726174657c693a313735383236383137373b),
('fe5141e0d823c5bb852013de21837117a542bfdd', '66.249.93.32', 1765557341, 0x5f5f63695f6c6173745f726567656e65726174657c693a313736353535373334313b),
('fe520ad4e2caede6e13839021ae1c0343fb3e6ed', '144.76.19.70', 1766632509, 0x5f5f63695f6c6173745f726567656e65726174657c693a313736363633323530393b),
('fe52664babe2f91ddf070868bcfd3fb681c0a92d', '20.171.207.119', 1758830471, 0x5f5f63695f6c6173745f726567656e65726174657c693a313735383833303437313b),
('fe560ea2c9f3eeb5e0358a627ae723936f8bd7a9', '185.177.72.48', 1758472064, 0x5f5f63695f6c6173745f726567656e65726174657c693a313735383437323036343b),
('fe5942f6878b95b55753081105c46639c846b526', '146.190.147.8', 1759299534, 0x5f5f63695f6c6173745f726567656e65726174657c693a313735393239393533343b),
('fe59cc9ce3c30759cd6196db2c2b12334faaa2f9', '213.209.157.216', 1759531895, 0x5f5f63695f6c6173745f726567656e65726174657c693a313735393533313839353b),
('fe5bb465db470041b3062e63f07c9f13a4115449', '165.231.182.46', 1773241242, 0x5f5f63695f6c6173745f726567656e65726174657c693a313737333234313234313b6d73675f737563636573737c733a35353a224d657373616765205375636365737366756c6c792053656e742e2057652077696c6c20636f6e7461637420796f752073686f72746c792e223b5f5f63695f766172737c613a313a7b733a31313a226d73675f73756363657373223b733a333a226e6577223b7d),
('fe5d4176dab7f32b2cd206fe0958966edef2eb4a', '185.191.171.19', 1767206949, 0x5f5f63695f6c6173745f726567656e65726174657c693a313736373230363934393b),
('fe5d4f030b527df321063d3d83ff2f4d60e0b242', '205.169.39.29', 1761406779, 0x5f5f63695f6c6173745f726567656e65726174657c693a313736313430363737393b),
('fe611b021d152cbbe8be16690515a2b72569d42b', '74.7.175.174', 1772167494, 0x5f5f63695f6c6173745f726567656e65726174657c693a313737323136373439343b),
('fe62e4c8c40c7b295cffbef2fcf4d06878105bf8', '4.227.36.80', 1758576341, 0x5f5f63695f6c6173745f726567656e65726174657c693a313735383537363334313b),
('fe665b24da974f12551fc2feebc64813974750b1', '82.197.79.51', 1759321585, 0x5f5f63695f6c6173745f726567656e65726174657c693a313735393332313538353b72656469726563745f75726c7c733a33363a22687474703a2f2f6564756d61632e636c6f75642f66726f6e74656e642f73657474696e67223b),
('fe66f78618417c2974796dc0b94a9ba489e4f7a8', '144.76.19.70', 1769587545, 0x5f5f63695f6c6173745f726567656e65726174657c693a313736393538373534353b),
('fe67a54fa13cd4f35ba9f95abac252aacb6385bb', '74.7.244.57', 1764765276, 0x5f5f63695f6c6173745f726567656e65726174657c693a313736343736353237363b),
('fe67b8561bf65c65812e7d5bb871a9cc25094c44', '34.27.62.169', 1768832980, 0x5f5f63695f6c6173745f726567656e65726174657c693a313736383833323938303b),
('fe6ac11904398c9940776e72a24561adfc68494f', '185.247.137.237', 1765821882, 0x5f5f63695f6c6173745f726567656e65726174657c693a313736353832313838323b),
('fe6e4a9733fc3f498f0eedfa19178e88c16b94fe', '85.203.23.206', 1772996337, 0x5f5f63695f6c6173745f726567656e65726174657c693a313737323939363333373b),
('fe6ee8c6ad87cf543368a65e0def8ba2c546bd65', '188.166.183.165', 1772882063, 0x5f5f63695f6c6173745f726567656e65726174657c693a313737323838323036333b),
('fe71940c5d0b38a4f193b3440f489242b65cb233', '185.191.171.19', 1758350791, 0x5f5f63695f6c6173745f726567656e65726174657c693a313735383335303739313b),
('fe732d3edbb37e8455068a6918a0cd30f18f879f', '167.94.146.60', 1769618904, 0x5f5f63695f6c6173745f726567656e65726174657c693a313736393631383930343b),
('fe73b3ba6f93cd328157275e8fd975393bc566fe', '102.89.75.39', 1767770385, 0x5f5f63695f6c6173745f726567656e65726174657c693a313736373737303334393b),
('fe764b2818861ea25dad3dd41eb27ae5ca96df47', '170.106.193.108', 1764968316, 0x5f5f63695f6c6173745f726567656e65726174657c693a313736343936383331363b),
('fe78e2a054b52e3f8634d8904b023a85df86a6ba', '195.178.110.223', 1765172733, 0x5f5f63695f6c6173745f726567656e65726174657c693a313736353137323733333b),
('fe7ae67ecf1401a01798b668147569684d68b4ea', '185.64.78.13', 1770814345, 0x5f5f63695f6c6173745f726567656e65726174657c693a313737303831343334353b),
('fe7bc720b2a7a0707e9a618354fef3b7ac666de6', '51.68.247.197', 1766720255, 0x5f5f63695f6c6173745f726567656e65726174657c693a313736363732303235353b),
('fe7d681e4abfaf2078d5a585c2898e15ff8df3a7', '194.5.52.21', 1772152891, 0x5f5f63695f6c6173745f726567656e65726174657c693a313737323135323839313b),
('fe7ec4b159ca59693d4e6ecb9e13c664cf19f451', '81.17.20.98', 1758757548, 0x5f5f63695f6c6173745f726567656e65726174657c693a313735383735373534383b),
('fe7f81563ac1d2ac243eeab470eb6b1aacde9179', '144.76.19.70', 1772632760, 0x5f5f63695f6c6173745f726567656e65726174657c693a313737323633323736303b),
('fe7ff714de04f6913d883b79ece924281a2ab195', '168.205.75.60', 1759038310, 0x5f5f63695f6c6173745f726567656e65726174657c693a313735393033383330393b72656469726563745f75726c7c733a34303a22687474703a2f2f6564756d61632e636c6f75642f66726f6e74656e642f73656374696f6e2f666171223b),
('fe822cf90f446c8e8390f19fa6ede11c66ad0516', '85.203.23.182', 1772996297, 0x5f5f63695f6c6173745f726567656e65726174657c693a313737323939363239373b),
('fe8244f356ce8fe35b3e9e45324f8abc07b55a4f', '51.195.244.30', 1761614687, 0x5f5f63695f6c6173745f726567656e65726174657c693a313736313631343638373b),
('fe8364915091c636b97ad2a5441a9802226a4841', '185.177.72.48', 1758388585, 0x5f5f63695f6c6173745f726567656e65726174657c693a313735383338383538353b),
('fe8454c857726a5d30132ae0b7ce233974ea9710', '18.156.165.46', 1761438852, 0x5f5f63695f6c6173745f726567656e65726174657c693a313736313433383835323b),
('fe848bb4b15772bb38a44bc0f31142d249e27659', '51.89.129.46', 1770568861, 0x5f5f63695f6c6173745f726567656e65726174657c693a313737303536383836313b),
('fe85a2939e270601f00b01cdd963b325f4c316cc', '52.253.113.41', 1772508915, 0x5f5f63695f6c6173745f726567656e65726174657c693a313737323530383931353b),
('fe886f89d9f2c3df44c1e5a579b5e9d2f4257d6a', '44.250.52.14', 1763357142, 0x5f5f63695f6c6173745f726567656e65726174657c693a313736333335373134323b),
('fe8916eaaff8618ae49339eeaced2b6a76767f83', '142.44.228.212', 1764889578, 0x5f5f63695f6c6173745f726567656e65726174657c693a313736343838393537383b),
('fe89bb352da99e003ccb7662a03d7ae1535feee6', '74.7.228.20', 1765433618, 0x5f5f63695f6c6173745f726567656e65726174657c693a313736353433333631383b),
('fe89c1d53cb899a3f61217ea9fc6df76380b027c', '74.7.175.187', 1765005479, 0x5f5f63695f6c6173745f726567656e65726174657c693a313736353030353437393b),
('fe8a0c076a81051234e090c8650fd71e5c264fe7', '50.17.164.180', 1766496273, 0x5f5f63695f6c6173745f726567656e65726174657c693a313736363439363237333b),
('fe8b9c68fd644af709a834be4878567eb1b1c995', '74.7.230.28', 1765787084, 0x5f5f63695f6c6173745f726567656e65726174657c693a313736353738373038343b),
('fe8ca299cfa4fca497ae8ea4fd9f819d27bcab8f', '185.64.78.13', 1770814654, 0x5f5f63695f6c6173745f726567656e65726174657c693a313737303831343635343b),
('fe8e99cd2b46511f13f6774cafef781c9a6ae0d1', '196.251.88.64', 1761380612, 0x5f5f63695f6c6173745f726567656e65726174657c693a313736313338303631323b),
('fe91206cf808562432fb20a002ab08e75e47eaff', '216.81.248.16', 1768776896, 0x5f5f63695f6c6173745f726567656e65726174657c693a313736383737363839363b),
('fe915d8afb1c475400c3dfa352b1d8ebd1c34df7', '102.89.82.4', 1759653163, 0x5f5f63695f6c6173745f726567656e65726174657c693a313735393635333136333b72656469726563745f75726c7c733a33383a22687474703a2f2f6564756d61632e636c6f75642f63657274696669636174652f656469742f31223b6e616d657c733a363a224564754d6163223b6c6f676765725f70686f746f7c733a33363a2266343235336265366533663362643863346137666665386136303863616634642e706e67223b6c6f67676564696e5f6272616e63687c4e3b6c6f67676564696e5f656d61696c7c733a32333a226d6163616e616c797469636e6740676d61696c2e636f6d223b6c6f67676564696e5f69647c733a313a2231223b6c6f67676564696e5f7573657269647c733a313a2231223b6c6f67676564696e5f726f6c655f69647c733a313a2231223b6c6f67676564696e5f747970657c733a353a227374616666223b7365745f6c616e677c733a373a22656e676c697368223b69735f72746c7c623a303b7365745f73657373696f6e5f69647c733a313a2234223b6c6f67676564696e7c623a313b),
('fe94f49f698a53d15a25133169eb7b867c2a2f3e', '66.249.93.41', 1773201086, 0x5f5f63695f6c6173745f726567656e65726174657c693a313737333230313038363b),
('fe98f89816242e3e26c27ee8a9f098143c8019ba', '105.112.127.132', 1761745360, 0x5f5f63695f6c6173745f726567656e65726174657c693a313736313734353336303b),
('fe9922ecd79796cd6319163c9bf31479dfba8131', '144.76.19.70', 1772722074, 0x5f5f63695f6c6173745f726567656e65726174657c693a313737323732323037343b),
('fe9a55d8b9eee1d518c3c286cfcbafd8a099b35b', '195.178.110.223', 1765164336, 0x5f5f63695f6c6173745f726567656e65726174657c693a313736353136343333363b),
('fe9dcd0ac0ab6a1883dbc51ab5b453f909473271', '197.211.52.68', 1769194427, 0x5f5f63695f6c6173745f726567656e65726174657c693a313736393139343432373b),
('fe9dd7fc7a478eb78aafe079b32214c99399d07c', '52.231.68.175', 1769817803, 0x5f5f63695f6c6173745f726567656e65726174657c693a313736393831373830333b),
('fe9e898dd6d271498eedd1530acabf741b086278', '89.251.0.187', 1769779453, 0x5f5f63695f6c6173745f726567656e65726174657c693a313736393737393435333b),
('fe9f983c2b794dd89c315c913377954799a81737', '141.98.11.115', 1759155384, 0x5f5f63695f6c6173745f726567656e65726174657c693a313735393135353338343b),
('fea7f0e957e32f787eff747816802fae8ec32983', '162.142.125.40', 1771097082, 0x5f5f63695f6c6173745f726567656e65726174657c693a313737313039373038323b),
('feab3a6a127b3a2999fddf3d040f9b24cfde8f4e', '206.168.34.209', 1764256762, 0x5f5f63695f6c6173745f726567656e65726174657c693a313736343235363736323b),
('feab41b53ef085a78e754d1ba59320d31a314412', '43.133.66.51', 1772083383, 0x5f5f63695f6c6173745f726567656e65726174657c693a313737323038333338333b),
('feae60d9610a612b3422a36521d3f4671d85bbfc', '195.178.110.223', 1765177756, 0x5f5f63695f6c6173745f726567656e65726174657c693a313736353137373735363b),
('feaf4ce807ff9307fe712dcf668edd75693c1dfc', '192.36.241.82', 1771537725, 0x5f5f63695f6c6173745f726567656e65726174657c693a313737313533373732353b),
('feb21dd45ebe5416915489aa5229bcecfcd13590', '54.67.80.85', 1766474774, 0x5f5f63695f6c6173745f726567656e65726174657c693a313736363437343737343b),
('feb4c43c0152d4bf85ee04abbcdbeff227522a08', '4.227.36.32', 1760835358, 0x5f5f63695f6c6173745f726567656e65726174657c693a313736303833353335383b),
('feb8e157ec5970a7a23b614dac0c0b51d39dc1a3', '194.5.52.21', 1772152769, 0x5f5f63695f6c6173745f726567656e65726174657c693a313737323135323736393b),
('febc595d4048e847091d53378e5a7fda0c891df7', '216.81.248.16', 1768776895, 0x5f5f63695f6c6173745f726567656e65726174657c693a313736383737363839353b),
('febe356f1c819d596564c28d505d667a147a4220', '52.167.144.193', 1771188685, 0x5f5f63695f6c6173745f726567656e65726174657c693a313737313138383638353b),
('febebe7a19dc1e3a0f4e773b7322ae7eda636c1c', '89.251.0.187', 1769779449, 0x5f5f63695f6c6173745f726567656e65726174657c693a313736393737393434393b),
('fec2f6a05c82c1cae2971c9f61a1a20d3f96b5fb', '18.194.173.25', 1772737290, 0x5f5f63695f6c6173745f726567656e65726174657c693a313737323733373239303b),
('fec3b3e7963dacab539c11e6b113fc09c316e8eb', '144.76.19.70', 1766632561, 0x5f5f63695f6c6173745f726567656e65726174657c693a313736363633323536313b),
('fec40d8a2675668118af4bcbd441b8cc00b9947b', '49.51.36.179', 1765372688, 0x5f5f63695f6c6173745f726567656e65726174657c693a313736353337323638383b),
('fec589a2460df9603c56d1b7184ffde089279a5f', '105.113.94.190', 1761840642, 0x5f5f63695f6c6173745f726567656e65726174657c693a313736313834303634323b6e616d657c733a31353a224d7273204164656c6f796520452e4f223b6c6f676765725f70686f746f7c733a33363a2232613633626464393563383861363130323739626234663532653131663261632e6a7067223b6c6f67676564696e5f6272616e63687c733a313a2231223b6c6f67676564696e5f656d61696c7c733a32313a22666f6c61626f6d6961646540676d61696c2e636f6d223b6c6f67676564696e5f69647c733a333a22363235223b6c6f67676564696e5f7573657269647c733a323a223233223b6c6f67676564696e5f726f6c655f69647c733a313a2232223b6c6f67676564696e5f747970657c733a353a227374616666223b7365745f6c616e677c733a373a22656e676c697368223b69735f72746c7c623a303b7365745f73657373696f6e5f69647c733a313a2234223b6c6f67676564696e7c623a313b),
('fecbfacdd1eac217e7d855827965e0c9d47b053b', '4.227.36.102', 1760972470, 0x5f5f63695f6c6173745f726567656e65726174657c693a313736303937323437303b),
('fecc6df2401cb93a81a2b94e05df674b6259a08a', '52.176.125.114', 1765318479, 0x5f5f63695f6c6173745f726567656e65726174657c693a313736353331383437393b),
('feccdbb5883dd7b40431606ce5e6b783ec5aa644', '66.249.93.33', 1762831823, 0x5f5f63695f6c6173745f726567656e65726174657c693a313736323833313832333b),
('fecda8c249893786b1a8f8053b281a7bcb15453d', '43.130.141.193', 1771027744, 0x5f5f63695f6c6173745f726567656e65726174657c693a313737313032373734343b),
('fed031abee4567a2d7cb0d82660a33a6db8bf0a7', '161.35.195.169', 1770087096, 0x5f5f63695f6c6173745f726567656e65726174657c693a313737303038373039363b),
('fed0627d4b249dee08f1441c0138ce0d0f43a708', '20.198.80.140', 1772748983, 0x5f5f63695f6c6173745f726567656e65726174657c693a313737323734383938333b),
('fed123e2c512ba9463396fe2dde864845d343455', '104.28.246.115', 1772137775, 0x5f5f63695f6c6173745f726567656e65726174657c693a313737323133373737353b),
('fed30abc6c36d6f51e075c68fd1402d0ed37c25c', '23.27.145.211', 1760028102, 0x5f5f63695f6c6173745f726567656e65726174657c693a313736303032383130323b),
('fed921c84937673cc139fc902425c17aad7a86b7', '74.7.228.17', 1767365919, 0x5f5f63695f6c6173745f726567656e65726174657c693a313736373336353931393b),
('fed984cb180dffe277b73e503f3b6fad0e041f7b', '43.135.115.233', 1769788667, 0x5f5f63695f6c6173745f726567656e65726174657c693a313736393738383636373b),
('feda9b9cb04a87ba7af983be86a0940c1263c534', '203.175.125.130', 1773178229, 0x5f5f63695f6c6173745f726567656e65726174657c693a313737333137383232363b),
('fedd380ebc6a245779c6d614ccc286b9584b9f39', '34.253.225.103', 1760320014, 0x5f5f63695f6c6173745f726567656e65726174657c693a313736303332303031343b),
('fedf7d1248f2acf441f0bcf86f6b092c986ab420', '149.50.97.212', 1770793941, 0x5f5f63695f6c6173745f726567656e65726174657c693a313737303739333934313b),
('fee13ba1e91dc5d6ba3e5433fed10ee2716fee15', '34.27.62.169', 1768832980, 0x5f5f63695f6c6173745f726567656e65726174657c693a313736383833323938303b),
('fee2cb4508c5ebafef54c1e0a084e355e6b34a9c', '92.222.108.101', 1773251035, 0x5f5f63695f6c6173745f726567656e65726174657c693a313737333235313033353b),
('fee68a85a4c3e04001432de4ab6e5b00ae436dbf', '167.114.114.78', 1769182382, 0x5f5f63695f6c6173745f726567656e65726174657c693a313736393138323338323b),
('fee7a457aa30c6f481ba4dfa2440ce225af1457d', '85.198.104.55', 1761528308, 0x5f5f63695f6c6173745f726567656e65726174657c693a313736313532383330383b),
('feeabe5f47080e23ab922a7fe819181eda766d02', '74.7.244.45', 1771591874, 0x5f5f63695f6c6173745f726567656e65726174657c693a313737313539313837343b),
('feeb7f4284079be71b9db80395da935738466c74', '198.235.24.41', 1761507158, 0x5f5f63695f6c6173745f726567656e65726174657c693a313736313530373135383b),
('feebfa371f87730dfb8deda1e6ba377ccbe3872e', '43.135.144.126', 1759545824, 0x5f5f63695f6c6173745f726567656e65726174657c693a313735393534353832333b),
('feec0f74c90d0f33830d86682c6c7dd8d1e11436', '216.244.66.202', 1765212408, 0x5f5f63695f6c6173745f726567656e65726174657c693a313736353231323430383b),
('feedbdc377a54159d38e7ca23192828c05f32878', '207.46.13.92', 1769135909, 0x5f5f63695f6c6173745f726567656e65726174657c693a313736393133353930393b),
('feeeb78b7e9fcf80691629ae4d353d439d2b32ec', '198.244.240.192', 1769952018, 0x5f5f63695f6c6173745f726567656e65726174657c693a313736393935323031383b),
('fef481586c9e3fecb403bc61e5355dd5db6426b3', '119.28.89.249', 1770448081, 0x5f5f63695f6c6173745f726567656e65726174657c693a313737303434383038313b),
('fef755d66ae4eac47953b812922679c7bfaab9ad', '194.5.52.21', 1772152821, 0x5f5f63695f6c6173745f726567656e65726174657c693a313737323135323832313b),
('fefdfad11fde304944b3794c3ffb81fe2bed62f6', '194.5.52.21', 1772152929, 0x5f5f63695f6c6173745f726567656e65726174657c693a313737323135323932393b),
('fefe77244716067339d895c2cd49ca9de3d48c15', '43.157.148.38', 1767094062, 0x5f5f63695f6c6173745f726567656e65726174657c693a313736373039343036323b),
('feff44358bbf524a9991f6265a091d933795ff81', '185.64.78.13', 1770814351, 0x5f5f63695f6c6173745f726567656e65726174657c693a313737303831343335313b),
('ff0443a2468378d657c73786e48266d2d9350e8c', '40.77.167.79', 1769600572, 0x5f5f63695f6c6173745f726567656e65726174657c693a313736393630303537323b),
('ff089ff7ec7cbc4901c876b5fc7f877772beffb2', '217.113.194.189', 1765362119, 0x5f5f63695f6c6173745f726567656e65726174657c693a313736353336323131393b),
('ff092ccc644e5279e49e7ff19ac314ecef1ebd66', '198.235.24.211', 1762055294, 0x5f5f63695f6c6173745f726567656e65726174657c693a313736323035353239343b),
('ff0974970d1cab52c0e2f8d589770497e19cb015', '43.130.47.33', 1766739149, 0x5f5f63695f6c6173745f726567656e65726174657c693a313736363733393134393b),
('ff0974bd1f912cb7ee816efb7d8c7ea696b9fa92', '193.37.33.83', 1770933241, 0x5f5f63695f6c6173745f726567656e65726174657c693a313737303933333234313b),
('ff09956762a26ab5cf53726e610f9a76569a514a', '104.210.140.138', 1770292117, 0x5f5f63695f6c6173745f726567656e65726174657c693a313737303239323131373b),
('ff0f45420d484ab6c42284a67c4cba1f07bc838b', '194.5.52.21', 1772152944, 0x5f5f63695f6c6173745f726567656e65726174657c693a313737323135323934343b),
('ff0f99fc8d56ea3109bc0dd2f3911803893d9d6e', '105.113.114.244', 1765727803, 0x5f5f63695f6c6173745f726567656e65726174657c693a313736353732373830333b72656469726563745f75726c7c733a35313a2268747470733a2f2f676b697363686f6f6c2e6564756d61632e636c6f75642f7375626a6563742f636c6173735f61737369676e223b6e616d657c733a31313a224d72732041626f73656465223b6c6f676765725f70686f746f7c733a33363a2234633037356336653165643437633334626330346266343434376661656463342e706e67223b6c6f67676564696e5f6272616e63687c733a313a2232223b6c6f67676564696e5f656d61696c7c733a32303a22476b6973696c6569666540676d61696c2e636f6d223b6c6f67676564696e5f69647c733a333a22363236223b6c6f67676564696e5f7573657269647c733a323a223234223b6c6f67676564696e5f726f6c655f69647c733a313a2232223b6c6f67676564696e5f747970657c733a353a227374616666223b7365745f6c616e677c733a373a22656e676c697368223b69735f72746c7c623a303b7365745f73657373696f6e5f69647c733a313a2234223b6c6f67676564696e7c623a313b),
('ff0f9c799f59d5cea756de8e5b51fe12d7ca8f01', '34.27.62.169', 1768832980, 0x5f5f63695f6c6173745f726567656e65726174657c693a313736383833323938303b),
('ff1258939b317a3807a49c52f3ef12a6e81c8fbd', '216.81.248.16', 1768776895, 0x5f5f63695f6c6173745f726567656e65726174657c693a313736383737363839353b),
('ff1770bb8c6b8f4c18c054e61a4778b99061376d', '167.94.146.63', 1769705697, 0x5f5f63695f6c6173745f726567656e65726174657c693a313736393730353639373b),
('ff1b07adf828f1586b232afffbce97916a6e52fa', '85.208.96.200', 1767192206, 0x5f5f63695f6c6173745f726567656e65726174657c693a313736373139323230363b),
('ff1b2e81c47e8300e4ed0e6fe470e2f4c32be7bd', '93.158.90.45', 1765983514, 0x5f5f63695f6c6173745f726567656e65726174657c693a313736353938333531343b),
('ff1d8dc91bc2db3e85280b20ff1a865850162107', '34.27.62.169', 1768832980, 0x5f5f63695f6c6173745f726567656e65726174657c693a313736383833323938303b),
('ff1e813863aa7dfea849cae9180ded9483455d36', '51.195.244.109', 1768086530, 0x5f5f63695f6c6173745f726567656e65726174657c693a313736383038363533303b),
('ff1fef3f63b7bbf9b581b0eec6e419c0bf3ef9e8', '43.155.188.157', 1760418368, 0x5f5f63695f6c6173745f726567656e65726174657c693a313736303431383336383b),
('ff21e704292bb1a00d99a814fcbd8b96b6abe7aa', '51.89.129.17', 1762926153, 0x5f5f63695f6c6173745f726567656e65726174657c693a313736323932363135333b),
('ff23284b68a4adba8b96c47fe76fdfd6bd71ab5f', '102.89.82.62', 1766402996, 0x5f5f63695f6c6173745f726567656e65726174657c693a313736363430323939363b),
('ff244ceabed618ead210a911925eda52c5135c93', '87.249.138.2', 1766380363, 0x5f5f63695f6c6173745f726567656e65726174657c693a313736363338303336323b),
('ff25f13aee4615ac69f44c88fc1171bad1079e82', '216.81.248.71', 1768871496, 0x5f5f63695f6c6173745f726567656e65726174657c693a313736383837313439363b),
('ff27c13f9f87f2fa0f51b0d8fd86e8b2fc03018f', '193.37.33.83', 1770933202, 0x5f5f63695f6c6173745f726567656e65726174657c693a313737303933333230323b),
('ff28a59879f620d364c7af7ad8cb2aaa069dde4e', '159.89.14.211', 1769739764, ''),
('ff29b05829d39ea94c9001413fdd47a9ab574c44', '120.71.59.24', 1764293342, 0x5f5f63695f6c6173745f726567656e65726174657c693a313736343239333334323b),
('ff2baa22acfdccebac2e649fc5824af25e4e2840', '43.165.65.180', 1760195221, 0x5f5f63695f6c6173745f726567656e65726174657c693a313736303139353232313b),
('ff312df788306a3fe009e785be3897f41bb1a4c2', '13.95.133.245', 1760853692, 0x5f5f63695f6c6173745f726567656e65726174657c693a313736303835333639323b),
('ff336a3cfa66c1ef14519946e51ea479aa133f46', '52.167.144.169', 1769907453, 0x5f5f63695f6c6173745f726567656e65726174657c693a313736393930373435333b),
('ff33d1898d5f1682c904329e3715f2818c9d1412', '180.110.203.108', 1770072786, 0x5f5f63695f6c6173745f726567656e65726174657c693a313737303037323738363b),
('ff371fc01705922bf7378e7bb467943ce8fd74bf', '20.78.154.48', 1769482006, 0x5f5f63695f6c6173745f726567656e65726174657c693a313736393438323030363b),
('ff376f39f811357f2339d6fdd01a7e40061489d3', '4.227.36.85', 1758594229, 0x5f5f63695f6c6173745f726567656e65726174657c693a313735383539343232393b),
('ff37c3e48b6d81229786d00e5bb38b36e471c77d', '193.176.86.132', 1758467652, 0x5f5f63695f6c6173745f726567656e65726174657c693a313735383436373635323b),
('ff381ddc0ce414e8c408f91382aca628fae343af', '185.64.78.13', 1770814698, 0x5f5f63695f6c6173745f726567656e65726174657c693a313737303831343639383b),
('ff38f45505d0015cb14141594b5031a0d0c0e657', '52.167.144.173', 1765289136, 0x5f5f63695f6c6173745f726567656e65726174657c693a313736353238393132363b),
('ff3c8483d3425f9484772dc194eba5e42297dd1e', '149.50.97.212', 1770793898, 0x5f5f63695f6c6173745f726567656e65726174657c693a313737303739333839383b),
('ff3edf9083f491e5471b4b5cbef323e918b878ca', '74.7.230.30', 1761973469, 0x5f5f63695f6c6173745f726567656e65726174657c693a313736313937333436393b),
('ff415bceb2f6fd2a1e3e5f4229fdd066b6e349a7', '13.73.16.137', 1762356476, 0x5f5f63695f6c6173745f726567656e65726174657c693a313736323335363430323b),
('ff44b43598795ecb8f558ec5c4464b70979e38ee', '49.235.136.28', 1769927262, 0x5f5f63695f6c6173745f726567656e65726174657c693a313736393932373236323b),
('ff46eb40aad3f0ffd6a30a41bd50e0a1eeffdd72', '102.89.68.181', 1759737033, 0x5f5f63695f6c6173745f726567656e65726174657c693a313735393733373033333b706172616d737c613a31313a7b733a31313a2272656769737465725f6964223b733a313a2231223b733a31323a227265666572656e63655f6e6f223b733a363a22373235333939223b733a363a22616d6f756e74223b693a3135303030303b733a383a2263757272656e6379223b733a333a224e474e223b733a343a226e616d65223b733a31383a22456e696f62616e6b6520416465646f79696e223b733a353a22656d61696c223b733a31393a22616465646f79696e3240676d61696c2e636f6d223b733a393a226d6f62696c655f6e6f223b733a31313a223038303939333132303530223b733a393a22706f73745f636f6465223b733a363a22323230323132223b733a353a227374617465223b733a343a224f73756e223b733a373a2261646472657373223b733a36323a22506c6f7431362c204c696e6520332c205a6f6e6520332c2041776f6c756d6174652051756172746572732c204f70612c20496c652d496665204f73756e2e223b733a31343a227061796d656e745f6d6574686f64223b693a393b7d),
('ff4c50bf80d923204c6783946d6dfc6ce3367c24', '81.17.20.98', 1758757365, 0x5f5f63695f6c6173745f726567656e65726174657c693a313735383735373336353b),
('ff4fcde28a5686d14ae09ac5440bd2f569bb5986', '182.42.110.255', 1769272084, 0x5f5f63695f6c6173745f726567656e65726174657c693a313736393237323038343b),
('ff50ab6a62bc6e6f63982ee7dae12f953c50ab1b', '185.64.78.13', 1770814538, 0x5f5f63695f6c6173745f726567656e65726174657c693a313737303831343533383b),
('ff523bc298cc08d54ddf89935355f478f929fd01', '34.140.45.53', 1773413071, 0x5f5f63695f6c6173745f726567656e65726174657c693a313737333431333037313b),
('ff561996debb08f510d945f2748b3e3a297691fb', '199.45.155.81', 1767624892, 0x5f5f63695f6c6173745f726567656e65726174657c693a313736373632343839323b),
('ff5669ffce9a55da0319bc2ef1fa57c326b84d6f', '134.209.205.228', 1770014222, 0x5f5f63695f6c6173745f726567656e65726174657c693a313737303031343232323b),
('ff56beab1e1033593b10b3ef407e040d0d5632f3', '66.249.64.102', 1771417892, 0x5f5f63695f6c6173745f726567656e65726174657c693a313737313431373839323b),
('ff5a8cd2bf23911671addc971fd74293f559737a', '139.59.143.102', 1770296788, 0x5f5f63695f6c6173745f726567656e65726174657c693a313737303239363738383b),
('ff5c2e5a69324a3472f630d20cb8aa546a43eb6c', '216.81.248.71', 1768871495, 0x5f5f63695f6c6173745f726567656e65726174657c693a313736383837313439353b),
('ff5f2d6542c9bb87e081890cfe2399c6a12d9b5a', '16.144.17.106', 1770671028, 0x5f5f63695f6c6173745f726567656e65726174657c693a313737303637313032383b),
('ff6294937f3c020655cc91b3815c752c3da40d3f', '13.39.50.190', 1760749349, 0x5f5f63695f6c6173745f726567656e65726174657c693a313736303734393334393b),
('ff63041f219528fed3e35d7efb6af849b18fd6fb', '195.178.110.192', 1768633312, 0x5f5f63695f6c6173745f726567656e65726174657c693a313736383633333331323b),
('ff636ebdf38a9838be7e942f24e40022d1561bc3', '34.148.68.106', 1765212280, 0x5f5f63695f6c6173745f726567656e65726174657c693a313736353231323238303b),
('ff67921fbefe06487c61c6564621c31cc6e86e35', '20.78.154.48', 1769482013, 0x5f5f63695f6c6173745f726567656e65726174657c693a313736393438323031333b),
('ff69e96a845c6d9f13615316b3a603babd33c2ae', '102.89.83.83', 1765900647, 0x5f5f63695f6c6173745f726567656e65726174657c693a313736353930303634373b6e616d657c733a31313a224d72732041626f73656465223b6c6f676765725f70686f746f7c733a33363a2234633037356336653165643437633334626330346266343434376661656463342e706e67223b6c6f67676564696e5f6272616e63687c733a313a2232223b6c6f67676564696e5f656d61696c7c733a32303a22476b6973696c6569666540676d61696c2e636f6d223b6c6f67676564696e5f69647c733a333a22363236223b6c6f67676564696e5f7573657269647c733a323a223234223b6c6f67676564696e5f726f6c655f69647c733a313a2232223b6c6f67676564696e5f747970657c733a353a227374616666223b7365745f6c616e677c733a373a22656e676c697368223b69735f72746c7c623a303b7365745f73657373696f6e5f69647c733a313a2234223b6c6f67676564696e7c623a313b),
('ff6e3e8ea570246cc62cc77a985ce606cd2c5b56', '34.90.199.112', 1773663320, 0x5f5f63695f6c6173745f726567656e65726174657c693a313737333636333332303b),
('ff70c41b0e25ba146bc39c23521adc9941cce67e', '167.94.138.172', 1770359149, 0x5f5f63695f6c6173745f726567656e65726174657c693a313737303335393134393b),
('ff740315e82e52de018a3acfa26e8f1f793c0bba', '66.102.9.101', 1761457714, 0x5f5f63695f6c6173745f726567656e65726174657c693a313736313435373731343b),
('ff75a32c7c547417ce16c418a032312e79c2909e', '89.251.0.187', 1769779395, 0x5f5f63695f6c6173745f726567656e65726174657c693a313736393737393339353b),
('ff76266645940231758581cb0beb75178d83d391', '102.90.103.217', 1765913056, 0x5f5f63695f6c6173745f726567656e65726174657c693a313736353931333035353b),
('ff785eee1e6215477bb05b667473f41740bb1a6e', '144.76.19.70', 1766319793, 0x5f5f63695f6c6173745f726567656e65726174657c693a313736363331393739333b),
('ff78a57f31a1fef3f1ffe9c6f4a7d4b35ec830c5', '34.219.0.31', 1768788725, 0x5f5f63695f6c6173745f726567656e65726174657c693a313736383738383732353b),
('ff7a2aae0ac5458b3cb161c74c3a02f6bca24502', '180.153.236.162', 1763294194, 0x5f5f63695f6c6173745f726567656e65726174657c693a313736333239343139343b),
('ff7a6d687f17caffe5e4f8072d7e35a60b21ca83', '2a06:98c0:3600::103', 1760363700, 0x5f5f63695f6c6173745f726567656e65726174657c693a313736303336333730303b),
('ff7b40a3b887dedd3e2263062fe75bfd1aff9e93', '43.159.152.184', 1770761755, 0x5f5f63695f6c6173745f726567656e65726174657c693a313737303736313735353b),
('ff7b46d767bf3b99b0853434e45565fafba3d312', '89.251.0.187', 1769779596, 0x5f5f63695f6c6173745f726567656e65726174657c693a313736393737393539363b),
('ff80463b3a35223c514e80f3c85ac67ac602aa84', '185.128.9.100', 1758301996, 0x5f5f63695f6c6173745f726567656e65726174657c693a313735383330313939363b),
('ff8207ca99bd61bee798f2c4864596c88cee1d4b', '51.75.119.229', 1759839086, 0x5f5f63695f6c6173745f726567656e65726174657c693a313735393833393038363b),
('ff8230fc4b395ea662218d6eab45a7fb4f045273', '74.7.228.32', 1762135655, 0x5f5f63695f6c6173745f726567656e65726174657c693a313736323133353635353b),
('ff825b166e75915fee940740cbe883468eeb5b6f', '143.198.73.78', 1761111561, 0x5f5f63695f6c6173745f726567656e65726174657c693a313736313131313536303b),
('ff86a66a59b968c2d8589fd8f423e473675935e0', '43.135.211.148', 1765703983, 0x5f5f63695f6c6173745f726567656e65726174657c693a313736353730333938333b),
('ff87e1272f651ea098fa0955f4babb61e7d104fc', '193.37.33.83', 1770933241, 0x5f5f63695f6c6173745f726567656e65726174657c693a313737303933333234313b),
('ff89438e6ed6c5ab62ed1f4045ff01a10e27fe48', '167.94.146.57', 1770736492, 0x5f5f63695f6c6173745f726567656e65726174657c693a313737303733363439323b),
('ff89d14c45b45184fa44584d7f52af706d85c07c', '216.244.66.202', 1767828996, 0x5f5f63695f6c6173745f726567656e65726174657c693a313736373832383939363b),
('ff8d3d0f9e4aae600a570b210b0dfbe911df1db0', '66.132.153.141', 1768867633, 0x5f5f63695f6c6173745f726567656e65726174657c693a313736383836373633333b),
('ff8f3db1c2ab3434f99f69c56ffa2d4a363a2b00', '194.5.52.21', 1772152865, 0x5f5f63695f6c6173745f726567656e65726174657c693a313737323135323836353b),
('ff8f83c7954d4432e3dd7118d4e18dea45b9b654', '144.76.19.70', 1772546157, 0x5f5f63695f6c6173745f726567656e65726174657c693a313737323534363135373b),
('ff938d491dbdd96c02e88c58b3c1fe49565012ec', '197.211.52.67', 1768905252, 0x5f5f63695f6c6173745f726567656e65726174657c693a313736383930353235323b72656469726563745f75726c7c733a34353a2268747470733a2f2f66636863732e6564756d61632e636c6f75642f73747564656e742f6373765f696d706f7274223b6e616d657c733a31353a224d7273204164656c6f796520452e4f223b6c6f676765725f70686f746f7c733a33363a2232613633626464393563383861363130323739626234663532653131663261632e6a7067223b6c6f67676564696e5f6272616e63687c733a313a2231223b6c6f67676564696e5f656d61696c7c733a32313a22666f6c61626f6d6961646540676d61696c2e636f6d223b6c6f67676564696e5f69647c733a333a22363235223b6c6f67676564696e5f7573657269647c733a323a223233223b6c6f67676564696e5f726f6c655f69647c733a313a2232223b6c6f67676564696e5f747970657c733a353a227374616666223b7365745f6c616e677c733a373a22656e676c697368223b69735f72746c7c623a303b7365745f73657373696f6e5f69647c733a313a2234223b6c6f67676564696e7c623a313b),
('ff93cc094bdb3707e9d25fa34d5ece176349e08e', '54.201.41.91', 1760512098, 0x5f5f63695f6c6173745f726567656e65726174657c693a313736303531323039383b),
('ff9e279c5c795cc7d7ae8f013f1aaeb896f3e7a7', '128.199.0.11', 1761280424, 0x5f5f63695f6c6173745f726567656e65726174657c693a313736313238303432303b),
('ff9f0cb99d61861f1059e7d7008360e1afd34ff0', '52.167.144.18', 1771610642, 0x5f5f63695f6c6173745f726567656e65726174657c693a313737313631303634323b),
('ff9f83cfe910af5019f59f91341df1eb8cedbcfd', '93.158.90.68', 1770467338, 0x5f5f63695f6c6173745f726567656e65726174657c693a313737303436373333383b),
('ff9fd0767470bfc1290b5ca1236bc9e8de5b8957', '111.242.245.100', 1773501926, 0x5f5f63695f6c6173745f726567656e65726174657c693a313737333530313932363b),
('ffa21a6f28877c08fddae7270aaec5b6e986ff83', '82.197.79.61', 1766134149, 0x5f5f63695f6c6173745f726567656e65726174657c693a313736363133343134393b),
('ffa511139169f5685b20c7621e43feb93eac2796', '216.73.216.109', 1769651217, 0x5f5f63695f6c6173745f726567656e65726174657c693a313736393635313231373b),
('ffa92a728a4f87e3f5d51b67fc7b087822cccf91', '74.7.230.5', 1763909855, 0x5f5f63695f6c6173745f726567656e65726174657c693a313736333930393835353b),
('ffac6b8fab0af02e6502aff96d180d91328119a6', '185.64.78.13', 1770814319, 0x5f5f63695f6c6173745f726567656e65726174657c693a313737303831343331393b),
('ffac9b40a7e29888d30914a5416b6e097d19df01', '85.208.96.205', 1767535856, 0x5f5f63695f6c6173745f726567656e65726174657c693a313736373533353835363b),
('ffadd66fbaee93faeb71541ec37139bbf5574fdb', '66.249.70.174', 1771367245, 0x5f5f63695f6c6173745f726567656e65726174657c693a313737313336373234353b),
('ffade845a2cb6d3ffb4806d8b3d0961243472685', '102.90.101.223', 1769464599, 0x5f5f63695f6c6173745f726567656e65726174657c693a313736393436343539393b),
('ffae2537668a769adcff9a820140f7b7de68bac0', '54.254.218.69', 1764274380, 0x5f5f63695f6c6173745f726567656e65726174657c693a313736343237343338303b),
('ffae712693bf4436fb77208373e8be0d8936c528', '216.81.248.16', 1768776895, 0x5f5f63695f6c6173745f726567656e65726174657c693a313736383737363839353b),
('ffaea30d94b61d71c57266c56f6ea3c162786ad1', '207.180.207.36', 1770973355, 0x5f5f63695f6c6173745f726567656e65726174657c693a313737303937333335353b),
('ffaf5f260b5ba8bc408afb6442c395cc7f4fecfa', '8.217.209.55', 1771998961, 0x5f5f63695f6c6173745f726567656e65726174657c693a313737313939383936313b),
('ffafbb4991ecde063e46b33ffeda05f6212fc4c9', '198.244.183.255', 1762944660, 0x5f5f63695f6c6173745f726567656e65726174657c693a313736323934343636303b),
('ffb0962e2a2f670edfd2e474f55dd934f86adc57', '194.5.52.21', 1772152863, 0x5f5f63695f6c6173745f726567656e65726174657c693a313737323135323836333b),
('ffb1c3e83cd48aacbe157d039801beb42a916bee', '206.168.34.127', 1759334696, 0x5f5f63695f6c6173745f726567656e65726174657c693a313735393333343639363b),
('ffb388818b5f74839fb070bd79b9f6812dddf8ce', '3.151.194.164', 1770139403, 0x5f5f63695f6c6173745f726567656e65726174657c693a313737303133393430333b),
('ffb38abb52a3c3947a8319a063038b33c912ef20', '74.7.175.186', 1765968455, 0x5f5f63695f6c6173745f726567656e65726174657c693a313736353936383435353b),
('ffb577c831102dbda1f802cb7b1f851bc879e8b6', '66.249.70.167', 1764576036, 0x5f5f63695f6c6173745f726567656e65726174657c693a313736343537363033363b),
('ffb5b67743ddb5fc0bb30bca51d8ec28105c5d8a', '20.89.212.133', 1768562837, 0x5f5f63695f6c6173745f726567656e65726174657c693a313736383536323833373b),
('ffb6814a78a15abd0ed1c4d75d25439ade75ca40', '185.253.162.138', 1760489362, 0x5f5f63695f6c6173745f726567656e65726174657c693a313736303438393336323b),
('ffb6ac22cbf4e37ec2d6ae220f5bd1a939ef2ee1', '89.251.0.187', 1769779522, 0x5f5f63695f6c6173745f726567656e65726174657c693a313736393737393532323b),
('ffb876b9046fd5d8c004131251fc3e57cf9585ca', '185.252.28.195', 1758136867, 0x5f5f63695f6c6173745f726567656e65726174657c693a313735383133363836373b),
('ffbb34f448df3434a9d281479386ff8e8e4c1625', '74.7.230.10', 1763460257, 0x5f5f63695f6c6173745f726567656e65726174657c693a313736333436303235373b),
('ffbc2673101853efef751b7e9e78cbe5bbf7f22b', '2a06:98c0:3600::103', 1758017951, 0x5f5f63695f6c6173745f726567656e65726174657c693a313735383031373935313b),
('ffbc7e25dd6da6475d409efacdb9ba08fe5a9216', '106.119.167.146', 1773265526, 0x5f5f63695f6c6173745f726567656e65726174657c693a313737333236353532363b),
('ffbcc60589c26b23a0cfea3e72e65ac3062df744', '66.249.70.165', 1768173739, 0x5f5f63695f6c6173745f726567656e65726174657c693a313736383137333733393b),
('ffbd9a804c0986ce2cd5a45b5a5ba873676e5836', '102.89.68.181', 1765883259, 0x5f5f63695f6c6173745f726567656e65726174657c693a313736353838333235393b6e616d657c733a31373a22436f726e656c6975732042616e6b6f6c61223b6c6f676765725f70686f746f7c733a31313a2264656675616c742e706e67223b6c6f67676564696e5f6272616e63687c733a313a2231223b6c6f67676564696e5f656d61696c7c733a32313a2274656163686572324066636863732e6f72672e6e67223b6c6f67676564696e5f69647c733a343a2231313936223b6c6f67676564696e5f7573657269647c733a323a223930223b6c6f67676564696e5f726f6c655f69647c733a313a2233223b6c6f67676564696e5f747970657c733a353a227374616666223b7365745f6c616e677c733a373a22656e676c697368223b69735f72746c7c623a303b7365745f73657373696f6e5f69647c733a313a2234223b6c6f67676564696e7c623a313b),
('ffc2132dde41b92eb8775e8ba72c52a4c06ea3ff', '66.132.153.112', 1761315904, 0x5f5f63695f6c6173745f726567656e65726174657c693a313736313331353930343b),
('ffc4e60a68503c8b9dc1dd30d0d7551cf91d3fda', '41.77.17.151', 1763797086, 0x5f5f63695f6c6173745f726567656e65726174657c693a313736333739373032373b),
('ffc538e5906cee5a99c26b7ad457926da1fe8d38', '104.210.140.139', 1772392365, 0x5f5f63695f6c6173745f726567656e65726174657c693a313737323339323336353b),
('ffc61c5fa828a4a59aafa5332f4a4f08ffed96fa', '195.178.110.223', 1759883557, 0x5f5f63695f6c6173745f726567656e65726174657c693a313735393838333535373b),
('ffc6eb98c827bd35c267dc2d4089be776993cd74', '52.167.144.67', 1761075414, 0x5f5f63695f6c6173745f726567656e65726174657c693a313736313037353431343b),
('ffc80265c6ce770a94beddf906f3e44f0c836c44', '2a06:98c0:3600::103', 1763128588, 0x5f5f63695f6c6173745f726567656e65726174657c693a313736333132383538383b),
('ffca1428d563ccd28d383e83c2075a7fe4482ade', '198.235.24.133', 1761541273, 0x5f5f63695f6c6173745f726567656e65726174657c693a313736313534313237333b),
('ffcab82d023f862f41b72d50655a996f4958401b', '195.178.110.54', 1765207368, 0x5f5f63695f6c6173745f726567656e65726174657c693a313736353230373336383b),
('ffcb235d843598e903c9fe9cb95267459449c471', '13.60.2.173', 1763295345, 0x5f5f63695f6c6173745f726567656e65726174657c693a313736333239353334353b),
('ffccada89bd3bfb199f7034ee3df26b302aa663e', '2a06:98c0:3600::103', 1761541651, 0x5f5f63695f6c6173745f726567656e65726174657c693a313736313534313635313b),
('ffcd3632c7f57411dcccaaa6e9cb829518387b3d', '52.167.144.213', 1769430970, 0x5f5f63695f6c6173745f726567656e65726174657c693a313736393433303937303b),
('ffcdcc0a54cad729df559016a29fe37b32dcc728', '1.15.52.154', 1772317036, 0x5f5f63695f6c6173745f726567656e65726174657c693a313737323331373033363b),
('ffd501f518756c8c1de89c9585379eeaca3ecc46', '34.239.214.15', 1766522837, 0x5f5f63695f6c6173745f726567656e65726174657c693a313736363532323833373b),
('ffd5b4f399ff14094c12b3e804e6be9413542f0e', '102.89.68.118', 1769704307, 0x5f5f63695f6c6173745f726567656e65726174657c693a313736393730343330373b),
('ffd6c827f28c15773c203b6ad1729c12138ed492', '74.7.230.19', 1763452924, 0x5f5f63695f6c6173745f726567656e65726174657c693a313736333435323932343b),
('ffdca730aa5b00a4d20071453fe1e6cfb51671cb', '85.208.96.193', 1764275709, 0x5f5f63695f6c6173745f726567656e65726174657c693a313736343237353730393b),
('ffdf21ac0ed543d5dd0814ee456ab36d5c394e0e', '170.64.234.249', 1766593969, 0x5f5f63695f6c6173745f726567656e65726174657c693a313736363539333936393b),
('ffe396f4aba6ad1da4f69264cef570ab4b7a0bed', '47.82.11.39', 1766675485, 0x5f5f63695f6c6173745f726567656e65726174657c693a313736363637353438353b),
('ffe75b94a8092950ae3daf7948d93be6d9ccc5d5', '102.89.85.239', 1763834295, 0x5f5f63695f6c6173745f726567656e65726174657c693a313736333833343239353b6e616d657c733a363a224564754d6163223b6c6f676765725f70686f746f7c733a33363a2239326531636566626634346132366337663162343865616530323433376437652e706e67223b6c6f67676564696e5f6272616e63687c4e3b6c6f67676564696e5f656d61696c7c733a32333a224d6163616e616c797469636e6740676d61696c2e636f6d223b6c6f67676564696e5f69647c733a313a2231223b6c6f67676564696e5f7573657269647c733a313a2231223b6c6f67676564696e5f726f6c655f69647c733a313a2231223b6c6f67676564696e5f747970657c733a353a227374616666223b7365745f6c616e677c733a373a22656e676c697368223b69735f72746c7c623a303b7365745f73657373696f6e5f69647c733a313a2234223b6c6f67676564696e7c623a313b),
('ffe8e0a8be23cedbbe46562dee66f9158371ad99', '85.208.96.204', 1771685593, 0x5f5f63695f6c6173745f726567656e65726174657c693a313737313638353539333b),
('ffea12ea5b227f755ed3a35effc454b8733d7cd3', '44.244.173.157', 1761330568, 0x5f5f63695f6c6173745f726567656e65726174657c693a313736313333303536383b),
('ffeb36356ac725650453426eb596cba92a9c9e7a', '43.157.170.126', 1764174492, 0x5f5f63695f6c6173745f726567656e65726174657c693a313736343137343439323b),
('ffec638b8dd6613ca3cfe9956c7a559dc9085a07', '175.6.217.4', 1772247334, 0x5f5f63695f6c6173745f726567656e65726174657c693a313737323234373333343b),
('ffee8d2ee93b41de25b2dec298312ebacffa54ee', '199.45.155.102', 1768490531, 0x5f5f63695f6c6173745f726567656e65726174657c693a313736383439303533313b),
('fff06e0b3616cd33f42ba1f9854e2bfdd192a461', '2a06:98c0:3600::103', 1758003422, 0x5f5f63695f6c6173745f726567656e65726174657c693a313735383030333432323b),
('fff1ac0676547d54f1a3af4945fa1d160ca7cd3f', '20.78.154.48', 1769482016, 0x5f5f63695f6c6173745f726567656e65726174657c693a313736393438323031363b),
('fff276d9f2ebe4c38e291d7182ec54a27d0c0c6d', '102.89.75.88', 1759758006, 0x5f5f63695f6c6173745f726567656e65726174657c693a313735393735383030363b),
('fff3958b2251f9e46e8e1edab72c3d68c95e303d', '74.7.175.174', 1772166384, 0x5f5f63695f6c6173745f726567656e65726174657c693a313737323136363338343b),
('fff6058a1bacab7301bfa40b9cc0c49a062ac03b', '104.28.246.115', 1772137777, 0x5f5f63695f6c6173745f726567656e65726174657c693a313737323133373737373b),
('fff740e7382caac0ffad32c16f732f4309a00b46', '105.113.110.227', 1759928228, 0x5f5f63695f6c6173745f726567656e65726174657c693a313735393932383232343b72656469726563745f75726c7c733a33393a2268747470733a2f2f6564756d61632e636c6f75642f637573746f6d5f646f6d61696e2f6c697374223b6e616d657c733a363a224564754d6163223b6c6f676765725f70686f746f7c733a33363a2266343235336265366533663362643863346137666665386136303863616634642e706e67223b6c6f67676564696e5f6272616e63687c4e3b6c6f67676564696e5f656d61696c7c733a32333a226d6163616e616c797469636e6740676d61696c2e636f6d223b6c6f67676564696e5f69647c733a313a2231223b6c6f67676564696e5f7573657269647c733a313a2231223b6c6f67676564696e5f726f6c655f69647c733a313a2231223b6c6f67676564696e5f747970657c733a353a227374616666223b7365745f6c616e677c733a373a22656e676c697368223b69735f72746c7c623a303b7365745f73657373696f6e5f69647c733a313a2234223b6c6f67676564696e7c623a313b),
('fff76bdb0df3a8c979d578e2b2e6c521233cf982', '102.89.69.110', 1759616245, 0x5f5f63695f6c6173745f726567656e65726174657c693a313735393631363234353b6e616d657c733a363a224564754d6163223b6c6f676765725f70686f746f7c733a33363a2266343235336265366533663362643863346137666665386136303863616634642e706e67223b6c6f67676564696e5f6272616e63687c4e3b6c6f67676564696e5f656d61696c7c733a32333a226d6163616e616c797469636e6740676d61696c2e636f6d223b6c6f67676564696e5f69647c733a313a2231223b6c6f67676564696e5f7573657269647c733a313a2231223b6c6f67676564696e5f726f6c655f69647c733a313a2231223b6c6f67676564696e5f747970657c733a353a227374616666223b7365745f6c616e677c733a373a22656e676c697368223b69735f72746c7c623a303b7365745f73657373696f6e5f69647c733a313a2234223b6c6f67676564696e7c623a313b616c6572742d6d6573736167652d737563636573737c733a34313a22496e666f726d6174696f6e20486173204265656e2055706461746564205375636365737366756c6c79223b5f5f63695f766172737c613a313a7b733a32313a22616c6572742d6d6573736167652d73756363657373223b733a333a226f6c64223b7d),
('gckbb5qpvmkaqndqfnorr3q2h9dlml2u', '::1', 1773750543, 0x5f5f63695f6c6173745f726567656e65726174657c693a313737333735303534333b),
('jb2hus0eac024j0qru5ce5bim5sce053', '::1', 1773749806, 0x5f5f63695f6c6173745f726567656e65726174657c693a313737333734393830363b),
('jrei9t40sgdum4vdahuuha9d21u2m538', '::1', 1773744663, 0x5f5f63695f6c6173745f726567656e65726174657c693a313737333734343636333b6e616d657c733a363a224564754d6163223b6c6f676765725f70686f746f7c733a33363a2239326531636566626634346132366337663162343865616530323433376437652e706e67223b6c6f67676564696e5f6272616e63687c4e3b6c6f67676564696e5f656d61696c7c733a32333a224d6163616e616c797469636e6740676d61696c2e636f6d223b6c6f67676564696e5f69647c733a313a2231223b6c6f67676564696e5f7573657269647c733a313a2231223b6c6f67676564696e5f726f6c655f69647c733a313a2231223b6c6f67676564696e5f747970657c733a353a227374616666223b7365745f6c616e677c733a373a22656e676c697368223b69735f72746c7c623a303b7365745f73657373696f6e5f69647c733a313a2234223b6c6f67676564696e7c623a313b),
('kf8628orsvjg3759kuub0s8ui8eu23pu', '::1', 1773763742, 0x5f5f63695f6c6173745f726567656e65726174657c693a313737333736333734323b6e616d657c733a363a224564754d6163223b6c6f676765725f70686f746f7c733a33363a2239326531636566626634346132366337663162343865616530323433376437652e706e67223b6c6f67676564696e5f6272616e63687c733a313a2231223b6c6f67676564696e5f656d61696c7c733a32333a224d6163616e616c797469636e6740676d61696c2e636f6d223b6c6f67676564696e5f69647c733a313a2231223b6c6f67676564696e5f7573657269647c733a313a2231223b6c6f67676564696e5f726f6c655f69647c733a313a2231223b6c6f67676564696e5f747970657c733a353a227374616666223b7365745f6c616e677c733a373a22656e676c697368223b69735f72746c7c623a303b7365745f73657373696f6e5f69647c733a313a2234223b6c6f67676564696e7c623a313b6c6173745f73657373696f6e5f6175746f5f72756e7c693a313737333734353232333b),
('lmo9p7tso8v8tt475h9j9t6s99udq9lk', '::1', 1773755744, 0x5f5f63695f6c6173745f726567656e65726174657c693a313737333735353734343b6e616d657c733a363a224564754d6163223b6c6f676765725f70686f746f7c733a33363a2239326531636566626634346132366337663162343865616530323433376437652e706e67223b6c6f67676564696e5f6272616e63687c733a313a2231223b6c6f67676564696e5f656d61696c7c733a32333a224d6163616e616c797469636e6740676d61696c2e636f6d223b6c6f67676564696e5f69647c733a313a2231223b6c6f67676564696e5f7573657269647c733a313a2231223b6c6f67676564696e5f726f6c655f69647c733a313a2231223b6c6f67676564696e5f747970657c733a353a227374616666223b7365745f6c616e677c733a373a22656e676c697368223b69735f72746c7c623a303b7365745f73657373696f6e5f69647c733a313a2234223b6c6f67676564696e7c623a313b6c6173745f73657373696f6e5f6175746f5f72756e7c693a313737333734353232333b),
('mh71j0ur0n4vr6tai78sq2iaaq7r2p4f', '::1', 1773750917, 0x5f5f63695f6c6173745f726567656e65726174657c693a313737333735303931373b),
('mvivuejlko2v1om3ia74av8nbs66r3r4', '::1', 1773750918, 0x5f5f63695f6c6173745f726567656e65726174657c693a313737333735303931383b),
('obk8qab9qgur0fpfp474dgtcce5vvmke', '::1', 1773749862, 0x5f5f63695f6c6173745f726567656e65726174657c693a313737333734393836323b),
('petl9912uk87s8ddrs0khuo19i6qdf94', '::1', 1773746733, 0x5f5f63695f6c6173745f726567656e65726174657c693a313737333734363733333b),
('pohq7np8b6jrpciua6567bjolo97u1lv', '::1', 1773750389, 0x5f5f63695f6c6173745f726567656e65726174657c693a313737333735303338393b6e616d657c733a363a224564754d6163223b6c6f676765725f70686f746f7c733a33363a2239326531636566626634346132366337663162343865616530323433376437652e706e67223b6c6f67676564696e5f6272616e63687c733a313a2231223b6c6f67676564696e5f656d61696c7c733a32333a224d6163616e616c797469636e6740676d61696c2e636f6d223b6c6f67676564696e5f69647c733a313a2231223b6c6f67676564696e5f7573657269647c733a313a2231223b6c6f67676564696e5f726f6c655f69647c733a313a2231223b6c6f67676564696e5f747970657c733a353a227374616666223b7365745f6c616e677c733a373a22656e676c697368223b69735f72746c7c623a303b7365745f73657373696f6e5f69647c733a313a2234223b6c6f67676564696e7c623a313b6c6173745f73657373696f6e5f6175746f5f72756e7c693a313737333734353232333b);
INSERT INTO `rm_sessions` (`id`, `ip_address`, `timestamp`, `data`) VALUES
('ppf5j0tttegacoukfe7h66ibhnfvnl63', '::1', 1773756496, 0x5f5f63695f6c6173745f726567656e65726174657c693a313737333735363439363b6e616d657c733a363a224564754d6163223b6c6f676765725f70686f746f7c733a33363a2239326531636566626634346132366337663162343865616530323433376437652e706e67223b6c6f67676564696e5f6272616e63687c733a313a2231223b6c6f67676564696e5f656d61696c7c733a32333a224d6163616e616c797469636e6740676d61696c2e636f6d223b6c6f67676564696e5f69647c733a313a2231223b6c6f67676564696e5f7573657269647c733a313a2231223b6c6f67676564696e5f726f6c655f69647c733a313a2231223b6c6f67676564696e5f747970657c733a353a227374616666223b7365745f6c616e677c733a373a22656e676c697368223b69735f72746c7c623a303b7365745f73657373696f6e5f69647c733a313a2234223b6c6f67676564696e7c623a313b6c6173745f73657373696f6e5f6175746f5f72756e7c693a313737333734353232333b),
('qvd1dscbuddt91m86kri3ition3br9gv', '::1', 1773763767, 0x5f5f63695f6c6173745f726567656e65726174657c693a313737333736333734323b6e616d657c733a363a224564754d6163223b6c6f676765725f70686f746f7c733a33363a2239326531636566626634346132366337663162343865616530323433376437652e706e67223b6c6f67676564696e5f6272616e63687c733a313a2231223b6c6f67676564696e5f656d61696c7c733a32333a224d6163616e616c797469636e6740676d61696c2e636f6d223b6c6f67676564696e5f69647c733a313a2231223b6c6f67676564696e5f7573657269647c733a313a2231223b6c6f67676564696e5f726f6c655f69647c733a313a2231223b6c6f67676564696e5f747970657c733a353a227374616666223b7365745f6c616e677c733a373a22656e676c697368223b69735f72746c7c623a303b7365745f73657373696f6e5f69647c733a313a2234223b6c6f67676564696e7c623a313b6c6173745f73657373696f6e5f6175746f5f72756e7c693a313737333734353232333b),
('rbep663dnjtjnhb6pi9i8lunqh26i6g0', '::1', 1773749806, 0x5f5f63695f6c6173745f726567656e65726174657c693a313737333734393830363b),
('s5s4tu8rqfte5t4mdd250js2r03bq0n8', '::1', 1773763168, 0x5f5f63695f6c6173745f726567656e65726174657c693a313737333736333136383b6e616d657c733a363a224564754d6163223b6c6f676765725f70686f746f7c733a33363a2239326531636566626634346132366337663162343865616530323433376437652e706e67223b6c6f67676564696e5f6272616e63687c733a313a2231223b6c6f67676564696e5f656d61696c7c733a32333a224d6163616e616c797469636e6740676d61696c2e636f6d223b6c6f67676564696e5f69647c733a313a2231223b6c6f67676564696e5f7573657269647c733a313a2231223b6c6f67676564696e5f726f6c655f69647c733a313a2231223b6c6f67676564696e5f747970657c733a353a227374616666223b7365745f6c616e677c733a373a22656e676c697368223b69735f72746c7c623a303b7365745f73657373696f6e5f69647c733a313a2234223b6c6f67676564696e7c623a313b6c6173745f73657373696f6e5f6175746f5f72756e7c693a313737333734353232333b),
('tq6bljevid3i1igholg65l30t8dshd1p', '::1', 1773750856, 0x5f5f63695f6c6173745f726567656e65726174657c693a313737333735303835363b);

-- --------------------------------------------------------

--
-- Table structure for table `roles`
--

CREATE TABLE IF NOT EXISTS `roles` (
  `id` int NOT NULL AUTO_INCREMENT,
  `name` varchar(50) NOT NULL,
  `prefix` varchar(50) DEFAULT NULL,
  `is_system` varchar(10) NOT NULL,
  PRIMARY KEY (`id`)
) ENGINE=InnoDB AUTO_INCREMENT=11 DEFAULT CHARSET=utf8mb3;

--
-- Dumping data for table `roles`
--

INSERT INTO `roles` (`id`, `name`, `prefix`, `is_system`) VALUES
(1, 'Super Admin', 'superadmin', '1'),
(2, 'GeneralAdmin', 'generaladmin', '1'),
(3, 'Teacher', 'teacher', '1'),
(4, 'Accountant', 'accountant', '1'),
(5, 'Librarian', 'librarian', '1'),
(6, 'Parent', 'parent', '1'),
(7, 'Student', 'student', '1'),
(8, 'Receptionist', 'receptionist', '1'),
(9, 'SchoolAdmin', 'schooladmin', '0'),
(10, 'Staffs', 'staffs', '0');

-- --------------------------------------------------------

--
-- Table structure for table `saas_cms_faq_list`
--

CREATE TABLE IF NOT EXISTS `saas_cms_faq_list` (
  `id` int NOT NULL AUTO_INCREMENT,
  `title` varchar(255) DEFAULT NULL,
  `description` text,
  `created_at` datetime NOT NULL DEFAULT CURRENT_TIMESTAMP,
  PRIMARY KEY (`id`)
) ENGINE=InnoDB AUTO_INCREMENT=10 DEFAULT CHARSET=utf8mb3;

--
-- Dumping data for table `saas_cms_faq_list`
--

INSERT INTO `saas_cms_faq_list` (`id`, `title`, `description`, `created_at`) VALUES
(1, 'How does your AI-powered software differ from traditional school management systems?', '<p><span xss=removed>Our AI-powered software goes beyond basic data management. It provides predictive analytics, automated insights, and intelligent recommendations that help schools make proactive decisions rather than reactive ones.</span></p>', '2025-09-19 07:44:00'),
(2, 'Can your financial module really prevent revenue leakages?', '<p><span xss=\"removed\">Absolutely. Our EduMac module uses AI to analyze financial patterns, detect anomalies, and spot potential revenue leaks while optimizing resource allocation. It offers a comprehensive view of your school\'s finances, helping identify and prevent potential leakages while optimizing revenue streams.</span></p>', '2025-09-19 07:44:59'),
(3, 'How does the AI-powered grading system work for essay questions?', '<p><span xss=removed>Our Grade system uses advanced natural language processing to evaluate essay responses based on content quality, structure, grammar, and relevance to the question. It provides detailed feedback and generates personalized comments for each student.</span></p>', '2025-09-19 07:46:02'),
(4, 'Is the software secure and compliant with data protection regulations?', '<p><span xss=removed>Yes, we prioritize data security with end-to-end encryption, secure cloud infrastructure, and compliance with international data protection standards. All student and school data is protected with bank-level security measures.</span></p>', '2025-09-19 07:46:44'),
(5, 'Can we integrate this software with our existing systems?', '<p><span xss=removed>Our platform is designed with flexibility in mind. We offer APIs and integration capabilities that allow seamless connection with most existing school management systems, accounting software, and educational tools.</span></p>', '2025-09-19 07:47:42'),
(6, 'What kind of support do you offer after implementation?', '<p><span xss=removed>We provide comprehensive support including 24/7 technical assistance, regular training sessions, system updates, and a dedicated account manager for enterprise clients. Our support team is always ready to help you maximize the platform\'s potential.</span></p>', '2025-09-19 07:48:13'),
(7, 'How Does the CBT system work?', '<p><span xss=removed>Teachers upload questions and specify the options and correct option. Questions could be multiple choice, single choice or even fill in the blanks. Exams are scheduled with time and students login to take the tests/exams. Their time ticks down and logs them out when time is up. Results are generated instantly. It works pretty much like the jamb CBT or other external exams CBT.</span></p>', '2025-10-22 01:17:15'),
(8, 'What are the gadgets we will need to purchase?', '<div class=\"jsx-62734638c275cee9 px-6 pb-6\" xss=removed><p class=\"jsx-62734638c275cee9 text-gray-600 leading-relaxed\" xss=removed>You don\'t need any special gadgets. A basic smart phone with good internet is okay. You could make use of your laptop web too.</p></div>', '2025-10-22 01:18:32'),
(9, 'Is My School Data Safe?', '<div class=\"jsx-62734638c275cee9 px-6 pb-6\" xss=removed><p class=\"jsx-62734638c275cee9 text-gray-600 leading-relaxed\" xss=removed>Your school data is safe. EduMac employs cutting edge internet security measures and you have nothing to worry about. More than 1,000 schools trust us and that\'s why we\'re the largest school management software in Nigeria.</p></div>', '2025-10-22 01:19:48');

-- --------------------------------------------------------

--
-- Table structure for table `saas_cms_features`
--

CREATE TABLE IF NOT EXISTS `saas_cms_features` (
  `id` int NOT NULL AUTO_INCREMENT,
  `title` varchar(255) DEFAULT NULL,
  `description` text,
  `icon` varchar(255) DEFAULT NULL,
  `created_at` datetime NOT NULL DEFAULT CURRENT_TIMESTAMP,
  PRIMARY KEY (`id`)
) ENGINE=InnoDB AUTO_INCREMENT=9 DEFAULT CHARSET=utf8mb3;

--
-- Dumping data for table `saas_cms_features`
--

INSERT INTO `saas_cms_features` (`id`, `title`, `description`, `icon`, `created_at`) VALUES
(1, 'Advanced Management System', 'Complete student information system with academic records, behavioral tracking, and parent communication. Streamlined grading system with automated calculations and grade book management for Nigerian curriculum standards.', 'fas fa-card', '2023-03-14 19:17:42'),
(3, 'School Subscription', 'EduMac is completely online, we do not install on your computers. As a matter of fact, the software will still work for you if you have no computers. Your teachers can use their phones and tablets', 'fas fa-sitemap', '2023-03-14 19:17:42'),
(4, 'Online Payment Gateway', 'Integrated Paystack and Flutterwave support for school fees, with automated receipt generation and parent notifications. Complete staff payroll system with Nigerian tax calculations, pension contributions, and automated salary processing.', 'fas fa-credit-card', '2023-03-14 19:17:42'),
(5, 'ID Card Generator & QR Attendance', 'EduMac Management is an all-in-one school management software designed for affordability, user-friendliness, and efficiency. From admission, ID card Generator to graduation and beyond, QR Attendance. EduMac streamlines every school operation with ease.', 'fas fa-id-card-alt', '2023-03-14 19:17:42'),
(6, 'Online Exam / CBT Exam', 'Create and manage CBT exams similar to JAMB format with automated grading and instant result generation. Generate comprehensive reports for academic performance, attendance, and financial records with WAEC compliance.', 'fas fa-headphones', '2023-03-14 19:17:42'),
(8, 'Maby More', 'Different Exams per Subject – Flexibility to set multiple exam types (midterm, final, test) across various subjects. Keep parents informed with automated SMS notifications for attendance, grades, school announcements, and fee reminders.', 'fas fa-qrcode', '2025-09-21 12:14:20');

-- --------------------------------------------------------

--
-- Table structure for table `saas_email_templates`
--

CREATE TABLE IF NOT EXISTS `saas_email_templates` (
  `id` int NOT NULL AUTO_INCREMENT,
  `name` varchar(255) NOT NULL,
  `subject` varchar(255) DEFAULT NULL,
  `template_body` text,
  `notified` tinyint(1) NOT NULL DEFAULT '0',
  `tags` text NOT NULL,
  PRIMARY KEY (`id`)
) ENGINE=InnoDB AUTO_INCREMENT=5 DEFAULT CHARSET=utf8mb3;

--
-- Dumping data for table `saas_email_templates`
--

INSERT INTO `saas_email_templates` (`id`, `name`, `subject`, `template_body`, `notified`, `tags`) VALUES
(1, 'school_registered', 'Submit School Registered Form', '<p><span xss=removed>{institute_name}, {admin_name}, {login_username}, {password}, {school_name},.</span></p>', 1, '{institute_name}, {admin_name}, {login_username}, {password}, {school_name}, {plan_name}, {invoice_url}, {payment_url}, {reference_no}, {date}, {fees_amount}'),
(2, 'school_subscription_payment_confirmation', 'School Subscription Payment Confirmation', '<p>Thank you <span xss=removed>{institute_name}</span> for making payment.</p><p><span xss=removed> {admin_name} {school_name}  {plan_name} {invoice_url} {reference_no} {date} {paid_amount}</span></p>', 0, '{institute_name}, {admin_name},  {school_name}, {plan_name}, {invoice_url}, {reference_no}, {date}, {paid_amount}'),
(3, 'school_subscription_approval_confirmation', 'School Subscription Approval Confirmation', '<p>Hello <span xss=removed>{school_name}</span> Your School Subscription Has being Approval</p><p>Find be below your details</p><p><span xss=removed> {login_username}, {password}</span></p><p><span xss=removed>{plan_name}, {invoice_url}, {reference_no}, {subscription_start_date}, {subscription_expiry_date}, {paid_amount}</span><span xss=removed></span></p>', 0, '{institute_name}, {admin_name}, {login_username}, {password}, {school_name}, {plan_name}, {invoice_url}, {reference_no}, {subscription_start_date}, {subscription_expiry_date}, {paid_amount}'),
(4, 'school_subscription_reject', 'School Subscription Reject', NULL, 0, '{institute_name}, {admin_name}, {school_name}, {reject_reason}');

-- --------------------------------------------------------

--
-- Table structure for table `saas_offline_payments`
--

CREATE TABLE IF NOT EXISTS `saas_offline_payments` (
  `id` int NOT NULL AUTO_INCREMENT,
  `payment_type` int NOT NULL,
  `school_register_id` int DEFAULT NULL,
  `payment_date` date DEFAULT NULL,
  `reference` varchar(200) DEFAULT NULL,
  `amount` float(10,2) DEFAULT NULL,
  `submit_date` datetime DEFAULT NULL,
  `approve_date` datetime DEFAULT NULL,
  `orig_file_name` varchar(255) DEFAULT NULL,
  `enc_file_name` text CHARACTER SET utf8mb3 COLLATE utf8mb3_general_ci,
  `note` varchar(255) DEFAULT NULL,
  `comments` text CHARACTER SET utf8mb3 COLLATE utf8mb3_general_ci,
  `approved_by` int DEFAULT NULL,
  `status` tinyint(1) NOT NULL DEFAULT '1',
  `created_at` timestamp NOT NULL DEFAULT CURRENT_TIMESTAMP ON UPDATE CURRENT_TIMESTAMP,
  PRIMARY KEY (`id`)
) ENGINE=InnoDB AUTO_INCREMENT=3 DEFAULT CHARSET=utf8mb3;

--
-- Dumping data for table `saas_offline_payments`
--

INSERT INTO `saas_offline_payments` (`id`, `payment_type`, `school_register_id`, `payment_date`, `reference`, `amount`, `submit_date`, `approve_date`, `orig_file_name`, `enc_file_name`, `note`, `comments`, `approved_by`, `status`, `created_at`) VALUES
(1, 1, 2, '2026-02-03', 'School portal', 0.00, '2026-02-02 20:20:32', NULL, NULL, NULL, 'None', NULL, NULL, 1, '2026-02-02 19:20:32'),
(2, 1, 3, '2026-02-03', 'Lms', 0.00, '2026-02-03 20:57:47', NULL, NULL, NULL, 'Asap', NULL, NULL, 1, '2026-02-03 19:57:47');

-- --------------------------------------------------------

--
-- Table structure for table `saas_offline_payment_types`
--

CREATE TABLE IF NOT EXISTS `saas_offline_payment_types` (
  `id` int NOT NULL AUTO_INCREMENT,
  `name` varchar(255) NOT NULL,
  `note` varchar(500) DEFAULT NULL,
  PRIMARY KEY (`id`)
) ENGINE=InnoDB AUTO_INCREMENT=2 DEFAULT CHARSET=utf8mb3;

--
-- Dumping data for table `saas_offline_payment_types`
--

INSERT INTO `saas_offline_payment_types` (`id`, `name`, `note`) VALUES
(1, 'PayInto', '<p xss=\"removed\">SelfidenceNG</p><p xss=\"removed\">6111147731</p><p xss=\"removed\">Opay MFB</p><p xss=\"removed\">Note: Give Us a call if you made payment offline using the account above.</p>');

-- --------------------------------------------------------

--
-- Table structure for table `saas_package`
--

CREATE TABLE IF NOT EXISTS `saas_package` (
  `id` int NOT NULL AUTO_INCREMENT,
  `name` varchar(255) NOT NULL,
  `price` varchar(20) NOT NULL,
  `discount` float NOT NULL DEFAULT '0',
  `student_limit` float NOT NULL,
  `staff_limit` float NOT NULL,
  `teacher_limit` float NOT NULL,
  `parents_limit` float NOT NULL,
  `status` tinyint(1) NOT NULL,
  `show_onwebsite` tinyint(1) NOT NULL DEFAULT '1',
  `period_type` tinyint(1) NOT NULL,
  `period_value` int NOT NULL DEFAULT '0',
  `free_trial` tinyint NOT NULL DEFAULT '0',
  `permission` longtext,
  `recommended` tinyint(1) NOT NULL DEFAULT '0',
  `created_at` datetime NOT NULL DEFAULT CURRENT_TIMESTAMP,
  `updated_at` datetime DEFAULT NULL,
  PRIMARY KEY (`id`)
) ENGINE=InnoDB AUTO_INCREMENT=5 DEFAULT CHARSET=utf8mb3;

--
-- Dumping data for table `saas_package`
--

INSERT INTO `saas_package` (`id`, `name`, `price`, `discount`, `student_limit`, `staff_limit`, `teacher_limit`, `parents_limit`, `status`, `show_onwebsite`, `period_type`, `period_value`, `free_trial`, `permission`, `recommended`, `created_at`, `updated_at`) VALUES
(1, 'Custom Service', '0', 0, 0, 0, 0, 0, 1, 1, 1, 0, 0, '[\"26\",\"8\",\"12\",\"15\",\"21\",\"20\",\"400\",\"14\",\"7\",\"10\",\"5\",\"25\",\"13\",\"19\",\"27\",\"17\",\"23\",\"500\",\"24\",\"16\",\"11\",\"22\"]', 0, '2025-09-16 07:35:25', '2025-10-15 18:05:15'),
(2, 'Freemuim Termly', '0', 0, 0, 5, 5, 0, 1, 1, 3, 4, 1, '[\"26\",\"8\",\"12\",\"15\",\"21\",\"20\",\"400\",\"14\",\"7\",\"10\",\"5\",\"25\",\"13\",\"19\",\"27\",\"17\",\"23\",\"500\",\"24\",\"16\",\"11\",\"22\"]', 0, '2025-09-21 11:37:18', '2025-10-15 21:02:26'),
(3, 'Termly Mini', '489', 0, 0, 0, 0, 0, 0, 0, 3, 4, 0, '[\"26\",\"12\",\"15\",\"21\",\"20\",\"5\",\"25\",\"13\",\"19\",\"27\",\"17\",\"23\",\"24\",\"16\"]', 1, '2025-10-05 08:50:06', '2025-12-11 11:52:01'),
(4, 'Termly Large', '589', 0, 0, 0, 0, 0, 0, 0, 3, 4, 0, '[\"26\",\"8\",\"12\",\"15\",\"21\",\"20\",\"400\",\"14\",\"7\",\"10\",\"5\",\"25\",\"13\",\"19\",\"27\",\"17\",\"23\",\"500\",\"24\",\"16\",\"11\",\"22\"]', 0, '2025-10-05 08:59:19', '2025-12-11 11:51:49');

-- --------------------------------------------------------

--
-- Table structure for table `saas_subscriptions`
--

CREATE TABLE IF NOT EXISTS `saas_subscriptions` (
  `id` int NOT NULL AUTO_INCREMENT,
  `package_id` int NOT NULL,
  `school_id` int NOT NULL,
  `expire_date` varchar(100) DEFAULT NULL,
  `upgrade_lasttime` date DEFAULT NULL,
  `created_at` timestamp NOT NULL DEFAULT CURRENT_TIMESTAMP,
  PRIMARY KEY (`id`)
) ENGINE=InnoDB AUTO_INCREMENT=5 DEFAULT CHARSET=utf8mb3;

--
-- Dumping data for table `saas_subscriptions`
--

INSERT INTO `saas_subscriptions` (`id`, `package_id`, `school_id`, `expire_date`, `upgrade_lasttime`, `created_at`) VALUES
(1, 1, 1, '', NULL, '2025-09-16 06:36:41'),
(2, 1, 2, '', NULL, '2025-09-16 06:37:58'),
(3, 1, 3, '', NULL, '2025-10-15 13:57:19'),
(4, 2, 4, '2026-06-03', NULL, '2026-02-03 20:00:53');

-- --------------------------------------------------------

--
-- Table structure for table `saas_subscriptions_transactions`
--

CREATE TABLE IF NOT EXISTS `saas_subscriptions_transactions` (
  `id` int NOT NULL AUTO_INCREMENT,
  `subscriptions_id` int NOT NULL,
  `package_id` int NOT NULL,
  `payment_id` varchar(255) NOT NULL,
  `amount` decimal(18,2) NOT NULL DEFAULT '0.00',
  `discount` decimal(18,2) NOT NULL DEFAULT '0.00',
  `payment_method` tinyint NOT NULL,
  `renew` tinyint(1) NOT NULL DEFAULT '0',
  `purchase_date` date NOT NULL,
  `expire_date` date DEFAULT NULL,
  `created_at` datetime NOT NULL DEFAULT CURRENT_TIMESTAMP,
  PRIMARY KEY (`id`)
) ENGINE=InnoDB AUTO_INCREMENT=5 DEFAULT CHARSET=utf8mb3;

--
-- Dumping data for table `saas_subscriptions_transactions`
--

INSERT INTO `saas_subscriptions_transactions` (`id`, `subscriptions_id`, `package_id`, `payment_id`, `amount`, `discount`, `payment_method`, `renew`, `purchase_date`, `expire_date`, `created_at`) VALUES
(1, 1, 1, '2722ab47', 0.00, 0.00, 1, 0, '2025-09-16', '0000-00-00', '2025-09-16 09:36:41'),
(2, 2, 1, '7c05b770', 0.00, 0.00, 1, 0, '2025-09-16', '0000-00-00', '2025-09-16 09:37:58'),
(3, 3, 1, '61c4d3c6', 0.00, 0.00, 1, 0, '2025-10-15', '0000-00-00', '2025-10-15 16:57:19'),
(4, 4, 2, 'b8c5f65c', 0.00, 0.00, 1, 0, '2026-02-03', '2026-06-03', '2026-02-03 23:00:53');

-- --------------------------------------------------------

--
-- Table structure for table `salary_template`
--

CREATE TABLE IF NOT EXISTS `salary_template` (
  `id` int NOT NULL AUTO_INCREMENT,
  `name` varchar(255) NOT NULL,
  `basic_salary` decimal(18,2) NOT NULL,
  `overtime_salary` varchar(100) NOT NULL DEFAULT '0',
  `branch_id` tinyint NOT NULL,
  PRIMARY KEY (`id`)
) ENGINE=InnoDB DEFAULT CHARSET=utf8mb3;

-- --------------------------------------------------------

--
-- Table structure for table `salary_template_details`
--

CREATE TABLE IF NOT EXISTS `salary_template_details` (
  `id` int NOT NULL AUTO_INCREMENT,
  `salary_template_id` varchar(20) NOT NULL,
  `name` varchar(200) NOT NULL,
  `amount` decimal(18,2) NOT NULL DEFAULT '0.00',
  `type` tinyint NOT NULL,
  PRIMARY KEY (`id`)
) ENGINE=InnoDB DEFAULT CHARSET=utf8mb3;

-- --------------------------------------------------------

--
-- Table structure for table `sales_bill`
--

CREATE TABLE IF NOT EXISTS `sales_bill` (
  `id` int NOT NULL AUTO_INCREMENT,
  `bill_no` varchar(200) NOT NULL,
  `role_id` int NOT NULL,
  `user_id` int NOT NULL,
  `remarks` text NOT NULL,
  `total` decimal(18,2) NOT NULL DEFAULT '0.00',
  `discount` decimal(18,2) NOT NULL DEFAULT '0.00',
  `paid` decimal(18,2) NOT NULL DEFAULT '0.00',
  `due` decimal(18,2) NOT NULL DEFAULT '0.00',
  `payment_status` int NOT NULL,
  `date` date DEFAULT NULL,
  `prepared_by` int DEFAULT NULL,
  `modifier_id` int DEFAULT NULL,
  `branch_id` int NOT NULL,
  `created_at` datetime NOT NULL DEFAULT CURRENT_TIMESTAMP,
  `updated_at` datetime DEFAULT NULL,
  PRIMARY KEY (`id`),
  KEY `sales_bill_rms_1` (`branch_id`)
) ENGINE=InnoDB DEFAULT CHARSET=utf8mb3;

-- --------------------------------------------------------

--
-- Table structure for table `sales_bill_details`
--

CREATE TABLE IF NOT EXISTS `sales_bill_details` (
  `id` int NOT NULL AUTO_INCREMENT,
  `sales_bill_id` int NOT NULL,
  `product_id` int NOT NULL,
  `unit_price` decimal(18,2) NOT NULL DEFAULT '0.00',
  `quantity` varchar(20) NOT NULL,
  `discount` decimal(18,2) NOT NULL DEFAULT '0.00',
  `sub_total` decimal(18,2) NOT NULL DEFAULT '0.00',
  PRIMARY KEY (`id`),
  KEY `sales_bill_details_rms_1` (`product_id`)
) ENGINE=InnoDB DEFAULT CHARSET=utf8mb3;

-- --------------------------------------------------------

--
-- Table structure for table `sales_payment_history`
--

CREATE TABLE IF NOT EXISTS `sales_payment_history` (
  `id` int NOT NULL AUTO_INCREMENT,
  `sales_bill_id` varchar(11) CHARACTER SET utf8mb3 COLLATE utf8mb3_general_ci NOT NULL,
  `payment_by` int DEFAULT NULL,
  `amount` decimal(18,2) NOT NULL DEFAULT '0.00',
  `pay_via` varchar(25) NOT NULL,
  `remarks` text NOT NULL,
  `attach_orig_name` varchar(255) DEFAULT NULL,
  `attach_file_name` varchar(255) DEFAULT NULL,
  `paid_on` date DEFAULT NULL,
  `coll_type` tinyint NOT NULL DEFAULT '0',
  PRIMARY KEY (`id`)
) ENGINE=InnoDB DEFAULT CHARSET=utf8mb3;

-- --------------------------------------------------------

--
-- Table structure for table `schoolyear`
--

CREATE TABLE IF NOT EXISTS `schoolyear` (
  `id` int NOT NULL AUTO_INCREMENT,
  `school_year` varchar(255) NOT NULL,
  `created_by` int NOT NULL,
  `created_at` timestamp NOT NULL DEFAULT CURRENT_TIMESTAMP,
  `updated_at` datetime DEFAULT NULL,
  PRIMARY KEY (`id`)
) ENGINE=InnoDB AUTO_INCREMENT=9 DEFAULT CHARSET=utf8mb3;

--
-- Dumping data for table `schoolyear`
--

INSERT INTO `schoolyear` (`id`, `school_year`, `created_by`, `created_at`, `updated_at`) VALUES
(1, '2022-2023', 1, '2020-02-25 19:35:41', '2023-08-18 01:35:41'),
(2, '2023-2024', 1, '2020-02-25 19:35:41', '2023-08-18 01:35:41'),
(3, '2024-2025', 1, '2020-02-25 19:35:41', '2023-08-18 01:35:41'),
(4, '2025/2026', 1, '2020-02-25 19:35:41', '2023-08-18 01:35:41'),
(5, '2026-2027', 1, '2020-02-25 19:35:41', '2023-08-18 01:20:04'),
(6, '2027-2028', 1, '2020-02-26 07:00:10', '2023-08-18 13:00:24'),
(7, '2028-2029', 1, '2020-02-26 07:00:10', '2023-08-18 13:00:24'),
(8, '2029-2030', 1, '2020-02-26 07:00:10', '2023-08-18 13:00:24');

-- --------------------------------------------------------

--
-- Table structure for table `section`
--

CREATE TABLE IF NOT EXISTS `section` (
  `id` int NOT NULL AUTO_INCREMENT,
  `name` varchar(255) NOT NULL,
  `capacity` varchar(20) DEFAULT NULL,
  `branch_id` int DEFAULT NULL,
  PRIMARY KEY (`id`)
) ENGINE=InnoDB AUTO_INCREMENT=10 DEFAULT CHARSET=utf8mb3;

--
-- Dumping data for table `section`
--

INSERT INTO `section` (`id`, `name`, `capacity`, `branch_id`) VALUES
(1, 'Nursery Section', '', 1),
(2, 'Primary Section', '', 1),
(4, 'Nursery Section', '', 2),
(5, 'Primary Section', '', 2),
(6, 'Primary', '', 3),
(8, 'Nursery', '', 3),
(9, 'Junior Secondary', '15', 4);

-- --------------------------------------------------------

--
-- Table structure for table `sections_allocation`
--

CREATE TABLE IF NOT EXISTS `sections_allocation` (
  `id` int NOT NULL AUTO_INCREMENT,
  `class_id` int NOT NULL,
  `section_id` int NOT NULL,
  PRIMARY KEY (`id`),
  KEY `sections_allocation_rms_1` (`class_id`),
  KEY `sections_allocation_rms_2` (`section_id`)
) ENGINE=InnoDB AUTO_INCREMENT=37 DEFAULT CHARSET=utf8mb3;

--
-- Dumping data for table `sections_allocation`
--

INSERT INTO `sections_allocation` (`id`, `class_id`, `section_id`) VALUES
(1, 1, 1),
(2, 2, 1),
(3, 3, 1),
(6, 6, 2),
(7, 7, 2),
(8, 8, 2),
(10, 4, 1),
(11, 5, 1),
(12, 9, 2),
(13, 10, 2),
(21, 15, 4),
(23, 16, 4),
(24, 17, 5),
(25, 18, 5),
(26, 19, 5),
(27, 20, 5),
(28, 21, 5),
(29, 22, 1),
(30, 23, 6),
(31, 24, 6),
(32, 11, 4),
(33, 12, 4),
(34, 13, 4),
(35, 14, 4),
(36, 25, 9);

-- --------------------------------------------------------

--
-- Table structure for table `section_marksheet_template`
--

CREATE TABLE IF NOT EXISTS `section_marksheet_template` (
  `id` int UNSIGNED NOT NULL AUTO_INCREMENT,
  `branch_id` int NOT NULL,
  `section_id` int NOT NULL,
  `template_id` int NOT NULL DEFAULT '0',
  `created_at` timestamp NOT NULL DEFAULT CURRENT_TIMESTAMP,
  `updated_at` timestamp NULL DEFAULT NULL ON UPDATE CURRENT_TIMESTAMP,
  PRIMARY KEY (`id`),
  UNIQUE KEY `unique_branch_section` (`branch_id`,`section_id`),
  KEY `branch_id` (`branch_id`),
  KEY `section_id` (`section_id`),
  KEY `template_id` (`template_id`)
) ENGINE=InnoDB DEFAULT CHARSET=utf8mb4 COLLATE=utf8mb4_general_ci;

-- --------------------------------------------------------

--
-- Table structure for table `skills_categories`
--

CREATE TABLE IF NOT EXISTS `skills_categories` (
  `id` int NOT NULL AUTO_INCREMENT,
  `name` varchar(100) NOT NULL,
  `type` enum('affective','psychomotor','cognitive') NOT NULL,
  `class_level` enum('primary','junior','senior') NOT NULL DEFAULT 'primary',
  `description` text,
  `status` enum('active','inactive') NOT NULL DEFAULT 'active',
  `branch_id` int NOT NULL,
  `created_at` timestamp NOT NULL DEFAULT CURRENT_TIMESTAMP,
  `updated_at` timestamp NULL DEFAULT NULL ON UPDATE CURRENT_TIMESTAMP,
  PRIMARY KEY (`id`),
  KEY `branch_id` (`branch_id`),
  KEY `status` (`status`),
  KEY `class_level` (`class_level`),
  KEY `idx_category_type_level` (`type`,`class_level`,`status`)
) ENGINE=InnoDB AUTO_INCREMENT=31 DEFAULT CHARSET=utf8mb4 COLLATE=utf8mb4_0900_ai_ci;

--
-- Dumping data for table `skills_categories`
--

INSERT INTO `skills_categories` (`id`, `name`, `type`, `class_level`, `description`, `status`, `branch_id`, `created_at`, `updated_at`) VALUES
(1, 'Affective Skills', 'psychomotor', 'junior', 'Social and emotional development skills', 'active', 1, '2025-12-18 07:52:07', '2026-01-07 06:23:03'),
(2, 'Psychomotor Skills', 'psychomotor', 'junior', 'Physical and motor skills development', 'active', 1, '2025-12-18 07:52:07', '2026-01-06 17:20:02'),
(3, 'Cognitive Skills', 'cognitive', 'junior', 'Mental and intellectual development skills', 'active', 1, '2025-12-18 07:52:07', '2026-01-06 17:20:19'),
(4, 'CONDUCT', 'cognitive', 'senior', 'Conduct And Attitude Aggregators ', 'active', 1, '2025-12-18 09:44:01', '2026-02-08 16:31:18'),
(6, 'Fine Motor', 'psychomotor', 'primary', 'Eyehand Coordination\r\nFinger Dexterity And Strength', 'active', 1, '2025-12-18 10:25:04', '2026-02-08 16:35:04'),
(8, 'GROSS MOTOR SKILL', 'psychomotor', 'primary', 'Arm Eye Coordination,\r\nBody Coordination', 'active', 1, '2025-12-18 10:27:25', '2026-02-08 16:33:24'),
(10, 'Language', 'psychomotor', 'junior', 'Listening/speaking\r\nLabeling\r\nReading\r\nSentence Structure', 'active', 1, '2025-12-18 10:32:00', '2026-01-06 17:21:47'),
(12, 'Maths', 'cognitive', 'primary', 'Counting\r\nShapes', 'active', 1, '2025-12-18 10:33:44', '2026-02-08 16:31:37'),
(14, 'Self', 'affective', 'junior', 'Self', 'active', 1, '2025-12-18 10:34:21', '2026-01-06 17:27:54'),
(16, 'KNOWLEDGE AND UNDERSTANDING OF THE WORLD', 'cognitive', 'primary', 'Knowledge And Understanding of the World', 'active', 1, '2025-12-18 10:50:32', '2026-02-08 16:33:55'),
(18, 'MATHEMATICAL DEVELOPMENT', 'cognitive', 'primary', 'MATHEMATICAL DEVELOPMENT', 'active', 1, '2025-12-18 16:23:55', '2026-02-08 16:32:42'),
(19, 'PERSONAL, SOCIAL AND EMOTIONAL DEVELOPMENT', 'psychomotor', 'primary', 'PERSONAL, SOCIAL AND EMOTIONAL DEVELOPMENT', 'active', 1, '2025-12-18 16:25:46', '2026-02-08 16:32:10'),
(20, 'COMMUNICATION, LANGUAGE AND LITERACY SKILL', 'affective', 'primary', 'COMMUNICATION, LANGUAGE AND LITERACY SKILL', 'active', 1, '2025-12-18 16:30:43', '2026-02-08 16:31:53'),
(21, 'PERSONALITY AND CHARACTER', 'affective', 'junior', 'COMMUNICATION, LANGUAGE AND LITERACY SKILL', 'active', 2, '2025-12-27 16:35:12', '2025-12-28 11:02:26'),
(22, 'GROSS MOTOR SKILL', 'psychomotor', 'primary', 'GROSS MOTOR SKILL', 'active', 2, '2025-12-27 16:36:06', NULL),
(23, 'SKILLS AND ABILITIES', 'cognitive', 'primary', 'KNOWLEDGE AND UNDERSTANDING OF THE WORLD', 'active', 2, '2025-12-27 16:37:00', '2025-12-27 19:09:41'),
(25, 'Communication Skill', 'affective', 'primary', 'Communication Skill', 'active', 3, '2025-12-29 09:34:56', NULL),
(26, 'Psychomotor Skill', 'psychomotor', 'primary', 'Psychomotor Skill', 'active', 3, '2025-12-29 09:36:56', NULL),
(27, 'CA(40)', 'cognitive', 'junior', '', 'active', 4, '2026-02-03 20:43:59', NULL),
(28, 'Affective Skills', 'affective', 'primary', 'Social and emotional development skills', 'active', 1, '2026-03-17 12:28:18', NULL),
(29, 'Psychomotor Skills', 'psychomotor', 'primary', 'Physical and motor skills development', 'active', 1, '2026-03-17 12:28:18', NULL),
(30, 'Cognitive Skills', 'cognitive', 'primary', 'Mental and intellectual development skills', 'active', 1, '2026-03-17 12:28:18', NULL);

-- --------------------------------------------------------

--
-- Table structure for table `skills_items`
--

CREATE TABLE IF NOT EXISTS `skills_items` (
  `id` int NOT NULL AUTO_INCREMENT,
  `category_id` int NOT NULL,
  `item_name` varchar(255) NOT NULL,
  `description` text,
  `display_order` int DEFAULT '0',
  `status` enum('active','inactive') NOT NULL DEFAULT 'active',
  `created_at` timestamp NOT NULL DEFAULT CURRENT_TIMESTAMP,
  `updated_at` timestamp NULL DEFAULT NULL ON UPDATE CURRENT_TIMESTAMP,
  PRIMARY KEY (`id`),
  KEY `category_id` (`category_id`),
  KEY `status` (`status`),
  KEY `display_order` (`display_order`)
) ENGINE=InnoDB AUTO_INCREMENT=105 DEFAULT CHARSET=utf8mb4 COLLATE=utf8mb4_0900_ai_ci;

--
-- Dumping data for table `skills_items`
--

INSERT INTO `skills_items` (`id`, `category_id`, `item_name`, `description`, `display_order`, `status`, `created_at`, `updated_at`) VALUES
(1, 4, 'Punctuality', 'Arrives to class on time', 1, 'active', '2025-12-18 07:52:07', '2026-01-12 14:35:08'),
(2, 4, 'Honesty', 'Demonstrates truthfulness and integrity', 2, 'active', '2025-12-18 07:52:07', '2026-01-12 14:36:04'),
(3, 4, 'Obedience', 'Follows instructions and rules', 3, 'active', '2025-12-18 07:52:07', '2026-01-12 14:37:41'),
(4, 1, 'Politeness', 'Shows courtesy and respect to others', 4, 'active', '2025-12-18 07:52:07', NULL),
(5, 1, 'Cooperation', 'Works well with peers and teachers', 5, 'active', '2025-12-18 07:52:07', NULL),
(6, 4, 'Neatness', 'Maintains clean and organized appearance', 6, 'active', '2025-12-18 07:52:07', '2026-01-12 14:34:53'),
(7, 4, 'Leadership', 'Takes initiative and guides others', 7, 'active', '2025-12-18 07:52:07', '2026-01-12 14:37:19'),
(8, 1, 'Attentiveness', 'Pays attention during lessons', 8, 'active', '2025-12-18 07:52:07', NULL),
(9, 2, 'Handwriting', 'Quality and legibility of writing', 1, 'active', '2025-12-18 07:52:07', NULL),
(10, 2, 'Games/Sports', 'Participation in physical activities', 2, 'active', '2025-12-18 07:52:07', NULL),
(11, 2, 'Handling Tools', 'Proper use of scissors, pencils, etc.', 3, 'active', '2025-12-18 07:52:07', NULL),
(12, 2, 'Drawing/Painting', 'Artistic expression abilities', 4, 'active', '2025-12-18 07:52:07', NULL),
(13, 2, 'Verbal Fluency', 'Speaking and communication skills', 5, 'active', '2025-12-18 07:52:07', NULL),
(14, 2, 'Musical Skills', 'Participation in music activities', 6, 'active', '2025-12-18 07:52:07', NULL),
(15, 3, 'Memory Retention', 'Ability to remember and recall information', 1, 'active', '2025-12-18 07:52:07', NULL),
(16, 3, 'Problem Solving', 'Analytical and critical thinking skills', 2, 'active', '2025-12-18 07:52:07', NULL),
(17, 3, 'Creativity', 'Innovative and imaginative thinking', 3, 'active', '2025-12-18 07:52:07', NULL),
(18, 3, 'Comprehension', 'Understanding of concepts taught', 4, 'active', '2025-12-18 07:52:07', NULL),
(19, 3, 'Concentration', 'Ability to focus on tasks', 5, 'active', '2025-12-18 07:52:07', NULL),
(20, 4, 'Attentiveness in class', 'Attentiveness in class', 1, 'active', '2025-12-18 09:52:22', '2025-12-28 19:48:31'),
(28, 20, 'Communicate needs and ideas effectively', 'Communicate needs and ideas effectively', 1, 'active', '2025-12-18 19:09:26', NULL),
(29, 20, 'Communicate with peers fluently', 'Communicate with peers fluently', 2, 'active', '2025-12-18 19:09:59', NULL),
(30, 20, 'Recognize and write sounds a-z', 'Recognize and write sounds a-z', 3, 'active', '2025-12-18 19:10:20', NULL),
(31, 20, 'Respond to Questions about stories', 'Respond to Questions about stories', 0, 'active', '2025-12-18 19:10:56', NULL),
(32, 20, 'Recites A-Z', 'Recites A-Z', 0, 'active', '2025-12-18 19:11:24', NULL),
(39, 8, 'Jumps and lands on both legs', 'Jumps and lands on both legs', 0, 'active', '2025-12-24 12:32:49', '2025-12-28 20:36:11'),
(40, 8, 'Throws and catches a ball', 'Throws and catches a ball', 0, 'active', '2025-12-24 12:33:06', '2025-12-29 08:28:59'),
(41, 8, 'Colors inside lines', 'Colors inside lines', 0, 'active', '2025-12-24 12:33:22', '2025-12-28 20:35:10'),
(42, 16, 'Identify and name different foods', 'Identify and name different foods', 0, 'active', '2025-12-24 12:33:43', '2025-12-29 08:25:12'),
(43, 16, 'Talks about school', 'Talks about school', 0, 'active', '2025-12-24 12:33:59', '2025-12-29 08:56:27'),
(44, 16, 'Identify some birds around us', 'Identify some birds around us', 0, 'active', '2025-12-24 12:34:19', '2025-12-29 08:52:06'),
(45, 16, 'Knows what animals do', 'Knows what animals do', 0, 'active', '2025-12-24 12:34:36', '2025-12-29 08:56:00'),
(46, 16, 'Identify parts of the body', 'Identify parts of the body', 0, 'active', '2025-12-24 12:34:51', '2025-12-29 08:30:02'),
(47, 16, 'Identify domestic animals', 'Identify domestic animals', 0, 'active', '2025-12-24 12:35:22', '2025-12-29 08:29:30'),
(48, 16, 'Identify water animals', 'Identify water animals', 0, 'active', '2025-12-24 12:35:42', '2025-12-29 08:54:52'),
(49, 19, 'Identifies the primary colors', 'Identifies the primary colors', 0, 'active', '2025-12-24 12:36:13', '2025-12-29 08:57:26'),
(50, 18, 'Sings the number rhyme song', 'Sings the number rhyme song', 0, 'active', '2025-12-24 12:36:31', '2025-12-29 08:52:33'),
(51, 18, 'Identifies basic shapes', 'Identifies basic shapes', 0, 'active', '2025-12-24 12:36:53', '2025-12-29 08:50:44'),
(52, 18, 'Orally recite figure 1-10', 'Orally recite figure 1-10', 0, 'active', '2025-12-24 12:37:13', '2026-02-18 13:37:23'),
(53, 18, 'Write figures 1-30', 'Write figures 1-30', 0, 'active', '2025-12-24 12:37:48', '2025-12-29 08:52:50'),
(54, 18, 'Identifies figures 1-10', 'Identifies figures 1-10', 0, 'active', '2025-12-24 12:38:15', '2025-12-29 08:51:02'),
(55, 19, 'Display good manners and courtesy', 'Display good manners and courtesy', 0, 'active', '2025-12-24 12:38:50', '2025-12-29 08:54:31'),
(56, 19, 'Understand and obey simple instructions', 'Understand and obey simple instructions', 0, 'active', '2025-12-24 12:39:03', '2025-12-29 08:58:47'),
(57, 19, 'Listen and respond to stories', 'Listen and respond to stories', 0, 'active', '2025-12-24 14:30:17', '2025-12-29 08:57:56'),
(58, 19, 'Understand the habits of sneezing, coughing and yawning', 'Understand the habits of sneezing, coughing and yawning', 0, 'active', '2025-12-24 14:30:49', '2025-12-29 08:51:44'),
(59, 19, 'Understand the safety rule', 'Understand the safety rule', 0, 'active', '2025-12-24 14:31:12', '2025-12-29 08:50:21'),
(60, 19, 'Understands proper toilet habits', 'Understands proper toilet habits', 0, 'active', '2025-12-24 14:31:34', '2025-12-29 08:50:03'),
(61, 19, 'Understand the concept of playing with peers and sharing things', 'Understand the concept of playing with peers and sharing things', 0, 'active', '2025-12-24 14:31:52', '2025-12-29 08:59:06'),
(62, 19, 'Recite known rhymes and song', 'Recite known rhymes and song', 0, 'active', '2025-12-24 14:32:05', '2025-12-29 08:58:25'),
(63, 19, 'Understands the meaning of traffic lights', 'Understands the meaning of traffic lights', 0, 'active', '2025-12-24 14:32:24', '2025-12-29 08:49:46'),
(65, 23, 'Writing', 'Writing', 1, 'active', '2025-12-27 19:19:52', '2025-12-28 20:00:22'),
(66, 23, 'Rhymes', 'Rhymes', 2, 'active', '2025-12-27 19:21:55', '2025-12-28 20:01:12'),
(67, 23, 'Creative Development', 'Creative Development', 3, 'active', '2025-12-27 19:23:46', '2025-12-28 20:01:48'),
(68, 23, 'Number Work', 'Number Work', 4, 'active', '2025-12-27 19:24:10', '2025-12-28 20:02:17'),
(69, 23, 'Letter Work', 'Letter Work', 5, 'active', '2025-12-27 19:24:28', '2025-12-28 19:54:55'),
(70, 23, 'Speaking', 'Speaking', 6, 'active', '2025-12-27 19:25:13', '2025-12-28 19:52:45'),
(71, 21, 'Friendly And Courteous', 'Friendly And Courteous', 7, 'active', '2025-12-27 19:37:52', '2025-12-28 19:51:52'),
(72, 21, 'Punctual', 'Punctual', 8, 'active', '2025-12-27 19:40:52', '2025-12-28 19:56:28'),
(73, 21, 'Clean And Orderly', 'Clean And Orderly', 9, 'active', '2025-12-27 19:41:37', '2025-12-28 19:56:51'),
(74, 21, 'Attentive', 'Attentive', 10, 'active', '2025-12-27 19:43:02', '2025-12-28 19:57:22'),
(75, 21, 'Respectful', 'Respectful', 11, 'active', '2025-12-27 19:43:53', '2025-12-28 19:58:57'),
(77, 23, 'Health Habit', 'Health Habit', 12, 'active', '2025-12-28 20:03:57', NULL),
(78, 23, 'Social Habit', 'Social Habit', 13, 'active', '2025-12-28 20:04:45', NULL),
(79, 23, 'Pre-writing Skills', 'Pre-writing Skills', 14, 'active', '2025-12-28 20:08:54', NULL),
(80, 23, 'Pre-reading Skills', 'Pre-reading Skills', 15, 'active', '2025-12-28 20:09:39', NULL),
(81, 23, 'Basic Science', 'Basic Science', 16, 'active', '2025-12-28 20:10:40', NULL),
(82, 25, 'Reading', 'Reading', 1, 'active', '2025-12-29 09:37:35', '2025-12-29 09:38:04'),
(83, 25, 'Writting', 'Writting', 2, 'active', '2025-12-29 09:38:23', NULL),
(84, 26, 'Play with Peer', 'Play with Peer', 3, 'active', '2025-12-29 09:38:54', NULL),
(85, 26, 'Knows the Planet', 'Knows the Planet', 4, 'active', '2025-12-29 09:39:34', NULL),
(86, 1, 'Punctuality', 'Arrives to class on time', 1, 'active', '2026-03-17 12:28:18', NULL),
(87, 1, 'Honesty', 'Demonstrates truthfulness and integrity', 2, 'active', '2026-03-17 12:28:18', NULL),
(88, 1, 'Obedience', 'Follows instructions and rules', 3, 'active', '2026-03-17 12:28:18', NULL),
(89, 1, 'Politeness', 'Shows courtesy and respect to others', 4, 'active', '2026-03-17 12:28:18', NULL),
(90, 1, 'Cooperation', 'Works well with peers and teachers', 5, 'active', '2026-03-17 12:28:18', NULL),
(91, 1, 'Neatness', 'Maintains clean and organized appearance', 6, 'active', '2026-03-17 12:28:18', NULL),
(92, 1, 'Leadership', 'Takes initiative and guides others', 7, 'active', '2026-03-17 12:28:18', NULL),
(93, 1, 'Attentiveness', 'Pays attention during lessons', 8, 'active', '2026-03-17 12:28:18', NULL),
(94, 2, 'Handwriting', 'Quality and legibility of writing', 1, 'active', '2026-03-17 12:28:18', NULL),
(95, 2, 'Games/Sports', 'Participation in physical activities', 2, 'active', '2026-03-17 12:28:18', NULL),
(96, 2, 'Handling Tools', 'Proper use of scissors, pencils, etc.', 3, 'active', '2026-03-17 12:28:18', NULL),
(97, 2, 'Drawing/Painting', 'Artistic expression abilities', 4, 'active', '2026-03-17 12:28:18', NULL),
(98, 2, 'Verbal Fluency', 'Speaking and communication skills', 5, 'active', '2026-03-17 12:28:18', NULL),
(99, 2, 'Musical Skills', 'Participation in music activities', 6, 'active', '2026-03-17 12:28:18', NULL),
(100, 3, 'Memory Retention', 'Ability to remember and recall information', 1, 'active', '2026-03-17 12:28:18', NULL),
(101, 3, 'Problem Solving', 'Analytical and critical thinking skills', 2, 'active', '2026-03-17 12:28:18', NULL),
(102, 3, 'Creativity', 'Innovative and imaginative thinking', 3, 'active', '2026-03-17 12:28:18', NULL),
(103, 3, 'Comprehension', 'Understanding of concepts taught', 4, 'active', '2026-03-17 12:28:18', NULL),
(104, 3, 'Concentration', 'Ability to focus on tasks', 5, 'active', '2026-03-17 12:28:18', NULL);

-- --------------------------------------------------------

--
-- Table structure for table `skills_ratings`
--

CREATE TABLE IF NOT EXISTS `skills_ratings` (
  `id` int NOT NULL AUTO_INCREMENT,
  `label` varchar(10) NOT NULL,
  `numeric_value` int NOT NULL,
  `description` varchar(100) DEFAULT NULL,
  `display_order` int DEFAULT '0',
  `branch_id` int NOT NULL,
  `status` enum('active','inactive') NOT NULL DEFAULT 'active',
  `created_at` timestamp NOT NULL DEFAULT CURRENT_TIMESTAMP,
  `updated_at` timestamp NULL DEFAULT NULL ON UPDATE CURRENT_TIMESTAMP,
  PRIMARY KEY (`id`),
  KEY `branch_id` (`branch_id`),
  KEY `status` (`status`),
  KEY `display_order` (`display_order`)
) ENGINE=InnoDB AUTO_INCREMENT=22 DEFAULT CHARSET=utf8mb4 COLLATE=utf8mb4_0900_ai_ci;

--
-- Dumping data for table `skills_ratings`
--

INSERT INTO `skills_ratings` (`id`, `label`, `numeric_value`, `description`, `display_order`, `branch_id`, `status`, `created_at`, `updated_at`) VALUES
(1, 'A', 5, 'Excellent', 1, 1, 'active', '2025-12-18 07:52:07', NULL),
(2, 'B', 4, 'Very Good', 2, 1, 'active', '2025-12-18 07:52:07', NULL),
(3, 'C', 3, 'Good', 3, 1, 'active', '2025-12-18 07:52:07', NULL),
(4, 'D', 2, 'Fair', 4, 1, 'active', '2025-12-18 07:52:07', NULL),
(5, 'E', 1, 'Needs Improvement', 5, 1, 'active', '2025-12-18 07:52:07', NULL),
(6, 'A+', 6, 'Excellent', 0, 2, 'active', '2025-12-27 20:35:37', '2025-12-27 21:32:39'),
(7, 'A', 5, 'Outstanding', 1, 2, 'active', '2025-12-27 21:22:10', '2025-12-27 21:33:05'),
(8, 'B1', 4, 'Very Good', 2, 2, 'active', '2025-12-27 21:23:41', '2025-12-27 21:33:29'),
(9, 'C', 3, 'Good', 3, 2, 'active', '2025-12-27 21:24:52', '2025-12-27 21:33:54'),
(10, 'D', 2, 'Satisfied', 4, 2, 'active', '2025-12-27 21:28:53', '2025-12-27 21:34:41'),
(11, 'F', 1, 'Fair', 5, 2, 'active', '2025-12-27 21:31:52', NULL),
(12, 'A', 5, 'Excellent', 0, 3, 'active', '2025-12-29 09:40:03', NULL),
(13, 'B', 4, 'Outstanding', 0, 3, 'active', '2025-12-29 09:40:33', NULL),
(14, 'C', 3, 'Very Good', 0, 3, 'active', '2025-12-29 09:41:06', NULL),
(15, 'D', 2, 'Good', 0, 3, 'active', '2025-12-29 09:50:06', NULL),
(16, 'E', 1, 'Need Improvement', 0, 3, 'active', '2025-12-29 09:50:34', NULL),
(17, 'A', 5, 'Excellent', 1, 1, 'active', '2026-03-17 12:28:18', NULL),
(18, 'B', 4, 'Very Good', 2, 1, 'active', '2026-03-17 12:28:18', NULL),
(19, 'C', 3, 'Good', 3, 1, 'active', '2026-03-17 12:28:18', NULL),
(20, 'D', 2, 'Fair', 4, 1, 'active', '2026-03-17 12:28:18', NULL),
(21, 'E', 1, 'Needs Improvement', 5, 1, 'active', '2026-03-17 12:28:18', NULL);

-- --------------------------------------------------------

--
-- Table structure for table `sms_api`
--

CREATE TABLE IF NOT EXISTS `sms_api` (
  `id` int NOT NULL AUTO_INCREMENT,
  `name` varchar(255) NOT NULL,
  PRIMARY KEY (`id`)
) ENGINE=InnoDB AUTO_INCREMENT=9 DEFAULT CHARSET=utf8mb3;

--
-- Dumping data for table `sms_api`
--

INSERT INTO `sms_api` (`id`, `name`) VALUES
(1, 'twilio'),
(2, 'clickatell'),
(3, 'msg91'),
(4, 'bulksms'),
(5, 'textlocal'),
(6, 'smscountry'),
(7, 'bulksmsbd'),
(8, 'customsms');

-- --------------------------------------------------------

--
-- Table structure for table `sms_credential`
--

CREATE TABLE IF NOT EXISTS `sms_credential` (
  `id` int NOT NULL AUTO_INCREMENT,
  `sms_api_id` int NOT NULL,
  `field_one` varchar(300) NOT NULL,
  `field_two` varchar(300) NOT NULL,
  `field_three` varchar(300) NOT NULL,
  `field_four` varchar(300) NOT NULL,
  `branch_id` int NOT NULL,
  `is_active` tinyint(1) NOT NULL,
  `created_at` timestamp NOT NULL DEFAULT CURRENT_TIMESTAMP,
  `updated_at` datetime DEFAULT NULL,
  PRIMARY KEY (`id`)
) ENGINE=InnoDB DEFAULT CHARSET=utf8mb3;

-- --------------------------------------------------------

--
-- Table structure for table `sms_template`
--

CREATE TABLE IF NOT EXISTS `sms_template` (
  `id` int NOT NULL AUTO_INCREMENT,
  `name` varchar(255) NOT NULL,
  `tags` text NOT NULL,
  PRIMARY KEY (`id`)
) ENGINE=InnoDB AUTO_INCREMENT=12 DEFAULT CHARSET=utf8mb3;

--
-- Dumping data for table `sms_template`
--

INSERT INTO `sms_template` (`id`, `name`, `tags`) VALUES
(1, 'admission', '{name}, {class}, {section}, {admission_date}, {roll}, {register_no}'),
(2, 'fee_collection', '{name}, {class}, {section}, {admission_date}, {roll}, {register_no}, {paid_amount}, {paid_date} '),
(3, 'attendance', '{name}, {class}, {section}, {admission_date}, {roll}, {register_no}'),
(4, 'exam_attendance', '{name}, {class}, {section}, {admission_date}, {roll}, {register_no}, {exam_name}, {term_name}, {subject}'),
(5, 'exam_results', '{name}, {class}, {section}, {admission_date}, {roll}, {register_no}, {exam_name}, {term_name}, {subject}, {marks}'),
(6, 'homework', '{name}, {class}, {section}, {admission_date}, {roll}, {register_no}, {subject}, {date_of_homework}, {date_of_submission}'),
(7, 'live_class', '{name}, {class}, {section}, {admission_date}, {roll}, {register_no}, {date_of_live_class}, {start_time}, {end_time}, {host_by}'),
(8, 'online_exam_publish', '{name}, {class}, {section}, {admission_date}, {roll}, {register_no}, {exam_title}, {start_time}, {end_time}, {time_duration}, {attempt}, {passing_mark}, {exam_fee}'),
(9, 'student_birthday_wishes', '{name}, {class}, {section}, {admission_date}, {roll}, {register_no}, {birthday}'),
(10, 'staff_birthday_wishes', '{name}, {birthday}, {joining_date}'),
(11, 'alumni_event', '{student_name}, {event_title}, {start_date}, {end_date}');

-- --------------------------------------------------------

--
-- Table structure for table `sms_template_details`
--

CREATE TABLE IF NOT EXISTS `sms_template_details` (
  `id` int NOT NULL AUTO_INCREMENT,
  `template_id` int NOT NULL,
  `dlt_template_id` varchar(255) DEFAULT NULL,
  `notify_student` tinyint NOT NULL DEFAULT '1',
  `notify_parent` tinyint NOT NULL DEFAULT '1',
  `template_body` longtext NOT NULL,
  `branch_id` int NOT NULL,
  `created_at` timestamp NOT NULL DEFAULT CURRENT_TIMESTAMP,
  PRIMARY KEY (`id`)
) ENGINE=InnoDB DEFAULT CHARSET=utf8mb3;

-- --------------------------------------------------------

--
-- Table structure for table `staff`
--

CREATE TABLE IF NOT EXISTS `staff` (
  `id` int NOT NULL AUTO_INCREMENT,
  `staff_id` varchar(25) NOT NULL,
  `name` varchar(255) NOT NULL,
  `department` int NOT NULL,
  `qualification` varchar(255) NOT NULL,
  `experience_details` varchar(255) DEFAULT NULL,
  `total_experience` varchar(255) DEFAULT NULL,
  `designation` int NOT NULL,
  `joining_date` varchar(100) NOT NULL,
  `birthday` varchar(100) NOT NULL,
  `sex` varchar(20) NOT NULL,
  `religion` varchar(100) NOT NULL,
  `blood_group` varchar(20) NOT NULL,
  `present_address` text NOT NULL,
  `permanent_address` text NOT NULL,
  `mobileno` varchar(100) NOT NULL,
  `email` varchar(100) NOT NULL,
  `salary_template_id` int DEFAULT '0',
  `branch_id` int DEFAULT NULL,
  `photo` varchar(255) DEFAULT NULL,
  `facebook_url` varchar(255) DEFAULT NULL,
  `linkedin_url` varchar(255) DEFAULT NULL,
  `twitter_url` varchar(255) DEFAULT NULL,
  `created_at` timestamp NOT NULL DEFAULT CURRENT_TIMESTAMP,
  `updated_at` datetime DEFAULT NULL,
  PRIMARY KEY (`id`)
) ENGINE=InnoDB AUTO_INCREMENT=97 DEFAULT CHARSET=utf8mb3;

--
-- Dumping data for table `staff`
--

INSERT INTO `staff` (`id`, `staff_id`, `name`, `department`, `qualification`, `experience_details`, `total_experience`, `designation`, `joining_date`, `birthday`, `sex`, `religion`, `blood_group`, `present_address`, `permanent_address`, `mobileno`, `email`, `salary_template_id`, `branch_id`, `photo`, `facebook_url`, `linkedin_url`, `twitter_url`, `created_at`, `updated_at`) VALUES
(1, 'f366a15', 'EduMac', 0, '', NULL, NULL, 0, '2025-10-28', '', '', '', '', 'Plot 14, Line II, Ogunwusi layout, Fashina', 'Capt Adedoyin William Street, Fashina', '08099312050', 'Macanalyticng@gmail.com', 0, NULL, '92e1cefbf44a26c7f1b48eae02437d7e.png', '', '', '', '2025-10-28 14:55:41', NULL),
(2, '788a699', 'Mrs Ayeni', 4, 'M.Sc', '', '', 2, '2017-01-01', '', 'female', '', '', 'At 6 Àgbè Street,  Oranfe, Ile-Ife osun state, Nigeria.', 'At 6 Àgbè Street,  Oranfe, Ile-Ife osun state, Nigeria.', '+234 803 429 1067', 'flourishingcedarhills@gmail.com', 0, 1, '60098766cc343869524839341bf7cb1f.png', '', '', '', '2025-09-17 15:48:51', NULL),
(3, '0e72ca0', 'Abosede Ayodele', 2, '', NULL, NULL, 3, '1969-12-31', '1969-12-31', '', '', '', '', '', '', 'bose.ayodele@gmail.com', 0, 1, 'defualt.png', NULL, NULL, NULL, '2025-09-19 06:25:55', NULL),
(5, 'a1a6f26', 'Oluwatobi Adefolake', 2, '', NULL, NULL, 3, '1969-12-31', '1969-12-31', '', '', '', '', '', '', 'Oyedeletobi30@gmail.com', 0, 1, 'defualt.png', NULL, NULL, NULL, '2025-09-19 06:25:55', NULL),
(6, '518d500', 'Adeyemi Adewoyin', 2, '', NULL, NULL, 3, '1969-12-31', '1969-12-31', '', '', '', '', '', '', 'adewoyinyemi4@gmail.com', 0, 1, 'defualt.png', NULL, NULL, NULL, '2025-09-19 06:25:55', NULL),
(7, '29ca25f', 'Kemi Oyedeji', 2, '', NULL, NULL, 3, '1969-12-31', '1969-12-31', '', '', '', '', '', '', 'koyedeji79@gmail.com', 0, 1, 'defualt.png', NULL, NULL, NULL, '2025-09-19 06:25:55', NULL),
(9, 'b69021c', 'Peter Okunfolarin', 2, '', NULL, NULL, 3, '1969-12-31', '1969-12-31', '', '', '', '', '', '', 'adewalepeter39@gmail.com', 0, 1, 'defualt.png', NULL, NULL, NULL, '2025-09-19 06:25:55', NULL),
(10, 'f287e58', 'Bukunmi Oni', 2, '', NULL, NULL, 3, '1969-12-31', '1969-12-31', '', '', '', '', '', '', 'bukunmitina@gmail.com', 0, 1, 'defualt.png', NULL, NULL, NULL, '2025-09-19 06:25:55', NULL),
(11, '706663f', 'Hope Okosun', 2, '', NULL, NULL, 3, '1969-12-31', '1969-12-31', '', '', '', '', '', '', 'aine.ekhayeme@gmail.com', 0, 1, 'defualt.png', NULL, NULL, NULL, '2025-09-19 06:25:55', NULL),
(15, 'e10698d', 'Tobiloba Ayilaran', 2, '', NULL, NULL, 3, '1969-12-31', '1969-12-31', '', '', '', '', '', '', 'ayilaranto@gmail.com', 0, 1, 'defualt.png', NULL, NULL, NULL, '2025-09-19 06:25:55', NULL),
(16, 'b98e305', 'Olowomojuore Ebunoluwa', 2, '', NULL, NULL, 3, '1969-12-31', '1969-12-31', '', '', '', '', '', '', 'ebunoluwaolowomojuore@gmail.com', 0, 1, 'defualt.png', NULL, NULL, NULL, '2025-09-19 06:25:55', NULL),
(18, 'ad1ff4d', 'Abiodun Adefarati', 2, '', NULL, NULL, 3, '1969-12-31', '1969-12-31', '', '', '', '', '', '', 'abiodun8k@gmail.com', 0, 1, 'defualt.png', NULL, NULL, NULL, '2025-09-19 06:25:55', NULL),
(21, '3225ee7', 'Hallelujah Adebayo', 2, 'bsc', '', '', 3, '1969-12-31', '1969-12-31', '', '', '', 'flourishingcedarhills@gmail.com', '', '+234 803 429 1067', 'teacher1@fchcs.org.ng', 0, 1, 'defualt.png', '', '', '', '2025-09-19 06:25:56', NULL),
(23, '800d97f', 'Mrs Adeloye E.O', 4, 'M.sc', '', '', 1, '2017-01-02', '', 'female', '', '', '6, Agbe Street, Oranfe, Off Ilesha Road, Ile-Ife, Osun State.', '', '09110976779', 'folabomiade@gmail.com', 0, 1, '2a63bdd95c88a610279bb4f52e11f2ac.jpg', '', '', '', '2025-10-02 21:07:48', NULL),
(24, 'c4be51d', 'Mrs Abosede', 5, 'MSc', '10', '10', 5, '2023-01-01', '', 'female', '', '', 'House 1, Iredapo Quaters Temipemi Along Ilesha road. Ile-Ife, Osun state', '', '+234 806 262 9714', 'Gkisileife@gmail.com', 0, 2, '4c075c6e1ed47c34bc04bf4447faedc4.png', '', '', '', '2025-10-04 20:43:27', NULL),
(60, '9791ad5', 'FCHCS Staff 1', 8, '', NULL, NULL, 9, '2017-01-01', '1969-12-31', '', '', '', '', '', '', 'staff1@fchcs.org.ng', 0, 1, 'defualt.png', NULL, NULL, NULL, '2025-10-15 13:06:44', NULL),
(61, '2658e4e', 'FCHCS Staff 2', 8, '', NULL, NULL, 9, '2017-01-01', '1969-12-31', '', '', '', '', '', '', 'staff2@fchcs.org.ng', 0, 1, 'defualt.png', NULL, NULL, NULL, '2025-10-15 13:06:44', NULL),
(62, '03922d2', 'FCHCS Staff 3', 8, '', NULL, NULL, 9, '2017-01-01', '1969-12-31', '', '', '', '', '', '', 'staff3@fchcs.org.ng', 0, 1, 'defualt.png', NULL, NULL, NULL, '2025-10-15 13:06:44', NULL),
(63, '73ba2c4', 'FCHCS Staff 4', 8, '', NULL, NULL, 9, '2017-01-01', '1969-12-31', '', '', '', '', '', '', 'staff4@fchcs.org.ng', 0, 1, 'defualt.png', NULL, NULL, NULL, '2025-10-15 13:06:44', NULL),
(64, '33995ff', 'FCHCS Staff 5', 8, '', NULL, NULL, 9, '2017-01-01', '1969-12-31', '', '', '', '', '', '', 'staff5@fchcs.org.ng', 0, 1, 'defualt.png', NULL, NULL, NULL, '2025-10-15 13:06:44', NULL),
(65, 'c047683', 'FCHCS Staff 6', 8, '', NULL, NULL, 9, '2017-01-01', '1969-12-31', '', '', '', '', '', '', 'staff6@fchcs.org.ng', 0, 1, 'defualt.png', NULL, NULL, NULL, '2025-10-15 13:06:44', NULL),
(66, '0563806', 'FCHCS Staff 7', 8, '', NULL, NULL, 9, '2017-01-01', '1969-12-31', '', '', '', '', '', '', 'staff7@fchcs.org.ng', 0, 1, 'defualt.png', NULL, NULL, NULL, '2025-10-15 13:06:44', NULL),
(67, '33b791c', 'FCHCS Staff 8', 8, '', NULL, NULL, 9, '2017-01-01', '1969-12-31', '', '', '', '', '', '', 'staff8@fchcs.org.ng', 0, 1, 'defualt.png', NULL, NULL, NULL, '2025-10-15 13:06:44', NULL),
(68, '892413f', 'FCHCS Staff 9', 8, '', NULL, NULL, 9, '2017-01-01', '1969-12-31', '', '', '', '', '', '', 'staff9@fchcs.org.ng', 0, 1, 'defualt.png', NULL, NULL, NULL, '2025-10-15 13:06:44', NULL),
(69, '96b1089', 'FCHCS Staff 10', 8, '', NULL, NULL, 9, '2017-01-01', '1969-12-31', '', '', '', '', '', '', 'staff10@fchcs.org.ng', 0, 1, 'defualt.png', NULL, NULL, NULL, '2025-10-15 13:06:44', NULL),
(70, 'fa6938f', 'FCHCS Staff 11', 8, '', NULL, NULL, 9, '2017-01-01', '1969-12-31', '', '', '', '', '', '', 'staff11@fchcs.org.ng', 0, 1, 'defualt.png', NULL, NULL, NULL, '2025-10-15 13:06:44', NULL),
(71, '04bb813', 'FCHCS Staff 12', 8, '', NULL, NULL, 9, '2017-01-01', '1969-12-31', '', '', '', '', '', '', 'staff12@fchcs.org.ng', 0, 1, 'defualt.png', NULL, NULL, NULL, '2025-10-15 13:06:45', NULL),
(72, '79d51fb', 'FCHCS Staff 13', 8, '', NULL, NULL, 9, '2017-01-01', '1969-12-31', '', '', '', '', '', '', 'staff13@fchcs.org.ng', 0, 1, 'defualt.png', NULL, NULL, NULL, '2025-10-15 13:06:45', NULL),
(73, '1c98489', 'FCHCS Staff 14', 8, '', NULL, NULL, 9, '2017-01-01', '1969-12-31', '', '', '', '', '', '', 'staff14@fchcs.org.ng', 0, 1, 'defualt.png', NULL, NULL, NULL, '2025-10-15 13:06:45', NULL),
(74, '3889ae5', 'FCHCS Staff 15', 8, '', NULL, NULL, 9, '2017-01-01', '1969-12-31', '', '', '', '', '', '', 'staff15@fchcs.org.ng', 0, 1, 'defualt.png', NULL, NULL, NULL, '2025-10-15 13:06:45', NULL),
(75, 'cd8a4bb', 'FCHCS Staff 16', 8, '', NULL, NULL, 9, '2017-01-01', '1969-12-31', '', '', '', '', '', '', 'staff16@fchcs.org.ng', 0, 1, 'defualt.png', NULL, NULL, NULL, '2025-10-15 13:06:45', NULL),
(76, 'f5f2760', 'FCHCS Staff 17', 8, '', NULL, NULL, 9, '2017-01-01', '1969-12-31', '', '', '', '', '', '', 'staff17@fchcs.org.ng', 0, 1, 'defualt.png', NULL, NULL, NULL, '2025-10-15 13:06:45', NULL),
(77, '9a89960', 'FCHCS Staff 18', 8, '', NULL, NULL, 9, '2017-01-01', '1969-12-31', '', '', '', '', '', '', 'staff18@fchcs.org.ng', 0, 1, 'defualt.png', NULL, NULL, NULL, '2025-10-15 13:06:45', NULL),
(78, '8b92b6e', 'FCHCS Staff 19', 8, '', NULL, NULL, 9, '2017-01-01', '1969-12-31', '', '', '', '', '', '', 'staff19@fchcs.org.ng', 0, 1, 'defualt.png', NULL, NULL, NULL, '2025-10-15 13:06:45', NULL),
(79, 'cf88195', 'FCHCS Staff 20', 8, '', NULL, NULL, 9, '2017-01-01', '1969-12-31', '', '', '', '', '', '', 'staff20@fchcs.org.ng', 0, 1, 'defualt.png', NULL, NULL, NULL, '2025-10-15 13:06:45', NULL),
(80, 'a792784', 'FCHCS Staff 21', 8, '', NULL, NULL, 9, '2017-01-01', '1969-12-31', '', '', '', '', '', '', 'staff21@fchcs.org.ng', 0, 1, 'defualt.png', NULL, NULL, NULL, '2025-10-15 13:06:45', NULL),
(81, 'f61b8b9', 'FCHCS Staff 22', 8, '', NULL, NULL, 9, '2017-01-01', '1969-12-31', '', '', '', '', '', '', 'staff22@fchcs.org.ng', 0, 1, 'defualt.png', NULL, NULL, NULL, '2025-10-15 13:06:45', NULL),
(82, '77b53fb', 'FCHCS Staff 23', 8, '', NULL, NULL, 9, '2017-01-01', '1969-12-31', '', '', '', '', '', '', 'staff23@fchcs.org.ng', 0, 1, 'defualt.png', NULL, NULL, NULL, '2025-10-15 13:06:45', NULL),
(83, '0c85f1a', 'FCHCS Staff 24', 8, '', NULL, NULL, 9, '2017-01-01', '1969-12-31', '', '', '', '', '', '', 'staff24@fchcs.org.ng', 0, 1, 'defualt.png', NULL, NULL, NULL, '2025-10-15 13:06:45', NULL),
(84, '54c9e1e', 'FCHCS Staff 25', 8, '', NULL, NULL, 9, '2017-01-01', '1969-12-31', '', '', '', '', '', '', 'staff25@fchcs.org.ng', 0, 1, 'defualt.png', NULL, NULL, NULL, '2025-10-15 13:06:45', NULL),
(85, '29f06d1', 'FCHCS Staff 26', 8, '', NULL, NULL, 9, '2017-01-01', '1969-12-31', '', '', '', '', '', '', 'staff26@fchcs.org.ng', 0, 1, 'defualt.png', NULL, NULL, NULL, '2025-10-15 13:06:45', NULL),
(86, 'a3e104e', 'FCHCS Staff 27', 8, '', NULL, NULL, 9, '2017-01-01', '1969-12-31', '', '', '', '', '', '', 'staff27@fchcs.org.ng', 0, 1, 'defualt.png', NULL, NULL, NULL, '2025-10-15 13:06:45', NULL),
(87, '4948558', 'FCHCS Staff 28', 8, '', NULL, NULL, 9, '2017-01-01', '1969-12-31', '', '', '', '', '', '', 'staff28@fchcs.org.ng', 0, 1, 'defualt.png', NULL, NULL, NULL, '2025-10-15 13:06:45', NULL),
(88, 'f206a95', 'FCHCS Staff 29', 8, '', NULL, NULL, 9, '2017-01-01', '1969-12-31', '', '', '', '', '', '', 'staff29@fchcs.org.ng', 0, 1, 'defualt.png', NULL, NULL, NULL, '2025-10-15 13:06:45', NULL),
(89, '2133a33', 'FCHCS Staff 30', 8, '', NULL, NULL, 9, '2017-01-01', '1969-12-31', '', '', '', '', '', '', 'staff30@fchcs.org.ng', 0, 1, 'defualt.png', NULL, NULL, NULL, '2025-10-15 13:06:45', NULL),
(90, 'b5cbbd5', 'Cornelius Bankola', 2, 'B.sc', NULL, NULL, 3, '1969-12-31', '1969-12-31', 'male', '', '', '', '', '+234 803 429 1067', 'teacher2@fchcs.org.ng', 0, 1, 'defualt.png', NULL, NULL, NULL, '2025-11-18 13:07:18', NULL),
(91, '60a69bf', 'Edumac Demo Staff 1', 9, 'bsc', NULL, NULL, 12, '2017-01-01', '1970-01-01', 'male', '', '', '', '', '8099312050', 'staff1@edumac.com.ng', 0, 3, 'defualt.png', NULL, NULL, NULL, '2025-11-19 19:19:07', NULL),
(92, '43a0d7f', 'Edumac Demo Staff 2', 9, 'bsc', NULL, NULL, 12, '2017-01-01', '1970-01-01', 'female', '', '', '', '', '8099312050', 'staff2@edumac.com.ng', 0, 3, 'defualt.png', NULL, NULL, NULL, '2025-11-19 19:19:07', NULL),
(93, 'e1d56c4', 'Edumac Demo Admin', 11, 'bsc', NULL, NULL, 10, '2017-01-01', '1970-01-01', 'male', '', '', '', '', '8099312050', 'Admin@edumac.com.ng', 0, 3, 'defualt.png', NULL, NULL, NULL, '2025-11-19 19:32:28', NULL),
(94, '5aa4646', 'Edumac Demo Accountant', 10, 'bsc', NULL, NULL, 11, '2017-01-01', '1970-01-01', 'female', '', '', '', '', '8099312050', 'Accountant@edumac.com.ng', 0, 3, 'defualt.png', NULL, NULL, NULL, '2025-11-19 19:34:12', NULL),
(95, 'aeb04db', 'Orja okolie', 0, '', NULL, NULL, 0, '2026-02-03', '', 'male', '', '', '', '', '09079109762', 'eromoseledavid027@gmail.com', 0, 4, NULL, NULL, NULL, NULL, '2026-02-03 20:00:53', NULL),
(96, '4c7859d', 'JoJo Samuel', 12, 'Marketing', '', '', 13, '2026-02-03', '', 'male', '', '', 'Chiti estate', '', '09079209768', 'eromoselediko1@gmail.com', 0, 4, 'defualt.png', '', '', '', '2026-02-03 20:09:33', NULL);

-- --------------------------------------------------------

--
-- Table structure for table `staff_attendance`
--

CREATE TABLE IF NOT EXISTS `staff_attendance` (
  `id` int NOT NULL AUTO_INCREMENT,
  `staff_id` int NOT NULL,
  `status` varchar(11) DEFAULT NULL COMMENT 'P=Present, A=Absent, H=Holiday, L=Late',
  `remark` varchar(255) NOT NULL,
  `qr_code` tinyint(1) NOT NULL DEFAULT '0',
  `in_time` time DEFAULT NULL,
  `out_time` time DEFAULT NULL,
  `date` date DEFAULT NULL,
  `branch_id` int DEFAULT NULL,
  PRIMARY KEY (`id`),
  KEY `staff_attendance_rms_1` (`branch_id`),
  KEY `staff_attendance_rms_2` (`staff_id`)
) ENGINE=InnoDB AUTO_INCREMENT=21 DEFAULT CHARSET=utf8mb3;

--
-- Dumping data for table `staff_attendance`
--

INSERT INTO `staff_attendance` (`id`, `staff_id`, `status`, `remark`, `qr_code`, `in_time`, `out_time`, `date`, `branch_id`) VALUES
(1, 3, '', '', 0, NULL, NULL, '2025-10-14', 1),
(3, 5, '', '', 0, NULL, NULL, '2025-10-14', 1),
(4, 6, '', '', 0, NULL, NULL, '2025-10-14', 1),
(5, 7, '', '', 0, NULL, NULL, '2025-10-14', 1),
(7, 9, '', '', 0, NULL, NULL, '2025-10-14', 1),
(8, 10, '', '', 0, NULL, NULL, '2025-10-14', 1),
(9, 11, 'P', '', 0, NULL, NULL, '2025-10-14', 1),
(13, 15, '', '', 0, NULL, NULL, '2025-10-14', 1),
(14, 16, 'HD', '', 0, '05:19:24', '05:30:18', '2025-10-14', 1),
(16, 18, '', '', 0, NULL, NULL, '2025-10-14', 1),
(19, 21, '', '', 0, NULL, NULL, '2025-10-14', 1);

-- --------------------------------------------------------

--
-- Table structure for table `staff_bank_account`
--

CREATE TABLE IF NOT EXISTS `staff_bank_account` (
  `id` int NOT NULL AUTO_INCREMENT,
  `staff_id` int NOT NULL,
  `bank_name` varchar(200) NOT NULL,
  `holder_name` varchar(255) NOT NULL,
  `bank_branch` varchar(255) NOT NULL,
  `bank_address` varchar(255) NOT NULL,
  `ifsc_code` varchar(200) NOT NULL,
  `account_no` varchar(200) NOT NULL,
  `created_at` timestamp NOT NULL DEFAULT CURRENT_TIMESTAMP,
  `updated_at` datetime DEFAULT NULL,
  PRIMARY KEY (`id`)
) ENGINE=InnoDB DEFAULT CHARSET=utf8mb3;

-- --------------------------------------------------------

--
-- Table structure for table `staff_department`
--

CREATE TABLE IF NOT EXISTS `staff_department` (
  `id` int NOT NULL AUTO_INCREMENT,
  `name` longtext NOT NULL,
  `branch_id` int NOT NULL,
  `created_at` timestamp NOT NULL DEFAULT CURRENT_TIMESTAMP,
  `updated_at` datetime DEFAULT NULL,
  PRIMARY KEY (`id`)
) ENGINE=InnoDB AUTO_INCREMENT=14 DEFAULT CHARSET=utf8mb3;

--
-- Dumping data for table `staff_department`
--

INSERT INTO `staff_department` (`id`, `name`, `branch_id`, `created_at`, `updated_at`) VALUES
(1, 'Admin', 1, '2025-09-17 15:06:58', NULL),
(2, 'Teachers', 1, '2025-09-17 15:07:16', NULL),
(3, 'Accountant', 1, '2025-09-17 15:07:37', NULL),
(4, 'General Admin', 1, '2025-09-17 15:11:02', NULL),
(5, 'General Admin', 2, '2025-09-17 15:11:20', NULL),
(6, 'Teachers', 2, '2025-09-17 15:11:33', NULL),
(7, 'Accountant', 2, '2025-09-17 15:11:50', NULL),
(8, 'Staff', 1, '2025-10-15 13:05:19', NULL),
(9, 'Teachers', 3, '2025-11-19 19:15:04', NULL),
(10, 'Accountant', 3, '2025-11-19 19:15:18', NULL),
(11, 'General Admin', 3, '2025-11-19 19:15:33', NULL),
(12, 'Junior Secondary', 4, '2026-02-03 20:05:50', NULL),
(13, 'Senior secondary', 4, '2026-02-03 20:05:58', NULL);

-- --------------------------------------------------------

--
-- Table structure for table `staff_designation`
--

CREATE TABLE IF NOT EXISTS `staff_designation` (
  `id` int NOT NULL AUTO_INCREMENT,
  `name` longtext NOT NULL,
  `branch_id` int NOT NULL,
  `created_at` timestamp NOT NULL DEFAULT CURRENT_TIMESTAMP,
  `updated_at` datetime DEFAULT NULL,
  PRIMARY KEY (`id`)
) ENGINE=InnoDB AUTO_INCREMENT=16 DEFAULT CHARSET=utf8mb3;

--
-- Dumping data for table `staff_designation`
--

INSERT INTO `staff_designation` (`id`, `name`, `branch_id`, `created_at`, `updated_at`) VALUES
(1, 'General Admin', 1, '2025-09-17 14:06:45', NULL),
(2, 'School Admin', 1, '2025-09-17 14:06:56', NULL),
(3, 'Teacher', 1, '2025-09-17 15:08:09', NULL),
(4, 'Accountant', 1, '2025-09-17 15:08:26', NULL),
(5, 'General Admin', 2, '2025-09-17 15:09:38', NULL),
(6, 'Accountant', 2, '2025-09-17 15:09:51', NULL),
(7, 'Teacher', 2, '2025-09-17 15:10:04', NULL),
(8, 'School Admin', 2, '2025-09-19 18:16:58', NULL),
(9, 'Staff', 1, '2025-10-15 13:05:30', NULL),
(10, 'General Admin', 3, '2025-11-19 19:16:13', NULL),
(11, 'Accountant', 3, '2025-11-19 19:16:19', NULL),
(12, 'Teacher', 3, '2025-11-19 19:16:46', NULL),
(13, 'Teacher', 4, '2026-02-03 20:05:18', NULL),
(14, 'Administrator', 4, '2026-02-03 20:05:25', NULL),
(15, 'Class teacher', 4, '2026-02-03 20:05:38', NULL);

-- --------------------------------------------------------

--
-- Table structure for table `staff_documents`
--

CREATE TABLE IF NOT EXISTS `staff_documents` (
  `id` int NOT NULL AUTO_INCREMENT,
  `staff_id` int NOT NULL,
  `title` varchar(255) NOT NULL,
  `category_id` varchar(20) NOT NULL,
  `remarks` text NOT NULL,
  `file_name` varchar(255) NOT NULL,
  `enc_name` varchar(255) NOT NULL,
  `created_at` timestamp NOT NULL DEFAULT CURRENT_TIMESTAMP,
  `updated_at` datetime DEFAULT NULL,
  PRIMARY KEY (`id`)
) ENGINE=InnoDB DEFAULT CHARSET=utf8mb3;

-- --------------------------------------------------------

--
-- Table structure for table `staff_privileges`
--

CREATE TABLE IF NOT EXISTS `staff_privileges` (
  `id` int NOT NULL AUTO_INCREMENT,
  `role_id` int NOT NULL,
  `permission_id` int NOT NULL,
  `is_add` tinyint(1) NOT NULL,
  `is_edit` tinyint(1) NOT NULL,
  `is_view` tinyint(1) NOT NULL,
  `is_delete` tinyint(1) NOT NULL,
  PRIMARY KEY (`id`)
) ENGINE=InnoDB AUTO_INCREMENT=1243 DEFAULT CHARSET=utf8mb3;

--
-- Dumping data for table `staff_privileges`
--

INSERT INTO `staff_privileges` (`id`, `role_id`, `permission_id`, `is_add`, `is_edit`, `is_view`, `is_delete`) VALUES
(1, 3, 1, 0, 0, 0, 0),
(2, 3, 2, 0, 0, 0, 0),
(3, 3, 3, 0, 0, 0, 0),
(4, 3, 4, 0, 0, 0, 0),
(5, 3, 5, 0, 0, 0, 0),
(6, 3, 30, 0, 0, 0, 0),
(7, 3, 7, 0, 0, 0, 0),
(8, 3, 8, 0, 0, 0, 0),
(9, 3, 6, 0, 0, 0, 0),
(10, 3, 9, 0, 0, 0, 0),
(11, 3, 10, 0, 0, 0, 0),
(12, 3, 11, 0, 0, 0, 0),
(13, 3, 12, 0, 0, 0, 0),
(14, 3, 13, 0, 0, 0, 0),
(15, 3, 14, 0, 0, 0, 0),
(16, 3, 15, 0, 0, 0, 0),
(17, 3, 16, 0, 0, 0, 0),
(18, 3, 17, 0, 0, 0, 0),
(20, 3, 19, 0, 0, 0, 0),
(21, 3, 20, 1, 0, 1, 0),
(22, 3, 21, 0, 0, 0, 0),
(23, 3, 22, 0, 0, 0, 0),
(24, 3, 23, 0, 0, 0, 0),
(25, 3, 24, 0, 0, 0, 0),
(26, 3, 25, 0, 0, 0, 0),
(27, 3, 26, 0, 0, 1, 0),
(28, 3, 27, 0, 0, 1, 0),
(29, 3, 28, 0, 0, 0, 0),
(30, 3, 29, 0, 0, 1, 0),
(31, 3, 32, 0, 0, 0, 0),
(32, 3, 31, 0, 0, 0, 0),
(33, 3, 33, 0, 0, 0, 0),
(34, 3, 34, 0, 0, 1, 0),
(35, 3, 35, 0, 0, 1, 0),
(36, 3, 36, 0, 0, 0, 0),
(37, 3, 37, 0, 0, 1, 0),
(38, 3, 38, 1, 1, 1, 0),
(39, 3, 39, 0, 0, 0, 0),
(40, 3, 77, 1, 1, 1, 0),
(41, 3, 78, 0, 0, 0, 0),
(42, 3, 79, 0, 0, 1, 0),
(43, 3, 40, 0, 0, 0, 0),
(44, 3, 41, 0, 0, 0, 0),
(45, 3, 42, 0, 0, 0, 0),
(46, 3, 43, 0, 0, 0, 0),
(47, 3, 44, 0, 0, 0, 0),
(48, 3, 45, 0, 0, 0, 0),
(49, 3, 46, 0, 0, 0, 0),
(50, 3, 47, 0, 0, 0, 0),
(51, 3, 48, 0, 0, 0, 0),
(52, 3, 49, 1, 0, 0, 0),
(53, 3, 50, 0, 0, 0, 0),
(54, 3, 51, 0, 0, 0, 0),
(55, 3, 52, 0, 0, 0, 0),
(56, 3, 53, 0, 0, 0, 0),
(57, 3, 54, 0, 0, 0, 0),
(58, 3, 55, 0, 0, 0, 0),
(59, 3, 56, 0, 0, 0, 0),
(60, 3, 57, 0, 0, 0, 0),
(61, 3, 58, 0, 0, 0, 0),
(62, 3, 59, 0, 0, 0, 0),
(63, 3, 60, 0, 0, 0, 0),
(64, 3, 61, 0, 0, 0, 0),
(65, 3, 62, 0, 0, 0, 0),
(66, 3, 80, 0, 0, 0, 0),
(67, 3, 69, 0, 0, 0, 0),
(68, 3, 70, 0, 0, 0, 0),
(69, 3, 71, 0, 0, 0, 0),
(70, 3, 72, 0, 0, 0, 0),
(71, 3, 73, 0, 0, 0, 0),
(72, 3, 74, 0, 0, 0, 0),
(73, 3, 75, 0, 0, 0, 0),
(74, 3, 76, 0, 0, 0, 0),
(75, 3, 63, 0, 0, 0, 0),
(76, 3, 64, 0, 0, 0, 0),
(77, 3, 65, 0, 0, 0, 0),
(78, 3, 66, 0, 0, 0, 0),
(79, 3, 67, 0, 0, 0, 0),
(80, 3, 68, 0, 0, 0, 0),
(81, 3, 81, 0, 0, 0, 0),
(82, 3, 82, 0, 0, 0, 0),
(83, 3, 83, 0, 0, 0, 0),
(84, 3, 84, 0, 0, 0, 0),
(85, 3, 85, 0, 0, 0, 0),
(86, 3, 86, 0, 0, 0, 0),
(87, 3, 87, 0, 0, 0, 0),
(88, 2, 1, 1, 1, 1, 1),
(89, 2, 2, 1, 0, 0, 0),
(90, 2, 3, 1, 1, 1, 1),
(91, 2, 4, 0, 0, 1, 0),
(92, 2, 5, 1, 0, 1, 0),
(93, 2, 30, 1, 0, 1, 0),
(94, 2, 7, 1, 1, 1, 1),
(95, 2, 8, 1, 0, 1, 0),
(96, 2, 6, 1, 1, 1, 1),
(97, 2, 9, 1, 1, 1, 1),
(98, 2, 10, 1, 1, 1, 1),
(99, 2, 11, 1, 0, 1, 0),
(100, 2, 12, 1, 1, 1, 1),
(101, 2, 13, 1, 0, 1, 0),
(102, 2, 14, 1, 0, 1, 0),
(103, 2, 15, 0, 0, 1, 0),
(104, 2, 16, 1, 1, 1, 1),
(105, 2, 17, 1, 1, 1, 1),
(107, 2, 19, 1, 1, 1, 1),
(108, 2, 20, 1, 1, 1, 1),
(109, 2, 21, 1, 1, 1, 1),
(110, 2, 22, 1, 1, 1, 1),
(111, 2, 23, 1, 1, 1, 1),
(112, 2, 24, 1, 1, 1, 1),
(113, 2, 25, 1, 1, 1, 1),
(114, 2, 26, 1, 1, 1, 1),
(115, 2, 27, 1, 1, 1, 1),
(116, 2, 28, 1, 0, 1, 1),
(117, 2, 29, 1, 1, 1, 1),
(118, 2, 32, 1, 1, 1, 1),
(119, 2, 31, 1, 1, 1, 1),
(120, 2, 33, 1, 1, 1, 1),
(121, 2, 34, 1, 1, 1, 1),
(122, 2, 35, 1, 1, 1, 1),
(123, 2, 36, 1, 1, 1, 1),
(124, 2, 37, 1, 0, 1, 1),
(125, 2, 38, 1, 1, 1, 1),
(126, 2, 39, 1, 1, 1, 1),
(127, 2, 77, 1, 1, 1, 1),
(128, 2, 78, 0, 0, 1, 0),
(129, 2, 79, 0, 0, 1, 0),
(130, 2, 40, 0, 0, 0, 0),
(131, 2, 41, 0, 0, 0, 0),
(132, 2, 42, 0, 0, 0, 0),
(133, 2, 43, 0, 0, 0, 0),
(134, 2, 44, 0, 1, 1, 1),
(135, 2, 45, 0, 1, 1, 1),
(136, 2, 46, 0, 1, 1, 1),
(137, 2, 47, 0, 1, 1, 1),
(138, 2, 48, 0, 0, 1, 1),
(139, 2, 49, 1, 0, 0, 0),
(140, 2, 50, 1, 0, 0, 0),
(141, 2, 51, 1, 0, 0, 0),
(142, 2, 52, 0, 0, 1, 0),
(143, 2, 53, 0, 0, 1, 0),
(144, 2, 54, 0, 0, 1, 0),
(145, 2, 55, 0, 0, 0, 0),
(146, 2, 56, 0, 0, 0, 0),
(147, 2, 57, 0, 0, 0, 0),
(148, 2, 58, 0, 0, 0, 0),
(149, 2, 59, 1, 1, 1, 1),
(150, 2, 60, 1, 1, 1, 1),
(151, 2, 61, 1, 0, 1, 1),
(152, 2, 62, 1, 1, 1, 1),
(153, 2, 80, 0, 0, 1, 0),
(154, 2, 69, 1, 1, 1, 1),
(155, 2, 70, 1, 1, 1, 1),
(156, 2, 71, 1, 1, 1, 1),
(157, 2, 72, 1, 1, 1, 1),
(158, 2, 73, 1, 0, 0, 0),
(159, 2, 74, 1, 1, 1, 1),
(160, 2, 75, 0, 0, 1, 0),
(161, 2, 76, 0, 0, 1, 1),
(162, 2, 63, 1, 1, 1, 1),
(163, 2, 64, 1, 1, 1, 1),
(164, 2, 65, 1, 1, 1, 1),
(165, 2, 66, 0, 0, 1, 0),
(166, 2, 67, 1, 1, 1, 1),
(167, 2, 68, 1, 1, 1, 1),
(168, 2, 81, 0, 0, 0, 0),
(169, 2, 82, 0, 0, 0, 0),
(170, 2, 83, 0, 0, 0, 0),
(171, 2, 84, 0, 0, 0, 0),
(172, 2, 85, 0, 0, 0, 0),
(173, 2, 86, 0, 0, 0, 0),
(174, 2, 87, 0, 0, 0, 0),
(175, 7, 1, 0, 0, 0, 0),
(176, 7, 2, 0, 0, 0, 0),
(177, 7, 3, 0, 0, 0, 0),
(178, 7, 4, 0, 0, 0, 0),
(179, 7, 5, 0, 0, 0, 0),
(180, 7, 30, 0, 0, 0, 0),
(181, 7, 7, 0, 0, 0, 0),
(182, 7, 8, 0, 0, 0, 0),
(183, 7, 6, 0, 0, 0, 0),
(184, 7, 9, 0, 0, 0, 0),
(185, 7, 10, 0, 0, 0, 0),
(186, 7, 11, 0, 0, 0, 0),
(187, 7, 12, 0, 0, 0, 0),
(188, 7, 13, 0, 0, 0, 0),
(189, 7, 14, 0, 0, 0, 0),
(190, 7, 15, 0, 0, 0, 0),
(191, 7, 16, 0, 0, 0, 0),
(192, 7, 17, 0, 0, 0, 0),
(194, 7, 19, 0, 0, 0, 0),
(195, 7, 20, 0, 0, 0, 0),
(196, 7, 21, 0, 0, 0, 0),
(197, 7, 22, 0, 0, 0, 0),
(198, 7, 23, 0, 0, 0, 0),
(199, 7, 24, 0, 0, 0, 0),
(200, 7, 25, 0, 0, 0, 0),
(201, 7, 26, 0, 0, 1, 0),
(202, 7, 27, 0, 0, 0, 0),
(203, 7, 28, 0, 0, 0, 0),
(204, 7, 29, 0, 0, 1, 0),
(205, 7, 32, 0, 0, 0, 0),
(206, 7, 31, 0, 0, 0, 0),
(207, 7, 33, 0, 0, 0, 0),
(208, 7, 34, 0, 0, 0, 0),
(209, 7, 35, 0, 0, 0, 0),
(210, 7, 36, 0, 0, 0, 0),
(211, 7, 37, 0, 0, 0, 0),
(212, 7, 38, 0, 0, 0, 0),
(213, 7, 39, 0, 0, 0, 0),
(214, 7, 77, 0, 0, 0, 0),
(215, 7, 78, 0, 0, 0, 0),
(216, 7, 79, 0, 0, 0, 0),
(217, 7, 40, 0, 0, 0, 0),
(218, 7, 41, 0, 0, 0, 0),
(219, 7, 42, 0, 0, 0, 0),
(220, 7, 43, 0, 0, 0, 0),
(221, 7, 44, 0, 0, 0, 0),
(222, 7, 45, 0, 0, 0, 0),
(223, 7, 46, 0, 0, 0, 0),
(224, 7, 47, 0, 0, 0, 0),
(225, 7, 48, 0, 0, 0, 0),
(226, 7, 49, 0, 0, 0, 0),
(227, 7, 50, 0, 0, 0, 0),
(228, 7, 51, 0, 0, 0, 0),
(229, 7, 52, 0, 0, 0, 0),
(230, 7, 53, 0, 0, 0, 0),
(231, 7, 54, 0, 0, 0, 0),
(232, 7, 55, 0, 0, 0, 0),
(233, 7, 56, 0, 0, 0, 0),
(234, 7, 57, 0, 0, 0, 0),
(235, 7, 58, 0, 0, 0, 0),
(236, 7, 59, 0, 0, 0, 0),
(237, 7, 60, 0, 0, 0, 0),
(238, 7, 61, 0, 0, 0, 0),
(239, 7, 62, 0, 0, 0, 0),
(240, 7, 80, 0, 0, 0, 0),
(241, 7, 69, 0, 0, 0, 0),
(242, 7, 70, 0, 0, 0, 0),
(243, 7, 71, 0, 0, 0, 0),
(244, 7, 72, 0, 0, 0, 0),
(245, 7, 73, 0, 0, 0, 0),
(246, 7, 74, 0, 0, 0, 0),
(247, 7, 75, 0, 0, 0, 0),
(248, 7, 76, 0, 0, 0, 0),
(249, 7, 63, 0, 0, 0, 0),
(250, 7, 64, 0, 0, 0, 0),
(251, 7, 65, 0, 0, 0, 0),
(252, 7, 66, 0, 0, 0, 0),
(253, 7, 67, 0, 0, 0, 0),
(254, 7, 68, 0, 0, 0, 0),
(255, 7, 81, 0, 0, 0, 0),
(256, 7, 82, 0, 0, 0, 0),
(257, 7, 83, 0, 0, 0, 0),
(258, 7, 84, 0, 0, 0, 0),
(259, 7, 85, 0, 0, 0, 0),
(260, 7, 86, 0, 0, 0, 0),
(261, 7, 87, 0, 0, 0, 0),
(262, 88, 88, 1, 1, 1, 1),
(263, 88, 88, 1, 1, 1, 1),
(264, 89, 89, 1, 1, 1, 1),
(265, 90, 90, 1, 1, 1, 1),
(266, 2, 88, 1, 0, 1, 0),
(267, 2, 89, 0, 0, 1, 0),
(268, 90, 90, 1, 1, 1, 1),
(269, 2, 90, 0, 1, 1, 0),
(270, 91, 91, 1, 1, 1, 1),
(271, 92, 92, 1, 1, 1, 1),
(272, 2, 91, 0, 0, 1, 0),
(273, 2, 92, 0, 0, 1, 0),
(274, 93, 93, 1, 1, 1, 1),
(275, 94, 94, 1, 1, 1, 1),
(276, 95, 95, 1, 1, 1, 1),
(277, 96, 96, 1, 1, 1, 1),
(278, 2, 93, 0, 0, 1, 0),
(279, 2, 94, 0, 0, 1, 0),
(280, 2, 95, 0, 0, 1, 0),
(281, 2, 96, 0, 0, 1, 0),
(282, 97, 97, 1, 1, 1, 1),
(283, 98, 98, 1, 1, 1, 1),
(284, 2, 97, 0, 0, 1, 0),
(285, 2, 98, 0, 0, 1, 0),
(286, 99, 99, 1, 1, 1, 1),
(287, 100, 100, 1, 1, 1, 1),
(288, 101, 101, 1, 1, 1, 1),
(289, 102, 102, 1, 1, 1, 1),
(290, 2, 99, 0, 0, 1, 0),
(291, 2, 100, 0, 0, 1, 0),
(292, 2, 101, 0, 0, 1, 0),
(293, 2, 102, 0, 0, 1, 0),
(294, 103, 103, 1, 1, 1, 1),
(295, 2, 103, 0, 1, 1, 0),
(296, 3, 91, 0, 0, 0, 0),
(297, 3, 92, 0, 0, 0, 0),
(298, 3, 93, 0, 0, 0, 0),
(299, 3, 94, 0, 0, 0, 0),
(300, 3, 95, 0, 0, 0, 0),
(301, 3, 96, 0, 0, 0, 0),
(302, 3, 97, 0, 0, 0, 0),
(303, 3, 98, 0, 0, 1, 0),
(304, 3, 99, 0, 0, 0, 0),
(305, 3, 100, 0, 0, 0, 0),
(306, 3, 101, 0, 0, 0, 0),
(307, 3, 102, 0, 0, 0, 0),
(308, 3, 88, 0, 0, 0, 0),
(309, 3, 89, 0, 0, 0, 0),
(310, 3, 90, 0, 0, 0, 0),
(311, 3, 103, 0, 0, 0, 0),
(312, 4, 91, 0, 0, 1, 0),
(313, 4, 92, 0, 0, 1, 0),
(314, 4, 93, 0, 0, 0, 0),
(315, 4, 94, 0, 0, 0, 0),
(316, 4, 95, 0, 0, 0, 0),
(317, 4, 96, 0, 0, 0, 0),
(318, 4, 97, 0, 0, 0, 0),
(319, 4, 98, 0, 0, 0, 0),
(320, 4, 99, 0, 0, 0, 0),
(321, 4, 100, 0, 0, 0, 0),
(322, 4, 101, 0, 0, 0, 0),
(323, 4, 102, 0, 0, 0, 0),
(324, 4, 1, 0, 0, 0, 0),
(325, 4, 2, 0, 0, 0, 0),
(326, 4, 3, 0, 0, 0, 0),
(327, 4, 4, 0, 0, 0, 0),
(328, 4, 5, 0, 0, 0, 0),
(329, 4, 30, 0, 0, 0, 0),
(330, 4, 7, 0, 0, 0, 0),
(331, 4, 8, 0, 0, 0, 0),
(332, 4, 6, 0, 0, 0, 0),
(333, 4, 9, 0, 0, 0, 0),
(334, 4, 10, 0, 0, 0, 0),
(335, 4, 11, 0, 0, 0, 0),
(336, 4, 12, 1, 1, 1, 1),
(337, 4, 13, 1, 0, 1, 0),
(338, 4, 14, 1, 0, 1, 0),
(339, 4, 15, 0, 0, 1, 0),
(340, 4, 16, 1, 1, 1, 1),
(341, 4, 17, 1, 1, 1, 1),
(343, 4, 19, 1, 1, 1, 1),
(344, 4, 20, 1, 1, 1, 1),
(345, 4, 21, 1, 1, 1, 1),
(346, 4, 22, 1, 1, 1, 1),
(347, 4, 23, 0, 0, 0, 0),
(348, 4, 24, 0, 0, 0, 0),
(349, 4, 25, 0, 0, 0, 0),
(350, 4, 26, 0, 0, 0, 0),
(351, 4, 27, 0, 0, 0, 0),
(352, 4, 28, 0, 0, 0, 0),
(353, 4, 29, 0, 0, 0, 0),
(354, 4, 32, 0, 0, 0, 0),
(355, 4, 88, 0, 0, 0, 0),
(356, 4, 89, 0, 0, 0, 0),
(357, 4, 31, 0, 0, 0, 0),
(358, 4, 33, 0, 0, 0, 0),
(359, 4, 34, 0, 0, 0, 0),
(360, 4, 35, 0, 0, 0, 0),
(361, 4, 36, 0, 0, 0, 0),
(362, 4, 37, 0, 0, 0, 0),
(363, 4, 38, 0, 0, 0, 0),
(364, 4, 39, 0, 0, 0, 0),
(365, 4, 77, 0, 0, 0, 0),
(366, 4, 78, 0, 0, 0, 0),
(367, 4, 79, 0, 0, 0, 0),
(368, 4, 40, 0, 0, 0, 0),
(369, 4, 41, 0, 0, 0, 0),
(370, 4, 42, 0, 0, 0, 0),
(371, 4, 43, 0, 0, 0, 0),
(372, 4, 44, 0, 0, 0, 0),
(373, 4, 45, 0, 0, 0, 0),
(374, 4, 46, 0, 0, 0, 0),
(375, 4, 47, 0, 0, 0, 0),
(376, 4, 48, 0, 0, 0, 0),
(377, 4, 49, 0, 0, 0, 0),
(378, 4, 50, 0, 0, 0, 0),
(379, 4, 51, 0, 0, 0, 0),
(380, 4, 52, 0, 0, 0, 0),
(381, 4, 53, 0, 0, 0, 0),
(382, 4, 54, 0, 0, 0, 0),
(383, 4, 55, 0, 0, 1, 0),
(384, 4, 56, 0, 0, 0, 0),
(385, 4, 57, 0, 0, 0, 0),
(386, 4, 58, 1, 0, 1, 0),
(387, 4, 59, 0, 0, 0, 0),
(388, 4, 60, 0, 0, 0, 0),
(389, 4, 61, 0, 0, 0, 0),
(390, 4, 62, 0, 0, 0, 0),
(391, 4, 80, 0, 0, 0, 0),
(392, 4, 69, 1, 1, 1, 1),
(393, 4, 70, 1, 1, 1, 1),
(394, 4, 71, 1, 1, 1, 1),
(395, 4, 72, 1, 1, 1, 1),
(396, 4, 73, 1, 0, 0, 0),
(397, 4, 74, 1, 1, 1, 1),
(398, 4, 75, 0, 0, 1, 0),
(399, 4, 76, 0, 0, 1, 0),
(400, 4, 63, 1, 1, 1, 1),
(401, 4, 64, 1, 1, 1, 1),
(402, 4, 65, 1, 1, 1, 1),
(403, 4, 66, 0, 0, 1, 0),
(404, 4, 67, 1, 1, 1, 1),
(405, 4, 68, 1, 1, 1, 1),
(406, 4, 81, 0, 0, 0, 0),
(407, 4, 82, 0, 0, 0, 0),
(408, 4, 83, 0, 0, 0, 0),
(409, 4, 84, 0, 0, 0, 0),
(410, 4, 85, 0, 0, 0, 0),
(411, 4, 86, 0, 0, 0, 0),
(412, 4, 87, 0, 0, 0, 0),
(413, 4, 90, 0, 0, 0, 0),
(414, 4, 103, 0, 0, 0, 0),
(415, 5, 91, 0, 0, 0, 0),
(416, 5, 92, 0, 0, 0, 0),
(417, 5, 93, 0, 0, 1, 0),
(418, 5, 94, 0, 0, 1, 0),
(419, 5, 95, 0, 0, 0, 0),
(420, 5, 96, 0, 0, 0, 0),
(421, 5, 97, 0, 0, 0, 0),
(422, 5, 98, 0, 0, 0, 0),
(423, 5, 99, 0, 0, 0, 0),
(424, 5, 100, 0, 0, 0, 0),
(425, 5, 101, 0, 0, 0, 0),
(426, 5, 102, 0, 0, 0, 0),
(427, 5, 1, 0, 0, 1, 0),
(428, 5, 2, 0, 0, 0, 0),
(429, 5, 3, 0, 0, 0, 0),
(430, 5, 4, 0, 0, 0, 0),
(431, 5, 5, 0, 0, 0, 0),
(432, 5, 30, 0, 0, 0, 0),
(433, 5, 7, 0, 0, 0, 0),
(434, 5, 8, 0, 0, 0, 0),
(435, 5, 6, 0, 0, 1, 0),
(436, 5, 9, 0, 0, 0, 0),
(437, 5, 10, 0, 0, 0, 0),
(438, 5, 11, 0, 0, 0, 0),
(439, 5, 12, 0, 0, 0, 0),
(440, 5, 13, 0, 0, 0, 0),
(441, 5, 14, 0, 0, 0, 0),
(442, 5, 15, 0, 0, 0, 0),
(443, 5, 16, 0, 0, 0, 0),
(444, 5, 17, 0, 0, 0, 0),
(446, 5, 19, 0, 0, 0, 0),
(447, 5, 20, 1, 1, 1, 1),
(448, 5, 21, 0, 0, 0, 0),
(449, 5, 22, 0, 0, 0, 0),
(450, 5, 23, 0, 0, 0, 0),
(451, 5, 24, 0, 0, 0, 0),
(452, 5, 25, 0, 0, 0, 0),
(453, 5, 26, 0, 0, 0, 0),
(454, 5, 27, 0, 0, 0, 0),
(455, 5, 28, 0, 0, 0, 0),
(456, 5, 29, 0, 0, 0, 0),
(457, 5, 32, 0, 0, 0, 0),
(458, 5, 88, 0, 0, 0, 0),
(459, 5, 89, 0, 0, 0, 0),
(460, 5, 31, 0, 0, 0, 0),
(461, 5, 33, 0, 0, 0, 0),
(462, 5, 34, 0, 0, 0, 0),
(463, 5, 35, 0, 0, 0, 0),
(464, 5, 36, 0, 0, 0, 0),
(465, 5, 37, 0, 0, 0, 0),
(466, 5, 38, 0, 0, 0, 0),
(467, 5, 39, 0, 0, 0, 0),
(468, 5, 77, 0, 0, 0, 0),
(469, 5, 78, 0, 0, 0, 0),
(470, 5, 79, 0, 0, 0, 0),
(471, 5, 40, 0, 0, 0, 0),
(472, 5, 41, 0, 0, 0, 0),
(473, 5, 42, 0, 0, 0, 0),
(474, 5, 43, 0, 0, 0, 0),
(475, 5, 44, 0, 0, 0, 0),
(476, 5, 45, 0, 0, 0, 0),
(477, 5, 46, 0, 0, 0, 0),
(478, 5, 47, 0, 0, 0, 0),
(479, 5, 48, 0, 0, 0, 0),
(480, 5, 49, 0, 0, 0, 0),
(481, 5, 50, 0, 0, 0, 0),
(482, 5, 51, 0, 0, 0, 0),
(483, 5, 52, 0, 0, 0, 0),
(484, 5, 53, 0, 0, 0, 0),
(485, 5, 54, 0, 0, 0, 0),
(486, 5, 55, 1, 1, 1, 1),
(487, 5, 56, 1, 1, 1, 1),
(488, 5, 57, 1, 0, 1, 1),
(489, 5, 58, 1, 0, 1, 1),
(490, 5, 59, 0, 0, 0, 0),
(491, 5, 60, 0, 0, 0, 0),
(492, 5, 61, 0, 0, 0, 0),
(493, 5, 62, 0, 0, 0, 0),
(494, 5, 80, 0, 0, 0, 0),
(495, 5, 69, 0, 0, 0, 0),
(496, 5, 70, 0, 0, 0, 0),
(497, 5, 71, 0, 0, 0, 0),
(498, 5, 72, 0, 0, 0, 0),
(499, 5, 73, 0, 0, 0, 0),
(500, 5, 74, 0, 0, 0, 0),
(501, 5, 75, 0, 0, 0, 0),
(502, 5, 76, 0, 0, 0, 0),
(503, 5, 63, 0, 0, 0, 0),
(504, 5, 64, 0, 0, 0, 0),
(505, 5, 65, 0, 0, 0, 0),
(506, 5, 66, 0, 0, 0, 0),
(507, 5, 67, 0, 0, 0, 0),
(508, 5, 68, 0, 0, 0, 0),
(509, 5, 81, 0, 0, 0, 0),
(510, 5, 82, 0, 0, 0, 0),
(511, 5, 83, 0, 0, 0, 0),
(512, 5, 84, 0, 0, 0, 0),
(513, 5, 85, 0, 0, 0, 0),
(514, 5, 86, 0, 0, 0, 0),
(515, 5, 87, 0, 0, 0, 0),
(516, 5, 90, 0, 0, 0, 0),
(517, 5, 103, 0, 0, 0, 0),
(518, 104, 104, 1, 1, 1, 1),
(519, 2, 104, 0, 0, 1, 0),
(520, 4, 104, 0, 0, 1, 0),
(521, 2, 18, 1, 0, 1, 0),
(522, 2, 105, 0, 0, 0, 0),
(523, 2, 106, 0, 0, 0, 0),
(524, 2, 107, 0, 0, 1, 0),
(525, 2, 109, 0, 0, 0, 0),
(526, 2, 108, 0, 0, 0, 0),
(527, 3, 18, 0, 0, 0, 0),
(528, 3, 107, 0, 0, 1, 0),
(529, 3, 109, 0, 0, 0, 0),
(530, 3, 104, 0, 0, 0, 0),
(531, 3, 105, 0, 0, 0, 0),
(532, 3, 106, 0, 0, 0, 0),
(533, 3, 108, 0, 0, 0, 0),
(534, 2, 110, 1, 1, 1, 1),
(535, 2, 111, 0, 0, 1, 0),
(536, 2, 112, 0, 0, 1, 0),
(537, 2, 113, 1, 1, 1, 1),
(538, 2, 114, 0, 0, 1, 0),
(539, 2, 115, 0, 0, 1, 0),
(540, 2, 116, 1, 1, 1, 1),
(541, 2, 117, 0, 0, 1, 0),
(542, 3, 110, 0, 0, 0, 0),
(543, 3, 111, 0, 0, 0, 0),
(544, 3, 112, 0, 0, 0, 0),
(545, 3, 113, 0, 0, 0, 0),
(546, 3, 114, 0, 0, 0, 0),
(547, 3, 115, 0, 0, 0, 0),
(548, 3, 116, 0, 0, 0, 0),
(549, 3, 117, 0, 0, 0, 0),
(550, 2, 127, 1, 0, 1, 1),
(551, 2, 118, 0, 0, 0, 0),
(552, 2, 119, 0, 0, 0, 0),
(553, 2, 120, 0, 0, 0, 0),
(554, 2, 121, 0, 0, 0, 0),
(555, 2, 122, 0, 0, 0, 0),
(556, 2, 123, 0, 0, 0, 0),
(557, 2, 124, 0, 0, 0, 0),
(558, 2, 125, 0, 0, 0, 0),
(559, 2, 126, 0, 0, 0, 0),
(560, 3, 118, 0, 0, 0, 0),
(561, 3, 119, 0, 0, 0, 0),
(562, 3, 120, 0, 0, 0, 0),
(563, 3, 121, 0, 0, 0, 0),
(564, 3, 122, 0, 0, 0, 0),
(565, 3, 123, 0, 0, 0, 0),
(566, 3, 124, 0, 0, 0, 0),
(567, 3, 125, 0, 0, 0, 0),
(568, 3, 126, 0, 0, 0, 0),
(569, 3, 127, 0, 0, 0, 0),
(570, 3, 128, 0, 0, 0, 0),
(571, 2, 129, 0, 0, 0, 0),
(572, 2, 128, 0, 0, 0, 0),
(573, 2, 131, 0, 0, 0, 0),
(574, 2, 132, 0, 0, 0, 0),
(575, 2, 130, 0, 0, 0, 1),
(576, 4, 118, 0, 0, 0, 0),
(577, 4, 119, 0, 0, 0, 0),
(578, 4, 120, 0, 0, 0, 0),
(579, 4, 121, 0, 0, 0, 0),
(580, 4, 122, 0, 0, 0, 0),
(581, 4, 123, 0, 0, 0, 0),
(582, 4, 124, 0, 0, 0, 0),
(583, 4, 125, 0, 0, 0, 0),
(584, 4, 126, 0, 0, 0, 0),
(585, 4, 131, 0, 0, 0, 0),
(586, 4, 132, 0, 0, 0, 0),
(587, 4, 127, 0, 0, 0, 0),
(588, 4, 113, 0, 0, 0, 0),
(589, 4, 114, 0, 0, 0, 0),
(590, 4, 115, 0, 0, 0, 0),
(591, 4, 116, 0, 0, 0, 0),
(592, 4, 117, 0, 0, 0, 0),
(593, 4, 110, 0, 0, 0, 0),
(594, 4, 111, 0, 0, 0, 0),
(595, 4, 112, 0, 0, 0, 0),
(596, 4, 18, 0, 0, 0, 0),
(597, 4, 107, 0, 0, 0, 0),
(598, 4, 109, 0, 0, 0, 0),
(599, 4, 129, 0, 0, 0, 0),
(600, 4, 130, 0, 0, 0, 1),
(601, 4, 105, 0, 0, 0, 0),
(602, 4, 106, 0, 0, 0, 0),
(603, 4, 108, 0, 0, 0, 0),
(604, 4, 128, 0, 0, 0, 0),
(605, 2, 154, 1, 1, 1, 1),
(606, 2, 155, 0, 0, 1, 0),
(607, 2, 133, 0, 0, 1, 0),
(608, 3, 133, 0, 0, 0, 0),
(609, 2, 134, 0, 0, 0, 0),
(610, 2, 136, 1, 1, 1, 1),
(611, 2, 137, 1, 1, 1, 1),
(612, 2, 138, 1, 0, 0, 0),
(613, 2, 139, 1, 1, 1, 1),
(614, 2, 140, 0, 0, 1, 0),
(615, 2, 135, 0, 1, 1, 0),
(616, 3, 131, 0, 0, 0, 0),
(617, 3, 132, 0, 0, 0, 0),
(618, 3, 129, 0, 0, 0, 0),
(619, 3, 130, 0, 0, 0, 0),
(620, 3, 136, 0, 0, 0, 0),
(621, 3, 137, 0, 0, 0, 0),
(622, 3, 138, 0, 0, 0, 0),
(623, 3, 139, 0, 0, 0, 0),
(624, 3, 140, 0, 0, 0, 0),
(625, 3, 134, 0, 0, 0, 0),
(626, 3, 135, 0, 0, 0, 0),
(627, 2, 141, 1, 0, 1, 0),
(628, 2, 142, 0, 1, 1, 0),
(629, 2, 143, 0, 1, 1, 0),
(630, 2, 144, 0, 1, 1, 0),
(631, 2, 145, 0, 1, 1, 0),
(632, 2, 146, 0, 1, 1, 0),
(633, 2, 147, 0, 0, 1, 0),
(634, 2, 148, 0, 1, 1, 0),
(635, 2, 149, 0, 0, 1, 0),
(636, 2, 150, 0, 0, 1, 0),
(637, 2, 151, 0, 0, 1, 0),
(638, 2, 152, 0, 0, 1, 0),
(639, 2, 153, 0, 0, 1, 0),
(640, 8, 91, 0, 0, 0, 0),
(641, 8, 92, 0, 0, 0, 0),
(642, 8, 93, 0, 0, 1, 0),
(643, 8, 94, 0, 0, 1, 0),
(644, 8, 95, 0, 0, 1, 0),
(645, 8, 96, 0, 0, 1, 0),
(646, 8, 97, 0, 0, 0, 0),
(647, 8, 98, 0, 0, 0, 0),
(648, 8, 99, 0, 0, 0, 0),
(649, 8, 100, 0, 0, 0, 0),
(650, 8, 101, 0, 0, 0, 0),
(651, 8, 102, 0, 0, 0, 0),
(652, 8, 151, 0, 0, 1, 0),
(653, 8, 152, 0, 0, 1, 0),
(654, 8, 118, 0, 0, 0, 0),
(655, 8, 119, 0, 0, 0, 0),
(656, 8, 120, 0, 0, 0, 0),
(657, 8, 121, 0, 0, 0, 0),
(658, 8, 122, 0, 0, 0, 0),
(659, 8, 123, 0, 0, 0, 0),
(660, 8, 124, 0, 0, 0, 0),
(661, 8, 125, 0, 0, 0, 0),
(662, 8, 126, 0, 0, 0, 0),
(663, 8, 131, 0, 0, 0, 0),
(664, 8, 132, 0, 0, 0, 0),
(665, 8, 1, 0, 0, 1, 0),
(666, 8, 2, 0, 0, 0, 0),
(667, 8, 3, 0, 0, 0, 0),
(668, 8, 4, 0, 0, 0, 0),
(669, 8, 5, 0, 0, 0, 0),
(670, 8, 30, 0, 0, 0, 0),
(671, 8, 127, 0, 0, 0, 0),
(672, 8, 7, 0, 0, 1, 0),
(673, 8, 8, 0, 0, 0, 0),
(674, 8, 6, 0, 0, 1, 0),
(675, 8, 9, 0, 0, 0, 0),
(676, 8, 10, 0, 0, 0, 0),
(677, 8, 11, 0, 0, 0, 0),
(678, 8, 113, 0, 0, 0, 0),
(679, 8, 114, 0, 0, 0, 0),
(680, 8, 115, 0, 0, 0, 0),
(681, 8, 116, 0, 0, 0, 0),
(682, 8, 117, 0, 0, 0, 0),
(683, 8, 110, 0, 0, 0, 0),
(684, 8, 111, 0, 0, 0, 0),
(685, 8, 112, 0, 0, 0, 0),
(686, 8, 12, 0, 0, 0, 0),
(687, 8, 13, 0, 0, 0, 0),
(688, 8, 14, 0, 0, 1, 0),
(689, 8, 15, 0, 0, 0, 0),
(690, 8, 16, 0, 0, 0, 0),
(691, 8, 17, 0, 0, 0, 0),
(692, 8, 18, 1, 0, 1, 1),
(693, 8, 19, 0, 0, 0, 0),
(694, 8, 20, 1, 1, 1, 1),
(695, 8, 21, 0, 0, 0, 0),
(696, 8, 22, 0, 0, 0, 0),
(697, 8, 107, 0, 0, 0, 0),
(698, 8, 23, 0, 0, 0, 0),
(699, 8, 24, 0, 0, 0, 0),
(700, 8, 25, 0, 0, 0, 0),
(701, 8, 26, 0, 0, 0, 0),
(702, 8, 27, 0, 0, 0, 0),
(703, 8, 28, 0, 0, 0, 0),
(704, 8, 29, 0, 0, 0, 0),
(705, 8, 133, 0, 0, 0, 0),
(706, 8, 109, 0, 0, 0, 0),
(707, 8, 129, 0, 0, 0, 0),
(708, 8, 31, 0, 0, 0, 0),
(709, 8, 33, 0, 0, 0, 0),
(710, 8, 32, 0, 0, 0, 0),
(711, 8, 88, 0, 0, 0, 0),
(712, 8, 89, 0, 0, 0, 0),
(713, 8, 34, 0, 0, 0, 0),
(714, 8, 35, 0, 0, 0, 0),
(715, 8, 36, 0, 0, 0, 0),
(716, 8, 37, 0, 0, 0, 0),
(717, 8, 38, 0, 0, 0, 0),
(718, 8, 39, 0, 0, 0, 0),
(719, 8, 77, 0, 0, 0, 0),
(720, 8, 78, 0, 0, 0, 0),
(721, 8, 79, 0, 0, 0, 0),
(722, 8, 153, 0, 0, 0, 0),
(723, 8, 40, 0, 0, 0, 0),
(724, 8, 41, 0, 0, 0, 0),
(725, 8, 42, 0, 0, 0, 0),
(726, 8, 43, 0, 0, 0, 0),
(727, 8, 44, 0, 0, 0, 0),
(728, 8, 45, 0, 0, 0, 0),
(729, 8, 46, 0, 0, 0, 0),
(730, 8, 47, 0, 0, 0, 0),
(731, 8, 48, 0, 0, 0, 0),
(732, 8, 49, 0, 0, 0, 0),
(733, 8, 50, 0, 0, 0, 0),
(734, 8, 51, 0, 0, 0, 0),
(735, 8, 52, 0, 0, 0, 0),
(736, 8, 53, 0, 0, 0, 0),
(737, 8, 54, 0, 0, 0, 0),
(738, 8, 55, 0, 0, 0, 0),
(739, 8, 56, 0, 0, 0, 0),
(740, 8, 57, 0, 0, 0, 0),
(741, 8, 58, 0, 0, 0, 0),
(742, 8, 59, 0, 0, 0, 0),
(743, 8, 60, 0, 0, 0, 0),
(744, 8, 61, 0, 0, 0, 0),
(745, 8, 62, 0, 0, 0, 0),
(746, 8, 80, 0, 0, 0, 0),
(747, 8, 149, 0, 0, 0, 0),
(748, 8, 150, 0, 0, 0, 0),
(749, 8, 69, 0, 0, 0, 0),
(750, 8, 70, 0, 0, 0, 0),
(751, 8, 71, 0, 0, 0, 0),
(752, 8, 72, 0, 0, 0, 0),
(753, 8, 73, 0, 0, 0, 0),
(754, 8, 74, 0, 0, 0, 0),
(755, 8, 75, 0, 0, 0, 0),
(756, 8, 76, 0, 0, 0, 0),
(757, 8, 104, 0, 0, 0, 0),
(758, 8, 130, 0, 0, 0, 0),
(759, 8, 63, 0, 0, 0, 0),
(760, 8, 64, 0, 0, 0, 0),
(761, 8, 65, 0, 0, 0, 0),
(762, 8, 66, 0, 0, 0, 0),
(763, 8, 67, 0, 0, 0, 0),
(764, 8, 68, 0, 0, 0, 0),
(765, 8, 136, 0, 0, 0, 0),
(766, 8, 137, 0, 0, 0, 0),
(767, 8, 138, 0, 0, 0, 0),
(768, 8, 139, 0, 0, 0, 0),
(769, 8, 140, 0, 0, 0, 0),
(770, 8, 141, 0, 0, 0, 0),
(771, 8, 142, 1, 1, 1, 1),
(772, 8, 143, 1, 1, 1, 1),
(773, 8, 144, 1, 1, 1, 1),
(774, 8, 145, 1, 1, 1, 1),
(775, 8, 146, 1, 1, 1, 1),
(776, 8, 147, 1, 0, 1, 1),
(777, 8, 148, 1, 1, 1, 1),
(778, 8, 81, 0, 0, 0, 0),
(779, 8, 82, 0, 0, 0, 0),
(780, 8, 83, 0, 0, 0, 0),
(781, 8, 84, 0, 0, 0, 0),
(782, 8, 85, 0, 0, 0, 0),
(783, 8, 86, 0, 0, 0, 0),
(784, 8, 87, 0, 0, 0, 0),
(785, 8, 90, 0, 0, 0, 0),
(786, 8, 103, 0, 0, 0, 0),
(787, 8, 105, 0, 0, 0, 0),
(788, 8, 106, 0, 0, 0, 0),
(789, 8, 108, 0, 0, 0, 0),
(790, 8, 128, 0, 0, 0, 0),
(791, 8, 134, 0, 0, 0, 0),
(792, 8, 135, 0, 0, 0, 0),
(793, 2, 157, 1, 1, 1, 1),
(794, 2, 158, 1, 1, 1, 1),
(795, 2, 159, 1, 1, 1, 1),
(796, 2, 160, 1, 1, 1, 1),
(797, 2, 161, 1, 1, 1, 1),
(798, 2, 162, 1, 0, 1, 0),
(799, 2, 163, 1, 1, 1, 1),
(800, 2, 164, 1, 0, 1, 1),
(801, 2, 165, 0, 0, 1, 0),
(802, 2, 166, 1, 0, 1, 1),
(803, 2, 167, 0, 0, 1, 0),
(804, 2, 168, 0, 0, 1, 0),
(805, 2, 173, 0, 0, 0, 0),
(806, 2, 174, 1, 1, 1, 1),
(807, 2, 155, 0, 0, 1, 0),
(808, 2, 156, 1, 1, 1, 1),
(809, 2, 169, 0, 0, 1, 1),
(810, 2, 170, 0, 1, 1, 1),
(811, 2, 171, 0, 1, 1, 1),
(812, 2, 172, 1, 0, 1, 0),
(813, 2, 175, 0, 1, 1, 1),
(814, 2, 501, 1, 0, 0, 0),
(815, 2, 502, 1, 0, 0, 0),
(816, 2, 503, 0, 0, 1, 0),
(817, 2, 504, 0, 0, 1, 0),
(818, 2, 505, 1, 0, 1, 0),
(819, 2, 401, 1, 0, 0, 0),
(820, 9, 91, 0, 0, 0, 0),
(821, 9, 92, 0, 0, 0, 0),
(822, 9, 93, 0, 0, 0, 0),
(823, 9, 94, 0, 0, 0, 0),
(824, 9, 95, 0, 0, 0, 0),
(825, 9, 96, 0, 0, 0, 0),
(826, 9, 97, 0, 0, 0, 0),
(827, 9, 98, 0, 0, 1, 0),
(828, 9, 99, 0, 0, 0, 0),
(829, 9, 100, 0, 0, 1, 0),
(830, 9, 101, 0, 0, 0, 0),
(831, 9, 102, 0, 0, 0, 0),
(832, 9, 151, 0, 0, 1, 0),
(833, 9, 152, 0, 0, 1, 0),
(834, 9, 118, 0, 0, 0, 0),
(835, 9, 119, 0, 0, 0, 0),
(836, 9, 120, 0, 0, 0, 0),
(837, 9, 121, 0, 0, 0, 0),
(838, 9, 122, 0, 0, 0, 0),
(839, 9, 123, 0, 0, 0, 0),
(840, 9, 124, 0, 0, 0, 0),
(841, 9, 125, 0, 0, 0, 0),
(842, 9, 126, 0, 0, 0, 0),
(843, 9, 131, 0, 0, 0, 0),
(844, 9, 132, 0, 0, 0, 0),
(845, 9, 173, 0, 0, 0, 0),
(846, 9, 142, 1, 0, 1, 0),
(847, 9, 143, 1, 0, 1, 0),
(848, 9, 144, 1, 0, 1, 0),
(849, 9, 145, 1, 0, 1, 0),
(850, 9, 146, 1, 0, 1, 0),
(851, 9, 147, 1, 0, 1, 0),
(852, 9, 148, 1, 0, 1, 0),
(853, 9, 157, 1, 0, 1, 0),
(854, 9, 158, 1, 0, 1, 0),
(855, 9, 159, 1, 0, 1, 0),
(856, 9, 160, 1, 0, 1, 0),
(857, 9, 161, 1, 0, 1, 0),
(858, 9, 162, 1, 0, 1, 0),
(859, 9, 163, 1, 0, 1, 0),
(860, 9, 164, 1, 0, 1, 0),
(861, 9, 165, 0, 0, 1, 0),
(862, 9, 166, 1, 0, 1, 0),
(863, 9, 167, 0, 0, 1, 0),
(864, 9, 1, 1, 0, 1, 0),
(865, 9, 2, 1, 0, 0, 0),
(866, 9, 3, 1, 0, 1, 0),
(867, 9, 4, 0, 0, 1, 0),
(868, 9, 5, 1, 0, 1, 0),
(869, 9, 30, 1, 0, 1, 0),
(870, 9, 127, 1, 0, 1, 0),
(871, 9, 154, 1, 0, 1, 0),
(872, 9, 7, 1, 0, 1, 0),
(873, 9, 8, 1, 0, 1, 0),
(874, 9, 6, 1, 0, 1, 0),
(875, 9, 9, 1, 0, 1, 0),
(876, 9, 10, 1, 0, 1, 0),
(877, 9, 11, 1, 0, 1, 0),
(878, 9, 113, 1, 1, 1, 0),
(879, 9, 114, 0, 0, 1, 0),
(880, 9, 115, 0, 0, 1, 0),
(881, 9, 116, 1, 0, 1, 0),
(882, 9, 117, 0, 0, 1, 0),
(883, 9, 110, 0, 0, 0, 0),
(884, 9, 111, 0, 0, 0, 0),
(885, 9, 112, 0, 0, 0, 0),
(886, 9, 12, 1, 0, 1, 0),
(887, 9, 13, 1, 0, 1, 0),
(888, 9, 14, 1, 0, 1, 0),
(889, 9, 15, 0, 0, 1, 0),
(890, 9, 16, 1, 0, 1, 0),
(891, 9, 17, 1, 0, 1, 0),
(892, 9, 18, 1, 0, 1, 0),
(893, 9, 19, 1, 0, 1, 0),
(894, 9, 20, 1, 0, 1, 0),
(895, 9, 21, 1, 0, 1, 0),
(896, 9, 22, 1, 0, 1, 0),
(897, 9, 107, 0, 0, 1, 0),
(898, 9, 23, 1, 1, 1, 1),
(899, 9, 24, 1, 1, 1, 1),
(900, 9, 25, 1, 1, 1, 1),
(901, 9, 26, 1, 1, 1, 1),
(902, 9, 27, 1, 1, 1, 1),
(903, 9, 28, 1, 0, 1, 1),
(904, 9, 29, 1, 1, 1, 1),
(905, 9, 133, 0, 0, 1, 0),
(906, 9, 109, 0, 0, 0, 0),
(907, 9, 129, 0, 0, 0, 0),
(908, 9, 31, 1, 0, 1, 0),
(909, 9, 33, 1, 0, 1, 0),
(910, 9, 32, 1, 1, 1, 0),
(911, 9, 88, 1, 0, 1, 0),
(912, 9, 89, 0, 0, 1, 0),
(913, 9, 34, 1, 1, 1, 0),
(914, 9, 35, 1, 1, 1, 0),
(915, 9, 36, 1, 1, 1, 0),
(916, 9, 37, 1, 0, 1, 0),
(917, 9, 38, 1, 1, 1, 0),
(918, 9, 39, 1, 1, 1, 0),
(919, 9, 77, 1, 1, 1, 0),
(920, 9, 78, 0, 0, 1, 0),
(921, 9, 79, 0, 0, 1, 0),
(922, 9, 153, 0, 0, 1, 0),
(923, 9, 168, 0, 0, 1, 0),
(924, 9, 174, 0, 0, 1, 0),
(925, 9, 136, 1, 1, 1, 0),
(926, 9, 137, 1, 1, 1, 0),
(927, 9, 138, 1, 0, 0, 0),
(928, 9, 139, 1, 1, 1, 0),
(929, 9, 140, 0, 0, 1, 0),
(930, 9, 141, 1, 0, 1, 0),
(931, 9, 40, 0, 0, 0, 0),
(932, 9, 41, 0, 0, 0, 0),
(933, 9, 42, 0, 0, 0, 0),
(934, 9, 43, 0, 0, 0, 0),
(935, 9, 44, 1, 1, 1, 0),
(936, 9, 45, 1, 1, 1, 0),
(937, 9, 46, 1, 1, 1, 0),
(938, 9, 47, 1, 1, 1, 0),
(939, 9, 48, 0, 0, 1, 0),
(940, 9, 175, 0, 0, 0, 0),
(941, 9, 49, 1, 0, 0, 0),
(942, 9, 50, 1, 0, 0, 0),
(943, 9, 51, 1, 0, 0, 0),
(944, 9, 52, 0, 0, 1, 0),
(945, 9, 53, 0, 0, 1, 0),
(946, 9, 54, 0, 0, 1, 0),
(947, 9, 55, 0, 0, 0, 0),
(948, 9, 56, 0, 0, 0, 0),
(949, 9, 57, 0, 0, 0, 0),
(950, 9, 58, 0, 0, 0, 0),
(951, 9, 59, 1, 1, 1, 1),
(952, 9, 60, 1, 1, 1, 1),
(953, 9, 61, 1, 0, 1, 1),
(954, 9, 62, 1, 1, 1, 1),
(955, 9, 80, 0, 0, 1, 0),
(956, 9, 149, 0, 0, 1, 0),
(957, 9, 150, 0, 0, 1, 0),
(958, 9, 69, 1, 0, 1, 0),
(959, 9, 70, 1, 0, 1, 0),
(960, 9, 71, 1, 0, 1, 0),
(961, 9, 72, 1, 0, 1, 0),
(962, 9, 73, 1, 0, 0, 0),
(963, 9, 74, 1, 0, 1, 0),
(964, 9, 75, 0, 0, 1, 0),
(965, 9, 76, 0, 0, 1, 0),
(966, 9, 104, 0, 0, 1, 0),
(967, 9, 130, 0, 0, 0, 0),
(968, 9, 155, 0, 0, 1, 0),
(969, 9, 156, 1, 0, 1, 0),
(970, 9, 63, 1, 0, 1, 0),
(971, 9, 64, 1, 0, 1, 0),
(972, 9, 65, 1, 0, 1, 0),
(973, 9, 66, 0, 0, 0, 0),
(974, 9, 67, 0, 0, 0, 0),
(975, 9, 68, 0, 0, 0, 0),
(976, 9, 401, 0, 0, 0, 0),
(977, 9, 501, 1, 0, 0, 0),
(978, 9, 502, 1, 0, 0, 0),
(979, 9, 503, 0, 0, 1, 0),
(980, 9, 504, 0, 0, 1, 0),
(981, 9, 505, 1, 0, 1, 0),
(982, 9, 81, 0, 0, 0, 0),
(983, 9, 82, 0, 0, 0, 0),
(984, 9, 83, 0, 0, 0, 0),
(985, 9, 84, 0, 0, 0, 0),
(986, 9, 85, 0, 0, 0, 0),
(987, 9, 86, 0, 0, 0, 0),
(988, 9, 87, 0, 0, 0, 0),
(989, 9, 90, 0, 1, 1, 0),
(990, 9, 103, 0, 0, 0, 0),
(991, 9, 105, 0, 0, 0, 0),
(992, 9, 106, 0, 0, 0, 0),
(993, 9, 108, 0, 0, 0, 0),
(994, 9, 128, 0, 0, 0, 0),
(995, 9, 134, 1, 1, 1, 1),
(996, 9, 135, 0, 1, 1, 0),
(997, 9, 169, 0, 0, 1, 1),
(998, 9, 170, 1, 1, 1, 1),
(999, 9, 171, 1, 1, 1, 1),
(1000, 9, 172, 1, 0, 1, 0),
(1001, 3, 151, 0, 0, 0, 0),
(1002, 3, 152, 0, 0, 0, 0),
(1003, 3, 173, 0, 0, 0, 0),
(1004, 3, 142, 0, 0, 0, 0),
(1005, 3, 143, 0, 0, 0, 0),
(1006, 3, 144, 0, 0, 0, 0),
(1007, 3, 145, 0, 0, 0, 0),
(1008, 3, 146, 0, 0, 0, 0),
(1009, 3, 147, 0, 0, 0, 0),
(1010, 3, 148, 0, 0, 0, 0),
(1011, 3, 157, 0, 0, 0, 0),
(1012, 3, 158, 0, 0, 0, 0),
(1013, 3, 159, 0, 0, 0, 0),
(1014, 3, 160, 0, 0, 0, 0),
(1015, 3, 161, 0, 0, 0, 0),
(1016, 3, 162, 0, 0, 0, 0),
(1017, 3, 163, 0, 0, 0, 0),
(1018, 3, 164, 0, 0, 0, 0),
(1019, 3, 165, 0, 0, 0, 0),
(1020, 3, 166, 0, 0, 0, 0),
(1021, 3, 167, 0, 0, 0, 0),
(1022, 3, 154, 0, 0, 0, 0),
(1023, 3, 153, 0, 0, 0, 0),
(1024, 3, 168, 0, 0, 1, 0),
(1025, 3, 174, 0, 0, 0, 0),
(1026, 3, 141, 0, 0, 0, 0),
(1027, 3, 175, 0, 0, 0, 0),
(1028, 3, 149, 0, 0, 0, 0),
(1029, 3, 150, 0, 0, 0, 0),
(1030, 3, 155, 0, 0, 0, 0),
(1031, 3, 156, 0, 0, 0, 0),
(1032, 3, 401, 0, 0, 0, 0),
(1033, 3, 501, 1, 0, 0, 0),
(1034, 3, 502, 1, 0, 0, 0),
(1035, 3, 503, 0, 0, 0, 0),
(1036, 3, 504, 0, 0, 0, 0),
(1037, 3, 505, 0, 0, 0, 0),
(1038, 3, 169, 0, 0, 0, 0),
(1039, 3, 170, 0, 0, 0, 0),
(1040, 3, 171, 0, 0, 0, 0),
(1041, 3, 172, 0, 0, 0, 0),
(1042, 10, 91, 0, 0, 0, 0),
(1043, 10, 92, 0, 0, 0, 0),
(1044, 10, 93, 0, 0, 0, 0),
(1045, 10, 94, 0, 0, 0, 0),
(1046, 10, 95, 0, 0, 0, 0),
(1047, 10, 96, 0, 0, 0, 0),
(1048, 10, 97, 0, 0, 0, 0),
(1049, 10, 98, 0, 0, 0, 0),
(1050, 10, 99, 0, 0, 0, 0),
(1051, 10, 100, 0, 0, 0, 0),
(1052, 10, 101, 0, 0, 0, 0),
(1053, 10, 102, 0, 0, 0, 0),
(1054, 10, 151, 0, 0, 0, 0),
(1055, 10, 152, 0, 0, 0, 0),
(1056, 10, 118, 0, 0, 0, 0),
(1057, 10, 119, 0, 0, 0, 0),
(1058, 10, 120, 0, 0, 0, 0),
(1059, 10, 121, 0, 0, 0, 0),
(1060, 10, 122, 0, 0, 0, 0),
(1061, 10, 123, 0, 0, 0, 0),
(1062, 10, 124, 0, 0, 0, 0),
(1063, 10, 125, 0, 0, 0, 0),
(1064, 10, 126, 0, 0, 0, 0),
(1065, 10, 131, 0, 0, 0, 0),
(1066, 10, 132, 0, 0, 0, 0),
(1067, 10, 173, 0, 0, 0, 0),
(1068, 10, 142, 0, 0, 0, 0),
(1069, 10, 143, 0, 0, 0, 0),
(1070, 10, 144, 0, 0, 0, 0),
(1071, 10, 145, 0, 0, 0, 0),
(1072, 10, 146, 0, 0, 0, 0),
(1073, 10, 147, 0, 0, 0, 0),
(1074, 10, 148, 0, 0, 0, 0),
(1075, 10, 157, 0, 0, 0, 0),
(1076, 10, 158, 0, 0, 0, 0),
(1077, 10, 159, 0, 0, 0, 0),
(1078, 10, 160, 0, 0, 0, 0),
(1079, 10, 161, 0, 0, 0, 0),
(1080, 10, 162, 0, 0, 0, 0),
(1081, 10, 163, 0, 0, 0, 0),
(1082, 10, 164, 0, 0, 0, 0),
(1083, 10, 165, 0, 0, 0, 0),
(1084, 10, 166, 0, 0, 0, 0),
(1085, 10, 167, 0, 0, 0, 0),
(1086, 10, 1, 0, 0, 0, 0),
(1087, 10, 2, 0, 0, 0, 0),
(1088, 10, 3, 0, 0, 0, 0),
(1089, 10, 4, 0, 0, 0, 0),
(1090, 10, 5, 0, 0, 0, 0),
(1091, 10, 30, 0, 0, 0, 0),
(1092, 10, 127, 0, 0, 0, 0),
(1093, 10, 154, 0, 0, 0, 0),
(1094, 10, 7, 0, 0, 0, 0),
(1095, 10, 8, 0, 0, 0, 0),
(1096, 10, 6, 0, 0, 0, 0),
(1097, 10, 9, 0, 0, 0, 0),
(1098, 10, 10, 0, 0, 0, 0),
(1099, 10, 11, 0, 0, 0, 0),
(1100, 10, 113, 0, 0, 0, 0),
(1101, 10, 114, 0, 0, 0, 0),
(1102, 10, 115, 0, 0, 0, 0),
(1103, 10, 116, 0, 0, 0, 0),
(1104, 10, 117, 0, 0, 0, 0),
(1105, 10, 110, 0, 0, 0, 0),
(1106, 10, 111, 0, 0, 0, 0),
(1107, 10, 112, 0, 0, 0, 0),
(1108, 10, 12, 0, 0, 0, 0),
(1109, 10, 13, 0, 0, 0, 0),
(1110, 10, 14, 0, 0, 0, 0),
(1111, 10, 15, 0, 0, 0, 0),
(1112, 10, 16, 0, 0, 0, 0),
(1113, 10, 17, 0, 0, 0, 0),
(1114, 10, 18, 0, 0, 0, 0),
(1115, 10, 19, 0, 0, 0, 0),
(1116, 10, 20, 0, 0, 0, 0),
(1117, 10, 21, 0, 0, 0, 0),
(1118, 10, 22, 0, 0, 0, 0),
(1119, 10, 107, 0, 0, 0, 0),
(1120, 10, 23, 0, 0, 0, 0),
(1121, 10, 24, 0, 0, 0, 0),
(1122, 10, 25, 0, 0, 0, 0),
(1123, 10, 26, 0, 0, 0, 0),
(1124, 10, 27, 0, 0, 0, 0),
(1125, 10, 28, 0, 0, 0, 0),
(1126, 10, 29, 0, 0, 0, 0),
(1127, 10, 133, 0, 0, 0, 0),
(1128, 10, 109, 0, 0, 0, 0),
(1129, 10, 129, 0, 0, 0, 0),
(1130, 10, 31, 0, 0, 0, 0),
(1131, 10, 33, 0, 0, 0, 0),
(1132, 10, 32, 0, 0, 0, 0),
(1133, 10, 88, 0, 0, 0, 0),
(1134, 10, 89, 0, 0, 0, 0),
(1135, 10, 34, 0, 0, 0, 0),
(1136, 10, 35, 0, 0, 0, 0),
(1137, 10, 36, 0, 0, 0, 0),
(1138, 10, 37, 0, 0, 0, 0),
(1139, 10, 38, 0, 0, 0, 0),
(1140, 10, 39, 0, 0, 0, 0),
(1141, 10, 77, 0, 0, 0, 0),
(1142, 10, 78, 0, 0, 0, 0),
(1143, 10, 79, 0, 0, 0, 0),
(1144, 10, 153, 0, 0, 0, 0),
(1145, 10, 168, 0, 0, 0, 0),
(1146, 10, 174, 0, 0, 0, 0),
(1147, 10, 136, 0, 0, 0, 0),
(1148, 10, 137, 0, 0, 0, 0),
(1149, 10, 138, 0, 0, 0, 0),
(1150, 10, 139, 0, 0, 0, 0),
(1151, 10, 140, 0, 0, 0, 0),
(1152, 10, 141, 0, 0, 0, 0),
(1153, 10, 40, 0, 0, 0, 0),
(1154, 10, 41, 0, 0, 0, 0),
(1155, 10, 42, 0, 0, 0, 0),
(1156, 10, 43, 0, 0, 0, 0),
(1157, 10, 44, 0, 0, 0, 0),
(1158, 10, 45, 0, 0, 0, 0),
(1159, 10, 46, 0, 0, 0, 0),
(1160, 10, 47, 0, 0, 0, 0),
(1161, 10, 48, 0, 0, 0, 0),
(1162, 10, 175, 0, 0, 0, 0),
(1163, 10, 49, 1, 0, 0, 0),
(1164, 10, 50, 0, 0, 0, 0),
(1165, 10, 51, 0, 0, 0, 0),
(1166, 10, 52, 0, 0, 0, 0),
(1167, 10, 53, 0, 0, 0, 0),
(1168, 10, 54, 0, 0, 0, 0),
(1169, 10, 55, 0, 0, 0, 0),
(1170, 10, 56, 0, 0, 0, 0),
(1171, 10, 57, 0, 0, 0, 0),
(1172, 10, 58, 0, 0, 0, 0),
(1173, 10, 59, 0, 0, 0, 0),
(1174, 10, 60, 0, 0, 0, 0),
(1175, 10, 61, 0, 0, 0, 0),
(1176, 10, 62, 0, 0, 0, 0),
(1177, 10, 80, 0, 0, 0, 0),
(1178, 10, 149, 0, 0, 0, 0),
(1179, 10, 150, 0, 0, 0, 0),
(1180, 10, 69, 0, 0, 0, 0),
(1181, 10, 70, 0, 0, 0, 0),
(1182, 10, 71, 0, 0, 0, 0),
(1183, 10, 72, 0, 0, 0, 0),
(1184, 10, 73, 0, 0, 0, 0),
(1185, 10, 74, 0, 0, 0, 0),
(1186, 10, 75, 0, 0, 0, 0),
(1187, 10, 76, 0, 0, 0, 0),
(1188, 10, 104, 0, 0, 0, 0),
(1189, 10, 130, 0, 0, 0, 0),
(1190, 10, 155, 0, 0, 0, 0),
(1191, 10, 156, 0, 0, 0, 0),
(1192, 10, 63, 0, 0, 0, 0),
(1193, 10, 64, 0, 0, 0, 0),
(1194, 10, 65, 0, 0, 0, 0),
(1195, 10, 66, 0, 0, 0, 0),
(1196, 10, 67, 0, 0, 0, 0),
(1197, 10, 68, 0, 0, 0, 0),
(1198, 10, 401, 0, 0, 0, 0),
(1199, 10, 501, 1, 0, 0, 0),
(1200, 10, 502, 1, 0, 0, 0),
(1201, 10, 503, 0, 0, 0, 0),
(1202, 10, 504, 0, 0, 0, 0),
(1203, 10, 505, 0, 0, 0, 0),
(1204, 10, 81, 0, 0, 0, 0),
(1205, 10, 82, 0, 0, 0, 0),
(1206, 10, 83, 0, 0, 0, 0),
(1207, 10, 84, 0, 0, 0, 0),
(1208, 10, 85, 0, 0, 0, 0),
(1209, 10, 86, 0, 0, 0, 0),
(1210, 10, 87, 0, 0, 0, 0),
(1211, 10, 90, 0, 0, 0, 0),
(1212, 10, 103, 0, 0, 0, 0),
(1213, 10, 105, 0, 0, 0, 0),
(1214, 10, 106, 0, 0, 0, 0),
(1215, 10, 108, 0, 0, 0, 0),
(1216, 10, 128, 0, 0, 0, 0),
(1217, 10, 134, 0, 0, 0, 0),
(1218, 10, 135, 0, 0, 0, 0),
(1219, 10, 169, 0, 0, 0, 0),
(1220, 10, 170, 0, 0, 0, 0),
(1221, 10, 171, 0, 0, 0, 0),
(1222, 10, 172, 0, 0, 0, 0),
(1223, 1, 506, 1, 1, 1, 1),
(1224, 1, 507, 1, 1, 1, 1),
(1225, 1, 508, 1, 1, 1, 1),
(1226, 1, 509, 1, 1, 1, 1),
(1227, 1, 506, 1, 1, 1, 1),
(1228, 1, 507, 1, 1, 1, 1),
(1229, 1, 508, 1, 1, 1, 1),
(1230, 1, 509, 1, 1, 1, 1),
(1231, 2, 506, 1, 1, 1, 1),
(1232, 2, 507, 1, 1, 1, 1),
(1233, 2, 508, 1, 1, 1, 1),
(1234, 2, 509, 1, 1, 1, 1),
(1235, 3, 506, 0, 0, 1, 0),
(1236, 3, 507, 0, 0, 1, 0),
(1237, 3, 508, 0, 0, 1, 0),
(1238, 3, 509, 1, 1, 1, 1),
(1239, 9, 506, 1, 1, 1, 0),
(1240, 9, 507, 1, 1, 1, 0),
(1241, 9, 508, 1, 1, 1, 0),
(1242, 9, 509, 1, 1, 1, 0);

-- --------------------------------------------------------

--
-- Table structure for table `student`
--

CREATE TABLE IF NOT EXISTS `student` (
  `id` int NOT NULL AUTO_INCREMENT,
  `register_no` varchar(100) DEFAULT NULL,
  `admission_date` varchar(100) DEFAULT NULL,
  `first_name` varchar(255) DEFAULT NULL,
  `last_name` varchar(255) DEFAULT NULL,
  `gender` varchar(20) DEFAULT NULL,
  `birthday` varchar(100) DEFAULT NULL,
  `religion` varchar(100) DEFAULT NULL,
  `caste` varchar(100) DEFAULT NULL,
  `blood_group` varchar(100) DEFAULT NULL,
  `mother_tongue` varchar(100) DEFAULT NULL,
  `current_address` text,
  `permanent_address` text,
  `city` varchar(255) DEFAULT NULL,
  `state` varchar(255) DEFAULT NULL,
  `mobileno` varchar(100) DEFAULT NULL,
  `category_id` int NOT NULL DEFAULT '0',
  `email` varchar(100) DEFAULT NULL,
  `parent_id` int DEFAULT NULL,
  `route_id` int NOT NULL DEFAULT '0',
  `stoppage_point_id` int DEFAULT NULL,
  `vehicle_id` int DEFAULT NULL,
  `hostel_id` int NOT NULL DEFAULT '0',
  `room_id` int NOT NULL DEFAULT '0',
  `previous_details` text,
  `photo` varchar(100) DEFAULT NULL,
  `active` tinyint(1) NOT NULL DEFAULT '1',
  `created_at` timestamp NOT NULL DEFAULT CURRENT_TIMESTAMP,
  `updated_at` datetime DEFAULT NULL,
  PRIMARY KEY (`id`)
) ENGINE=InnoDB AUTO_INCREMENT=667 DEFAULT CHARSET=utf8mb3;

--
-- Dumping data for table `student`
--

INSERT INTO `student` (`id`, `register_no`, `admission_date`, `first_name`, `last_name`, `gender`, `birthday`, `religion`, `caste`, `blood_group`, `mother_tongue`, `current_address`, `permanent_address`, `city`, `state`, `mobileno`, `category_id`, `email`, `parent_id`, `route_id`, `stoppage_point_id`, `vehicle_id`, `hostel_id`, `room_id`, `previous_details`, `photo`, `active`, `created_at`, `updated_at`) VALUES
(307, 'P00596', '1969-12-31', 'Dorcas  Adejoke', 'ADELAKUN', '', '1969-12-31', '', '', '', '', '', '', '', '', '', 0, '', 307, 0, NULL, NULL, 0, 0, NULL, 'defualt.png', 1, '2025-10-30 18:33:43', NULL),
(308, 'P00654', '1969-12-31', 'Zion', 'Akinloye', '', '1969-12-31', 'NULL', '', '', 'NULL', '', '', '', 'Nigeria', '', 0, '', 308, 0, NULL, NULL, 0, 0, NULL, 'defualt.png', 1, '2025-10-31 05:07:15', NULL),
(309, 'P00350', '1969-12-31', 'Ridwanulahi Akorede', 'ABDUL HAMMED', 'Male', '1969-12-31', '', '', '', '', 'Back 99b Mokuro Road, Ile-ife', '', '', 'Osun', '', 0, '', 309, 0, NULL, NULL, 0, 0, NULL, 'defualt.png', 1, '2025-10-31 05:08:06', NULL),
(310, 'P00487', '1969-12-31', 'Ibrahim Akorede', 'ABIOLA', 'Male', '1969-12-31', '', '', '', '', 'Oranfe', '', '', 'Fct', '', 0, '', 310, 0, NULL, NULL, 0, 0, NULL, 'defualt.png', 1, '2025-10-31 05:08:06', NULL),
(311, 'P00304', '1969-12-31', 'Ifeoluwa Samson', 'ADELEKE', 'Male', '1969-12-31', '', '', '', '', 'Olubuse Quarters', '', '', 'Fct', '', 0, '', 311, 0, NULL, NULL, 0, 0, NULL, 'defualt.png', 1, '2025-10-31 05:08:06', NULL),
(313, 'P00193', '1969-12-31', 'ADEOLUWA JOSEPH', 'ADEPOJU', 'MALE', '1969-12-31', 'CHRISTIANITY', '', '', '', 'WANDE ABIMBOLA ESTATE, ZONE 6, OLUBUSE QUARTERS', '', '', 'OSUN', '', 0, '', 313, 0, NULL, NULL, 0, 0, NULL, 'defualt.png', 1, '2025-10-31 05:08:07', NULL),
(314, 'P00315', '1969-12-31', 'Adebola Joy', 'ADEPOJU', 'Female', '1969-12-31', '', '', '', '', 'House 7, Wande Abimbola Estate, Ile-ife', '', '', 'Osun', '', 0, '', 314, 0, NULL, NULL, 0, 0, NULL, 'defualt.png', 1, '2025-10-31 05:08:07', NULL),
(315, 'P00391', '1969-12-31', 'Temidayo Mercy', 'ADESINA', 'Female', '1969-12-31', '', '', '', '', 'Afeki,opa, Ile Ife', '', '', 'Osun', '', 0, '', 315, 0, NULL, NULL, 0, 0, NULL, 'defualt.png', 1, '2025-10-31 05:08:07', NULL),
(316, 'P00394', '1969-12-31', 'Chris', 'ADEWOYIN', 'Male', '1969-12-31', '', '', '', '', '3, Line 2c, Aladanla Layout, Ile Ife', '', '', 'Osun', '', 0, '', 316, 0, NULL, NULL, 0, 0, NULL, 'defualt.png', 1, '2025-10-31 05:08:07', NULL),
(317, 'P00489', '1969-12-31', 'Oreoluwa Adedolapo', 'AKANJI', 'FEMALE', '1969-12-31', '', '', '', '', 'Aladanla', '', '', 'FCT', '', 0, '', 317, 0, NULL, NULL, 0, 0, NULL, 'defualt.png', 1, '2025-10-31 05:08:07', NULL),
(318, 'P00488', '1969-12-31', 'Daniel  Ayomide', 'AKINYOSADE', 'Male', '1969-12-31', 'christainity', '', '', '', 'Osu', '', '', 'Fct', '', 0, '', 318, 0, NULL, NULL, 0, 0, NULL, 'defualt.png', 1, '2025-10-31 05:08:07', NULL),
(319, 'P00443', '1969-12-31', 'Oluwafolafunmi Temileyi', 'AKOMOLAFE', 'Female', '1969-12-31', '', '', '', '', 'Oranfe', '', '', 'Fct', '', 0, '', 319, 0, NULL, NULL, 0, 0, NULL, 'defualt.png', 1, '2025-10-31 05:08:07', NULL),
(320, 'P00425', '1969-12-31', 'Akindesola Albert', 'ALARAN', 'Female', '1969-12-31', '', '', '', '', 'Fajuyi', '', '', 'Fct', '', 0, '', 320, 0, NULL, NULL, 0, 0, NULL, 'defualt.png', 1, '2025-10-31 05:08:07', NULL),
(321, 'P00383', '1969-12-31', 'Adedunmola Adesewa', 'ANIBIJUWON', 'Female', '1969-12-31', 'christainity', '', '', '', 'Total Filing Station, Aladanla, Ile Ife', '', '', 'Osun', '', 0, '', 321, 0, NULL, NULL, 0, 0, NULL, 'defualt.png', 1, '2025-10-31 05:08:07', NULL),
(322, 'P00328', '1969-12-31', 'Nelson Adetomiwa', 'AROWOLO', 'Male', '1969-12-31', '', '', '', '', 'Beside Chirstway Church, Iloromu', '', '', 'Fct', '', 0, '', 322, 0, NULL, NULL, 0, 0, NULL, 'defualt.png', 1, '2025-10-31 05:08:07', NULL),
(323, 'P00343', '1969-12-31', 'Iremide Racheal', 'AWOYELE', 'Female', '1969-12-31', '', '', '', '', 'Oranfe', '', '', 'Fct', '', 0, '', 323, 0, NULL, NULL, 0, 0, NULL, 'defualt.png', 1, '2025-10-31 05:08:08', NULL),
(324, 'P00449', '1969-12-31', 'Alexandra Enioluwa', 'BABATUNDE', 'Female', '1969-12-31', '', '', '', '', 'Oranfe', '', '', 'Fct', '', 0, '', 324, 0, NULL, NULL, 0, 0, NULL, 'defualt.png', 1, '2025-10-31 05:08:08', NULL),
(325, 'P00307', '1969-12-31', 'Mofofayo Zion', 'BALOGUN', 'Male', '1969-12-31', '', '', '', '', 'Dept. Of Heamatology,oauthc', '', '', 'Ondo', '', 0, '', 325, 0, NULL, NULL, 0, 0, NULL, 'defualt.png', 1, '2025-10-31 05:08:08', NULL),
(327, 'P00288', '1969-12-31', 'Daniel Oluwadarasimi', 'FASOGBON', 'Male', '1969-12-31', '', '', '', '', 'Idita', '', '', 'Fct', '', 0, '', 327, 0, NULL, NULL, 0, 0, NULL, 'defualt.png', 1, '2025-10-31 05:08:08', NULL),
(328, 'P00414', '1969-12-31', 'Oyindamola Moyinoluwa', 'FASORANTI', 'Female', '1969-12-31', '', '', '', '', 'Near Soji Opa, Oranfe Street, Off OAUTHC Phase II Entrance, Ile-Ife', '', 'Ife East', 'Osun', '', 0, '', 328, 0, NULL, NULL, 0, 0, NULL, 'defualt.png', 1, '2025-10-31 05:08:08', NULL),
(332, 'P00341', '1969-12-31', 'Johanna Aanuoluwa', 'ODUNYEMI', 'Female', '1969-12-31', '', '', '', '', 'Olopomeji', '', '', 'Fct', '', 0, '', 332, 0, NULL, NULL, 0, 0, NULL, 'defualt.png', 1, '2025-10-31 05:08:08', NULL),
(333, 'P00318', '1969-12-31', 'Joshua Eyimofe', 'OGUNMADE', 'Male', '1969-12-31', '', '', '', '', 'Saliu Okiji Street,oranfe Ile-ife', '', '', 'Ogun', '', 0, '', 333, 0, NULL, NULL, 0, 0, NULL, 'defualt.png', 1, '2025-10-31 05:08:08', NULL),
(335, 'P00312', '1969-12-31', 'Alfred', 'OLADELE', 'Male', '1969-12-31', '', '', '', '', 'Aladanla', '', '', 'Fct', '', 0, '', 335, 0, NULL, NULL, 0, 0, NULL, 'defualt.png', 1, '2025-10-31 05:08:09', NULL),
(336, 'P00400', '1969-12-31', 'Elizabeth Ireoluwa', 'OLADELE', 'Female', '1969-12-31', '', '', '', '', '2, Bolorunduro, Oke - Omi, Osu', '', '', 'Ekiti', '', 0, '', 336, 0, NULL, NULL, 0, 0, NULL, 'defualt.png', 1, '2025-10-31 05:08:09', NULL),
(337, 'P00448', '1969-12-31', 'Isaac Adeifeoluwa', 'OLADIRAN', 'Male', '1969-12-31', '', '', '', '', 'Temipemi', '', '', 'Fct', '', 0, '', 337, 0, NULL, NULL, 0, 0, NULL, 'defualt.png', 1, '2025-10-31 05:08:09', NULL),
(338, 'P00346', '1969-12-31', 'Michelle Toluwalase', 'OLAGUNJU', 'Female', '1969-12-31', '', '', '', '', 'Ifewara Road, Ile-ife', '', '', 'Osun', '', 0, '', 338, 0, NULL, NULL, 0, 0, NULL, 'defualt.png', 1, '2025-10-31 05:08:09', NULL),
(339, 'P00347', '1969-12-31', 'Michael Tanitotuwa', 'OLAGUNJU', 'Male', '1969-12-31', '', '', '', '', 'Ifewara Road Ile-ife', '', '', 'Osun', '', 0, '', 339, 0, NULL, NULL, 0, 0, NULL, 'defualt.png', 1, '2025-10-31 05:08:09', NULL),
(340, 'P00439', '1969-12-31', 'Iradatullahi Olasewa', 'OLAOTIPIN', 'Male', '1969-12-31', '', '', '', '', 'Oke Ogbo', '', '', 'Fct', '', 0, '', 340, 0, NULL, NULL, 0, 0, NULL, 'defualt.png', 1, '2025-10-31 05:08:09', NULL),
(341, 'P00354', '1969-12-31', 'Moyinoluwa', 'OLUWAFEMI', 'FEMALE', '1969-12-31', '', '', '', '', 'Olasode Area, Ile Ife, Osun State', '', '', 'OYO', '', 0, '', 341, 0, NULL, NULL, 0, 0, NULL, 'defualt.png', 1, '2025-10-31 05:08:09', NULL),
(342, 'P00469', '1969-12-31', 'Hameedah Adeola', 'ADEBOYE', 'FEMALE', '1969-12-31', '', '', '', '', 'Idita', '', '', 'OSUN', '', 0, '', 342, 0, NULL, NULL, 0, 0, NULL, 'defualt.png', 1, '2025-10-31 05:08:09', NULL),
(343, 'P00598', '1969-12-31', 'Chinonso Joel', 'PATRICK', '', '1969-12-31', '', '', '', '', '', '', '', '', '', 0, '', 343, 0, NULL, NULL, 0, 0, NULL, 'defualt.png', 1, '2025-10-31 05:08:09', NULL),
(344, 'P00338', '1969-12-31', 'Oluwasemilore Enoch', 'BOLAJI', 'Male', '1969-12-31', '', '', '', '', 'Idita', '', '', 'Fct', '', 0, '', 344, 0, NULL, NULL, 0, 0, NULL, 'defualt.png', 1, '2025-10-31 05:08:09', NULL),
(345, 'P00362', '1969-12-31', 'Isreal Ayomide', 'EGBEYEMI', 'Male', '1969-12-31', '', '', '', '', 'No 8,iloromi Quarters,ile Ife', '', 'Ife central', 'Osun', '', 0, '', 345, 0, NULL, NULL, 0, 0, NULL, 'defualt.png', 1, '2025-10-31 05:08:10', NULL),
(346, 'P00495', '1969-12-31', 'Abdulmateen Opeyemi', 'GBADAMOSI', 'Male', '1969-12-31', '', '', '', '', 'Iloromu', '', '', 'Fct', '', 0, '', 346, 0, NULL, NULL, 0, 0, NULL, 'defualt.png', 1, '2025-10-31 05:08:10', NULL),
(347, 'P00548', '1969-12-31', 'Emmanuella', 'ADEOYE', 'Male', '1969-12-31', 'christainity', '', '', '', '', '', '', '', '', 0, '', 347, 0, NULL, NULL, 0, 0, NULL, 'defualt.png', 1, '2025-10-31 05:08:10', NULL),
(348, 'P00549', '1969-12-31', 'Emmanuel Ifesinachi', 'OKECHUKWU', '', '1969-12-31', 'christainity', '', '', '', 'House 42 ilupeju, oke ogbo Ile ife', '', 'Ohaukwu', 'Ebonyi', '', 0, '', 348, 0, NULL, NULL, 0, 0, NULL, 'defualt.png', 1, '2025-10-31 05:08:10', NULL),
(349, 'P00310', '1969-12-31', 'Muizat Olamide', 'SANUSI', 'Female', '1969-12-31', 'islam', '', '', '', '79,mokuro Road,ile-ife,osun State', '', 'Ife East', 'Osun', '', 0, '', 349, 0, NULL, NULL, 0, 0, NULL, 'defualt.png', 1, '2025-10-31 05:08:10', NULL),
(350, 'P00369', '1969-12-31', 'Oyeyemi Ethan', 'OYETORO', 'Male', '1969-12-31', '', '', '', '', 'Erinta Layout, Olasode', '', '', 'Oyo', '', 0, '', 350, 0, NULL, NULL, 0, 0, NULL, 'defualt.png', 1, '2025-10-31 05:08:10', NULL),
(351, 'P00297', '1969-12-31', 'Oyeleke Dominion', 'OYEWUNMI', 'MALE', '1969-12-31', 'CHRISTIANITY', '', '', '', 'Fajuyi', '', '', 'FCT', '', 0, '', 351, 0, NULL, NULL, 0, 0, NULL, 'defualt.png', 1, '2025-10-31 05:08:10', NULL),
(352, 'P00405', '1969-12-31', 'Becka Imisioluwa', 'PATRICK', 'Female', '1969-12-31', '', '', '', '', 'Opposite Keto Filling Station', '', '', 'Fct', '', 0, '', 352, 0, NULL, NULL, 0, 0, NULL, 'defualt.png', 1, '2025-10-31 05:08:10', NULL),
(353, 'P00454', '1969-12-31', 'Testimony  Chimeremeze', 'PRINCEWILL', 'Female', '1969-12-31', '', '', '', '', 'Oauthc', '', '', 'Fct', '', 0, '', 353, 0, NULL, NULL, 0, 0, NULL, 'defualt.png', 1, '2025-10-31 05:08:10', NULL),
(354, 'P00576', '1969-12-31', 'Daniel Obaloluwa', 'Uba', 'Male', '1969-12-31', '', '', '', '', '', '', '', '', '', 0, '', 354, 0, NULL, NULL, 0, 0, NULL, 'defualt.png', 1, '2025-10-31 05:08:10', NULL),
(355, 'P00589', '1969-12-31', 'Mojubaoluwa Michael', 'Aduroja', 'Male', '1969-12-31', '', '', '', '', '', '', '', '', '', 0, '', 355, 0, NULL, NULL, 0, 0, NULL, 'defualt.png', 1, '2025-10-31 05:08:10', NULL),
(356, 'P00538', '1969-12-31', 'Umarufaruq', 'ADEBAYO', 'Male', '1969-12-31', 'islam', '', '', '', '', '', '', '', '', 0, '', 356, 0, NULL, NULL, 0, 0, NULL, 'defualt.png', 1, '2025-10-31 05:08:11', NULL),
(357, 'P00332', '1969-12-31', 'Momooreoluwa', 'ABASS', 'Female', '1969-12-31', '', '', '', '', 'Line 5, Ife City College Area', '', '', 'Fct', '', 0, '', 357, 0, NULL, NULL, 0, 0, NULL, 'defualt.png', 1, '2025-10-31 05:11:50', NULL),
(358, 'P00230', '1969-12-31', 'Ayomide', 'ABEWELA', 'Female', '1969-12-31', '', '', '', '', 'Ikoyi Quarter Ile Ife', '', '', '', '', 0, '', 358, 0, NULL, NULL, 0, 0, NULL, 'defualt.png', 1, '2025-10-31 05:11:50', NULL),
(359, 'P00503', '1969-12-31', 'Kehinde', 'ADEFIOYE', 'Male', '1969-12-31', '', '', '', '', 'Idita', '', '', 'Osun', '', 0, '', 359, 0, NULL, NULL, 0, 0, NULL, 'defualt.png', 1, '2025-10-31 05:11:50', NULL),
(360, 'P00504', '1969-12-31', 'Taiwo', 'ADEFIOYE', 'Male', '1969-12-31', '', '', '', '', 'Idita', '', '', 'Osun', '', 0, '', 360, 0, NULL, NULL, 0, 0, NULL, 'defualt.png', 1, '2025-10-31 05:11:50', NULL),
(361, 'P00287', '1969-12-31', 'Iyanuoluwa', 'ADETOGUN', 'Female', '1969-12-31', '', '', '', '', 'Idi Iroko', '', '', 'Fct', '', 0, '', 361, 0, NULL, NULL, 0, 0, NULL, 'defualt.png', 1, '2025-10-31 05:11:51', NULL),
(362, 'P00292', '1969-12-31', 'Damilare', 'ADEYEMO', 'Male', '1969-12-31', '', '', '', '', 'Olubuse', '', '', 'Fct', '', 0, '', 362, 0, NULL, NULL, 0, 0, NULL, 'defualt.png', 1, '2025-10-31 05:11:51', NULL),
(363, 'P00457', '1969-12-31', 'Tiwatope', 'AFOLABI', 'Female', '1969-12-31', '', '', '', '', 'Oranfe', '', '', 'Fct', '', 0, '', 363, 0, NULL, NULL, 0, 0, NULL, 'defualt.png', 1, '2025-10-31 05:11:51', NULL),
(365, 'P00472', '1969-12-31', 'Oluwalonimi', 'AJIBOLA', 'Female', '1969-12-31', '', '', '', '', 'Oauthc', '', '', 'Fct', '', 0, '', 365, 0, NULL, NULL, 0, 0, NULL, 'defualt.png', 1, '2025-10-31 05:11:51', NULL),
(366, 'P00250', '1969-12-31', 'Zakariyau', 'BELLO', 'Male', '1969-12-31', '', '', '', '', 'Obalufon', '', '', 'Osun', '', 0, '', 366, 0, NULL, NULL, 0, 0, NULL, 'defualt.png', 1, '2025-10-31 05:11:51', NULL),
(367, 'P00231', '1969-12-31', 'Daniel', 'ELIBOH', 'Male', '1969-12-31', '', '', '', '', '22 Omotoyosi Ajayi Street Behind Gboye Filling Station', '', '', '', '', 0, '', 367, 0, NULL, NULL, 0, 0, NULL, 'defualt.png', 1, '2025-10-31 05:11:51', NULL),
(368, 'P00286', '1969-12-31', 'Anjolaoluwa', 'FAGBEMI', 'Female', '1969-12-31', '', '', '', '', 'Ajegunle', '', '', 'Fct', '', 0, '', 368, 0, NULL, NULL, 0, 0, NULL, 'defualt.png', 1, '2025-10-31 05:11:51', NULL),
(369, 'P00283', '1969-12-31', 'Folarin', 'FOWOWE', 'Male', '1969-12-31', 'christainity', '', '', '', 'Oranfe', '', '', 'Fct', '', 0, '', 369, 0, NULL, NULL, 0, 0, NULL, 'defualt.png', 1, '2025-10-31 05:11:51', NULL),
(370, 'P00267', '1969-12-31', 'Ayomide', 'JAYEOBA', 'Male', '1969-12-31', '', '', '', '', 'Ikoyi Quarter,', '', '', 'Fct', '', 0, '', 370, 0, NULL, NULL, 0, 0, NULL, 'defualt.png', 1, '2025-10-31 05:11:51', NULL),
(371, 'P00296', '1969-12-31', 'Glory', 'KOLAJO', 'Female', '1969-12-31', '', '', '', '', 'Off Oladimeji Schools', '', '', 'Fct', '', 0, '', 371, 0, NULL, NULL, 0, 0, NULL, 'defualt.png', 1, '2025-10-31 05:11:51', NULL),
(372, 'P00565', '1969-12-31', 'Barachel OreOluwa', 'BALOGUN', '', '1969-12-31', 'christainity', '', '', '', 'Oranfe, Ile-Ife', '', '', 'Lagos', '', 0, '', 372, 0, NULL, NULL, 0, 0, NULL, 'defualt.png', 1, '2025-10-31 05:11:52', NULL),
(373, 'P00564', '1969-12-31', 'Elijah Oluwaferanmi', 'OGUNODE', '', '1969-12-31', '', '', '', '', '', '', '', '', '', 0, '', 373, 0, NULL, NULL, 0, 0, NULL, 'defualt.png', 1, '2025-10-31 05:11:52', NULL),
(374, 'P00577', '1969-12-31', 'Oluwashindara Daniel', 'ADEWOYIN', '', '1969-12-31', '', '', '', '', '', '', '', '', '', 0, '', 374, 0, NULL, NULL, 0, 0, NULL, 'defualt.png', 1, '2025-10-31 05:11:52', NULL),
(375, 'P00384', '1969-12-31', 'Abdulbasit', 'MUYIDEEN', 'Male', '1969-12-31', 'Islam', '', '', '', 'No 39 Awolumate,opa,ile-ife', '', '', 'Fct', '', 0, '', 375, 0, NULL, NULL, 0, 0, NULL, 'defualt.png', 1, '2025-10-31 05:11:52', NULL),
(376, 'P00192', '1969-12-31', 'KIVA', 'NZENWA', 'FEMALE', '1969-12-31', 'CHRISTIANITY', '', '', '', 'ANIYAJUWON STREET', '', '', 'IMO', '', 0, '', 376, 0, NULL, NULL, 0, 0, NULL, 'defualt.png', 1, '2025-10-31 05:11:52', NULL),
(379, 'P00244', '1969-12-31', 'Iruooghene', 'OKOTIE', 'Female', '1969-12-31', '', '', '', '', 'Jse, Oau', '', '', 'Fct', '', 0, '', 379, 0, NULL, NULL, 0, 0, NULL, 'defualt.png', 1, '2025-10-31 05:11:52', NULL),
(380, 'P00258', '1969-12-31', 'Oreoluwa', 'OLAFARE', 'MALE', '1969-12-31', '', '', '', '', 'Ife City College Road', '', '', 'FCT', '', 0, '', 380, 0, NULL, NULL, 0, 0, NULL, 'defualt.png', 1, '2025-10-31 05:11:52', NULL),
(381, 'P00245', '1969-12-31', 'Racheal', 'OLAJIDE', 'Female', '1969-12-31', '', '', '', '', 'Iloromu', '', '', 'Ondo', '', 0, '', 381, 0, NULL, NULL, 0, 0, NULL, 'defualt.png', 1, '2025-10-31 05:11:52', NULL),
(382, 'P00198', '1969-12-31', 'Kolawole', 'OLAMIJULO', 'Male', '1969-12-31', '', '', '', '', 'Skymax Pharmacy, Ilesa Road', '', '', 'Osun', '', 0, '', 382, 0, NULL, NULL, 0, 0, NULL, 'defualt.png', 1, '2025-10-31 05:11:52', NULL),
(383, 'P00463', '1969-12-31', 'Oluwamayomikun', 'OMOLOLU', 'Male', '1969-12-31', 'christainity', '', '', '', 'Olubuse Quarters', '', '', 'Osun', '', 0, '', 383, 0, NULL, NULL, 0, 0, NULL, 'defualt.png', 1, '2025-10-31 05:11:53', NULL),
(384, 'P00438', '1969-12-31', 'Emmanuel', 'SALIU', 'Male', '1969-12-31', '', '', '', '', 'Oloruntobi,ife City', '', '', 'Fct', '', 0, '', 384, 0, NULL, NULL, 0, 0, NULL, 'defualt.png', 1, '2025-10-31 05:11:53', NULL),
(385, 'P00299', '1969-12-31', 'Khayrah', 'SANUSI', 'Female', '1969-12-31', '', '', '', '', 'Aniyanjuwon Street', '', '', 'Osun', '', 0, '', 385, 0, NULL, NULL, 0, 0, NULL, 'defualt.png', 1, '2025-10-31 05:11:53', NULL),
(387, 'P00593', '1969-12-31', 'Abdulazeez Ayomide', 'AFOLABI', '', '1969-12-31', '', '', '', '', '', '', '', '', '', 0, '', 387, 0, NULL, NULL, 0, 0, NULL, 'defualt.png', 1, '2025-10-31 05:11:53', NULL),
(388, 'P00597', '1969-12-31', 'SARAH  TIWATOPE', 'ONI', '', '1969-12-31', '', '', '', '', '', '', '', '', '', 0, '', 388, 0, NULL, NULL, 0, 0, NULL, 'defualt.png', 1, '2025-10-31 05:11:53', NULL),
(389, 'P00547', '1969-12-31', 'Nelson', 'UGWU', '', '1969-12-31', 'christainity', '', '', '', 'Oranfe, Ile Ife', '', '', 'Osun state', '', 0, '', 389, 0, NULL, NULL, 0, 0, NULL, 'defualt.png', 1, '2025-10-31 05:11:53', NULL),
(390, 'P00592', '1969-12-31', 'Neemah Boluwatife', 'LAWAL', '', '1969-12-31', '', '', '', '', '', '', '', '', '', 0, '', 390, 0, NULL, NULL, 0, 0, NULL, 'defualt.png', 1, '2025-10-31 05:11:53', NULL),
(391, 'P00541', '1969-12-31', 'Darasimi', 'OWOOTOMO', '', '1969-12-31', 'christainity', '', '', '', '', '', '', '', '', 0, '', 391, 0, NULL, NULL, 0, 0, NULL, 'defualt.png', 1, '2025-10-31 05:11:53', NULL),
(392, 'P00522', '1969-12-31', 'Millicent', 'ADEYEMO', '', '1969-12-31', '', '', '', '', '', '', '', '', '', 0, '', 392, 0, NULL, NULL, 0, 0, NULL, 'defualt.png', 0, '2025-10-31 05:11:53', NULL),
(393, 'P00531', '1969-12-31', 'Jolayemi', 'OLUWAFEMI', 'Female', '1969-12-31', 'christainity', '', '', '', '', '', '', '', '', 0, '', 393, 0, NULL, NULL, 0, 0, NULL, 'defualt.png', 1, '2025-10-31 05:11:53', NULL),
(394, 'P00544', '1969-12-31', 'Mohammed  Folarin', 'OLAOTIPIN', 'MALE', '1969-12-31', '', '', '', '', '', '', '', '', '', 0, '', 394, 0, NULL, NULL, 0, 0, NULL, 'defualt.png', 1, '2025-10-31 05:13:33', NULL),
(395, 'P00172', '1969-12-31', 'ADEKUNLE DANIEL', 'ADEBOWALE', 'MALE', '1969-12-31', 'CHRISTIANITY', '', '', '', 'NO.6 ANIYAJUWON II, ORANFE, ILE-IFE', '', '', 'OSUN', '', 0, '', 395, 0, NULL, NULL, 0, 0, NULL, 'defualt.png', 1, '2025-10-31 05:13:33', NULL),
(396, 'P00468', '1969-12-31', 'Aisha Adekunmi', 'ADEBOYE', 'FEMALE', '1969-12-31', '', '', '', '', 'Idita', '', '', 'FCT', '', 0, '', 396, 0, NULL, NULL, 0, 0, NULL, 'defualt.png', 1, '2025-10-31 05:13:33', NULL),
(397, 'P00200', '1969-12-31', 'Ameedat Inioluwa', 'ADEFISAYO', 'Female', '1969-12-31', '', '', '', '', 'Rotkay Plaza, Opposite Oauthc Phase 1 Gate.', '', '', 'Osun', '', 0, '', 397, 0, NULL, NULL, 0, 0, NULL, 'defualt.png', 1, '2025-10-31 05:13:33', NULL),
(398, 'P00191', '1969-12-31', 'NEHEMIAH IDUNUOLUWA', 'ADEWOYIN', 'MALE', '1969-12-31', 'CHRISTIANITY', '', '', '', 'MOKURO ROAD ILE - IFE', '', '', 'OSUN', '', 0, '', 398, 0, NULL, NULL, 0, 0, NULL, 'defualt.png', 1, '2025-10-31 05:13:34', NULL),
(399, 'P00339', '1969-12-31', 'Toluwanimi Lillian', 'ADEYERA', 'Female', '1969-12-31', '', '', '', '', 'Olopomeji', '', '', 'Fct', '', 0, '', 399, 0, NULL, NULL, 0, 0, NULL, 'defualt.png', 1, '2025-10-31 05:13:34', NULL),
(400, 'P00471', '1969-12-31', 'Jedidiah Emmanuel', 'AJIBOLA', 'Male', '1969-12-31', '', '', '', '', 'Oauthc', '', '', 'Fct', '', 0, '', 400, 0, NULL, NULL, 0, 0, NULL, 'defualt.png', 1, '2025-10-31 05:13:34', NULL),
(401, 'P00444', '1969-12-31', 'Oluwafirefunmi Ikeoluwa', 'AKOMOLAFE', 'Female', '1969-12-31', 'christainity', '', '', '', 'Oranfe', '', '', 'Fct', '', 0, '', 401, 0, NULL, NULL, 0, 0, NULL, 'defualt.png', 1, '2025-10-31 05:13:34', NULL),
(402, 'P00173', '1969-12-31', 'DESMOND EMMANUEL', 'AWOYELE', 'MALE', '1969-12-31', 'CHRISTIANITY', '', '', '', '54 ORANFE STREET, ILE-IFE', '', '', 'OSUN', '', 0, '', 402, 0, NULL, NULL, 0, 0, NULL, 'defualt.png', 1, '2025-10-31 05:13:34', NULL),
(403, 'P00442', '1969-12-31', 'Joanna Oluwadarasimi', 'ADENIYI', 'Female', '1969-12-31', '', '', '', '', 'Awoyoku', '', '', 'Fct', '', 0, '', 403, 0, NULL, NULL, 0, 0, NULL, 'defualt.png', 1, '2025-10-31 05:13:34', NULL),
(404, 'P00313', '1969-12-31', 'Molamijesu', 'BALOGUN', 'Male', '1969-12-31', '', '', '', '', 'Olubuse Quarters,along Ilesha Road,ile Ife.', '', '', 'Ondo', '', 0, '', 404, 0, NULL, NULL, 0, 0, NULL, 'defualt.png', 1, '2025-10-31 05:13:34', NULL),
(405, 'P00183', '1969-12-31', 'ESTHER IYANUOLUWA', 'BAMITEKO', 'FEMALE', '1969-12-31', 'CHRISTIANITY', '', '', '', '5, JINAT ARALOLA STREET, ILOROMU QUARTERS', '', '', 'EKITI', '', 0, '', 405, 0, NULL, NULL, 0, 0, NULL, 'defualt.png', 1, '2025-10-31 05:13:34', NULL),
(406, 'P00215', '1969-12-31', 'Obaloluwa Popoola', 'Daramola', 'Male', '1969-12-31', 'Christianity', '', '', '', 'Idita Zone,mokuro, Ile-ife.osun-state', '', '', 'Osun', '', 0, '', 406, 0, NULL, NULL, 0, 0, NULL, 'defualt.png', 1, '2025-10-31 05:13:34', NULL),
(407, 'P00363', '1969-12-31', 'Mofopefoluwa Joshua', 'EGBEYEMI', 'Male', '1969-12-31', 'christainity', '', '', '', 'No 8, Iloromu Quarter, Ile Ife', '', 'Ife central', 'Osun', '', 0, '', 407, 0, NULL, NULL, 0, 0, NULL, 'defualt.png', 1, '2025-10-31 05:13:34', NULL),
(408, 'P00491', '1969-12-31', 'Dominion Faith', 'FADARE', 'FEMALE', '1969-12-31', '', '', '', '', 'Oranfe', '', '', 'FCT', '', 0, '', 408, 0, NULL, NULL, 0, 0, NULL, 'defualt.png', 1, '2025-10-31 05:13:35', NULL),
(409, 'P00171', '1969-12-31', 'MOMOOREOLUWA ABIGAIL', 'FAMUBODE', 'FEMALE', '1969-12-31', 'CHRISTIANITY', '', '', '', 'NO. 21 OLASODE STREET', '', '', 'EKITI', '', 0, '', 409, 0, NULL, NULL, 0, 0, NULL, 'defualt.png', 1, '2025-10-31 05:13:35', NULL),
(410, 'P00380', '1969-12-31', 'Grace Adesire', 'OGUNSAKIN', 'Female', '1969-12-31', '', '', '', '', 'Zone Db Oranfe, Ile Ife, Osun State', '', '', 'Osun', '', 0, '', 410, 0, NULL, NULL, 0, 0, NULL, 'defualt.png', 1, '2025-10-31 05:13:35', NULL),
(411, 'P00334', '1969-12-31', 'Victor Aderomola', 'OYEJIDE', 'Male', '1969-12-31', '', '', '', '', 'Modomo', '', '', 'Fct', '', 0, '', 411, 0, NULL, NULL, 0, 0, NULL, 'defualt.png', 1, '2025-10-31 05:13:35', NULL),
(412, 'P00368', '1969-12-31', 'Oyelade Tehillah', 'OYETORO', 'Female', '1969-12-31', '', '', '', '', 'Erinta Layout, Olasode', '', '', 'Fct', '', 0, '', 412, 0, NULL, NULL, 0, 0, NULL, 'defualt.png', 1, '2025-10-31 05:13:35', NULL),
(413, 'P00404', '1969-12-31', 'Kelvin Modeniola', 'PATRICK', 'Male', '1969-12-31', '', '', '', '', 'Opposite Keto Filling Station Mokuro', '', '', 'Fct', '', 0, '', 413, 0, NULL, NULL, 0, 0, NULL, 'defualt.png', 1, '2025-10-31 05:13:35', NULL),
(414, 'P00455', '1969-12-31', 'Blossom Amanda', 'PRINCEWILL', 'FEMALE', '1969-12-31', '', '', '', '', 'Opposite Abitop Hospital', '', '', 'FCT', '', 0, '', 414, 0, NULL, NULL, 0, 0, NULL, 'defualt.png', 1, '2025-10-31 05:13:35', NULL),
(415, 'P00545', '1969-12-31', 'Joela Obaloluwa', 'ADEOSUN', 'Female', '1969-12-31', 'christainity', '', '', '', '2, Line 1,  Road 7, Ikoyi Quarter Road 7, Ikoyi Quarters, Ile-Ife', '', '7', 'Osun', '', 0, '', 415, 0, NULL, NULL, 0, 0, NULL, 'defualt.png', 1, '2025-10-31 05:13:35', NULL),
(416, 'P00562', '1969-12-31', 'Abdul seleem', 'Adebayo', '', '1969-12-31', '', '', '', '', '', '', '', '', '', 0, '', 416, 0, NULL, NULL, 0, 0, NULL, 'defualt.png', 1, '2025-10-31 05:13:35', NULL),
(417, 'P00248', '1969-12-31', 'Abimbola Adeniiro', 'Adedoyin', 'Male', '1969-12-31', 'christainity', '', '', '', 'Awolumate quarters, Opa', '', 'Ife Central', 'Osun', '', 0, '', 417, 0, NULL, NULL, 0, 0, NULL, 'defualt.png', 1, '2025-10-31 05:13:35', NULL),
(418, 'P00517', '1969-12-31', 'Adeyeye Alexander', 'ADEDINI', 'Male', '1969-12-31', 'christainity', '', '', '', '1, Ile Isoya Palace,Isoya Ife Kingdom', '', '', 'Osun', '', 0, '', 418, 0, NULL, NULL, 0, 0, NULL, 'defualt.png', 1, '2025-10-31 05:13:35', NULL),
(419, 'P00535', '1969-12-31', 'Oluwashindara', 'ADEDAMOLA', 'Female', '1969-12-31', 'christainity', '', '', '', '', '', '', '', '', 0, '', 419, 0, NULL, NULL, 0, 0, NULL, 'defualt.png', 1, '2025-10-31 05:13:36', NULL),
(420, 'P00543', '1969-12-31', 'Testimony', 'ADEOYE', 'Female', '1969-12-31', 'christainity', '', '', '', '', '', '', '', '', 0, '', 420, 0, NULL, NULL, 0, 0, NULL, 'defualt.png', 1, '2025-10-31 05:13:36', NULL),
(421, 'P00532', '1969-12-31', 'Jomiloju', 'OLUWAFEMI', 'Male', '1969-12-31', 'christainity', '', '', '', '', '', '', '', '', 0, '', 421, 0, NULL, NULL, 0, 0, NULL, 'defualt.png', 1, '2025-10-31 05:13:36', NULL),
(422, 'P00537', '1969-12-31', 'Khalid', 'ADEBAYO', 'Male', '1969-12-31', 'islam', '', '', '', '', '', '', '', '', 0, '', 422, 0, NULL, NULL, 0, 0, NULL, 'defualt.png', 1, '2025-10-31 05:13:36', NULL),
(423, 'P00461', '1969-12-31', 'Oluwadarasimi  Joy', 'ADESOKAN', 'Female', '1969-12-31', 'christainity', '', '', '', '6  zone 4 line 3, idita market mokuro Road, Ile-Ife', '', 'Ife East', 'Osun state', '', 0, '', 423, 0, NULL, NULL, 0, 0, NULL, 'defualt.png', 1, '2025-10-31 05:17:57', NULL),
(424, 'P00550', '1969-12-31', 'Desire', 'ADEBAYO', 'Female', '1969-12-31', 'christainity', '', '', '', '', '', '', '', '', 0, '', 424, 0, NULL, NULL, 0, 0, NULL, 'defualt.png', 1, '2025-10-31 05:17:57', NULL),
(425, 'P00551', '1969-12-31', 'Feranmi', 'FAYEMI', 'Male', '1969-12-31', 'christainity', '', '', '', '', '', '', '', '', 0, '', 425, 0, NULL, NULL, 0, 0, NULL, 'defualt.png', 1, '2025-10-31 05:17:57', NULL),
(426, 'P00552', '1969-12-31', 'Oluwadasimi', 'FASOTE', 'Male', '1969-12-31', 'christainity', '', '', '', '', '', '', '', '', 0, '', 426, 0, NULL, NULL, 0, 0, NULL, 'defualt.png', 1, '2025-10-31 05:17:57', NULL),
(427, 'P00553', '1969-12-31', 'Oluwashindara', 'OLADELE', 'Female', '1969-12-31', 'christainity', '', '', '', '', '', '', '', '', 0, '', 427, 0, NULL, NULL, 0, 0, NULL, 'defualt.png', 1, '2025-10-31 05:17:57', NULL),
(428, 'P00204', '1969-12-31', 'Nelson Adedeji', 'ADEYEMO', 'Male', '1969-12-31', '', '', '', '', 'Anu-olu Street, Iloromu', '', '', '', '', 0, '', 428, 0, NULL, NULL, 0, 0, NULL, 'defualt.png', 0, '2025-10-31 05:17:57', NULL),
(429, 'P00490', '1969-12-31', 'Erioluwa Wuraola', 'AKANJI', 'Female', '1969-12-31', '', '', '', '', 'Aladanla', '', '', 'Fct', '', 0, '', 429, 0, NULL, NULL, 0, 0, NULL, 'defualt.png', 1, '2025-10-31 05:17:57', NULL),
(430, 'P00079', '1969-12-31', 'EBUNOLUWA ENIOLUWAFE', 'AKINTARO', 'FEMALE', '1969-12-31', 'CHRISTIANITY', '', '', '', 'PLOT VI ,MAKINDE STREET, IDI IROKO ,ORANFE', '', '', 'OSUN', '', 0, '', 430, 0, NULL, NULL, 0, 0, NULL, 'defualt.png', 1, '2025-10-31 05:17:57', NULL),
(431, 'P00451', '1969-12-31', 'Victoria  Ayomiotan', 'AYENI', 'Female', '1969-12-31', 'christainity', '', '', '', 'Mokuro', '', '', 'Fct', '', 0, '', 431, 0, NULL, NULL, 0, 0, NULL, 'defualt.png', 1, '2025-10-31 05:17:57', NULL),
(432, 'P00130', '1969-12-31', 'MICHELA OFURE', 'ELIBOH', 'FEMALE', '1969-12-31', 'CHRISTIANITY', '', '', '', '22 OMOTOYOSI AJAYI STREET, BEHIND GBOYE FILLING STATION, ILESA ROAD, ILE-IFE', '', '', 'EBONYI', '', 0, '', 432, 0, NULL, NULL, 0, 0, NULL, 'defualt.png', 1, '2025-10-31 05:17:57', NULL),
(433, 'P00213', '1969-12-31', 'Oluwademilade Fawas', 'FAGBEMI', 'Male', '1969-12-31', '', '', '', '', 'No 51, Ajegunle Street', '', '', '', '', 0, '', 433, 0, NULL, NULL, 0, 0, NULL, 'defualt.png', 1, '2025-10-31 05:17:58', NULL),
(434, 'P00176', '1969-12-31', 'NAJAAT TOMILOLA', 'ISA', 'FEMALE', '1969-12-31', 'ISLAM', '', '', '', 'ILOROMU, ILE - IFE', '', '', 'OSUN', '', 0, '', 434, 0, NULL, NULL, 0, 0, NULL, 'defualt.png', 1, '2025-10-31 05:17:58', NULL),
(435, 'P00450', '1969-12-31', 'Muhammed Olamide', 'LAWAL', 'Male', '1969-12-31', '', '', '', '', 'Oranfe', '', '', 'Fct', '', 0, '', 435, 0, NULL, NULL, 0, 0, NULL, 'defualt.png', 1, '2025-10-31 05:17:58', NULL),
(437, 'P00127', '1969-12-31', 'JOMILOJU ELYON', 'MATTHEW', 'FEMALE', '1969-12-31', 'CHRISTIANITY', '', '', '', '10, ILOROMU QUARTERS, ILE-IFE', '', '', 'OSUN', '', 0, '', 437, 0, NULL, NULL, 0, 0, NULL, 'defualt.png', 1, '2025-10-31 05:17:58', NULL),
(438, 'P00125', '1969-12-31', 'EUNICE EBUNOLUWA', 'OGUNDEPO', 'FEMALE', '1969-12-31', 'CHRISTIANITY', '', '', '', 'NO 4, BACK AGBALA DANIEL ILESA ROAD,ILE IFE', '', '', 'OSUN', '', 0, '', 438, 0, NULL, NULL, 0, 0, NULL, 'defualt.png', 1, '2025-10-31 05:17:58', NULL),
(440, 'P00575', '1969-12-31', 'Emmanuel Damilola', 'Samuel', '', '1969-12-31', '', '', '', '', '', '', '', '', '', 0, '', 440, 0, NULL, NULL, 0, 0, NULL, 'defualt.png', 1, '2025-10-31 05:17:58', NULL),
(441, 'P00582', '1969-12-31', 'Hanoon Olamide', 'Olatunji', '', '1969-12-31', '', '', '', '', '', '', '', '', '', 0, '', 441, 0, NULL, NULL, 0, 0, NULL, 'defualt.png', 1, '2025-10-31 05:17:58', NULL),
(442, 'P00494', '1969-12-31', 'Muhmmed Adeyemi', 'QUADRI', 'Male', '1969-12-31', '', '', '', '', 'Onibuor, Opa', '', '', 'Fct', '', 0, '', 442, 0, NULL, NULL, 0, 0, NULL, 'defualt.png', 1, '2025-10-31 05:17:58', NULL),
(443, 'P00080', '1969-12-31', 'ABDULMUIZZ OLATUNJI', 'SANUSI', 'MALE', '1969-12-31', 'islam', '', '', '', '79,MOKURO ROAD,ILE IFE', '', 'Ife East', 'OSUN', '', 0, '', 443, 0, NULL, NULL, 0, 0, NULL, 'defualt.png', 1, '2025-10-31 05:17:58', NULL),
(444, 'P00256', '1969-12-31', 'Chizaram Stephanie', 'UDEH', 'Female', '1969-12-31', '', '', '', '', 'Erinta, Ife City College Area', '', '', 'Fct', '', 0, '', 444, 0, NULL, NULL, 0, 0, NULL, 'defualt.png', 1, '2025-10-31 05:17:59', NULL),
(445, 'P00623', '1969-12-31', 'Gold Inioluwa', 'Adereti', '', '1969-12-31', '', '', '', '', '', '', '', '', '', 0, '', 445, 0, NULL, NULL, 0, 0, NULL, 'defualt.png', 1, '2025-10-31 05:17:59', NULL),
(446, 'P00556', '1969-12-31', 'Kafopefoluwa', 'ADEWUYI', 'MALE', '1969-12-31', '', '', '', '', '', '', '', '', '', 0, '', 446, 0, NULL, NULL, 0, 0, NULL, 'defualt.png', 1, '2025-10-31 05:24:59', NULL),
(447, 'P00060', '1969-12-31', 'MERCY ORE-OLUWA', 'ADEKANYE', 'FEMALE', '1969-12-31', 'CHRISTIANITY', '', '', '', 'ORI OWO LINE 1,IFE CITY, ZONE 5', '', '', 'FCT', '', 0, '', 447, 0, NULL, NULL, 0, 0, NULL, 'defualt.png', 1, '2025-10-31 05:24:59', NULL),
(448, 'P00046', '1969-12-31', 'BABAFEMI ISABELLA', 'ADELOYE', 'FEMALE', '1969-12-31', 'CHRISTIANITY', '', '', '', 'OREMEJI BUILDING,ILESA ROAD,ILE IFE', '', '', 'OSUN', '', 0, '', 448, 0, NULL, NULL, 0, 0, NULL, 'defualt.png', 1, '2025-10-31 05:24:59', NULL),
(449, 'P00340', '1969-12-31', 'Adedunmola Karen', 'ADENIJI', 'Female', '1969-12-31', '', '', '', '', 'Oke Ogbo', '', '', 'Fct', '', 0, '', 449, 0, NULL, NULL, 0, 0, NULL, 'defualt.png', 1, '2025-10-31 05:24:59', NULL),
(450, 'P00057', '1969-12-31', 'IREMIDE', 'ADESINA', 'MALE', '1969-12-31', 'CHRISTIANITY', '', '', '', 'NO 5, SEMINARY OPA ILE IFE', '', '', 'EKITI', '', 0, '', 450, 0, NULL, NULL, 0, 0, NULL, 'defualt.png', 1, '2025-10-31 05:25:00', NULL),
(451, 'P00047', '1969-12-31', 'IYANUOLUWA ENIOLUYAN', 'AKINTARO', 'FEMALE', '1969-12-31', 'CHRISTIANITY', '', '', '', 'PLOT VI,MAKINDE STREET,IDI IROKO,ORANFE', '', '', 'OSUN', '', 0, '', 451, 0, NULL, NULL, 0, 0, NULL, 'defualt.png', 1, '2025-10-31 05:25:00', NULL),
(452, 'P00289', '1969-12-31', 'Wonder', 'AKINTILO', 'Female', '1969-12-31', '', '', '', '', 'Beside Ktis', '', '', 'Fct', '', 0, '', 452, 0, NULL, NULL, 0, 0, NULL, 'defualt.png', 1, '2025-10-31 05:25:00', NULL),
(453, 'P00290', '1969-12-31', 'Sign', 'AKINTILO', 'Female', '1969-12-31', '', '', '', '', 'Beside Ktis', '', '', 'Fct', '', 0, '', 453, 0, NULL, NULL, 0, 0, NULL, 'defualt.png', 1, '2025-10-31 05:25:00', NULL),
(454, 'P00117', '1969-12-31', 'DEBORAH TEMILOLUWA', 'BAMITEKO', 'FEMALE', '1969-12-31', 'CHRISTIANITY', '', '', '', '5,JINAT ARALOLA STREET ,ILOROMU 1,ILOROMU QUARTERS ILE IFE', '', '', 'EKITI', '', 0, '', 454, 0, NULL, NULL, 0, 0, NULL, 'defualt.png', 1, '2025-10-31 05:25:00', NULL),
(455, 'P00054', '1969-12-31', 'MUJEEB OLAMIDE', 'ISA', 'MALE', '1969-12-31', 'ISLAM', '', '', '', 'NO 1 ,ILOROMU QUARTERS ,ILE IFE', '', '', 'OSUN', '', 0, '', 455, 0, NULL, NULL, 0, 0, NULL, 'defualt.png', 1, '2025-10-31 05:25:00', NULL),
(456, 'P00440', '1969-12-31', 'Al-ameen Ayokunmi', 'Olaotipin', 'Male', '1969-12-31', '', '', '', '', 'Oke Ogbo', '', '', 'Fct', '', 0, '', 456, 0, NULL, NULL, 0, 0, NULL, 'defualt.png', 1, '2025-10-31 05:25:00', NULL),
(457, 'P00499', '1969-12-31', 'Olamide Emmanuel', 'OYEYEMI', 'Male', '1969-12-31', '', '', '', '', 'Osun State', '', '', 'Fct', '', 0, '', 457, 0, NULL, NULL, 0, 0, NULL, 'defualt.png', 1, '2025-10-31 05:25:00', NULL),
(458, 'P00518', '1969-12-31', 'Okunade David', 'ADEDINI', 'Male', '1969-12-31', 'christainity', '', '', '', '1, Ile-Isoya Palace,Isoya, Ife Kingdom', '', '', 'Osun', '', 0, '', 458, 0, NULL, NULL, 0, 0, NULL, 'defualt.png', 1, '2025-10-31 05:25:00', NULL),
(459, 'P00546', '1969-12-31', 'Fimijoba', 'AWODIRE', 'Male', '1969-12-31', 'christainity', '', '', '', '', '', '', '', '', 0, '', 459, 0, NULL, NULL, 0, 0, NULL, 'defualt.png', 1, '2025-10-31 05:27:36', NULL),
(460, 'P00601', '1969-12-31', 'Iremide Israel', 'AGUNLEJIKA', 'Male', '1969-12-31', 'christainity', '', '', '', 'Zac 33 Iyemogun Street, Behind Ilesa East local Govt', '', 'Ilesa East', 'Osun', '', 0, '', 460, 0, NULL, NULL, 0, 0, NULL, 'defualt.png', 1, '2025-10-31 05:27:36', NULL),
(461, 'P00396', '1969-12-31', 'Adebusola Iyanuoluwa', 'ADEWUYI', 'Male', '1969-12-31', '', '', '', '', '64, Orange Str Opposite, Oauthc, Phase Ii', '', '', 'Osun', '', 0, '', 461, 0, NULL, NULL, 0, 0, NULL, 'defualt.png', 1, '2025-10-31 05:27:36', NULL),
(462, 'P00382', '1969-12-31', 'Najeeb Anumorigba', 'ISA', 'Male', '1969-12-31', '', '', '', '', 'No C8, Olubuse Quarters, Ile Ife', '', '', 'Osun', '', 0, '', 462, 0, NULL, NULL, 0, 0, NULL, 'defualt.png', 1, '2025-10-31 05:27:36', NULL),
(463, 'P00446', '1969-12-31', 'Oluwamayowa Martins', 'ABASS', 'Male', '1969-12-31', '', '', '', '', 'Ife City', '', '', 'Fct', '', 0, '', 463, 0, NULL, NULL, 0, 0, NULL, 'defualt.png', 1, '2025-10-31 05:27:36', NULL),
(464, 'P00486', '1969-12-31', 'Oluwafirefunmi Andrea', 'ADEKANMI', 'Female', '1969-12-31', '', '', '', '', 'Agric', '', '', 'Fct', '', 0, '', 464, 0, NULL, NULL, 0, 0, NULL, 'defualt.png', 1, '2025-10-31 05:27:36', NULL),
(465, 'P00484', '1969-12-31', 'Adedolapo Goodnews', 'ADELUGBA', 'Male', '1969-12-31', '', '', '', '', 'Oranfe', '', '', 'Fct', '', 0, '', 465, 0, NULL, NULL, 0, 0, NULL, 'defualt.png', 1, '2025-10-31 05:27:36', NULL),
(466, 'P00505', '1969-12-31', 'Omokolade Bengamen', 'ADEYANJU', 'Male', '1969-12-31', '', '', '', '', 'Seminary Opa', '', '', 'Osun', '', 0, '', 466, 0, NULL, NULL, 0, 0, NULL, 'defualt.png', 1, '2025-10-31 05:27:37', NULL),
(467, 'P00594', '1969-12-31', 'Abdulrahman Akolade', 'Afolabi', 'Male', '1969-12-31', '', '', '', '', '', '', '', '', '', 0, '', 467, 0, NULL, NULL, 0, 0, NULL, 'defualt.png', 1, '2025-10-31 05:27:37', NULL),
(468, 'P00385', '1969-12-31', 'Princess Aderonke', 'AKERELE', 'Female', '1969-12-31', 'Christianity', '', '', '', 'Temipemi Street', '', '', 'Fct', '', 0, '', 468, 0, NULL, NULL, 0, 0, NULL, 'defualt.png', 1, '2025-10-31 05:27:37', NULL),
(469, 'P00428', '1969-12-31', 'Ifeoluwa Emmauella', 'AKINTARO', 'Female', '1969-12-31', '', '', '', '', 'Oranfe', '', '', 'Fct', '', 0, '', 469, 0, NULL, NULL, 0, 0, NULL, 'defualt.png', 1, '2025-10-31 05:27:37', NULL),
(470, 'P00483', '1969-12-31', 'Akinloluwa Angela', 'ALARAN', 'Female', '1969-12-31', '', '', '', '', 'Hammedal, Ilesa Garage, Ile-ife', '', '', 'Fct', '', 0, '', 470, 0, NULL, NULL, 0, 0, NULL, 'defualt.png', 1, '2025-10-31 05:27:37', NULL),
(471, 'P00408', '1969-12-31', 'Samuel Oluwatiresimi', 'AYENI', 'Male', '1969-12-31', 'christainity', '', '', '', 'Iloromu Quarters, Zone D', '', '', 'Fct', '', 0, '', 471, 0, NULL, NULL, 0, 0, NULL, 'defualt.png', 1, '2025-10-31 05:27:37', NULL),
(472, 'P00452', '1969-12-31', 'Elizabeth  Omogbenro', 'AYENI', 'Female', '1969-12-31', 'christainity', '', '', '', '', '', '', 'Fct', '', 0, '', 472, 0, NULL, NULL, 0, 0, NULL, 'defualt.png', 1, '2025-10-31 05:27:37', NULL),
(473, 'P00429', '1969-12-31', 'Omotoyosi Zipporah', 'FOWOWE', 'Female', '1969-12-31', '', '', '', '', 'Oluroye', '', '', 'Fct', '', 0, '', 473, 0, NULL, NULL, 0, 0, NULL, 'defualt.png', 1, '2025-10-31 05:27:37', NULL),
(474, 'P00342', '1969-12-31', 'Oluwademilade Israel', 'MATTHEW', 'Male', '1969-12-31', '', '', '', '', 'Seminary', '', '', 'Fct', '', 0, '', 474, 0, NULL, NULL, 0, 0, NULL, 'defualt.png', 1, '2025-10-31 05:27:37', NULL),
(475, 'P00424', '1969-12-31', 'Folakemi Jachimma', 'NZENWA', 'Female', '1969-12-31', '', '', '', '', 'Oranfe', '', '', 'Fct', '', 0, '', 475, 0, NULL, NULL, 0, 0, NULL, 'defualt.png', 1, '2025-10-31 05:27:37', NULL),
(476, 'P00437', '2014-12-31', 'Obafela Olamilekan', 'OKUNOLA', 'Male', '2014-12-31', 'islam', '', '', '', 'Ife City', '', 'Ife central local government', 'Fct', '', 0, '', 476, 0, NULL, NULL, 0, 0, NULL, 'defualt.png', 1, '2025-10-31 05:27:37', NULL),
(477, 'P00485', '1969-12-31', 'Joyce Oluwadarasimi', 'ODUNYEMI', 'Female', '1969-12-31', '', '', '', '', 'Temi Pemi', '', '', 'Fct', '', 0, '', 477, 0, NULL, NULL, 0, 0, NULL, 'defualt.png', 1, '2025-10-31 05:27:38', NULL),
(478, 'P00430', '1969-12-31', 'Praise Adebola', 'OGUNSAKIN', 'Female', '1969-12-31', 'christainity', '', '', '', 'Iloromu', '', '', 'Fct', '', 0, '', 478, 0, NULL, NULL, 0, 0, NULL, 'defualt.png', 1, '2025-10-31 05:27:38', NULL),
(479, 'P00407', '1969-12-31', 'Ireoluwa Daniel', 'OJO', 'Male', '1969-12-31', 'christainity', '', '', '', 'House H172, Temipemi St. Ile Ife', '', 'Ife Central', 'Osun', '', 0, '', 479, 0, NULL, NULL, 0, 0, NULL, 'defualt.png', 1, '2025-10-31 05:27:38', NULL),
(480, 'P00433', '1969-12-31', 'Abigail Osinachi', 'OKORIE', 'Female', '1969-12-31', 'christainity', '', '', '', '', '', '', 'Fct', '', 0, '', 480, 0, NULL, NULL, 0, 0, NULL, 'defualt.png', 1, '2025-10-31 05:27:38', NULL),
(481, 'P00579', '1969-12-31', 'Mojolaoluwa Gabriell', 'Adewoyin', 'Male', '1969-12-31', '', '', '', '', '', '', '', '', '', 0, '', 481, 0, NULL, NULL, 0, 0, NULL, 'defualt.png', 1, '2025-10-31 05:27:38', NULL),
(482, 'P00456', '1969-12-31', 'Ifeoluwa  Divine-favour', 'OLAYINKA', 'Female', '1969-12-31', '', '', '', '', 'Ife City College Area', '', '', 'Enugu', '', 0, '', 482, 0, NULL, NULL, 0, 0, NULL, 'defualt.png', 1, '2025-10-31 05:27:38', NULL),
(483, 'P00464', '1969-12-31', 'Joe Oluwademilade', 'OMOLOLU', 'Male', '1969-12-31', 'christainity', '', '', '', 'Olubuse Quarters', '', '', 'Oyo', '', 0, '', 483, 0, NULL, NULL, 0, 0, NULL, 'defualt.png', 1, '2025-10-31 05:27:38', NULL),
(484, 'P00500', '1969-12-31', 'Jibola Joshua', 'OYEYEMI', 'Male', '1969-12-31', '', '', '', '', '4, Akintola Street , Line 1 Ilode ,ife.', '', '', 'Fct', '', 0, '', 484, 0, NULL, NULL, 0, 0, NULL, 'defualt.png', 1, '2025-10-31 05:27:38', NULL),
(485, 'P00333', '2014-12-31', 'Ezekiel Oluwatobiloba', 'PETER', 'MALE', '2016-12-31', '', '', '', '', 'Temipemi Quarters', '', '', 'FCT', '', 0, '', 485, 0, NULL, NULL, 0, 0, NULL, 'defualt.png', 1, '2025-10-31 05:27:38', NULL),
(486, 'P00506', '1969-12-31', 'Promise', 'VICTOR', 'Male', '1969-12-31', '', '', '', '', 'Ojaja', '', '', 'Osun', '', 0, '', 486, 0, NULL, NULL, 0, 0, NULL, 'defualt.png', 1, '2025-10-31 05:27:38', NULL),
(487, 'P00634', '1969-12-31', 'Racheal  Ayomide', 'Adereti', 'Female', '1969-12-31', '', '', '', '', '', '', '', '', '', 0, '', 487, 0, NULL, NULL, 0, 0, NULL, 'defualt.png', 1, '2025-10-31 05:27:38', NULL),
(488, 'P00599', '1969-12-31', 'Chinachenerem Emmanuel', 'PATRICK', 'Male', '1969-12-31', 'christainity', '', '', '', 'No 8, Oranfe street', '', '', '', '', 0, '', 488, 0, NULL, NULL, 0, 0, NULL, 'defualt.png', 1, '2025-10-31 05:27:39', NULL),
(489, 'P00519', '1969-12-31', 'Aderayo Naomi', 'ADEDINI', 'Female', '1969-12-31', 'christainity', '', '', '', '1, Ile Isoya Palace,Isoya Ife Kingdom', '', '', 'Osun', '', 0, '', 489, 0, NULL, NULL, 0, 0, NULL, 'defualt.png', 1, '2025-10-31 05:27:39', NULL),
(490, 'P00521', '1969-12-31', 'Modupeola', 'OPEOLA', 'Male', '1969-12-31', 'christainity', '', '', '', '', '', '', '', '', 0, '', 490, 0, NULL, NULL, 0, 0, NULL, 'defualt.png', 1, '2025-10-31 05:27:39', NULL),
(491, 'P00540', '1969-12-31', 'Divine Oluwashindara', 'AKINLOYE', 'Female', '1969-12-31', 'christainity', '', '', '', '', '', '', '', '', 0, '', 491, 0, NULL, NULL, 0, 0, NULL, 'defualt.png', 1, '2025-10-31 05:27:39', NULL),
(492, 'P00542', '1969-12-31', 'Nelson Shedrack', 'OWOOTOMO', 'Male', '1969-12-31', 'christainity', '', '', '', 'Iloromu Junction, Ife', '', '', 'Osun', '', 0, '', 492, 0, NULL, NULL, 0, 0, NULL, 'defualt.png', 1, '2025-10-31 05:27:39', NULL),
(493, 'P00605', '1969-12-31', 'Ayomide', 'ABAYOMI', 'Male', '1969-12-31', 'christainity', '', '', '', '', '', '', '', '', 0, '', 493, 0, NULL, NULL, 0, 0, NULL, 'defualt.png', 1, '2025-10-31 05:27:39', NULL),
(494, 'P00612', '1969-12-31', 'CHIDIOMIMI  TRIUMPH', 'UDEH', 'Male', '1969-12-31', 'christainity', '', '', '', '', '', '', '', '', 0, '', 494, 0, NULL, NULL, 0, 0, NULL, 'defualt.png', 1, '2025-10-31 05:27:39', NULL),
(495, 'P00613', '1969-12-31', 'Chidioduito  Treasure', 'UDEH', 'Male', '1969-12-31', 'christainity', '', '', '', '', '', '', '', '', 0, '', 495, 0, NULL, NULL, 0, 0, NULL, 'defualt.png', 1, '2025-10-31 05:27:39', NULL),
(496, 'P00559', '1969-12-31', 'Nancy', 'EWOBE', 'Female', '1969-12-31', 'christainity', '', '', '', '', '', '', '', '', 0, '', 496, 0, NULL, NULL, 0, 0, NULL, 'defualt.png', 1, '2025-10-31 05:40:50', NULL),
(497, 'P00602', '1969-12-31', 'Jeremiah', 'SOREMEKUN', 'Male', '1969-12-31', 'christainity', '', '', '', '', '', '', '', '', 0, '', 497, 0, NULL, NULL, 0, 0, NULL, 'defualt.png', 1, '2025-10-31 05:40:50', NULL),
(498, 'P00477', '1969-12-31', 'Nathaniel  Oluwanifemi', 'FUNMILAYO', 'Male', '1969-12-31', 'christainity', '', '', '', 'Iloromu', '', '', 'Fct', '', 0, '', 498, 0, NULL, NULL, 0, 0, NULL, 'defualt.png', 1, '2025-10-31 05:40:50', NULL),
(499, 'P00493', '1969-12-31', 'Khadijat Adeola', 'QUADRI', 'Female', '1969-12-31', 'Islam', '', '', '', 'Onibuore, Opa', '', '', 'Fct', '', 0, '', 499, 0, NULL, NULL, 0, 0, NULL, 'defualt.png', 1, '2025-10-31 05:40:50', NULL),
(500, 'P00410', '1969-12-31', 'Adeoluwa  Michael', 'ADEGBENRO', 'Male', '1969-12-31', 'christainity', '', '', '', 'Aladanla', '', '', 'Fct', '', 0, '', 500, 0, NULL, NULL, 0, 0, NULL, 'defualt.png', 1, '2025-10-31 05:40:50', NULL),
(501, 'P00445', '1969-12-31', 'Adesewa Victoria', 'ADEKANLE', 'Female', '1969-12-31', 'christainity', '', '', '', 'Oke Ogbo', '', '', 'Fct', '', 0, '', 501, 0, NULL, NULL, 0, 0, NULL, 'defualt.png', 1, '2025-10-31 05:40:50', NULL),
(502, 'P00418', '1969-12-31', 'Adedamola Nehemiah', 'ADENIJI', 'Male', '1969-12-31', 'christainity', '', '', '', 'Oke Ogbo', '', '', 'Fct', '', 0, '', 502, 0, NULL, NULL, 0, 0, NULL, 'defualt.png', 1, '2025-10-31 05:40:50', NULL),
(503, 'P00473', '1969-12-31', 'Jeshua Eniibukun', 'AJIBOLA', 'Male', '1969-12-31', 'christainity', '', '', '', 'Ile-ife', '', '', 'Fct', '', 0, '', 503, 0, NULL, NULL, 0, 0, NULL, 'defualt.png', 1, '2025-10-31 05:40:50', NULL),
(504, 'P00447', '1969-12-31', 'Samuel Korede', 'AWOTIPE', 'Male', '1969-12-31', 'christainity', '', '', '', 'Oranfe', '', '', 'Fct', '', 0, '', 504, 0, NULL, NULL, 0, 0, NULL, 'defualt.png', 1, '2025-10-31 05:40:51', NULL),
(505, 'P00462', '1969-12-31', 'Joyce', 'GBENGA-AROTIBA', 'Female', '1969-12-31', 'christainity', '', '', '', 'Anibijuwon Street', '', '', 'Ondo', '', 0, '', 505, 0, NULL, NULL, 0, 0, NULL, 'defualt.png', 1, '2025-10-31 05:40:51', NULL),
(506, 'P00412', '1969-12-31', 'Oluwadarasimi Christianah', 'OLAFARE', 'Female', '1969-12-31', 'christainity', '', '', '', 'Ife City College Road', '', '', 'Fct', '', 0, '', 506, 0, NULL, NULL, 0, 0, NULL, 'defualt.png', 1, '2025-10-31 05:40:51', NULL),
(507, 'P00523', '1969-12-31', 'Philemon', 'OGUNJOBI', 'Male', '1969-12-31', 'christainity', '', '', '', '', '', '', '', '', 0, '', 507, 0, NULL, NULL, 0, 0, NULL, 'defualt.png', 1, '2025-10-31 05:40:51', NULL),
(508, 'P00603', '1969-12-31', 'Daniel', 'OLUWAFEMI', 'Male', '1969-12-31', 'christainity', '', '', '', '', '', '', '', '', 0, '', 508, 0, NULL, NULL, 0, 0, NULL, 'defualt.png', 1, '2025-10-31 05:40:51', NULL),
(509, 'P00530', '1969-12-31', 'Kikiope', 'OLUWAFEMI', 'Female', '1969-12-31', 'christainity', '', '', '', '', '', '', '', '', 0, '', 509, 0, NULL, NULL, 0, 0, NULL, 'defualt.png', 1, '2025-10-31 05:40:51', NULL),
(510, 'P00527', '1969-12-31', 'Demilade Kezia', 'ADEPOJU', 'Male', '1969-12-31', 'christainity', '', '', '', 'Aniyanjuwon', '', '', 'Osun', '', 0, '', 510, 0, NULL, NULL, 0, 0, NULL, 'defualt.png', 1, '2025-10-31 05:40:51', NULL),
(511, 'P00563', '1969-12-31', 'Mariam', 'Adebayo', 'Female', '1969-12-31', 'christainity', '', '', '', '', '', '', '', '', 0, '', 511, 0, NULL, NULL, 0, 0, NULL, 'defualt.png', 1, '2025-10-31 05:40:51', NULL),
(512, 'P00574', '1969-12-31', 'Desire Deborah', 'Samuel', 'Female', '1969-12-31', 'christainity', '', '', '', '', '', '', '', '', 0, '', 512, 0, NULL, NULL, 0, 0, NULL, 'defualt.png', 1, '2025-10-31 05:40:51', NULL),
(514, 'P00409', '1969-12-31', 'Ademuyiwa Omoniyiola', 'Adedoyin', 'Male', '1969-12-31', 'christainity', '', '', '', 'Awolumate quarters, Opa', '', 'Ife Central', 'Osun', '', 0, '', 514, 0, NULL, NULL, 0, 0, NULL, 'defualt.png', 1, '2025-10-31 05:40:51', NULL),
(515, 'P00411', '1969-12-31', 'Ademurewa Omoniyiola', 'Adedoyin', 'Female', '1969-12-31', 'christainity', '', '', '', 'Awolumate quarters, Opa', '', 'Ife Central', 'Osun', '', 0, '', 515, 0, NULL, NULL, 0, 0, NULL, 'defualt.png', 1, '2025-10-31 05:40:52', NULL),
(516, 'P00515', '1969-12-31', 'Zion', 'ALADESAYE', 'Male', '1969-12-31', 'christainity', '', '', '', '', '', '', '', '', 0, '', 516, 0, NULL, NULL, 0, 0, NULL, 'defualt.png', 1, '2025-10-31 05:40:52', NULL),
(517, 'P00479', '1969-12-31', 'Denzel Iyinoluwa', 'BABATUNDE', 'Male', '1969-12-31', 'christainity', '', '', '', 'Oranfe', '', '', 'Fct', '', 0, '', 517, 0, NULL, NULL, 0, 0, NULL, 'defualt.png', 1, '2025-10-31 05:40:52', NULL),
(518, 'P00510', '1969-12-31', 'Oluwademilade', 'FASOORE', 'Male', '1969-12-31', 'christainity', '', '', '', '', '', '', '', '', 0, '', 518, 0, NULL, NULL, 0, 0, NULL, 'defualt.png', 1, '2025-10-31 05:40:52', NULL),
(520, 'P00604', '1969-12-31', 'Ibukun Daniel', 'ADERINWALE', 'Male', '1969-12-31', 'christainity', '', '', '', 'No14 Agbala Daniel street, Ilesa road Opa Ile -ife', '', 'Y', 'Osun', '', 0, '', 520, 0, NULL, NULL, 0, 0, NULL, 'defualt.png', 1, '2025-10-31 05:40:52', NULL),
(521, 'P00568', '1969-12-31', 'Mercy-Grace Christia', 'Adebayo', 'Female', '1969-12-31', 'christainity', '', '', '', '', '', '', '', '', 0, '', 521, 0, NULL, NULL, 0, 0, NULL, 'defualt.png', 1, '2025-10-31 05:40:52', NULL),
(522, 'P00476', '1969-12-31', 'Hephzibah  Oluwandabira', 'ADEDOKUN', 'Female', '1969-12-31', 'christainity', '', '', '', 'Olubuae, Kojumole', '', '', 'Fct', '', 0, '', 522, 0, NULL, NULL, 0, 0, NULL, 'defualt.png', 1, '2025-10-31 05:40:52', NULL),
(523, 'P00534', '1969-12-31', 'Morianugba', 'AKINDE', 'Female', '1969-12-31', 'christainity', '', '', '', '', '', '', '', '', 0, '', 523, 0, NULL, NULL, 0, 0, NULL, 'defualt.png', 1, '2025-10-31 05:40:52', NULL),
(524, 'P00511', '1969-12-31', 'Nicole', 'AROWOLO', 'Female', '1969-12-31', 'christainity', '', '', '', '', '', '', '', '', 0, '', 524, 0, NULL, NULL, 0, 0, NULL, 'defualt.png', 1, '2025-10-31 05:40:52', NULL),
(525, 'P00614', '1969-12-31', 'Cheryl   Edara- Abas', 'ABASIAMA', 'Female', '1969-12-31', 'christainity', '', '', '', '', '', '', '', '', 0, '', 525, 0, NULL, NULL, 0, 0, NULL, 'defualt.png', 1, '2025-10-31 05:40:53', NULL),
(526, 'P00652', '1969-12-31', 'Olajumoke Iyanu', 'Ogunfeyitimi', 'Female', '1969-12-31', 'christainity', '', '', '', '', '', '', '', '', 0, '', 526, 0, NULL, NULL, 0, 0, NULL, 'defualt.png', 1, '2025-10-31 05:40:53', NULL),
(527, 'P00571', '1969-12-31', 'Oluwaseun Nephtali', 'Ojo', '', '1969-12-31', '', '', '', '', '', '', '', '', '', 0, '', 527, 0, NULL, NULL, 0, 0, NULL, 'defualt.png', 1, '2025-10-31 05:56:14', NULL),
(528, 'P00581', '1969-12-31', 'Oluwatise Ivy', 'Akinniran', '', '1969-12-31', '', '', '', '', '', '', '', '', '', 0, '', 528, 0, NULL, NULL, 0, 0, NULL, 'defualt.png', 1, '2025-10-31 05:56:14', NULL),
(529, 'P00475', '1969-12-31', 'Ewamide Morayo', 'AGBE', 'Female', '1969-12-31', '', '', '', '', 'Irebami Line 3', '', '', 'Fct', '', 0, '', 529, 0, NULL, NULL, 0, 0, NULL, 'defualt.png', 1, '2025-10-31 05:56:14', NULL),
(530, 'P00460', '1969-12-31', 'Samuel Olaoluwa', 'AGBEYANGI', 'Male', '1969-12-31', '', '', '', '', 'Hammedal Estate', '', '', 'Fct', '', 0, '', 530, 0, NULL, NULL, 0, 0, NULL, 'defualt.png', 1, '2025-10-31 05:56:14', NULL),
(531, 'P00584', '1969-12-31', 'Omofolayo Jehosheba', 'Awodire', '', '1969-12-31', '', '', '', '', '', '', '', '', '', 0, '', 531, 0, NULL, NULL, 0, 0, NULL, 'defualt.png', 1, '2025-10-31 05:56:14', NULL),
(532, 'P00606', '1969-12-31', 'Ramadan', 'BELLO', 'Male', '1969-12-31', 'islam', '', '', '', '', '', '', '', '', 0, '', 532, 0, NULL, NULL, 0, 0, NULL, 'defualt.png', 1, '2025-10-31 05:56:14', NULL),
(533, 'P00620', '1969-12-31', 'Davida Adepeju', 'Adeoye', '', '1969-12-31', 'christainity', '', '', '', '5, Road 1, Line 5, Aba-gani, Opa, Ile-Ife, Osun State', '', 'Ife Central', 'Osun State', '', 0, '', 533, 0, NULL, NULL, 0, 0, NULL, 'defualt.png', 1, '2025-10-31 05:56:15', NULL),
(534, 'P00566', '1969-12-31', 'Abraham Prosper', 'Olayinka', '', '1969-12-31', '', '', '', '', '', '', '', '', '', 0, '', 534, 0, NULL, NULL, 0, 0, NULL, 'defualt.png', 1, '2025-10-31 05:56:15', NULL),
(536, 'P00611', '1969-12-31', 'Ayomiposi', 'ADELEKE', '', '1969-12-31', '', '', '', '', '', '', '', '', '', 0, '', 536, 0, NULL, NULL, 0, 0, NULL, 'defualt.png', 1, '2025-10-31 05:56:15', NULL),
(537, 'P00618', '1969-12-31', 'Emmanuel   Morireolu', 'OGUNMADE', '', '1969-12-31', '', '', '', '', '', '', '', '', '', 0, '', 537, 0, NULL, NULL, 0, 0, NULL, 'defualt.png', 1, '2025-10-31 05:56:15', NULL),
(538, 'P00619', '1969-12-31', 'Tinuade Elizabeth', 'ADEYANJU', '', '1969-12-31', '', '', '', '', '', '', '', '', '', 0, '', 538, 0, NULL, NULL, 0, 0, NULL, 'defualt.png', 1, '2025-10-31 05:56:15', NULL),
(539, 'P00560', '1969-12-31', 'Tiwatope Iremide', 'Paul', '', '1969-12-31', '', '', '', '', '', '', '', '', '', 0, '', 539, 0, NULL, NULL, 0, 0, NULL, 'defualt.png', 1, '2025-10-31 05:56:15', NULL),
(540, 'P00507', '1969-12-31', 'Noah', 'ANIFOWOSE', 'Male', '1969-12-31', 'christainity', '', '', '', '', '', '', '', '', 0, '', 540, 0, NULL, NULL, 0, 0, NULL, 'defualt.png', 1, '2025-10-31 05:56:15', NULL);
INSERT INTO `student` (`id`, `register_no`, `admission_date`, `first_name`, `last_name`, `gender`, `birthday`, `religion`, `caste`, `blood_group`, `mother_tongue`, `current_address`, `permanent_address`, `city`, `state`, `mobileno`, `category_id`, `email`, `parent_id`, `route_id`, `stoppage_point_id`, `vehicle_id`, `hostel_id`, `room_id`, `previous_details`, `photo`, `active`, `created_at`, `updated_at`) VALUES
(541, 'P00529', '1969-12-31', 'Obaloluwa', 'FAMUBODE', 'Male', '1969-12-31', 'christainity', '', '', '', '', '', '', '', '', 0, '', 541, 0, NULL, NULL, 0, 0, NULL, 'defualt.png', 1, '2025-10-31 05:56:15', NULL),
(542, 'P00573', '1969-12-31', 'Caleb Akintayo', 'Akindoyin', '', '1969-12-31', '', '', '', '', '', '', '', '', '', 0, '', 542, 0, NULL, NULL, 0, 0, NULL, 'defualt.png', 1, '2025-10-31 05:56:15', NULL),
(543, 'P00513', '1969-12-31', 'Eliana Chigozie', 'MICHAEL', 'Female', '1969-12-31', 'christainity', '', '', '', '', '', '', '', '', 0, '', 543, 0, NULL, NULL, 0, 0, NULL, 'defualt.png', 1, '2025-10-31 05:56:15', NULL),
(544, 'P00512', '1969-12-31', 'Ogooluwa', 'OLAJIDE', 'Male', '1969-12-31', 'christainity', '', '', '', '', '', '', '', '', 0, '', 544, 0, NULL, NULL, 0, 0, NULL, 'defualt.png', 1, '2025-10-31 05:56:16', NULL),
(545, 'P00509', '1969-12-31', 'Ademide', 'ADEOJO', '', '1969-12-31', '', '', '', '', '', '', '', '', '', 0, '', 545, 0, NULL, NULL, 0, 0, NULL, 'defualt.png', 1, '2025-10-31 05:56:16', NULL),
(546, 'P00557', '1969-12-31', 'Adefolarin Zane', 'OLADELE', 'Male', '1969-12-31', 'christainity', '', '', '', '', '', '', '', '', 0, '', 546, 0, NULL, NULL, 0, 0, NULL, 'defualt.png', 1, '2025-10-31 05:56:16', NULL),
(547, 'P00585', '1969-12-31', 'Oluwaseyifunmi David', 'Kolajo', '', '1969-12-31', '', 'NULL', 'NULL', 'NULL', 'NULL', '', '', '', '', 0, '', 547, 0, NULL, NULL, 0, 0, NULL, 'defualt.png', 1, '2025-10-31 07:12:35', NULL),
(548, 'P00628', '1969-12-31', 'Iremide  Elizabeth', 'Abayomi', '', '1969-12-31', '', 'NULL', 'NULL', 'NULL', 'NULL', '', '', '', '', 0, '', 548, 0, NULL, NULL, 0, 0, NULL, 'defualt.png', 1, '2025-10-31 07:12:35', NULL),
(549, 'P00595', '1969-12-31', 'Oyeladun  Jemimah', 'Oyetoro', '', '1969-12-31', '', 'NULL', 'NULL', 'NULL', 'NULL', '', '', '', '', 0, '', 549, 0, NULL, NULL, 0, 0, NULL, 'defualt.png', 1, '2025-10-31 07:12:35', NULL),
(550, 'P00617', '1969-12-31', 'Abraham Obanijesu', 'Elujoba', '', '1969-12-31', '', 'NULL', 'NULL', 'NULL', 'NULL', '', '', '', '', 0, '', 550, 0, NULL, NULL, 0, 0, NULL, 'defualt.png', 1, '2025-10-31 07:12:35', NULL),
(551, 'P00616', '1969-12-31', 'Abdullah Adebola', 'Balogun', '', '1969-12-31', '', 'NULL', 'NULL', 'NULL', 'NULL', '', '', '', '', 0, '', 551, 0, NULL, NULL, 0, 0, NULL, 'defualt.png', 1, '2025-10-31 07:12:35', NULL),
(552, 'P00622', '1969-12-31', 'Bliss Eniirekan', 'Ekhaiegba', '', '1969-12-31', '', 'NULL', 'NULL', 'NULL', 'NULL', '', '', '', '', 0, '', 552, 0, NULL, NULL, 0, 0, NULL, 'defualt.png', 1, '2025-10-31 07:12:35', NULL),
(553, 'P00632', '1969-12-31', 'Iyanuoluwa  Diana', 'Adeboye', '', '1969-12-31', '', 'NULL', 'NULL', 'NULL', 'NULL', '', '', '', '', 0, '', 553, 0, NULL, NULL, 0, 0, NULL, 'defualt.png', 1, '2025-10-31 07:12:35', NULL),
(554, 'EDM001', '1970-01-01', 'ALIYAH', 'FISAYO', 'FEMALE', '1970-01-01', 'Islam', '', '', '', 'No14 Agbala Daniel street, Ilesa road Opa Ile -ife', '', 'ABJ', 'OSUN', '8099312050', 0, 'student@edumac.com.ng', 554, 0, NULL, NULL, 0, 0, NULL, 'defualt.png', 1, '2025-11-19 19:48:09', NULL),
(555, 'EDM002', '1970-01-01', 'ITU', 'INWALE', 'MALE', '1970-01-01', 'CHRISTIANITY', '', '', '', 'No14 Agbala Daniel street, Ilesa road Opa Ile -ife', '', 'ABJ', 'OSUN', '8099312050', 0, 'student@edumac.com.ng', 555, 0, NULL, NULL, 0, 0, NULL, 'defualt.png', 1, '2025-11-19 19:48:10', NULL),
(556, 'EDM003', '1970-01-01', 'GRACE', 'AKIFESI', 'FEMALE', '1970-01-01', 'CHRISTIANITY', '', '', '', 'NO 14,LINE 2,ZONE 5,OPAAFEKI', '', 'ABJ', 'ONDO', '8099312050', 0, 'student@edumac.com.ng', 556, 0, NULL, NULL, 0, 0, NULL, 'defualt.png', 1, '2025-11-19 19:48:27', NULL),
(557, 'EDM004', '1970-01-01', 'Ansade', 'RANTI', 'Female', '1970-01-01', 'christainity', '', '', '', 'NO 14,LINE 2,ZONE 5,OPAAFEKI', '', 'ABJ', 'Osun', '8099312050', 0, 'student@edumac.com.ng', 557, 0, NULL, NULL, 0, 0, NULL, 'defualt.png', 1, '2025-11-19 19:48:27', NULL),
(558, 'P00132', '1969-12-31', 'ADEMIDUN ANTHONIA', 'ADEKANLE', 'FEMALE', '1969-12-31', 'christainity', '', '', '', 'BEHIND NIGERIA POLICE STATION OLOPO LAND, ILE-IFE', '', '', 'ONDO', '', 0, '', 306, 0, NULL, NULL, 0, 0, NULL, 'defualt.png', 1, '2025-12-11 09:25:50', NULL),
(559, 'P00635', '1969-12-31', 'TIWALADE', 'ODUNMORAYO', 'Female', '1969-12-31', 'christainity', '', '', '', '', '', '', '', '', 0, '', 558, 0, NULL, NULL, 0, 0, NULL, 'defualt.png', 1, '2025-12-11 10:34:02', NULL),
(560, 'P00651', '1969-12-31', 'Imole', 'OGUNFEYINTIN', 'Male', '1969-12-31', 'christainity', '', '', '', '', '', '', '', '', 0, '', 394, 0, NULL, NULL, 0, 0, NULL, 'defualt.png', 1, '2025-12-11 10:41:05', NULL),
(561, 'P00631', '1969-12-31', 'Mabel  Erimipe', 'Fasesin', '', '1969-12-31', 'christainity', '', '', 'NULL', '', '', 'ile-ife', 'Osun state', '', 0, '', 559, 0, NULL, NULL, 0, 0, NULL, 'defualt.png', 1, '2025-12-12 05:30:25', NULL),
(562, 'P00627', '1969-12-31', 'Kendra  Simisola', 'Oloro', '', '1969-12-31', 'christainity', '', '', 'NULL', '', '', 'ile-ife', 'Osun state', '', 0, '', 560, 0, NULL, NULL, 0, 0, NULL, 'defualt.png', 1, '2025-12-12 05:30:25', NULL),
(563, 'P00674', '1969-12-31', 'OPEOLA', 'MOMUREWA', 'MALE', '2023-11-08', 'christainity', 'Null', '', 'Null', '', '', 'ile-ife', 'Osun state', '', 0, '', 561, 0, NULL, NULL, 0, 0, NULL, 'defualt.png', 1, '2025-12-12 05:30:25', NULL),
(567, 'P00678', '2025-02-31', 'BOLAJI', 'OLUWASETEMI', 'FEMALE', '15/08/2023', 'CHRISTAINITY', 'Null', '', 'Null', '', '', 'ile-ife', 'Osun state', '', 0, '', 565, 0, NULL, NULL, 0, 0, NULL, 'defualt.png', 1, '2025-12-12 05:30:25', NULL),
(568, 'P00679', '2025-02-31', 'ADELUGBA', 'ADEOLA', 'MALE', '29/04/2023', 'CHRISTAINITY', 'Null', '', 'Null', '', '', 'ile-ife', 'Osun state', '', 0, '', 566, 0, NULL, NULL, 0, 0, NULL, 'defualt.png', 1, '2025-12-12 05:30:26', NULL),
(569, 'P00681', '2025-09-31', 'ADEAGBO', 'OLUWASEMILORE', 'FEMALE', '24/05/2023\r\n', 'CHRISTAINITY', 'Null', '', 'Null', '', '', 'ile-ife', 'Osun state', '', 0, '', 567, 0, NULL, NULL, 0, 0, NULL, 'defualt.png', 1, '2025-12-12 05:30:26', NULL),
(570, 'P00682', '1969-12-31', 'OLAGUNJU', 'DESIRE', 'FEMALE', '2023-10-03', 'CHRISTAINITY', 'Null', '', 'Null', '', '', 'ile-ife', 'Osun state', '', 0, '', 568, 0, NULL, NULL, 0, 0, NULL, 'defualt.png', 1, '2025-12-12 05:30:26', NULL),
(571, 'P00669', '1969-12-31', 'FADIPE', 'KATHERINA', 'FEMALE', '2023-04-10', 'CHRISTAINITY', 'Null', '', 'Null', '', '', 'ile-ife', 'Osun state', '', 0, '', 569, 0, NULL, NULL, 0, 0, NULL, 'defualt.png', 1, '2025-12-12 05:30:26', NULL),
(572, 'P00664', '2025-09-31', 'IYANDA', 'ADEMIDE', 'MALE', '19/09/2023', 'CHRISTAINITY', 'Null', '', 'Null', '', '', 'ile-ife', 'Osun state', '', 0, '', 570, 0, NULL, NULL, 0, 0, NULL, 'defualt.png', 1, '2025-12-12 05:30:26', NULL),
(574, 'P00662', '2025-09-31', 'AKEREMALE', 'SEUNFUNMI', 'FEMALE', '25/01/2023', 'CHRISTAINITY', 'Null', '', 'Null', '', '', 'ile-ife', 'Osun state', '', 0, '', 572, 0, NULL, NULL, 0, 0, NULL, 'defualt.png', 1, '2025-12-12 05:30:26', NULL),
(575, 'P00649', '2025-09-31', 'ADEPOJU', 'DARASIMI', 'MALE', '20/06/2023\r\n', 'CHRISTAINITY', 'Null', '', 'Null', '', '', 'ile-ife', 'Osun state', '', 0, '', 573, 0, NULL, NULL, 0, 0, NULL, 'defualt.png', 1, '2025-12-12 05:30:26', NULL),
(576, 'P00650', '1969-12-31', 'NZENWA', 'URENNA', 'FEMALE', '2023-10-08', 'CHRISTAINITY', 'Null', '', 'Null', '', '', 'ile-ife', 'Osun state', '', 0, '', 574, 0, NULL, NULL, 0, 0, NULL, 'defualt.png', 1, '2025-12-12 05:30:26', NULL),
(577, 'P00672', '2025-09-31', 'AKINDE', 'MORIREGBA', 'FEMALE', '2023-08-27\r\n', 'CHRISTAINITY', 'Null', '', 'Null', '', '', 'ile-ife', 'Osun state', '', 0, '', 575, 0, NULL, NULL, 0, 0, NULL, 'defualt.png', 1, '2025-12-12 05:30:26', NULL),
(578, 'P00673', '1969-12-31', 'ALUKO', 'HULDAH', 'FEMALE', '2023-09-12', 'CHRISTAINITY', 'Null', '', 'Null', '', '', 'ile-ife', 'Osun state', '', 0, '', 576, 0, NULL, NULL, 0, 0, NULL, 'defualt.png', 1, '2025-12-12 05:30:27', NULL),
(579, 'P00644', '2025-09-31', 'JOHN', 'TIMOTHEUS', 'MALE', '19/05/2023\r\n', 'CHRISTIANITY', 'Null', '', 'Null', '', '', 'ile-ife', 'Osun state', '', 0, '', 577, 0, NULL, NULL, 0, 0, NULL, 'defualt.png', 1, '2025-12-12 05:30:27', NULL),
(580, 'P00643', '1969-12-31', 'JOHN', 'THEOPHILUS', 'male', '1969-12-31', 'CHRISTAINITY', NULL, '', '', '', 'ILE-IFE', 'ile-ife', 'Osun state', NULL, 2, NULL, 578, 0, NULL, 0, 0, 0, '{\"school_name\":\"FLOURISHING CEDAR HILLS CHILDRENS SCHOOL\",\"qualification\":\"Nil\",\"remarks\":\"\"}', 'defualt.png', 1, '2025-12-12 07:18:57', NULL),
(581, 'P00661', '1969-12-31', 'OLAOLUWA', 'ANUOLUWAPO', 'FEMALE', '1969-12-31', 'CHRISTAINITY', '', '', '', '', '', 'ile-ife', 'Osun state', '', 0, '', 579, 0, NULL, NULL, 0, 0, NULL, 'defualt.png', 1, '2025-12-12 07:18:57', NULL),
(582, 'Gkis0001', '1969-12-31', 'Oluwafolakemi', 'Bamigbola', 'Female', '2024-02-02', 'Christian', 'Yoruba', 'creche', 'Yoruba', '5, Joy unspeakable Avenue, Cele Ikoyi area, Ile-Ife.', '5, Joy unspeakable Avenue, Cele Ikoyi area, Ile-Ife.', '', 'Oyo', '8100841928', 0, '', 580, 0, NULL, NULL, 0, 0, NULL, 'defualt.png', 1, '2025-12-12 16:12:01', NULL),
(583, 'Gkis0002', '1969-12-31', 'Japhet', 'Fadipesi', 'Male', '2023-12-26', 'Christian', 'Yoruba', 'Creche', 'Yoruba', '1, along Emmanuel Anglican Church, Ikoyi quarters, Ile-Ife.', '1, along Emmanuel Anglican Church, Ikoyi quarters, Ile-Ife.', '', 'Ondo', '8039448107', 0, '', 581, 0, NULL, NULL, 0, 0, NULL, 'defualt.png', 1, '2025-12-12 16:12:01', NULL),
(584, 'Gkis0003', '1969-12-31', 'Erinifeoluwa', 'Akinbani', 'Female', '2024-07-06', 'Christian', 'Yoruba', 'Creche', 'Yoruba', 'NIL', 'NIL', '', 'Ondo', '8162974306', 0, '', 582, 0, NULL, NULL, 0, 0, NULL, 'defualt.png', 1, '2025-12-12 16:12:01', NULL),
(585, 'Gkis0004', '1969-12-31', 'Favour', '', '', '1969-12-31', 'NIL', 'NIL', 'Creche', 'NIL', 'NIL', 'NIL', 'NIL', 'NIL', 'NIL', 0, '', 583, 0, NULL, NULL, 0, 0, NULL, 'defualt.png', 1, '2025-12-12 16:12:01', NULL),
(586, 'Gkis0005', '1969-12-31', 'Taiwo', '', '', '1969-12-31', 'NIL', 'NIL', 'Creche', 'NIL', 'NIL', 'NIL', 'NIL', 'NIL', 'NIL', 0, '', 584, 0, NULL, NULL, 0, 0, NULL, 'defualt.png', 1, '2025-12-12 16:12:01', NULL),
(587, 'Gkis0006', '1969-12-31', 'Kehinde', '', '', '1969-12-31', 'NIL', 'NIL', 'Creche', 'NIL', 'NIL', 'NIL', 'NIL', 'NIL', 'NIL', 0, '', 585, 0, NULL, NULL, 0, 0, NULL, 'defualt.png', 1, '2025-12-12 16:12:01', NULL),
(588, 'Gkis0007', '1969-12-31', 'Inioluwa', '', '', '1969-12-31', 'NIL', 'NIL', 'Creche', 'NIL', 'NIL', 'NIL', 'NIL', 'NIL', 'NIL', 0, '', 586, 0, NULL, NULL, 0, 0, NULL, 'defualt.png', 1, '2025-12-12 16:12:02', NULL),
(589, 'Gkis0008', '1969-12-31', 'Romola', '', '', '1969-12-31', 'NIL', 'NIL', 'Creche', 'NIL', 'NIL', 'NIL', 'NIL', 'NIL', 'NIL', 0, '', 587, 0, NULL, NULL, 0, 0, NULL, 'defualt.png', 1, '2025-12-12 16:12:02', NULL),
(590, 'Gkis0009', '1969-12-31', 'Oluwafolakemi', 'Bamigbola', 'Female', '2024-02-02', 'Christian', 'Yoruba', 'ruby', 'Yoruba', '5, Joy unspeakable Avenue, Cele Ikoyi area, Ile-Ife.', '5, Joy unspeakable Avenue, Cele Ikoyi area, Ile-Ife.', '', 'Oyo', '8100841928', 0, 'NIL', 588, 0, NULL, NULL, 0, 0, NULL, 'defualt.png', 1, '2025-12-12 16:21:36', NULL),
(591, 'Gkis0010', '1969-12-31', 'Japhet', 'Fadipesi', 'Male', '2023-12-26', 'Christian', 'Yoruba', 'ruby', 'Yoruba', '1, along Emmanuel Anglican Church, Ikoyi quarters, Ile-Ife.', '1, along Emmanuel Anglican Church, Ikoyi quarters, Ile-Ife.', '', 'Ondo', '8039448107', 0, 'NIL', 589, 0, NULL, NULL, 0, 0, NULL, 'defualt.png', 1, '2025-12-12 16:21:36', NULL),
(592, 'Gkis0011', '1969-12-31', 'Adetayo', 'Adereni', 'Male', '2022-05-12', 'Christian', 'Yoruba', 'pre_Nur One', 'Yoruba', '38, Ife city, after Ife city secondary school, Ile-Ife', '38, Ife city, after Ife city secondary school, Ile-Ife', '', 'Osun', '8066066917', 0, 'NIL', 590, 0, NULL, NULL, 0, 0, NULL, 'defualt.png', 1, '2025-12-12 16:24:16', NULL),
(593, 'Gkis0012', '1969-12-31', 'Progress', 'Stephen', 'male', '2023-04-17', 'Christian', 'Hausa', 'pre_Nur One', 'Hausa', 'Kwagiri', '', 'Jaba', 'Kaduna', '8074016665', 0, 'NIL', 591, 0, NULL, NULL, 0, 0, NULL, 'defualt.png', 1, '2025-12-12 16:24:16', NULL),
(594, 'Gkis0013', '1969-12-31', 'Deborah', 'Taiwo', 'Female', '2023-03-06', 'Christian', 'Yoruba', 'pre_Nur One', 'Yoruba', '25, line 4, Olasode street, Ile-Ife', '25, line 4, Olasode street, Ile-Ife', '', 'Osun', '8100843189', 0, 'NIL', 592, 0, NULL, NULL, 0, 0, NULL, 'defualt.png', 1, '2025-12-12 16:24:17', NULL),
(595, 'Gkis0014', '1969-12-31', 'Ajibade', 'Danial', 'male', '1969-12-31', 'Christian', 'Yoruba', 'pre_Nur One', 'Yoruba', 'NIL', 'NIL', 'NIL', 'NIL', 'NIL', 0, 'NIL', 593, 0, NULL, NULL, 0, 0, NULL, 'defualt.png', 1, '2025-12-12 16:24:17', NULL),
(596, 'Gkis0015', '1969-12-31', 'Adedoyin', 'Adekunle', 'male', '1969-12-31', 'Christian', 'Yoruba', 'pre_Nur One', 'Yoruba', 'NIL', 'NIL', 'NIL', 'NIL', 'NIL', 0, 'NIL', 594, 0, NULL, NULL, 0, 0, NULL, 'defualt.png', 1, '2025-12-12 16:24:17', NULL),
(597, 'Gkis0016', '1969-12-31', 'Adekanbi', 'Anuoluwapo', 'female', '1969-12-31', 'Christian', 'Yoruba', 'pre_Nur One', 'Yoruba', 'NIL', 'NIL', 'NIL', 'NIL', 'NIL', 0, 'NIL', 595, 0, NULL, NULL, 0, 0, NULL, 'defualt.png', 1, '2025-12-12 16:24:17', NULL),
(598, 'Gkis0017', '1969-12-31', 'Adebodun', 'Donald', 'Male', '2022-05-12', 'Christian', 'Yoruba', 'pre_Nur Two', 'Yoruba', '38, Ife city, after Ife city secondary school, Ile-Ife', '38, Ife city, after Ife city secondary school, Ile-Ife', '', 'Osun', '8066066917', 0, 'NIL', 596, 0, NULL, NULL, 0, 0, NULL, 'defualt.png', 1, '2025-12-12 16:27:10', NULL),
(599, 'Gkis0018', '1969-12-31', 'Adebodun', 'Mitchell', 'female', '2023-04-17', 'Christian', 'Hausa', 'pre_Nur Two', 'Hausa', 'Kwagiri', '', 'Jaba', 'Kaduna', '8074016665', 0, 'NIL', 597, 0, NULL, NULL, 0, 0, NULL, 'defualt.png', 1, '2025-12-12 16:27:10', NULL),
(600, 'Gkis0019', '1969-12-31', 'Lawson', 'Iretamide', 'Female', '2023-03-06', 'Christian', 'Yoruba', 'pre_Nur Two', 'Yoruba', '25, line 4, Olasode street, Ile-Ife', '25, line 4, Olasode street, Ile-Ife', 'NIL', 'Osun', '8100843189', 0, 'NIL', 598, 0, NULL, NULL, 0, 0, NULL, 'defualt.png', 1, '2025-12-12 16:27:10', NULL),
(601, 'Gkis0020', '1969-12-31', 'Aramide', 'Adekunle', 'Male', '2022-04-13', 'Christian', 'Yoruba', 'pre_Nur Two', 'Yoruba', 'Shop 8, Ife city junction, Ile-Ife', '', 'NIL', 'Osun', '8136685712', 0, 'NIL', 599, 0, NULL, NULL, 0, 0, NULL, 'defualt.png', 1, '2025-12-12 16:27:10', NULL),
(602, 'Gkis0021', '1969-12-31', 'Zion', 'Olowomujuore', 'Female', '1969-12-31', 'Christian', 'Yoruba', 'pre_Nur Two', 'Yoruba', 'NIL', 'NIL', 'NIL', 'Osun', 'NIL', 0, 'NIL', 600, 0, NULL, NULL, 0, 0, NULL, 'defualt.png', 1, '2025-12-12 16:27:10', NULL),
(603, 'Gkis0022', '1969-12-31', 'Zoe', 'Itohan', 'Female', '1969-12-31', 'NIL', 'NIL', 'Nur One', 'NIL', 'NIL', 'NIL', 'NIL', 'NIL', 'NIL', 0, 'NIL', 601, 0, NULL, NULL, 0, 0, NULL, 'defualt.png', 1, '2025-12-12 16:29:31', NULL),
(604, 'Gkis0023', '1969-12-31', 'Amarechi', 'Ibah', 'Female', '2021-11-30', 'Christian', 'Ibo', 'Nur One', 'Ibo', '17, Aniyajuwon street, opposite phase 2, OAUTHC, Ile-Ife.', '17, Aniyajuwon street, opposite phase 2, OAUTHC, Ile-Ife.', '', 'Imo', '8054292803', 0, 'NIL', 602, 0, NULL, NULL, 0, 0, NULL, 'defualt.png', 1, '2025-12-12 16:29:31', NULL),
(605, 'Gkis0024', '1969-12-31', 'Awoyemi', 'Maverlous', 'male', '1969-12-31', 'NIL', 'NIL', 'Nur One', 'NIL', 'NIL', 'NIL', 'NIL', 'NIL', 'NIL', 0, 'NIL', 603, 0, NULL, NULL, 0, 0, NULL, 'defualt.png', 1, '2025-12-12 16:29:31', NULL),
(606, 'Gkis0025', '1969-12-31', 'Faita', 'Precious', 'male', '1969-12-31', 'NIL', 'NIL', 'Nur One', 'NIL', 'NIL', 'NIL', 'NIL', 'NIL', 'NIL', 0, 'NIL', 604, 0, NULL, NULL, 0, 0, NULL, 'defualt.png', 1, '2025-12-12 16:29:32', NULL),
(607, 'Gkis0026', '1969-12-31', 'Iseoluwa Joann', 'Oluyemi', 'Female', '2021-06-29', 'Christian', 'Yoruba', 'Nur Two', 'Youba', 'NIL', 'NIL', '', 'Osun', '7038547755', 0, 'NIL', 605, 0, NULL, NULL, 0, 0, NULL, 'defualt.png', 1, '2025-12-12 16:31:11', NULL),
(608, 'Gkis0027', '1969-12-31', 'Babalola', 'Oluwasemilore', 'Female', '1969-12-31', 'NIL', 'NIL', 'Nur Two', 'NIL', 'NIL', 'NIL', 'NIL', 'NIL', 'NIL', 0, 'NIL', 606, 0, NULL, NULL, 0, 0, NULL, 'defualt.png', 1, '2025-12-12 16:31:11', NULL),
(609, 'Gkis0028', '1969-12-31', 'Babalola', 'Tijesunimi', 'male', '1969-12-31', 'NIL', 'NIL', 'Nur Two', 'NIL', 'NIL', 'NIL', 'NIL', 'NIL', 'NIL', 0, 'NIL', 607, 0, NULL, NULL, 0, 0, NULL, 'defualt.png', 1, '2025-12-12 16:31:11', NULL),
(610, 'Gkis0029', '1969-12-31', 'Joshua', 'Salami', 'male', '1969-12-31', 'NIL', 'NIL', 'Nur Two', 'NIL', 'NIL', 'NIL', 'NIL', 'NIL', 'NIL', 0, 'NIL', 608, 0, NULL, NULL, 0, 0, NULL, 'defualt.png', 1, '2025-12-12 16:31:11', NULL),
(611, 'Gkis0030', '1969-12-31', 'Abimbola', 'Micheal', 'male', '1969-12-31', 'NIL', 'NIL', 'primary one', 'NIL', 'NIL', 'NIL', 'NIL', 'NIL', 'NIL', 0, 'NIL', 609, 0, NULL, NULL, 0, 0, NULL, 'defualt.png', 1, '2025-12-12 16:32:21', NULL),
(612, 'Gkis0031', '1969-12-31', 'Olowomojuore', 'Pemisire', 'female', '1969-12-31', 'NIL', 'NIL', 'primary one', 'NIL', 'NIL', 'NIL', 'NIL', 'NIL', 'NIL', 0, 'NIL', 610, 0, NULL, NULL, 0, 0, NULL, 'defualt.png', 1, '2025-12-12 16:32:21', NULL),
(613, 'Gkis0032', '1969-12-31', 'Famoyegun', 'Ibukun', 'male', '1969-12-31', 'NIL', 'NIL', 'primary one', 'NIL', 'NIL', 'NIL', 'NIL', 'NIL', 'NIL', 0, 'NIL', 611, 0, NULL, NULL, 0, 0, NULL, 'defualt.png', 1, '2025-12-12 16:32:21', NULL),
(614, 'Gkis0033', '1969-12-31', 'Taiwo', 'Adewale', 'Male', '2017-08-17', 'Christian', 'Yoruba', 'primary Two', 'Yoruba', 'Ile tuntun, along ilesa road, Ile-Ife,', 'Ile tuntun, along ilesa road, Ile-Ife,', 'NIL', 'Osun', '8130538221', 0, 'NIL', 612, 0, NULL, NULL, 0, 0, NULL, 'defualt.png', 1, '2025-12-12 16:33:35', NULL),
(615, 'Gkis0034', '1969-12-31', 'Kehinde', 'Adewale', 'Female', '2017-08-17', 'Christian', 'Yoruba', 'primary Two', 'Yoruba', 'Ile tuntun, along ilesa road, Ile-Ife,', 'Ile tuntun, along ilesa road, Ile-Ife,', 'NIL', 'Osun', '8130538221', 0, 'NIL', 613, 0, NULL, NULL, 0, 0, NULL, 'defualt.png', 1, '2025-12-12 16:33:35', NULL),
(616, 'Gkis0035', '1969-12-31', 'Anjolaoluwa', 'Akinjobi', 'Female', '1969-12-31', 'Christian', 'Yoruba', 'primary Two', 'Yoruba', 'NIL', 'NIL', 'NIL', 'NIL', 'NIL', 0, 'NIL', 614, 0, NULL, NULL, 0, 0, NULL, 'defualt.png', 1, '2025-12-12 16:33:35', NULL),
(617, 'Gkis0036', '1969-12-31', 'Temitope', 'Stephen', 'Male', '1969-12-31', 'NIL', 'NIL', 'primary Two', 'NIL', 'NIL', 'NIL', 'NIL', 'NIL', 'NIL', 0, 'NIL', 615, 0, NULL, NULL, 0, 0, NULL, 'defualt.png', 1, '2025-12-12 16:33:35', NULL),
(618, 'Gkis0037', '1969-12-31', 'Awoyemi', 'Miracle', 'male', '1969-12-31', 'NIL', 'NIL', 'primary two', 'NIL', 'NIL', 'NIL', 'NIL', 'NIL', 'NIL', 0, 'NIL', 616, 0, NULL, NULL, 0, 0, NULL, 'defualt.png', 1, '2025-12-12 16:35:21', NULL),
(619, 'P00642', '1969-12-31', 'John', 'Tabitha', 'FEMALE', '1969-12-31', 'CHRISTIANITY', 'nil', '', '', 'nil', 'nil', 'nil', 'nil', 'nil', 0, '', 617, 0, NULL, NULL, 0, 0, NULL, 'defualt.png', 1, '2025-12-12 21:20:47', NULL),
(620, 'P00653', '1969-12-31', 'PHILIP', 'OBALOLUWA', 'MALE', '1969-12-31', 'CHRISTAINITY', 'nil', '', '', 'nil', 'nil', 'nil', 'nil', 'nil', 0, '', 618, 0, NULL, NULL, 0, 0, NULL, 'defualt.png', 1, '2025-12-12 21:20:47', NULL),
(621, 'P00655', '1969-12-31', 'ODUNLAMI', 'SAMUEL', 'MALE', '2018-05-03', 'CHRISTAINITY', 'nil', '', '', 'nil', 'nil', 'nil', 'nil', 'nil', 0, '', 619, 0, NULL, NULL, 0, 0, NULL, 'defualt.png', 1, '2025-12-12 21:20:47', NULL),
(622, 'P00658', '1969-12-31', 'ADEDIRAN', 'SAMUEL', 'MALE', '1969-12-31', 'CHRISTAINITY', 'nil', '', '', 'nil', 'nil', 'nil', 'nil', 'nil', 0, '', 620, 0, NULL, NULL, 0, 0, NULL, 'defualt.png', 1, '2025-12-12 21:20:47', NULL),
(623, 'P00666', '1969-12-31', 'OGUNWUSI', 'ADEWUYI', 'MALE', '2017-11-06', 'CHRISTAINITY', 'nil', '', '', 'nil', 'nil', 'nil', 'nil', 'nil', 0, '', 621, 0, NULL, NULL, 0, 0, NULL, 'defualt.png', 1, '2025-12-12 21:20:47', NULL),
(624, 'P00667', '1969-12-31', 'AJENIFUJA', 'ADEBOLA', 'MALE', '1969-12-31', 'CHRISTAINITY', 'nil', '', '', 'nil', 'nil', 'nil', 'nil', 'nil', 0, '', 622, 0, NULL, NULL, 0, 0, NULL, 'defualt.png', 1, '2025-12-12 21:20:47', NULL),
(625, 'P00671', '1969-12-31', 'FAMOYEGUN', 'MICHAEL', 'MALE', '1969-12-31', 'CHRISTAINITY', 'nil', '', '', 'nil', 'nil', 'nil', 'nil', 'nil', 0, '', 623, 0, NULL, NULL, 0, 0, NULL, 'defualt.png', 1, '2025-12-12 21:20:47', NULL),
(626, 'P00645', '1969-12-31', 'ADESANYA', 'OPEMIPO', 'MALE', '1969-12-31', 'CHRISTAINITY', 'nil', '', '', 'nil', 'nil', 'nil', 'nil', 'nil', 0, '', 624, 0, NULL, NULL, 0, 0, NULL, 'defualt.png', 1, '2025-12-12 21:26:12', NULL),
(627, 'P00657', '1969-12-31', 'MOSHOOD', 'FARIHAT', 'FEMALE', '1969-12-31', 'ISLAM', 'nil', '', '', 'nil', 'nil', 'nil', 'nil', 'nil', 0, '', 625, 0, NULL, NULL, 0, 0, NULL, 'defualt.png', 1, '2025-12-12 21:26:12', NULL),
(628, 'P00647', '1969-12-31', 'ADEDIORA', 'ELIZABETH', 'FEMALE', '1969-12-31', 'CHRISTAINITY', 'nil', '', '', 'nil', 'nil', 'nil', 'nil', 'nil', 0, '', 626, 0, NULL, NULL, 0, 0, NULL, 'defualt.png', 1, '2025-12-12 21:38:44', NULL),
(629, 'P00659', '1969-12-31', 'ADEDIRAN', 'SIMEON', 'MALE', '1969-12-31', 'CHRISTAINITY', 'nil', '', '', 'nil', 'nil', 'nil', 'nil', 'nil', 0, '', 627, 0, NULL, NULL, 0, 0, NULL, 'defualt.png', 1, '2025-12-12 21:38:45', NULL),
(630, 'P00660', '2025-10-31', 'GABRIEL', 'AMBLESSED', 'FEMALE', '2022-07-11', 'CHRISTAINITY', 'nil', '', '', 'nil', 'nil', 'nil', 'nil', 'nil', 0, '', 628, 0, NULL, NULL, 0, 0, NULL, 'defualt.png', 1, '2025-12-12 21:38:45', NULL),
(631, 'P00637', '1969-12-31', 'ADELEKE', 'ANJOLA', 'FEMALE', '1969-12-31', 'CHRISTAINITY', 'nil', '', '', 'nil', 'nil', 'nil', 'nil', 'nil', 0, '', 629, 0, NULL, NULL, 0, 0, NULL, 'defualt.png', 1, '2025-12-12 21:38:45', NULL),
(635, 'P00656', '1969-12-31', 'ODUNLAMI', 'ESTHER', 'FEMALE', '2020-10-05', 'CHRISTAINITY', 'Nil', '', '', 'Nil', 'Nil', 'Nil', 'Nil', 'Nil', 0, '', 633, 0, NULL, NULL, 0, 0, NULL, 'defualt.png', 1, '2025-12-12 22:14:57', NULL),
(636, 'P00670', '1969-12-31', 'FAMOYEGUN', 'JOSHUA', 'MALE', '2019-01-06', 'CHRISTAINITY', 'Nil', '', '', 'Nil', 'Nil', 'Nil', 'Nil', 'Nil', 0, '', 634, 0, NULL, NULL, 0, 0, NULL, 'defualt.png', 1, '2025-12-12 22:14:58', NULL),
(637, 'P00683', '1969-12-31', 'AKERELE', 'ADEDIWURA', 'FEMALE', '1969-12-31', 'CHRISTAINITY', 'nil', '', 'yoruba', 'nil', 'nil', 'nil', 'nil', 'nil', 0, 'nil', 635, 0, NULL, NULL, 0, 0, NULL, 'defualt.png', 1, '2025-12-14 05:17:41', NULL),
(638, 'P00680', '1969-12-31', 'AWOYELE', 'DOYINSOLA', 'FEMALE', '1969-12-31', 'CHRISTAINITY', 'nil', '', 'yoruba', 'nil', 'nil', 'nil', 'nil', 'nil', 0, '', 636, 0, NULL, NULL, 0, 0, NULL, 'defualt.png', 1, '2025-12-14 05:17:41', NULL),
(639, 'P00686', '1969-12-31', 'AKINYEMI', 'KHALID', 'MALE', '1969-12-31', 'ISLAM', '', '', '', 'NIL', 'NIL', 'ile-ife', 'Osun state', 'NIL', 0, '', 637, 0, NULL, NULL, 0, 0, NULL, 'defualt.png', 1, '2025-12-16 11:26:51', NULL),
(640, 'P00684', '1969-12-31', 'LAWRENCE', 'OLUWATOBILOBA', 'FEMALE', '1969-12-31', 'CHRISTAINITY', '', '', '', 'NIL', 'NIL', 'ile-ife', 'Osun state', 'NIL', 0, '', 638, 0, NULL, NULL, 0, 0, NULL, 'defualt.png', 1, '2025-12-16 11:29:53', NULL),
(641, 'P00685', '1969-12-31', 'ODEWALE', 'DELIGHT', 'FEMALE', '2018-01-10', 'CHRISTAINITY', '', '', '', 'NIL', 'NIL', '', '', 'NIL', 0, '', 639, 0, NULL, NULL, 0, 0, NULL, 'defualt.png', 1, '2025-12-16 12:04:10', NULL),
(642, 'P00688', '1969-12-31', 'OJO', 'DANIEL', 'MALE', '2018-05-12', 'CHRISTAINITY', 'NIL', '', 'NIL', 'NIL', 'NIL', 'NIL', 'NIL', 'NIL', 0, 'NIL', 640, 0, NULL, NULL, 0, 0, NULL, 'defualt.png', 1, '2025-12-16 12:27:52', NULL),
(643, 'P00648', '1969-12-31', 'PHILIP', 'DIADEM', 'MALE', '1969-12-31', 'CHRISTAINITY', 'NIL', 'NIL', 'NIL', 'NIL', 'NIL', 'NIL', 'NIL', 'NIL', 0, 'NIL', 641, 0, NULL, NULL, 0, 0, NULL, 'defualt.png', 1, '2025-12-17 13:12:09', NULL),
(644, 'P00663', '1969-12-31', 'AKEREMALE', 'OLUWAMUREWA', 'FEMALE', '2021-09-04', 'CHRISTAINITY', 'NIL', 'NIL', 'NIL', 'NIL', 'NIL', 'NIL', 'NIL', 'NIL', 0, 'NIL', 642, 0, NULL, NULL, 0, 0, NULL, 'defualt.png', 1, '2025-12-17 13:12:09', NULL),
(645, 'P00668', '1969-12-31', 'FADIPE', 'ISRAEL', 'MALE', '1969-12-31', 'CHRISTAINITY', 'NIL', 'NIL', 'NIL', 'NIL', 'NIL', 'NIL', 'NIL', 'NIL', 0, 'NIL', 643, 0, NULL, NULL, 0, 0, NULL, 'defualt.png', 1, '2025-12-17 13:12:09', NULL),
(646, 'P00646', '1969-12-31', 'ADESANYA', 'IRETIMOFE', 'MALE', '1969-12-31', 'CHRISTAINITY', 'NIL', '', '', '', 'NIL', 'ile-ife', 'Osun state', 'NIL', 0, 'NIL', 644, 0, NULL, NULL, 0, 0, NULL, 'defualt.png', 1, '2025-12-17 13:53:15', NULL),
(647, 'P00687', '20-10-2025', 'OJO', 'SAMUEL', 'MALE', '20-06-2021', 'CHRISTAINITY', 'Reception 2', '', '', '', '', '', '', '', 0, '', 645, 0, NULL, NULL, 0, 0, NULL, 'defualt.png', 1, '2026-01-20 09:30:04', NULL),
(648, 'P00583', '1969-12-31', 'Damola Michael', 'Fashogbon', '', '1969-12-31', '', '', '', '', '', '', '', '', '', 0, '', 646, 0, NULL, NULL, 0, 0, NULL, 'defualt.png', 1, '2026-01-20 10:19:42', NULL),
(649, 'P00609', '1969-12-31', 'Kingsley  Olamilekan', 'OLANIYI', 'Male', '1969-12-31', 'christainity', 'nil', '', 'YORUBA', 'nil', 'nil', 'nil', 'nil', 'nil', 0, '', 647, 0, NULL, NULL, 0, 0, NULL, 'defualt.png', 1, '2026-01-20 13:15:58', NULL),
(650, 'P00587', '1969-12-31', 'Samuel  Obaloluwa', 'Akindoyin', 'Male', '1969-12-31', 'christainity', 'nil', '', 'YORUBA', 'nil', 'nil', 'nil', 'nil', 'nil', 0, '', 648, 0, NULL, NULL, 0, 0, NULL, 'defualt.png', 1, '2026-01-20 13:15:58', NULL),
(651, 'P00692', '2025-08-10', 'LAWAL', 'FAREEDAH', 'FEMALE', '1969-12-31', 'ISLAM', 'nil', '', 'yoruba', 'nil', 'nil', 'nil', 'nil', 'nil', 0, 'nil', 649, 0, NULL, NULL, 0, 0, NULL, 'defualt.png', 1, '2026-01-23 13:27:39', NULL),
(652, 'P00665', '2025-08-10', 'ABIOLA', 'TIJESUNIMI', 'FEMALE', '1969-12-31', 'CHRISTAINITY', 'nil', '', 'yoruba', 'nil', 'nil', 'nil', 'nil', 'nil', 0, 'nil', 650, 0, NULL, NULL, 0, 0, NULL, 'defualt.png', 1, '2026-01-23 13:34:30', NULL),
(653, 'P00625', '2025-08-10', 'EHIMEN', 'DOMINION', 'MALE', '1969-12-31', 'CHRISTAINITY', 'Yoruba', '', 'Yoruba', 'nil', 'nil', 'nil', 'nil', 'nil', 0, 'nil', 651, 0, NULL, NULL, 0, 0, NULL, 'defualt.png', 1, '2026-01-23 13:53:50', NULL),
(654, 'P00630', '2025-08-10', 'OLAOYE', 'BRIGHT', 'MALE', '1969-12-31', 'CHRISTAINITY', 'Yoruba', '', 'Yoruba', 'nil', 'nil', 'nil', 'nil', 'nil', 0, 'nil', 652, 0, NULL, NULL, 0, 0, NULL, 'defualt.png', 1, '2026-01-23 13:53:50', NULL),
(655, 'P00691', '2025-08-10', 'ALARAN', 'AKINYOSADE', 'MALE', '1969-12-31', 'CHRISTAINITY', 'Yoruba', '', 'Yoruba', 'nil', 'nil', 'nil', 'nil', 'nil', 0, 'nil', 653, 0, NULL, NULL, 0, 0, NULL, 'defualt.png', 1, '2026-01-23 13:53:51', NULL),
(656, 'P00694', '2025-08-10', 'FUNMILAYO', 'JOEL', 'MALE', '2023-03-08', 'CHRISTAINITY', 'Yoruba', '', 'Yoruba', 'nil', 'nil', 'nil', 'nil', 'nil', 0, 'nil', 654, 0, NULL, NULL, 0, 0, NULL, 'defualt.png', 1, '2026-01-23 13:53:51', NULL),
(657, 'P00693', '2025-08-10', 'OLAOTIPIN', 'FAUZIYAH', 'FEMALE', '2023-08-11', 'ISLAM', 'Yoruba', '', 'Yoruba', 'nil', 'nil', 'nil', 'nil', 'nil', 0, 'nil', 655, 0, NULL, NULL, 0, 0, NULL, 'defualt.png', 1, '2026-01-23 13:53:51', NULL),
(658, 'P00689', '2025-08-10', 'ALEKE', 'EZINNE', 'FEMALE', '24-02-2023\r\n', 'CHRISTAINITY', 'Yoruba', '', 'Yoruba', 'nil', 'nil', 'nil', 'nil', 'nil', 0, 'nil', 656, 0, NULL, NULL, 0, 0, NULL, 'defualt.png', 1, '2026-01-23 13:53:51', NULL),
(660, '01', '2026-02-03', 'Okolie', 'Joanne', 'female', '', NULL, NULL, NULL, NULL, NULL, NULL, NULL, NULL, NULL, 6, NULL, 0, 0, NULL, 0, 0, 0, '{\"school_name\":null,\"qualification\":null,\"remarks\":null}', 'a29a1f5cf2a55032a6446a9a0acadf8d.jpg', 1, '2026-02-03 20:19:29', NULL),
(661, 'P00638', '1969-12-31', 'Dominion', 'Olayinka', 'Male', '1969-12-31', 'NULL', 'Yoruba', 'NULL', 'NULL', 'NULL', 'NULL', 'NULL', 'NULL', 'NULL', 0, '', 658, 0, NULL, NULL, 0, 0, NULL, 'defualt.png', 1, '2026-02-17 15:05:07', NULL),
(662, 'P00640', '1969-12-31', 'Habibat', 'Muyideen', 'Female', '1969-12-31', 'NULL', 'Yoruba', 'NULL', 'NULL', 'NULL', 'NULL', 'NULL', 'NULL', 'NULL', 0, '', 659, 0, NULL, NULL, 0, 0, NULL, 'defualt.png', 1, '2026-02-17 15:05:07', NULL),
(663, 'P00676', '1969-12-31', 'Ireoluwa', 'Makinde', 'Female', '1969-12-31', 'NULL', 'Yoruba', 'NULL', 'NULL', 'NULL', 'NULL', 'NULL', 'NULL', 'NULL', 0, '', 660, 0, NULL, NULL, 0, 0, NULL, 'defualt.png', 1, '2026-02-17 15:05:07', NULL),
(664, 'P00690', '1969-12-31', 'Gabriel', 'Aleke', 'Male', '1969-12-31', 'NULL', 'Yoruba', 'NULL', 'NULL', 'NULL', 'NULL', 'NULL', 'NULL', 'NULL', 0, '', 661, 0, NULL, NULL, 0, 0, NULL, 'defualt.png', 1, '2026-02-17 15:05:07', NULL),
(665, 'P00677', '1969-12-31', 'Joshua', 'Olagunju', 'Male', '1969-12-31', 'NULL', 'Yoruba', 'NULL', 'NULL', 'NULL', 'NULL', 'NULL', 'NULL', 'NULL', 0, '', 662, 0, NULL, NULL, 0, 0, NULL, 'defualt.png', 1, '2026-02-17 15:05:07', NULL),
(666, 'P00675', '1969-12-31', 'Sabitu', 'Amani', 'Female', '2022-10-28', 'NULL', 'Yoruba', 'NULL', 'NULL', 'NULL', 'NULL', 'NULL', 'NULL', 'NULL', 0, '', 663, 0, NULL, NULL, 0, 0, NULL, 'defualt.png', 1, '2026-02-17 15:10:57', NULL);

-- --------------------------------------------------------

--
-- Table structure for table `student_admission_fields`
--

CREATE TABLE IF NOT EXISTS `student_admission_fields` (
  `id` int NOT NULL AUTO_INCREMENT,
  `fields_id` int NOT NULL,
  `status` tinyint NOT NULL DEFAULT '1',
  `required` tinyint NOT NULL DEFAULT '0',
  `branch_id` int NOT NULL,
  PRIMARY KEY (`id`)
) ENGINE=InnoDB AUTO_INCREMENT=94 DEFAULT CHARSET=utf8mb3;

--
-- Dumping data for table `student_admission_fields`
--

INSERT INTO `student_admission_fields` (`id`, `fields_id`, `status`, `required`, `branch_id`) VALUES
(1, 1, 1, 0, 1),
(2, 2, 1, 1, 1),
(3, 3, 1, 0, 1),
(4, 4, 1, 1, 1),
(5, 5, 1, 1, 1),
(6, 6, 1, 1, 1),
(7, 8, 1, 0, 1),
(8, 9, 0, 0, 1),
(9, 10, 1, 0, 1),
(10, 11, 1, 0, 1),
(11, 12, 1, 0, 1),
(12, 13, 1, 1, 1),
(13, 14, 1, 1, 1),
(14, 15, 1, 1, 1),
(15, 16, 0, 0, 1),
(16, 17, 0, 0, 1),
(17, 18, 1, 1, 1),
(18, 19, 1, 1, 1),
(19, 20, 1, 1, 1),
(20, 21, 1, 1, 1),
(21, 22, 1, 0, 1),
(22, 23, 1, 0, 1),
(23, 24, 1, 1, 1),
(24, 25, 0, 0, 1),
(25, 26, 0, 0, 1),
(26, 27, 1, 1, 1),
(27, 28, 1, 1, 1),
(28, 29, 1, 1, 1),
(29, 30, 0, 0, 1),
(30, 32, 1, 0, 1),
(31, 33, 1, 0, 1),
(32, 1, 1, 0, 2),
(33, 2, 1, 1, 2),
(34, 3, 1, 1, 2),
(35, 4, 1, 1, 2),
(36, 5, 0, 0, 2),
(37, 6, 0, 0, 2),
(38, 8, 1, 0, 2),
(39, 9, 0, 0, 2),
(40, 10, 1, 0, 2),
(41, 11, 1, 0, 2),
(42, 12, 0, 0, 2),
(43, 13, 1, 0, 2),
(44, 14, 1, 0, 2),
(45, 15, 1, 0, 2),
(46, 16, 0, 0, 2),
(47, 17, 0, 0, 2),
(48, 18, 1, 0, 2),
(49, 19, 1, 0, 2),
(50, 20, 1, 1, 2),
(51, 21, 1, 1, 2),
(52, 22, 1, 0, 2),
(53, 23, 1, 0, 2),
(54, 24, 1, 0, 2),
(55, 25, 1, 0, 2),
(56, 26, 1, 0, 2),
(57, 27, 1, 1, 2),
(58, 28, 1, 1, 2),
(59, 29, 1, 1, 2),
(60, 30, 1, 0, 2),
(61, 32, 1, 0, 2),
(62, 33, 1, 0, 2),
(63, 1, 1, 0, 4),
(64, 2, 1, 1, 4),
(65, 3, 1, 0, 4),
(66, 4, 0, 0, 4),
(67, 5, 1, 0, 4),
(68, 6, 1, 1, 4),
(69, 8, 0, 0, 4),
(70, 9, 0, 0, 4),
(71, 10, 0, 0, 4),
(72, 11, 0, 0, 4),
(73, 12, 0, 0, 4),
(74, 13, 0, 0, 4),
(75, 14, 0, 0, 4),
(76, 15, 0, 0, 4),
(77, 16, 0, 0, 4),
(78, 17, 0, 0, 4),
(79, 18, 1, 0, 4),
(80, 19, 0, 0, 4),
(81, 20, 0, 0, 4),
(82, 21, 0, 0, 4),
(83, 22, 0, 0, 4),
(84, 23, 0, 0, 4),
(85, 24, 0, 0, 4),
(86, 25, 0, 0, 4),
(87, 26, 0, 0, 4),
(88, 27, 0, 0, 4),
(89, 28, 0, 0, 4),
(90, 29, 0, 0, 4),
(91, 30, 0, 0, 4),
(92, 32, 0, 0, 4),
(93, 33, 0, 0, 4);

-- --------------------------------------------------------

--
-- Table structure for table `student_attendance`
--

CREATE TABLE IF NOT EXISTS `student_attendance` (
  `id` int NOT NULL AUTO_INCREMENT,
  `enroll_id` int NOT NULL,
  `date` date NOT NULL,
  `status` varchar(4) DEFAULT NULL COMMENT 'P=Present, A=Absent, H=Holiday, L=Late',
  `qr_code` tinyint(1) NOT NULL DEFAULT '0',
  `in_time` time DEFAULT NULL,
  `out_time` time DEFAULT NULL,
  `remark` text,
  `branch_id` int DEFAULT NULL,
  `created_at` timestamp NOT NULL DEFAULT CURRENT_TIMESTAMP,
  `updated_at` datetime DEFAULT NULL,
  PRIMARY KEY (`id`),
  KEY `student_attendance_rms_1` (`branch_id`),
  KEY `student_attendance_rms_2` (`enroll_id`)
) ENGINE=InnoDB AUTO_INCREMENT=5 DEFAULT CHARSET=utf8mb3;

--
-- Dumping data for table `student_attendance`
--

INSERT INTO `student_attendance` (`id`, `enroll_id`, `date`, `status`, `qr_code`, `in_time`, `out_time`, `remark`, `branch_id`, `created_at`, `updated_at`) VALUES
(1, 250, '2025-12-02', 'L', 0, NULL, NULL, '', 3, '2025-12-03 10:18:18', NULL),
(2, 251, '2025-12-02', 'P', 0, NULL, NULL, '', 3, '2025-12-03 10:18:18', NULL),
(3, 250, '2025-12-03', 'HD', 0, NULL, NULL, '', 3, '2025-12-03 13:20:35', NULL),
(4, 251, '2025-12-03', 'P', 0, NULL, NULL, '', 3, '2025-12-03 13:20:35', NULL);

-- --------------------------------------------------------

--
-- Table structure for table `student_category`
--

CREATE TABLE IF NOT EXISTS `student_category` (
  `id` int NOT NULL AUTO_INCREMENT,
  `branch_id` int NOT NULL DEFAULT '0',
  `name` varchar(255) NOT NULL,
  PRIMARY KEY (`id`)
) ENGINE=InnoDB AUTO_INCREMENT=7 DEFAULT CHARSET=utf8mb3;

--
-- Dumping data for table `student_category`
--

INSERT INTO `student_category` (`id`, `branch_id`, `name`) VALUES
(1, 1, 'Nursery Session'),
(2, 1, 'Primary Session'),
(3, 2, 'Nursery Session'),
(4, 2, 'Primary Session'),
(5, 3, 'Primary Session'),
(6, 4, 'Junior Secondary');

-- --------------------------------------------------------

--
-- Table structure for table `student_documents`
--

CREATE TABLE IF NOT EXISTS `student_documents` (
  `id` int NOT NULL AUTO_INCREMENT,
  `student_id` int NOT NULL,
  `title` varchar(255) NOT NULL,
  `type` varchar(100) NOT NULL,
  `remarks` text NOT NULL,
  `file_name` varchar(255) NOT NULL,
  `enc_name` varchar(255) NOT NULL,
  `created_at` timestamp NOT NULL DEFAULT CURRENT_TIMESTAMP,
  `updated_at` datetime DEFAULT NULL,
  PRIMARY KEY (`id`)
) ENGINE=InnoDB DEFAULT CHARSET=utf8mb3;

-- --------------------------------------------------------

--
-- Table structure for table `student_fields`
--

CREATE TABLE IF NOT EXISTS `student_fields` (
  `id` int NOT NULL AUTO_INCREMENT,
  `prefix` varchar(255) NOT NULL,
  `default_status` tinyint(1) NOT NULL DEFAULT '1',
  `default_required` tinyint NOT NULL DEFAULT '1',
  `created_at` datetime NOT NULL DEFAULT CURRENT_TIMESTAMP,
  PRIMARY KEY (`id`)
) ENGINE=InnoDB AUTO_INCREMENT=35 DEFAULT CHARSET=utf8mb3;

--
-- Dumping data for table `student_fields`
--

INSERT INTO `student_fields` (`id`, `prefix`, `default_status`, `default_required`, `created_at`) VALUES
(1, 'roll', 1, 0, '2022-04-25 20:27:04'),
(2, 'last_name', 1, 1, '2022-04-25 20:27:04'),
(3, 'gender', 1, 0, '2022-04-25 20:27:04'),
(4, 'birthday', 1, 0, '2022-04-25 20:27:04'),
(5, 'admission_date', 1, 1, '2022-04-25 20:27:04'),
(6, 'category', 1, 1, '2022-04-25 20:27:04'),
(7, 'section', 1, 1, '2022-04-25 20:27:04'),
(8, 'religion', 1, 0, '2022-04-25 20:27:04'),
(9, 'tribe', 1, 0, '2022-04-25 20:27:04'),
(10, 'blood_group', 1, 0, '2022-04-25 20:27:04'),
(11, 'mother_tongue', 1, 0, '2022-04-25 20:27:04'),
(12, 'present_address', 1, 0, '2022-04-25 20:27:04'),
(13, 'permanent_address', 1, 0, '2022-04-25 20:27:04'),
(14, 'city', 1, 0, '2022-04-25 20:27:04'),
(15, 'state', 1, 0, '2022-04-25 20:27:04'),
(16, 'student_email', 1, 0, '2022-04-25 20:27:04'),
(17, 'student_mobile_no', 1, 0, '2022-04-25 20:27:04'),
(18, 'student_photo', 1, 0, '2022-04-25 20:27:04'),
(19, 'previous_school_details', 1, 0, '2022-04-25 20:27:04'),
(20, 'guardian_name', 1, 1, '2022-04-25 20:27:04'),
(21, 'guardian_relation', 1, 1, '2022-04-25 20:27:04'),
(22, 'father_name', 1, 0, '2022-04-25 20:27:04'),
(23, 'mother_name', 1, 0, '2022-04-25 20:27:04'),
(24, 'guardian_occupation', 1, 1, '2022-04-25 20:27:04'),
(25, 'guardian_income', 1, 1, '2022-04-25 20:27:04'),
(26, 'guardian_education', 1, 1, '2022-04-25 20:27:04'),
(27, 'guardian_email', 1, 1, '2022-04-25 20:27:04'),
(28, 'guardian_mobile_no', 1, 1, '2022-04-25 20:27:04'),
(29, 'guardian_address', 1, 1, '2022-04-25 20:27:04'),
(30, 'guardian_photo', 1, 0, '2022-04-25 20:27:04'),
(31, 'upload_documents', 1, 1, '2022-04-25 20:27:04'),
(32, 'guardian_city', 1, 0, '2022-04-25 20:27:04'),
(33, 'guardian_state', 1, 0, '2022-04-25 20:27:04'),
(34, 'first_name', 1, 1, '2022-04-25 20:27:04');

-- --------------------------------------------------------

--
-- Table structure for table `student_profile_fields`
--

CREATE TABLE IF NOT EXISTS `student_profile_fields` (
  `id` int NOT NULL AUTO_INCREMENT,
  `fields_id` int NOT NULL,
  `status` tinyint NOT NULL DEFAULT '1',
  `required` tinyint NOT NULL DEFAULT '0',
  `branch_id` int NOT NULL,
  PRIMARY KEY (`id`)
) ENGINE=InnoDB AUTO_INCREMENT=37 DEFAULT CHARSET=utf8mb3;

--
-- Dumping data for table `student_profile_fields`
--

INSERT INTO `student_profile_fields` (`id`, `fields_id`, `status`, `required`, `branch_id`) VALUES
(1, 2, 1, 1, 1),
(2, 3, 1, 1, 1),
(3, 4, 1, 1, 1),
(4, 5, 0, 0, 1),
(5, 6, 1, 1, 1),
(6, 8, 1, 0, 1),
(7, 9, 0, 0, 1),
(8, 10, 0, 0, 1),
(9, 11, 0, 0, 1),
(10, 12, 1, 0, 1),
(11, 13, 0, 0, 1),
(12, 14, 1, 0, 1),
(13, 15, 1, 0, 1),
(14, 16, 0, 0, 1),
(15, 17, 0, 0, 1),
(16, 18, 1, 0, 1),
(17, 19, 0, 0, 1),
(18, 34, 1, 1, 1),
(19, 2, 1, 1, 4),
(20, 3, 1, 0, 4),
(21, 4, 0, 0, 4),
(22, 5, 1, 1, 4),
(23, 6, 1, 1, 4),
(24, 8, 0, 0, 4),
(25, 9, 0, 0, 4),
(26, 10, 0, 0, 4),
(27, 11, 0, 0, 4),
(28, 12, 0, 0, 4),
(29, 13, 0, 0, 4),
(30, 14, 0, 0, 4),
(31, 15, 0, 0, 4),
(32, 16, 0, 0, 4),
(33, 17, 0, 0, 4),
(34, 18, 1, 1, 4),
(35, 19, 0, 0, 4),
(36, 34, 1, 1, 4);

-- --------------------------------------------------------

--
-- Table structure for table `student_subject_attendance`
--

CREATE TABLE IF NOT EXISTS `student_subject_attendance` (
  `id` int NOT NULL AUTO_INCREMENT,
  `enroll_id` int DEFAULT NULL,
  `subject_timetable_id` int DEFAULT NULL,
  `status` varchar(255) DEFAULT NULL,
  `date` date DEFAULT NULL,
  `remark` text,
  `branch_id` int NOT NULL,
  `created_at` timestamp NOT NULL DEFAULT CURRENT_TIMESTAMP ON UPDATE CURRENT_TIMESTAMP,
  PRIMARY KEY (`id`),
  KEY `attendence_type_id` (`status`),
  KEY `student_session_id` (`enroll_id`),
  KEY `subject_timetable_id` (`subject_timetable_id`),
  KEY `student_subject_attendance_rms_1` (`branch_id`)
) ENGINE=InnoDB DEFAULT CHARSET=utf8mb3;

-- --------------------------------------------------------

--
-- Table structure for table `subject`
--

CREATE TABLE IF NOT EXISTS `subject` (
  `id` int NOT NULL AUTO_INCREMENT,
  `name` varchar(255) NOT NULL,
  `subject_code` varchar(200) NOT NULL,
  `subject_type` varchar(255) CHARACTER SET utf32 COLLATE utf32_unicode_ci NOT NULL,
  `subject_author` varchar(255) NOT NULL,
  `branch_id` int DEFAULT NULL,
  PRIMARY KEY (`id`)
) ENGINE=InnoDB AUTO_INCREMENT=50 DEFAULT CHARSET=utf8mb3;

--
-- Dumping data for table `subject`
--

INSERT INTO `subject` (`id`, `name`, `subject_code`, `subject_type`, `subject_author`, `branch_id`) VALUES
(1, 'ENGLISH STUDIES', 'ENG', 'Mandatory', '', 1),
(2, 'MATHEMATICS', 'MTH', 'Mandatory', '', 1),
(3, 'BASIC SCIENCE', 'BCS', 'Mandatory', '', 1),
(4, 'PHYSICAL & HEALTH EDUCATION', 'PHE', 'Mandatory', '', 1),
(5, 'NIGERIA HISTORY', 'HIS', 'Mandatory', '', 1),
(6, 'SOCIAL & CITIZEN STUDIES', 'SCS', 'Mandatory', '', 1),
(7, 'CULTURAL & CREATIVE ART', 'CCA', 'Mandatory', '', 1),
(8, 'PRE-VOCATIONAL STUDIES', 'PVS', 'Mandatory', '', 1),
(9, 'FRENCH', 'FRC', 'Optional', '', 1),
(10, 'NIGERIA LANGUAGE', 'NGL', 'Mandatory', '', 1),
(11, 'BASIC DIGITAL  LITERACY', 'BGL', 'Mandatory', '', 1),
(12, 'HAND WRITING PS', 'HDW', 'Mandatory', '', 1),
(13, 'CHRISTAIN RELIGIOUS STUDIES', 'CRS', 'Optional', '', 1),
(14, 'ISLAMIC STUDIES', 'KRS', 'Optional', '', 1),
(15, 'LITERACY', 'LIT', 'Mandatory', '', 1),
(16, 'NUMERACY', 'NUM', 'Mandatory', '', 1),
(17, 'HAND WRITING', 'HDW', 'Mandatory', '', 1),
(18, 'RHYME', 'RHY', 'Mandatory', '', 1),
(19, 'SOCIAL HABITS', 'SOH', 'Mandatory', '', 1),
(20, 'HEALTH HABITS', 'HEB', 'Mandatory', '', 1),
(21, 'QUATITATIVE REASONING', 'QR', 'Optional', '', 1),
(22, 'VERBAL REASONING', 'VR', 'Optional', '', 1),
(23, 'LITERATURE', 'LIT', 'Mandatory', '', 1),
(24, 'English', 'ENG', 'Mandatory', '', 3),
(25, 'Mathematics', 'MTH', 'Theory', '', 3),
(26, 'English', 'Eng', 'Mandatory', '', 2),
(27, 'Mathematics', 'Mth', 'Mandatory', '', 2),
(28, 'Basic Science', 'Bsc', 'Mandatory', '', 2),
(29, 'Physical & Health Education', 'Phe', 'Mandatory', '', 2),
(30, 'Social & Citizen Studies', 'Soc', 'Practical', '', 2),
(31, 'Cultural & Creative Art', 'Cca', 'Mandatory', '', 2),
(32, 'Quatitative Reasoning', 'QR', 'Mandatory', '', 2),
(33, 'Nigeria History', 'His', 'Mandatory', '', 2),
(34, 'Music', 'msc', 'Mandatory', '', 2),
(35, 'Verbal Reasoning', 'VR', 'Theory', '', 2),
(36, 'Literacy', 'Lit', 'Mandatory', '', 2),
(37, 'Numeracy', 'Num', 'Mandatory', '', 2),
(38, 'Hand Writing', 'Haw', 'Mandatory', '', 2),
(39, 'Rhymes', 'Rym', 'Mandatory', '', 2),
(40, 'Pre-Vocational Studies', 'Pvs', 'Mandatory', '', 2),
(41, 'Nigeria Language', 'Nil', 'Mandatory', '', 2),
(42, 'Computer Studies', 'Ict', 'Mandatory', '', 2),
(43, 'Social Habit', 'Soh', 'Mandatory', '', 2),
(44, 'Health Habits', 'Hab', 'Mandatory', '', 2),
(45, 'Civils Studies', 'cst', 'Mandatory', '', 2),
(46, 'Christian Religion Study', 'Crs', 'Mandatory', '', 2),
(47, 'Yorùbá Language', 'Yor', 'Theory', '', 2),
(48, 'Agricultural Science', 'Ags', 'Mandatory', '', 2),
(49, 'English language', '104', 'Theory', '', 4);

-- --------------------------------------------------------

--
-- Table structure for table `teacher_note`
--

CREATE TABLE IF NOT EXISTS `teacher_note` (
  `id` int NOT NULL AUTO_INCREMENT,
  `title` longtext NOT NULL,
  `description` longtext NOT NULL,
  `file_name` longtext NOT NULL,
  `enc_name` longtext NOT NULL,
  `type_id` int NOT NULL,
  `class_id` longtext NOT NULL,
  `teacher_id` int NOT NULL,
  `branch_id` int NOT NULL,
  `created_at` timestamp NOT NULL DEFAULT CURRENT_TIMESTAMP,
  `updated_at` datetime DEFAULT NULL,
  PRIMARY KEY (`id`)
) ENGINE=InnoDB DEFAULT CHARSET=utf8mb3;

-- --------------------------------------------------------

--
-- Table structure for table `theme_settings`
--

CREATE TABLE IF NOT EXISTS `theme_settings` (
  `id` int NOT NULL AUTO_INCREMENT,
  `border_mode` varchar(200) NOT NULL,
  `dark_skin` varchar(200) NOT NULL,
  `created_at` timestamp NOT NULL DEFAULT CURRENT_TIMESTAMP,
  `updated_at` datetime DEFAULT NULL,
  PRIMARY KEY (`id`)
) ENGINE=InnoDB AUTO_INCREMENT=2 DEFAULT CHARSET=utf8mb3;

--
-- Dumping data for table `theme_settings`
--

INSERT INTO `theme_settings` (`id`, `border_mode`, `dark_skin`, `created_at`, `updated_at`) VALUES
(1, 'true', 'false', '2018-10-23 16:59:38', '2020-05-10 14:08:47');

-- --------------------------------------------------------

--
-- Table structure for table `transactions`
--

CREATE TABLE IF NOT EXISTS `transactions` (
  `id` int NOT NULL AUTO_INCREMENT,
  `account_id` varchar(20) NOT NULL,
  `voucher_head_id` int NOT NULL,
  `type` varchar(100) NOT NULL,
  `category` varchar(20) NOT NULL,
  `ref` varchar(255) NOT NULL,
  `amount` decimal(18,2) NOT NULL DEFAULT '0.00',
  `dr` decimal(18,2) NOT NULL DEFAULT '0.00',
  `cr` decimal(18,2) NOT NULL DEFAULT '0.00',
  `bal` decimal(18,2) NOT NULL DEFAULT '0.00',
  `date` date NOT NULL,
  `pay_via` varchar(20) NOT NULL,
  `description` text NOT NULL,
  `attachments` varchar(255) NOT NULL,
  `branch_id` int NOT NULL,
  `system` tinyint(1) NOT NULL DEFAULT '0',
  `created_at` timestamp NOT NULL DEFAULT CURRENT_TIMESTAMP,
  `updated_at` datetime DEFAULT NULL,
  PRIMARY KEY (`id`),
  KEY `transactions_rms_1` (`branch_id`)
) ENGINE=InnoDB DEFAULT CHARSET=utf8mb3;

-- --------------------------------------------------------

--
-- Table structure for table `transactions_links`
--

CREATE TABLE IF NOT EXISTS `transactions_links` (
  `id` int NOT NULL AUTO_INCREMENT,
  `status` tinyint DEFAULT NULL,
  `deposit` tinyint DEFAULT NULL,
  `expense` tinyint DEFAULT NULL,
  `branch_id` int DEFAULT NULL,
  PRIMARY KEY (`id`),
  KEY `transactions_links_rms_1` (`branch_id`)
) ENGINE=InnoDB DEFAULT CHARSET=utf8mb3;

-- --------------------------------------------------------

--
-- Table structure for table `transactions_links_details`
--

CREATE TABLE IF NOT EXISTS `transactions_links_details` (
  `id` int NOT NULL AUTO_INCREMENT,
  `payment_id` int NOT NULL,
  `transactions_id` int NOT NULL,
  PRIMARY KEY (`id`)
) ENGINE=InnoDB DEFAULT CHARSET=utf8mb3;

-- --------------------------------------------------------

--
-- Table structure for table `transport_assign`
--

CREATE TABLE IF NOT EXISTS `transport_assign` (
  `id` int NOT NULL AUTO_INCREMENT,
  `route_id` int NOT NULL,
  `vehicle_id` int NOT NULL,
  `branch_id` int NOT NULL,
  `created_at` timestamp NOT NULL DEFAULT CURRENT_TIMESTAMP,
  PRIMARY KEY (`id`),
  KEY `transport_assign_rms_1` (`branch_id`)
) ENGINE=InnoDB DEFAULT CHARSET=utf8mb3;

-- --------------------------------------------------------

--
-- Table structure for table `transport_fee_details`
--

CREATE TABLE IF NOT EXISTS `transport_fee_details` (
  `id` int NOT NULL AUTO_INCREMENT,
  `month` varchar(2) DEFAULT NULL,
  `transport_fee_fine_id` int DEFAULT NULL,
  `enroll_id` int NOT NULL,
  `stoppage_point_id` int NOT NULL,
  PRIMARY KEY (`id`),
  KEY `transport_fee_details_rms_1` (`stoppage_point_id`),
  KEY `transport_fee_details_rms_2` (`enroll_id`)
) ENGINE=InnoDB DEFAULT CHARSET=utf8mb3;

-- --------------------------------------------------------

--
-- Table structure for table `transport_fee_fine`
--

CREATE TABLE IF NOT EXISTS `transport_fee_fine` (
  `id` int NOT NULL AUTO_INCREMENT,
  `month` varchar(2) NOT NULL,
  `due_date` date NOT NULL,
  `fine_value` varchar(20) DEFAULT NULL,
  `fine_type` varchar(20) DEFAULT NULL,
  `fee_frequency` varchar(20) DEFAULT NULL,
  `branch_id` int NOT NULL,
  `session_id` int NOT NULL,
  PRIMARY KEY (`id`),
  KEY `fee_fine_rms_2` (`month`),
  KEY `fee_fine_rms_3` (`session_id`),
  KEY `fee_fine_rms_4` (`branch_id`)
) ENGINE=InnoDB DEFAULT CHARSET=utf8mb3;

-- --------------------------------------------------------

--
-- Table structure for table `transport_route`
--

CREATE TABLE IF NOT EXISTS `transport_route` (
  `id` int NOT NULL AUTO_INCREMENT,
  `name` longtext NOT NULL,
  `start_place` longtext NOT NULL,
  `remarks` longtext NOT NULL,
  `stop_place` longtext NOT NULL,
  `branch_id` int DEFAULT NULL,
  PRIMARY KEY (`id`),
  KEY `transport_route_rms_1` (`branch_id`)
) ENGINE=InnoDB DEFAULT CHARSET=utf8mb3;

-- --------------------------------------------------------

--
-- Table structure for table `transport_stoppage`
--

CREATE TABLE IF NOT EXISTS `transport_stoppage` (
  `id` int NOT NULL AUTO_INCREMENT,
  `stop_position` varchar(255) NOT NULL,
  `stop_time` time NOT NULL,
  `route_fare` decimal(18,2) NOT NULL,
  `branch_id` int NOT NULL,
  `created_at` timestamp NOT NULL DEFAULT CURRENT_TIMESTAMP,
  PRIMARY KEY (`id`),
  KEY `transport_stoppage_rms_1` (`branch_id`)
) ENGINE=InnoDB DEFAULT CHARSET=utf8mb3;

-- --------------------------------------------------------

--
-- Table structure for table `transport_stoppage_point`
--

CREATE TABLE IF NOT EXISTS `transport_stoppage_point` (
  `id` int NOT NULL AUTO_INCREMENT,
  `route_id` int NOT NULL,
  `stoppage_id` int NOT NULL,
  `route_fare` decimal(18,2) DEFAULT NULL,
  `stop_time` time DEFAULT NULL,
  `order_no` int NOT NULL,
  `branch_id` int NOT NULL,
  `session_id` int NOT NULL,
  `created_at` datetime NOT NULL DEFAULT CURRENT_TIMESTAMP,
  PRIMARY KEY (`id`),
  KEY `transport_assign_rms_1` (`branch_id`),
  KEY `transport_stoppage_point_rms_1` (`route_id`),
  KEY `transport_stoppage_point_rms_3` (`session_id`)
) ENGINE=InnoDB DEFAULT CHARSET=utf8mb3;

-- --------------------------------------------------------

--
-- Table structure for table `transport_vehicle`
--

CREATE TABLE IF NOT EXISTS `transport_vehicle` (
  `id` int NOT NULL AUTO_INCREMENT,
  `vehicle_no` longtext NOT NULL,
  `capacity` longtext NOT NULL,
  `insurance_renewal` longtext NOT NULL,
  `driver_name` longtext NOT NULL,
  `driver_phone` longtext NOT NULL,
  `driver_license` longtext NOT NULL,
  `branch_id` int DEFAULT NULL,
  `created_at` timestamp NOT NULL DEFAULT CURRENT_TIMESTAMP,
  `updated_at` datetime DEFAULT NULL,
  PRIMARY KEY (`id`),
  KEY `transport_vehicle_rms_1` (`branch_id`)
) ENGINE=InnoDB DEFAULT CHARSET=utf8mb3;

-- --------------------------------------------------------

--
-- Table structure for table `visitor_log`
--

CREATE TABLE IF NOT EXISTS `visitor_log` (
  `id` int NOT NULL AUTO_INCREMENT,
  `name` varchar(255) DEFAULT NULL,
  `number` varchar(255) DEFAULT NULL,
  `purpose_id` int DEFAULT NULL,
  `date` date NOT NULL,
  `entry_time` time DEFAULT NULL,
  `exit_time` time DEFAULT NULL,
  `number_of_visitor` float DEFAULT NULL,
  `id_number` varchar(255) DEFAULT NULL,
  `token_pass` varchar(255) DEFAULT NULL,
  `note` text CHARACTER SET utf8mb3 COLLATE utf8mb3_unicode_ci NOT NULL,
  `branch_id` int NOT NULL,
  `created_by` int NOT NULL,
  `created_at` datetime NOT NULL,
  `updated_at` datetime DEFAULT NULL,
  PRIMARY KEY (`id`),
  KEY `visitor_log_rms_1` (`branch_id`)
) ENGINE=InnoDB DEFAULT CHARSET=utf8mb3;

-- --------------------------------------------------------

--
-- Table structure for table `visitor_purpose`
--

CREATE TABLE IF NOT EXISTS `visitor_purpose` (
  `id` int NOT NULL AUTO_INCREMENT,
  `name` varchar(255) NOT NULL,
  `branch_id` int NOT NULL,
  PRIMARY KEY (`id`),
  KEY `visitor_purpose_rms_1` (`branch_id`)
) ENGINE=InnoDB DEFAULT CHARSET=utf8mb3;

-- --------------------------------------------------------

--
-- Table structure for table `voucher_head`
--

CREATE TABLE IF NOT EXISTS `voucher_head` (
  `id` int NOT NULL AUTO_INCREMENT,
  `name` varchar(255) NOT NULL,
  `type` varchar(20) NOT NULL,
  `system` tinyint(1) DEFAULT '0',
  `branch_id` int NOT NULL,
  PRIMARY KEY (`id`),
  KEY `voucher_head_rms_1` (`branch_id`)
) ENGINE=InnoDB DEFAULT CHARSET=utf8mb3;

-- --------------------------------------------------------

--
-- Table structure for table `whatsapp_agent`
--

CREATE TABLE IF NOT EXISTS `whatsapp_agent` (
  `id` int NOT NULL AUTO_INCREMENT,
  `agent_name` varchar(255) NOT NULL,
  `agent_image` varchar(255) NOT NULL,
  `agent_designation` varchar(255) NOT NULL,
  `whataspp_number` varchar(255) NOT NULL,
  `start_time` time NOT NULL,
  `end_time` time NOT NULL,
  `weekend` varchar(20) DEFAULT NULL,
  `enable` tinyint(1) NOT NULL DEFAULT '1',
  `branch_id` int NOT NULL,
  `created_at` datetime NOT NULL DEFAULT CURRENT_TIMESTAMP,
  PRIMARY KEY (`id`)
) ENGINE=InnoDB AUTO_INCREMENT=3 DEFAULT CHARSET=utf8mb3;

--
-- Dumping data for table `whatsapp_agent`
--

INSERT INTO `whatsapp_agent` (`id`, `agent_name`, `agent_image`, `agent_designation`, `whataspp_number`, `start_time`, `end_time`, `weekend`, `enable`, `branch_id`, `created_at`) VALUES
(1, 'Mrs Adeloye', 'ae459f02d3ae1928a67a52e1b0538520.png', 'Admin', '2348034291067', '10:30:00', '10:30:00', '0', 1, 1, '2025-09-16 12:27:33'),
(2, 'Mrs Abosede', '8b48dece912434a34a3602fe3f512d27.png', 'HM', '2348062629714', '09:15:00', '21:15:00', 'sunday', 1, 2, '2025-10-04 23:14:30');

-- --------------------------------------------------------

--
-- Table structure for table `whatsapp_chat`
--

CREATE TABLE IF NOT EXISTS `whatsapp_chat` (
  `id` int NOT NULL AUTO_INCREMENT,
  `header_title` varchar(255) NOT NULL,
  `subtitle` varchar(355) DEFAULT NULL,
  `footer_text` varchar(255) DEFAULT NULL,
  `popup_message` varchar(255) DEFAULT NULL,
  `frontend_enable_chat` tinyint(1) NOT NULL DEFAULT '0',
  `backend_enable_chat` tinyint(1) NOT NULL DEFAULT '0',
  `branch_id` int NOT NULL,
  `created_at` datetime NOT NULL DEFAULT CURRENT_TIMESTAMP,
  PRIMARY KEY (`id`)
) ENGINE=InnoDB AUTO_INCREMENT=3 DEFAULT CHARSET=utf8mb3;

--
-- Dumping data for table `whatsapp_chat`
--

INSERT INTO `whatsapp_chat` (`id`, `header_title`, `subtitle`, `footer_text`, `popup_message`, `frontend_enable_chat`, `backend_enable_chat`, `branch_id`, `created_at`) VALUES
(1, 'Start a Conversation', 'Make Enquiries about our School.', 'Use this feature to chat with our agent.', NULL, 1, 1, 1, '2022-02-16 13:49:13'),
(2, 'Conversation', 'Hi! Click one of our members below to chat on WhatsApp ;)', 'Use this feature to chat with our agent.', NULL, 1, 1, 2, '2022-02-16 13:49:13');

-- --------------------------------------------------------

--
-- Table structure for table `zoom_own_api`
--

CREATE TABLE IF NOT EXISTS `zoom_own_api` (
  `id` int NOT NULL AUTO_INCREMENT,
  `user_type` tinyint(1) NOT NULL,
  `user_id` int NOT NULL,
  `zoom_api_key` varchar(255) NOT NULL,
  `zoom_api_secret` varchar(255) NOT NULL,
  PRIMARY KEY (`id`)
) ENGINE=InnoDB DEFAULT CHARSET=utf8mb3;

--
-- Constraints for dumped tables
--

--
-- Constraints for table `accounts`
--
ALTER TABLE `accounts`
  ADD CONSTRAINT `accounts_rms_1` FOREIGN KEY (`branch_id`) REFERENCES `branch` (`id`) ON DELETE CASCADE;

--
-- Constraints for table `advance_salary`
--
ALTER TABLE `advance_salary`
  ADD CONSTRAINT `advance_salary_rms_1` FOREIGN KEY (`branch_id`) REFERENCES `branch` (`id`) ON DELETE CASCADE,
  ADD CONSTRAINT `advance_salary_rms_2` FOREIGN KEY (`staff_id`) REFERENCES `staff` (`id`) ON DELETE CASCADE;

--
-- Constraints for table `alumni_events`
--
ALTER TABLE `alumni_events`
  ADD CONSTRAINT `alumni_events_rms_1` FOREIGN KEY (`branch_id`) REFERENCES `branch` (`id`) ON DELETE CASCADE;

--
-- Constraints for table `alumni_students`
--
ALTER TABLE `alumni_students`
  ADD CONSTRAINT `alumni_students_rms_1` FOREIGN KEY (`enroll_id`) REFERENCES `enroll` (`id`) ON DELETE CASCADE;

--
-- Constraints for table `attachments`
--
ALTER TABLE `attachments`
  ADD CONSTRAINT `attachments_rms_1` FOREIGN KEY (`session_id`) REFERENCES `schoolyear` (`id`) ON DELETE CASCADE,
  ADD CONSTRAINT `attachments_rms_2` FOREIGN KEY (`branch_id`) REFERENCES `branch` (`id`) ON DELETE CASCADE;

--
-- Constraints for table `attachments_type`
--
ALTER TABLE `attachments_type`
  ADD CONSTRAINT `attachments_type_rms_1` FOREIGN KEY (`branch_id`) REFERENCES `branch` (`id`) ON DELETE CASCADE;

--
-- Constraints for table `award`
--
ALTER TABLE `award`
  ADD CONSTRAINT `award_rms_1` FOREIGN KEY (`branch_id`) REFERENCES `branch` (`id`) ON DELETE CASCADE,
  ADD CONSTRAINT `award_rms_2` FOREIGN KEY (`session_id`) REFERENCES `schoolyear` (`id`) ON DELETE CASCADE;

--
-- Constraints for table `book`
--
ALTER TABLE `book`
  ADD CONSTRAINT `book_rms_1` FOREIGN KEY (`branch_id`) REFERENCES `branch` (`id`) ON DELETE CASCADE;

--
-- Constraints for table `book_category`
--
ALTER TABLE `book_category`
  ADD CONSTRAINT `book_category_rms_1` FOREIGN KEY (`branch_id`) REFERENCES `branch` (`id`) ON DELETE CASCADE;

--
-- Constraints for table `book_issues`
--
ALTER TABLE `book_issues`
  ADD CONSTRAINT `book_issues_rms1` FOREIGN KEY (`branch_id`) REFERENCES `branch` (`id`) ON DELETE CASCADE,
  ADD CONSTRAINT `book_issues_rms2` FOREIGN KEY (`book_id`) REFERENCES `book` (`id`) ON DELETE CASCADE,
  ADD CONSTRAINT `book_issues_rms3` FOREIGN KEY (`session_id`) REFERENCES `schoolyear` (`id`) ON DELETE CASCADE;

--
-- Constraints for table `bulk_msg_category`
--
ALTER TABLE `bulk_msg_category`
  ADD CONSTRAINT `bulk_msg_category_rms_1` FOREIGN KEY (`branch_id`) REFERENCES `branch` (`id`) ON DELETE CASCADE;

--
-- Constraints for table `bulk_sms_email`
--
ALTER TABLE `bulk_sms_email`
  ADD CONSTRAINT `bulk_sms_email_rms_1` FOREIGN KEY (`branch_id`) REFERENCES `branch` (`id`) ON DELETE CASCADE;

--
-- Constraints for table `call_log`
--
ALTER TABLE `call_log`
  ADD CONSTRAINT `call_log_rms_1` FOREIGN KEY (`branch_id`) REFERENCES `branch` (`id`) ON DELETE CASCADE;

--
-- Constraints for table `call_purpose`
--
ALTER TABLE `call_purpose`
  ADD CONSTRAINT `call_purpose_rms_1` FOREIGN KEY (`branch_id`) REFERENCES `branch` (`id`) ON DELETE CASCADE;

--
-- Constraints for table `card_templete`
--
ALTER TABLE `card_templete`
  ADD CONSTRAINT `card_templete_rms_1` FOREIGN KEY (`branch_id`) REFERENCES `branch` (`id`) ON DELETE CASCADE;

--
-- Constraints for table `certificates_templete`
--
ALTER TABLE `certificates_templete`
  ADD CONSTRAINT `certificates_templete_rms_1` FOREIGN KEY (`branch_id`) REFERENCES `branch` (`id`) ON DELETE CASCADE;

--
-- Constraints for table `class`
--
ALTER TABLE `class`
  ADD CONSTRAINT `class_rms_1` FOREIGN KEY (`branch_id`) REFERENCES `branch` (`id`) ON DELETE CASCADE;

--
-- Constraints for table `complaint`
--
ALTER TABLE `complaint`
  ADD CONSTRAINT `complaint_rms_1` FOREIGN KEY (`branch_id`) REFERENCES `branch` (`id`) ON DELETE CASCADE;

--
-- Constraints for table `complaint_type`
--
ALTER TABLE `complaint_type`
  ADD CONSTRAINT `complaint_type_rms_1` FOREIGN KEY (`branch_id`) REFERENCES `branch` (`id`) ON DELETE CASCADE;

--
-- Constraints for table `disable_reason`
--
ALTER TABLE `disable_reason`
  ADD CONSTRAINT `disable_reason_rms_1` FOREIGN KEY (`branch_id`) REFERENCES `branch` (`id`) ON DELETE CASCADE;

--
-- Constraints for table `enquiry`
--
ALTER TABLE `enquiry`
  ADD CONSTRAINT `enquiry_rms_1` FOREIGN KEY (`branch_id`) REFERENCES `branch` (`id`) ON DELETE CASCADE;

--
-- Constraints for table `enquiry_follow_up`
--
ALTER TABLE `enquiry_follow_up`
  ADD CONSTRAINT `enquiry_follow_up_rms_1` FOREIGN KEY (`enquiry_id`) REFERENCES `enquiry` (`id`) ON DELETE CASCADE;

--
-- Constraints for table `enquiry_reference`
--
ALTER TABLE `enquiry_reference`
  ADD CONSTRAINT `enquiry_reference_rms_1` FOREIGN KEY (`branch_id`) REFERENCES `branch` (`id`) ON DELETE CASCADE;

--
-- Constraints for table `enquiry_response`
--
ALTER TABLE `enquiry_response`
  ADD CONSTRAINT `enquiry_response_rms_1` FOREIGN KEY (`branch_id`) REFERENCES `branch` (`id`) ON DELETE CASCADE;

--
-- Constraints for table `event`
--
ALTER TABLE `event`
  ADD CONSTRAINT `event_rms_1` FOREIGN KEY (`branch_id`) REFERENCES `branch` (`id`) ON DELETE CASCADE,
  ADD CONSTRAINT `event_rms_2` FOREIGN KEY (`session_id`) REFERENCES `schoolyear` (`id`) ON DELETE CASCADE;

--
-- Constraints for table `event_types`
--
ALTER TABLE `event_types`
  ADD CONSTRAINT `event_types_rms_1` FOREIGN KEY (`branch_id`) REFERENCES `branch` (`id`) ON DELETE CASCADE;

--
-- Constraints for table `exam_attendance`
--
ALTER TABLE `exam_attendance`
  ADD CONSTRAINT `exam_attendance_rms_1` FOREIGN KEY (`branch_id`) REFERENCES `branch` (`id`) ON DELETE CASCADE,
  ADD CONSTRAINT `exam_attendance_rms_2` FOREIGN KEY (`exam_id`) REFERENCES `exam` (`id`) ON DELETE CASCADE,
  ADD CONSTRAINT `exam_attendance_rms_3` FOREIGN KEY (`student_id`) REFERENCES `student` (`id`) ON DELETE CASCADE;

--
-- Constraints for table `exam_hall`
--
ALTER TABLE `exam_hall`
  ADD CONSTRAINT `exam_hall_rms_1` FOREIGN KEY (`branch_id`) REFERENCES `branch` (`id`) ON DELETE CASCADE;

--
-- Constraints for table `exam_mark_distribution`
--
ALTER TABLE `exam_mark_distribution`
  ADD CONSTRAINT `exam_mark_distribution_rms_1` FOREIGN KEY (`branch_id`) REFERENCES `branch` (`id`) ON DELETE CASCADE;

--
-- Constraints for table `exam_rank`
--
ALTER TABLE `exam_rank`
  ADD CONSTRAINT `exam_rank_rms_1` FOREIGN KEY (`enroll_id`) REFERENCES `enroll` (`id`) ON DELETE CASCADE,
  ADD CONSTRAINT `exam_rank_rms_2` FOREIGN KEY (`exam_id`) REFERENCES `exam` (`id`) ON DELETE CASCADE;

--
-- Constraints for table `fees_reminder`
--
ALTER TABLE `fees_reminder`
  ADD CONSTRAINT `fees_reminder_rms_1` FOREIGN KEY (`branch_id`) REFERENCES `branch` (`id`) ON DELETE CASCADE;

--
-- Constraints for table `fee_allocation`
--
ALTER TABLE `fee_allocation`
  ADD CONSTRAINT `fee_allocation_rsm_1` FOREIGN KEY (`student_id`) REFERENCES `enroll` (`id`) ON DELETE CASCADE,
  ADD CONSTRAINT `fee_allocation_rsm_2` FOREIGN KEY (`branch_id`) REFERENCES `branch` (`id`) ON DELETE CASCADE,
  ADD CONSTRAINT `fee_allocation_rsm_3` FOREIGN KEY (`session_id`) REFERENCES `schoolyear` (`id`) ON DELETE CASCADE;

--
-- Constraints for table `fee_fine`
--
ALTER TABLE `fee_fine`
  ADD CONSTRAINT `fee_fine_rms_1` FOREIGN KEY (`branch_id`) REFERENCES `branch` (`id`) ON DELETE CASCADE,
  ADD CONSTRAINT `fee_fine_rms_2` FOREIGN KEY (`group_id`) REFERENCES `fee_groups` (`id`) ON DELETE CASCADE,
  ADD CONSTRAINT `fee_fine_rms_3` FOREIGN KEY (`session_id`) REFERENCES `schoolyear` (`id`) ON DELETE CASCADE,
  ADD CONSTRAINT `fee_fine_rms_4` FOREIGN KEY (`branch_id`) REFERENCES `branch` (`id`) ON DELETE CASCADE;

--
-- Constraints for table `fee_groups_details`
--
ALTER TABLE `fee_groups_details`
  ADD CONSTRAINT `fee_groups_details_rms_1` FOREIGN KEY (`fee_groups_id`) REFERENCES `fee_groups` (`id`) ON DELETE CASCADE,
  ADD CONSTRAINT `fee_groups_details_rms_2` FOREIGN KEY (`fee_type_id`) REFERENCES `fees_type` (`id`) ON DELETE CASCADE;

--
-- Constraints for table `fee_payment_history`
--
ALTER TABLE `fee_payment_history`
  ADD CONSTRAINT `fee_payment_history_rms_1` FOREIGN KEY (`allocation_id`) REFERENCES `fee_allocation` (`id`) ON DELETE CASCADE,
  ADD CONSTRAINT `fee_payment_history_rms_2` FOREIGN KEY (`type_id`) REFERENCES `fees_type` (`id`) ON DELETE CASCADE;

--
-- Constraints for table `front_cms_news_list`
--
ALTER TABLE `front_cms_news_list`
  ADD CONSTRAINT `front_cms_news_list_rms_1` FOREIGN KEY (`branch_id`) REFERENCES `branch` (`id`) ON DELETE CASCADE;

--
-- Constraints for table `grade`
--
ALTER TABLE `grade`
  ADD CONSTRAINT `grade_rms_1` FOREIGN KEY (`branch_id`) REFERENCES `branch` (`id`) ON DELETE CASCADE;

--
-- Constraints for table `homework`
--
ALTER TABLE `homework`
  ADD CONSTRAINT `homework_rms_1` FOREIGN KEY (`branch_id`) REFERENCES `branch` (`id`) ON DELETE CASCADE,
  ADD CONSTRAINT `homework_rms_2` FOREIGN KEY (`class_id`) REFERENCES `class` (`id`) ON DELETE CASCADE,
  ADD CONSTRAINT `homework_rms_3` FOREIGN KEY (`section_id`) REFERENCES `section` (`id`) ON DELETE CASCADE,
  ADD CONSTRAINT `homework_rms_4` FOREIGN KEY (`session_id`) REFERENCES `schoolyear` (`id`) ON DELETE CASCADE,
  ADD CONSTRAINT `homework_rms_5` FOREIGN KEY (`subject_id`) REFERENCES `subject` (`id`) ON DELETE CASCADE;

--
-- Constraints for table `homework_evaluation`
--
ALTER TABLE `homework_evaluation`
  ADD CONSTRAINT `homework_evaluation_rms_1` FOREIGN KEY (`homework_id`) REFERENCES `homework` (`id`) ON DELETE CASCADE;

--
-- Constraints for table `homework_submit`
--
ALTER TABLE `homework_submit`
  ADD CONSTRAINT `homework_submit_rms_1` FOREIGN KEY (`homework_id`) REFERENCES `homework` (`id`) ON DELETE CASCADE,
  ADD CONSTRAINT `homework_submit_rms_2` FOREIGN KEY (`student_id`) REFERENCES `student` (`id`) ON DELETE CASCADE;

--
-- Constraints for table `hostel`
--
ALTER TABLE `hostel`
  ADD CONSTRAINT `hostel_rms_1` FOREIGN KEY (`branch_id`) REFERENCES `branch` (`id`) ON DELETE CASCADE;

--
-- Constraints for table `login_log`
--
ALTER TABLE `login_log`
  ADD CONSTRAINT `login_log_rms_1` FOREIGN KEY (`branch_id`) REFERENCES `branch` (`id`) ON DELETE CASCADE;

--
-- Constraints for table `marksheet_template`
--
ALTER TABLE `marksheet_template`
  ADD CONSTRAINT `marksheet_template_rms_1` FOREIGN KEY (`branch_id`) REFERENCES `branch` (`id`) ON DELETE CASCADE;

--
-- Constraints for table `online_admission`
--
ALTER TABLE `online_admission`
  ADD CONSTRAINT `online_admission_rms_1` FOREIGN KEY (`branch_id`) REFERENCES `branch` (`id`) ON DELETE CASCADE;

--
-- Constraints for table `product`
--
ALTER TABLE `product`
  ADD CONSTRAINT `product_rms_1` FOREIGN KEY (`branch_id`) REFERENCES `branch` (`id`) ON DELETE CASCADE;

--
-- Constraints for table `product_category`
--
ALTER TABLE `product_category`
  ADD CONSTRAINT `product_category_rms_1` FOREIGN KEY (`branch_id`) REFERENCES `branch` (`id`) ON DELETE CASCADE;

--
-- Constraints for table `product_issues`
--
ALTER TABLE `product_issues`
  ADD CONSTRAINT `product_issues_rms_1` FOREIGN KEY (`branch_id`) REFERENCES `branch` (`id`) ON DELETE CASCADE;

--
-- Constraints for table `product_issues_details`
--
ALTER TABLE `product_issues_details`
  ADD CONSTRAINT `product_issues_details_rms_1` FOREIGN KEY (`product_id`) REFERENCES `product` (`id`) ON DELETE CASCADE;

--
-- Constraints for table `product_supplier`
--
ALTER TABLE `product_supplier`
  ADD CONSTRAINT `product_supplier_rms_1` FOREIGN KEY (`branch_id`) REFERENCES `branch` (`id`) ON DELETE CASCADE;

--
-- Constraints for table `promotion_history`
--
ALTER TABLE `promotion_history`
  ADD CONSTRAINT `promotion_history_rms_1` FOREIGN KEY (`student_id`) REFERENCES `student` (`id`) ON DELETE CASCADE;

--
-- Constraints for table `purchase_bill`
--
ALTER TABLE `purchase_bill`
  ADD CONSTRAINT `purchase_bill_rms_1` FOREIGN KEY (`branch_id`) REFERENCES `branch` (`id`) ON DELETE CASCADE;

--
-- Constraints for table `purchase_bill_details`
--
ALTER TABLE `purchase_bill_details`
  ADD CONSTRAINT `purchase_bill_details_rms_1` FOREIGN KEY (`product_id`) REFERENCES `product` (`id`) ON DELETE CASCADE;

--
-- Constraints for table `sales_bill`
--
ALTER TABLE `sales_bill`
  ADD CONSTRAINT `sales_bill_rms_1` FOREIGN KEY (`branch_id`) REFERENCES `branch` (`id`) ON DELETE CASCADE;

--
-- Constraints for table `sales_bill_details`
--
ALTER TABLE `sales_bill_details`
  ADD CONSTRAINT `sales_bill_details_rms_1` FOREIGN KEY (`product_id`) REFERENCES `product` (`id`) ON DELETE CASCADE;

--
-- Constraints for table `sections_allocation`
--
ALTER TABLE `sections_allocation`
  ADD CONSTRAINT `sections_allocation_rms_1` FOREIGN KEY (`class_id`) REFERENCES `class` (`id`) ON DELETE CASCADE,
  ADD CONSTRAINT `sections_allocation_rms_2` FOREIGN KEY (`section_id`) REFERENCES `section` (`id`) ON DELETE CASCADE;

--
-- Constraints for table `section_marksheet_template`
--
ALTER TABLE `section_marksheet_template`
  ADD CONSTRAINT `section_marksheet_template_branch_fk` FOREIGN KEY (`branch_id`) REFERENCES `branch` (`id`) ON DELETE CASCADE ON UPDATE RESTRICT,
  ADD CONSTRAINT `section_marksheet_template_section_fk` FOREIGN KEY (`section_id`) REFERENCES `section` (`id`) ON DELETE CASCADE ON UPDATE RESTRICT,
  ADD CONSTRAINT `section_marksheet_template_template_fk` FOREIGN KEY (`template_id`) REFERENCES `marksheet_template` (`id`) ON DELETE CASCADE ON UPDATE RESTRICT;

--
-- Constraints for table `skills_items`
--
ALTER TABLE `skills_items`
  ADD CONSTRAINT `skills_items_ibfk_1` FOREIGN KEY (`category_id`) REFERENCES `skills_categories` (`id`) ON DELETE CASCADE;

--
-- Constraints for table `staff_attendance`
--
ALTER TABLE `staff_attendance`
  ADD CONSTRAINT `staff_attendance_rms_1` FOREIGN KEY (`branch_id`) REFERENCES `branch` (`id`) ON DELETE CASCADE,
  ADD CONSTRAINT `staff_attendance_rms_2` FOREIGN KEY (`staff_id`) REFERENCES `staff` (`id`) ON DELETE CASCADE;

--
-- Constraints for table `student_attendance`
--
ALTER TABLE `student_attendance`
  ADD CONSTRAINT `student_attendance_rms_1` FOREIGN KEY (`branch_id`) REFERENCES `branch` (`id`) ON DELETE CASCADE,
  ADD CONSTRAINT `student_attendance_rms_2` FOREIGN KEY (`enroll_id`) REFERENCES `enroll` (`id`) ON DELETE CASCADE;

--
-- Constraints for table `student_subject_attendance`
--
ALTER TABLE `student_subject_attendance`
  ADD CONSTRAINT `student_subject_attendance_rms_1` FOREIGN KEY (`branch_id`) REFERENCES `branch` (`id`) ON DELETE CASCADE,
  ADD CONSTRAINT `student_subject_attendance_rms_2` FOREIGN KEY (`enroll_id`) REFERENCES `enroll` (`id`) ON DELETE CASCADE;

--
-- Constraints for table `transactions`
--
ALTER TABLE `transactions`
  ADD CONSTRAINT `transactions_rms_1` FOREIGN KEY (`branch_id`) REFERENCES `branch` (`id`) ON DELETE CASCADE;

--
-- Constraints for table `transactions_links`
--
ALTER TABLE `transactions_links`
  ADD CONSTRAINT `transactions_links_rms_1` FOREIGN KEY (`branch_id`) REFERENCES `branch` (`id`) ON DELETE CASCADE;

--
-- Constraints for table `transport_assign`
--
ALTER TABLE `transport_assign`
  ADD CONSTRAINT `transport_assign_rms_1` FOREIGN KEY (`branch_id`) REFERENCES `branch` (`id`) ON DELETE CASCADE;

--
-- Constraints for table `transport_fee_details`
--
ALTER TABLE `transport_fee_details`
  ADD CONSTRAINT `transport_fee_details_rms_2` FOREIGN KEY (`enroll_id`) REFERENCES `enroll` (`id`) ON DELETE CASCADE;

--
-- Constraints for table `transport_route`
--
ALTER TABLE `transport_route`
  ADD CONSTRAINT `transport_route_rms_1` FOREIGN KEY (`branch_id`) REFERENCES `branch` (`id`) ON DELETE CASCADE;

--
-- Constraints for table `transport_stoppage`
--
ALTER TABLE `transport_stoppage`
  ADD CONSTRAINT `transport_stoppage_rms_1` FOREIGN KEY (`branch_id`) REFERENCES `branch` (`id`) ON DELETE CASCADE;

--
-- Constraints for table `transport_stoppage_point`
--
ALTER TABLE `transport_stoppage_point`
  ADD CONSTRAINT `transport_stoppage_point_rms_1` FOREIGN KEY (`route_id`) REFERENCES `transport_route` (`id`) ON DELETE CASCADE,
  ADD CONSTRAINT `transport_stoppage_point_rms_2` FOREIGN KEY (`branch_id`) REFERENCES `branch` (`id`) ON DELETE CASCADE,
  ADD CONSTRAINT `transport_stoppage_point_rms_3` FOREIGN KEY (`session_id`) REFERENCES `schoolyear` (`id`) ON DELETE CASCADE;

--
-- Constraints for table `transport_vehicle`
--
ALTER TABLE `transport_vehicle`
  ADD CONSTRAINT `transport_vehicle_rms_1` FOREIGN KEY (`branch_id`) REFERENCES `branch` (`id`) ON DELETE CASCADE;

--
-- Constraints for table `visitor_log`
--
ALTER TABLE `visitor_log`
  ADD CONSTRAINT `visitor_log_rms_1` FOREIGN KEY (`branch_id`) REFERENCES `branch` (`id`) ON DELETE CASCADE;

--
-- Constraints for table `visitor_purpose`
--
ALTER TABLE `visitor_purpose`
  ADD CONSTRAINT `visitor_purpose_rms_1` FOREIGN KEY (`branch_id`) REFERENCES `branch` (`id`) ON DELETE CASCADE;

--
-- Constraints for table `voucher_head`
--
ALTER TABLE `voucher_head`
  ADD CONSTRAINT `voucher_head_rms_1` FOREIGN KEY (`branch_id`) REFERENCES `branch` (`id`) ON DELETE CASCADE;
COMMIT;

